8.234.160.80 - - [20/Aug/2026:02:14:53 +0200] "GET /ssl/localhost.key HTTP/1.1" 500 - "-" "Mozilla/5.0 (compatible; Amzn-SearchBot/1.0; +https://developer.amazon.com/support/amazonbot)"
8.234.160.80 - - [20/Aug/2026:02:14:53 +0200] "GET /private-key HTTP/1.1" 500 - "-" "Mozilla/5.0 (compatible; PerplexityBot/1.0; +https://perplexity.ai/perplexitybot)"
8.234.160.80 - - [20/Aug/2026:02:14:53 +0200] "GET /localhost.key HTTP/1.1" 500 - "-" "Mozilla/5.0 (compatible; Amzn-SearchBot/1.0; +https://developer.amazon.com/support/amazonbot)"
8.234.160.80 - - [20/Aug/2026:02:14:53 +0200] "GET /.bash_profile HTTP/1.1" 500 - "-" "Mozilla/5.0 (compatible; PerplexityBot/1.0; +https://perplexity.ai/perplexitybot)"
8.234.160.80 - - [20/Aug/2026:02:14:53 +0200] "GET /.bashrc HTTP/1.1" 500 - "-" "Mozilla/5.0 AppleWebKit/537.36 (KHTML, like Gecko); compatible; ChatGPT-User/1.0; +https://openai.com/bot"
8.234.160.80 - - [20/Aug/2026:02:14:53 +0200] "GET /host.key HTTP/1.1" 500 - "-" "Mozilla/5.0 (compatible; PerplexityBot/1.0; +https://perplexity.ai/perplexitybot)"
8.234.160.80 - - [20/Aug/2026:02:14:53 +0200] "GET /.zshrc HTTP/1.1" 500 - "-" "Mozilla/5.0 AppleWebKit/537.36 (KHTML, like Gecko; compatible; GPTBot/1.4; +https://openai.com/gptbot)"
8.234.160.80 - - [20/Aug/2026:02:14:53 +0200] "GET /.profile HTTP/1.1" 500 - "-" "Mozilla/5.0 AppleWebKit/537.36 (KHTML, like Gecko; compatible; ClaudeBot/1.0; +claudebot@anthropic.com)"
8.234.160.80 - - [20/Aug/2026:02:14:53 +0200] "GET /nginx_status HTTP/1.1" 500 - "-" "Mozilla/5.0 (compatible; Amazonbot/0.1; +https://developer.amazon.com/support/amazonbot)"
8.234.160.80 - - [20/Aug/2026:02:14:54 +0200] "GET /ngsw.json HTTP/1.1" 500 - "-" "Mozilla/5.0 AppleWebKit/537.36 (KHTML, like Gecko); compatible; ChatGPT-User/1.0; +https://openai.com/bot"
8.234.160.80 - - [20/Aug/2026:02:14:54 +0200] "GET /api HTTP/1.1" 500 - "-" "Mozilla/5.0 AppleWebKit/537.36 (KHTML, like Gecko; compatible; ClaudeBot/1.0; +claudebot@anthropic.com)"
8.234.160.80 - - [20/Aug/2026:02:14:54 +0200] "GET /api/account HTTP/1.1" 500 - "-" "Mozilla/5.0 (compatible; Amazonbot/0.1; +https://developer.amazon.com/support/amazonbot)"
8.234.160.80 - - [20/Aug/2026:02:14:54 +0200] "GET /manifest.webmanifest HTTP/1.1" 500 - "-" "Mozilla/5.0 (compatible; Amazonbot/0.1; +https://developer.amazon.com/support/amazonbot)"
8.234.160.80 - - [20/Aug/2026:02:14:54 +0200] "GET /api/health HTTP/1.1" 500 - "-" "Mozilla/5.0 (compatible; PerplexityBot/1.0; +https://perplexity.ai/perplexitybot)"
8.234.160.80 - - [20/Aug/2026:02:14:54 +0200] "GET /wp-json HTTP/1.1" 500 - "-" "Mozilla/5.0 AppleWebKit/537.36 (KHTML, like Gecko; compatible; ClaudeBot/1.0; +claudebot@anthropic.com)"
8.234.160.80 - - [20/Aug/2026:02:14:54 +0200] "GET /.vscode/sftp.json HTTP/1.1" 500 - "-" "Mozilla/5.0 (compatible; Amzn-SearchBot/1.0; +https://developer.amazon.com/support/amazonbot)"
8.234.160.80 - - [20/Aug/2026:02:14:54 +0200] "GET /.vscode/launch.json HTTP/1.1" 500 - "-" "Mozilla/5.0 (compatible; PerplexityBot/1.0; +https://perplexity.ai/perplexitybot)"
8.234.160.80 - - [20/Aug/2026:02:14:54 +0200] "GET /bootstrap.properties HTTP/1.1" 500 - "-" "Mozilla/5.0 (compatible; Amzn-SearchBot/1.0; +https://developer.amazon.com/support/amazonbot)"
8.234.160.80 - - [20/Aug/2026:02:14:54 +0200] "GET /values.yaml HTTP/1.1" 500 - "-" "Mozilla/5.0 (compatible; Amzn-SearchBot/1.0; +https://developer.amazon.com/support/amazonbot)"
8.234.160.80 - - [20/Aug/2026:02:14:54 +0200] "GET /gcp-service.json HTTP/1.1" 500 - "-" "Mozilla/5.0 AppleWebKit/537.36 (KHTML, like Gecko; compatible; GPTBot/1.4; +https://openai.com/gptbot)"
8.234.160.80 - - [20/Aug/2026:02:14:54 +0200] "GET /api/v2/settings HTTP/1.1" 500 - "-" "Mozilla/5.0 (compatible; Amzn-SearchBot/1.0; +https://developer.amazon.com/support/amazonbot)"
8.234.160.80 - - [20/Aug/2026:02:14:53 +0200] "GET /test.php HTTP/1.1" 403 165220 "-" "Mozilla/5.0 (compatible; Google-Extended/1.0; +http://www.google.com/bot.html)"
8.234.160.80 - - [20/Aug/2026:02:14:53 +0200] "GET /.svn/entries HTTP/1.1" 200 161834 "-" "Mozilla/5.0 (compatible; Google-Extended/1.0; +http://www.google.com/bot.html)"
8.234.160.80 - - [20/Aug/2026:02:14:55 +0200] "GET /__/firebase/init.json HTTP/1.1" 500 - "-" "Mozilla/5.0 AppleWebKit/537.36 (KHTML, like Gecko; compatible; ChatGPT-User/1.0; +https://openai.com/bot)"
8.234.160.80 - - [20/Aug/2026:02:14:54 +0200] "GET /api/v2/config HTTP/1.1" 200 157789 "-" "Mozilla/5.0 (compatible; Google-Extended/1.0; +http://www.google.com/bot.html)"
8.234.160.80 - - [20/Aug/2026:02:14:56 +0200] "GET /service_account.json HTTP/1.1" 500 - "-" "Mozilla/5.0 (compatible; Amazonbot/0.1; +https://developer.amazon.com/support/amazonbot)"
8.234.160.80 - - [20/Aug/2026:02:14:57 +0200] "GET /gc-service.json HTTP/1.1" 500 - "-" "Mozilla/5.0 AppleWebKit/537.36 (KHTML, like Gecko; compatible; ClaudeBot/1.0; +claudebot@anthropic.com)"
8.234.160.80 - - [20/Aug/2026:02:14:57 +0200] "GET /sa.json HTTP/1.1" 500 - "-" "Mozilla/5.0 (compatible; PerplexityBot/1.0; +https://perplexity.ai/perplexitybot)"
8.234.160.80 - - [20/Aug/2026:02:14:57 +0200] "GET /.kube/config HTTP/1.1" 500 - "-" "Mozilla/5.0 (compatible; Amzn-SearchBot/1.0; +https://developer.amazon.com/support/amazonbot)"
8.234.160.80 - - [20/Aug/2026:02:14:57 +0200] "GET /.boto HTTP/1.1" 500 - "-" "Mozilla/5.0 AppleWebKit/537.36 (KHTML, like Gecko); compatible; ChatGPT-User/1.0; +https://openai.com/bot"
8.234.160.80 - - [20/Aug/2026:02:14:57 +0200] "GET /swagger.json HTTP/1.1" 500 - "-" "Mozilla/5.0 AppleWebKit/537.36 (KHTML, like Gecko; compatible; GPTBot/1.4; +https://openai.com/gptbot)"
8.234.160.80 - - [20/Aug/2026:02:14:57 +0200] "GET /api/openapi.json HTTP/1.1" 500 - "-" "Mozilla/5.0 (compatible; PerplexityBot/1.0; +https://perplexity.ai/perplexitybot)"
8.234.160.80 - - [20/Aug/2026:02:14:57 +0200] "GET /api/v1/config HTTP/1.1" 500 - "-" "Mozilla/5.0 (compatible; PerplexityBot/1.0; +https://perplexity.ai/perplexitybot)"
8.234.160.80 - - [20/Aug/2026:02:14:57 +0200] "GET /config.json HTTP/1.1" 500 - "-" "Mozilla/5.0 (compatible; PerplexityBot/1.0; +https://perplexity.ai/perplexitybot)"
8.234.160.80 - - [20/Aug/2026:02:14:58 +0200] "GET /appsettings.json HTTP/1.1" 500 - "-" "Mozilla/5.0 AppleWebKit/537.36 (KHTML, like Gecko); compatible; ChatGPT-User/1.0; +https://openai.com/bot"
8.234.160.80 - - [20/Aug/2026:02:14:58 +0200] "GET /actuator/configprops HTTP/1.1" 500 - "-" "Mozilla/5.0 AppleWebKit/537.36 (KHTML, like Gecko); compatible; ChatGPT-User/1.0; +https://openai.com/bot"
8.234.160.80 - - [20/Aug/2026:02:14:58 +0200] "GET /actuator/heapdump HTTP/1.1" 500 - "-" "Mozilla/5.0 AppleWebKit/537.36 (KHTML, like Gecko); compatible; ChatGPT-User/1.0; +https://openai.com/bot"
8.234.160.80 - - [20/Aug/2026:02:14:58 +0200] "GET /application.properties HTTP/1.1" 500 - "-" "Mozilla/5.0 (compatible; Amzn-SearchBot/1.0; +https://developer.amazon.com/support/amazonbot)"
8.234.160.80 - - [20/Aug/2026:02:14:58 +0200] "GET /application-prod.properties HTTP/1.1" 500 - "-" "Mozilla/5.0 (compatible; OAI-SearchBot/1.3; +https://openai.com/searchbot)"
8.234.160.80 - - [20/Aug/2026:02:14:58 +0200] "GET /config/application.yml HTTP/1.1" 500 - "-" "Mozilla/5.0 (compatible; OAI-SearchBot/1.3; +https://openai.com/searchbot)"
8.234.160.80 - - [20/Aug/2026:02:14:58 +0200] "GET /gcp-key.json HTTP/1.1" 500 - "-" "Mozilla/5.0 (compatible; Amazonbot/0.1; +https://developer.amazon.com/support/amazonbot)"
8.234.160.80 - - [20/Aug/2026:02:14:58 +0200] "GET /config/application.properties HTTP/1.1" 500 - "-" "Mozilla/5.0 AppleWebKit/537.36 (KHTML, like Gecko); compatible; ChatGPT-User/1.0; +https://openai.com/bot"
8.234.160.80 - - [20/Aug/2026:02:14:58 +0200] "GET /.netrc HTTP/1.1" 500 - "-" "Mozilla/5.0 AppleWebKit/537.36 (KHTML, like Gecko; compatible; ClaudeBot/1.0; +claudebot@anthropic.com)"
8.234.160.80 - - [20/Aug/2026:02:14:58 +0200] "GET /terraform.tfstate HTTP/1.1" 500 - "-" "Mozilla/5.0 (compatible; Amzn-SearchBot/1.0; +https://developer.amazon.com/support/amazonbot)"
8.234.160.80 - - [20/Aug/2026:02:14:58 +0200] "GET /terraform.tfvars HTTP/1.1" 500 - "-" "Mozilla/5.0 (compatible; OAI-SearchBot/1.3; +https://openai.com/searchbot)"
8.234.160.80 - - [20/Aug/2026:02:14:58 +0200] "GET /.terraform/terraform.tfstate HTTP/1.1" 500 - "-" "Mozilla/5.0 (compatible; Amzn-SearchBot/1.0; +https://developer.amazon.com/support/amazonbot)"
8.234.160.80 - - [20/Aug/2026:02:14:58 +0200] "GET /settings.py HTTP/1.1" 500 - "-" "Mozilla/5.0 AppleWebKit/537.36 (KHTML, like Gecko); compatible; ChatGPT-User/1.0; +https://openai.com/bot"
8.234.160.80 - - [20/Aug/2026:02:14:58 +0200] "GET /settings.local.py HTTP/1.1" 500 - "-" "Mozilla/5.0 AppleWebKit/537.36 (KHTML, like Gecko; compatible; ClaudeBot/1.0; +claudebot@anthropic.com)"
8.234.160.80 - - [20/Aug/2026:02:14:58 +0200] "GET /home/ubuntu/.config/gcloud/application_default_credentials.json HTTP/1.1" 500 - "-" "Mozilla/5.0 (compatible; Amzn-SearchBot/1.0; +https://developer.amazon.com/support/amazonbot)"
8.234.160.80 - - [20/Aug/2026:02:14:58 +0200] "GET /config/gcp.json HTTP/1.1" 500 - "-" "Mozilla/5.0 AppleWebKit/537.36 (KHTML, like Gecko; compatible; ClaudeBot/1.0; +claudebot@anthropic.com)"
8.234.160.80 - - [20/Aug/2026:02:14:58 +0200] "GET /deploy/service-account.json HTTP/1.1" 500 - "-" "Mozilla/5.0 (compatible; Amzn-SearchBot/1.0; +https://developer.amazon.com/support/amazonbot)"
8.234.160.80 - - [20/Aug/2026:02:14:58 +0200] "GET /key.json HTTP/1.1" 500 - "-" "Mozilla/5.0 (compatible; Amzn-SearchBot/1.0; +https://developer.amazon.com/support/amazonbot)"
8.234.160.80 - - [20/Aug/2026:02:14:58 +0200] "GET /rclone.conf HTTP/1.1" 500 - "-" "Mozilla/5.0 AppleWebKit/537.36 (KHTML, like Gecko); compatible; ChatGPT-User/1.0; +https://openai.com/bot"
8.234.160.80 - - [20/Aug/2026:02:14:58 +0200] "GET /firebase-admin.json HTTP/1.1" 500 - "-" "Mozilla/5.0 (compatible; Amazonbot/0.1; +https://developer.amazon.com/support/amazonbot)"
8.234.160.80 - - [20/Aug/2026:02:14:58 +0200] "GET /.s3cfg HTTP/1.1" 500 - "-" "Mozilla/5.0 AppleWebKit/537.36 (KHTML, like Gecko; compatible; ClaudeBot/1.0; +claudebot@anthropic.com)"
8.234.160.80 - - [20/Aug/2026:02:14:57 +0200] "GET /settings.json HTTP/1.1" 200 167060 "-" "Mozilla/5.0 (compatible; Google-Extended/1.0; +http://www.google.com/bot.html)"
8.234.160.80 - - [20/Aug/2026:02:14:58 +0200] "GET /web.config HTTP/1.1" 200 159982 "-" "Mozilla/5.0 (compatible; Google-Extended/1.0; +http://www.google.com/bot.html)"
8.234.160.80 - - [20/Aug/2026:02:14:58 +0200] "GET /root/.config/gcloud/application_default_credentials.json HTTP/1.1" 200 179854 "-" "Mozilla/5.0 (compatible; Google-Extended/1.0; +http://www.google.com/bot.html)"
8.234.160.80 - - [20/Aug/2026:02:15:00 +0200] "GET /openapi.json HTTP/1.1" 500 - "-" "Mozilla/5.0 AppleWebKit/537.36 (KHTML, like Gecko); compatible; ChatGPT-User/1.0; +https://openai.com/bot"
8.234.160.80 - - [20/Aug/2026:02:15:00 +0200] "GET /api/settings HTTP/1.1" 500 - "-" "Mozilla/5.0 AppleWebKit/537.36 (KHTML, like Gecko; compatible; GPTBot/1.4; +https://openai.com/gptbot)"
8.234.160.80 - - [20/Aug/2026:02:15:00 +0200] "GET /api/config.json HTTP/1.1" 500 - "-" "Mozilla/5.0 (compatible; Amazonbot/0.1; +https://developer.amazon.com/support/amazonbot)"
8.234.160.80 - - [20/Aug/2026:02:15:00 +0200] "GET /api/v1/settings HTTP/1.1" 500 - "-" "Mozilla/5.0 AppleWebKit/537.36 (KHTML, like Gecko); compatible; ChatGPT-User/1.0; +https://openai.com/bot"
8.234.160.80 - - [20/Aug/2026:02:15:00 +0200] "GET /application.yml HTTP/1.1" 500 - "-" "Mozilla/5.0 (compatible; Amzn-SearchBot/1.0; +https://developer.amazon.com/support/amazonbot)"
8.234.160.80 - - [20/Aug/2026:02:15:00 +0200] "GET /.npmrc HTTP/1.1" 500 - "-" "Mozilla/5.0 AppleWebKit/537.36 (KHTML, like Gecko; compatible; GPTBot/1.4; +https://openai.com/gptbot)"
8.234.160.80 - - [20/Aug/2026:02:15:00 +0200] "GET /application-prod.yml HTTP/1.1" 500 - "-" "Mozilla/5.0 AppleWebKit/537.36 (KHTML, like Gecko); compatible; ChatGPT-User/1.0; +https://openai.com/bot"
8.234.160.80 - - [20/Aug/2026:02:15:01 +0200] "GET /amplifyconfiguration.json HTTP/1.1" 500 - "-" "Mozilla/5.0 (compatible; Amzn-SearchBot/1.0; +https://developer.amazon.com/support/amazonbot)"
8.234.160.80 - - [20/Aug/2026:02:15:01 +0200] "GET /config.php.bak HTTP/1.1" 500 - "-" "Mozilla/5.0 AppleWebKit/537.36 (KHTML, like Gecko); compatible; ChatGPT-User/1.0; +https://openai.com/bot"
8.234.160.80 - - [20/Aug/2026:02:15:01 +0200] "GET /local.settings.json HTTP/1.1" 500 - "-" "Mozilla/5.0 (compatible; Amazonbot/0.1; +https://developer.amazon.com/support/amazonbot)"
8.234.160.80 - - [20/Aug/2026:02:15:01 +0200] "GET /docker-compose.yml HTTP/1.1" 500 - "-" "Mozilla/5.0 AppleWebKit/537.36 (KHTML, like Gecko; compatible; ClaudeBot/1.0; +claudebot@anthropic.com)"
8.234.160.80 - - [20/Aug/2026:02:15:01 +0200] "GET /docker-compose.yaml HTTP/1.1" 500 - "-" "Mozilla/5.0 (compatible; Amazonbot/0.1; +https://developer.amazon.com/support/amazonbot)"
8.234.160.80 - - [20/Aug/2026:02:15:01 +0200] "GET /docker-compose.prod.yml HTTP/1.1" 500 - "-" "Mozilla/5.0 (compatible; Amzn-SearchBot/1.0; +https://developer.amazon.com/support/amazonbot)"
8.234.160.80 - - [20/Aug/2026:02:15:01 +0200] "GET /backend/service-account.json HTTP/1.1" 500 - "-" "Mozilla/5.0 (compatible; Amazonbot/0.1; +https://developer.amazon.com/support/amazonbot)"
8.234.160.80 - - [20/Aug/2026:02:15:01 +0200] "GET /.azure/accessTokens.json HTTP/1.1" 500 - "-" "Mozilla/5.0 AppleWebKit/537.36 (KHTML, like Gecko); compatible; ChatGPT-User/1.0; +https://openai.com/bot"
8.234.160.80 - - [20/Aug/2026:02:15:01 +0200] "GET /.azure/credentials HTTP/1.1" 500 - "-" "Mozilla/5.0 (compatible; Amazonbot/0.1; +https://developer.amazon.com/support/amazonbot)"
8.234.160.80 - - [20/Aug/2026:02:15:01 +0200] "GET /.docker/config.json HTTP/1.1" 500 - "-" "Mozilla/5.0 AppleWebKit/537.36 (KHTML, like Gecko); compatible; ChatGPT-User/1.0; +https://openai.com/bot"
8.234.160.80 - - [20/Aug/2026:02:15:02 +0200] "GET /appsettings.Production.json HTTP/1.1" 500 - "-" "Mozilla/5.0 AppleWebKit/537.36 (KHTML, like Gecko); compatible; ChatGPT-User/1.0; +https://openai.com/bot"
8.234.160.80 - - [20/Aug/2026:02:15:02 +0200] "GET /_debugbar/open HTTP/1.1" 500 - "-" "Mozilla/5.0 (compatible; Amazonbot/0.1; +https://developer.amazon.com/support/amazonbot)"
8.234.160.80 - - [20/Aug/2026:02:15:02 +0200] "GET /WEB-INF/classes/application.properties HTTP/1.1" 500 - "-" "Mozilla/5.0 (compatible; Amzn-SearchBot/1.0; +https://developer.amazon.com/support/amazonbot)"
8.234.160.80 - - [20/Aug/2026:02:15:02 +0200] "GET /WEB-INF/web.xml HTTP/1.1" 500 - "-" "Mozilla/5.0 AppleWebKit/537.36 (KHTML, like Gecko; compatible; GPTBot/1.4; +https://openai.com/gptbot)"
8.234.160.80 - - [20/Aug/2026:02:15:02 +0200] "GET /rails/info/properties HTTP/1.1" 500 - "-" "Mozilla/5.0 AppleWebKit/537.36 (KHTML, like Gecko; compatible; ChatGPT-User/1.0; +https://openai.com/bot)"
8.234.160.80 - - [20/Aug/2026:02:15:02 +0200] "GET /backup.sql HTTP/1.1" 500 - "-" "Mozilla/5.0 AppleWebKit/537.36 (KHTML, like Gecko; compatible; GPTBot/1.4; +https://openai.com/gptbot)"
8.234.160.80 - - [20/Aug/2026:02:15:02 +0200] "GET /db.sql HTTP/1.1" 500 - "-" "Mozilla/5.0 AppleWebKit/537.36 (KHTML, like Gecko; compatible; ClaudeBot/1.0; +claudebot@anthropic.com)"
8.234.160.80 - - [20/Aug/2026:02:15:02 +0200] "GET /database.sql HTTP/1.1" 500 - "-" "Mozilla/5.0 (compatible; Amazonbot/0.1; +https://developer.amazon.com/support/amazonbot)"
8.234.160.80 - - [20/Aug/2026:02:15:02 +0200] "GET /k8s/secrets.yaml HTTP/1.1" 500 - "-" "Mozilla/5.0 (compatible; Amzn-SearchBot/1.0; +https://developer.amazon.com/support/amazonbot)"
8.234.160.80 - - [20/Aug/2026:02:15:02 +0200] "GET /kubernetes.yml HTTP/1.1" 500 - "-" "Mozilla/5.0 (compatible; PerplexityBot/1.0; +https://perplexity.ai/perplexitybot)"
8.234.160.80 - - [20/Aug/2026:02:15:02 +0200] "GET /horizon/dashboard HTTP/1.1" 500 - "-" "Mozilla/5.0 AppleWebKit/537.36 (KHTML, like Gecko); compatible; ChatGPT-User/1.0; +https://openai.com/bot"
8.234.160.80 - - [20/Aug/2026:02:15:02 +0200] "GET /.ssh/id_ed25519 HTTP/1.1" 500 - "-" "Mozilla/5.0 (compatible; Amzn-SearchBot/1.0; +https://developer.amazon.com/support/amazonbot)"
8.234.160.80 - - [20/Aug/2026:02:15:02 +0200] "GET /.bash_history HTTP/1.1" 500 - "-" "Mozilla/5.0 AppleWebKit/537.36 (KHTML, like Gecko; compatible; ChatGPT-User/1.0; +https://openai.com/bot)"
8.234.160.80 - - [20/Aug/2026:02:15:02 +0200] "GET /config/database.yml HTTP/1.1" 500 - "-" "Mozilla/5.0 (compatible; OAI-SearchBot/1.3; +https://openai.com/searchbot)"
8.234.160.80 - - [20/Aug/2026:02:15:02 +0200] "GET /config/master.key HTTP/1.1" 500 - "-" "Mozilla/5.0 (compatible; Amzn-SearchBot/1.0; +https://developer.amazon.com/support/amazonbot)"
8.234.160.80 - - [20/Aug/2026:02:15:02 +0200] "GET /database.yml HTTP/1.1" 500 - "-" "Mozilla/5.0 (compatible; Amzn-SearchBot/1.0; +https://developer.amazon.com/support/amazonbot)"
8.234.160.80 - - [20/Aug/2026:02:15:02 +0200] "GET /dump.sql HTTP/1.1" 500 - "-" "Mozilla/5.0 (compatible; PerplexityBot/1.0; +https://perplexity.ai/perplexitybot)"
8.234.160.80 - - [20/Aug/2026:02:15:03 +0200] "GET /.hermes/auth.json HTTP/1.1" 500 - "-" "Mozilla/5.0 (compatible; OAI-SearchBot/1.3; +https://openai.com/searchbot)"
8.234.160.80 - - [20/Aug/2026:02:15:01 +0200] "GET /telescope/requests HTTP/1.1" 200 153227 "-" "Mozilla/5.0 (compatible; Google-Extended/1.0; +http://www.google.com/bot.html)"
8.234.160.80 - - [20/Aug/2026:02:15:03 +0200] "GET /vault.yml HTTP/1.1" 500 - "-" "Mozilla/5.0 AppleWebKit/537.36 (KHTML, like Gecko; compatible; ChatGPT-User/1.0; +https://openai.com/bot)"
8.234.160.80 - - [20/Aug/2026:02:15:03 +0200] "GET /.aider.conf.yml HTTP/1.1" 500 - "-" "Mozilla/5.0 (compatible; Amzn-SearchBot/1.0; +https://developer.amazon.com/support/amazonbot)"
8.234.160.80 - - [20/Aug/2026:02:15:03 +0200] "GET /debug/pprof/ HTTP/1.1" 500 - "-" "Mozilla/5.0 (compatible; OAI-SearchBot/1.3; +https://openai.com/searchbot)"
8.234.160.80 - - [20/Aug/2026:02:15:03 +0200] "GET /.hermes/config.yaml HTTP/1.1" 500 - "-" "Mozilla/5.0 AppleWebKit/537.36 (KHTML, like Gecko; compatible; GPTBot/1.4; +https://openai.com/gptbot)"
8.234.160.80 - - [20/Aug/2026:02:15:03 +0200] "GET /actuator/mappings HTTP/1.1" 500 - "-" "Mozilla/5.0 AppleWebKit/537.36 (KHTML, like Gecko; compatible; ChatGPT-User/1.0; +https://openai.com/bot)"
8.234.160.80 - - [20/Aug/2026:02:15:03 +0200] "GET /debug/vars HTTP/1.1" 500 - "-" "Mozilla/5.0 (compatible; OAI-SearchBot/1.3; +https://openai.com/searchbot)"
8.234.160.80 - - [20/Aug/2026:02:15:03 +0200] "GET /info.php HTTP/1.1" 500 - "-" "Mozilla/5.0 (compatible; Amzn-SearchBot/1.0; +https://developer.amazon.com/support/amazonbot)"
8.234.160.80 - - [20/Aug/2026:02:15:03 +0200] "GET /.ssh/id_rsa HTTP/1.1" 500 - "-" "Mozilla/5.0 (compatible; Amzn-SearchBot/1.0; +https://developer.amazon.com/support/amazonbot)"
8.234.160.80 - - [20/Aug/2026:02:15:03 +0200] "GET /debug/default/view?panel=log HTTP/1.1" 500 - "-" "Mozilla/5.0 AppleWebKit/537.36 (KHTML, like Gecko; compatible; ChatGPT-User/1.0; +https://openai.com/bot)"
8.234.160.80 - - [20/Aug/2026:02:15:03 +0200] "GET /trace.axd HTTP/1.1" 500 - "-" "Mozilla/5.0 (compatible; OAI-SearchBot/1.3; +https://openai.com/searchbot)"
8.234.160.80 - - [20/Aug/2026:02:15:03 +0200] "GET /debug/default/view?panel=request HTTP/1.1" 500 - "-" "Mozilla/5.0 AppleWebKit/537.36 (KHTML, like Gecko; compatible; ClaudeBot/1.0; +claudebot@anthropic.com)"
8.234.160.80 - - [20/Aug/2026:02:15:03 +0200] "GET /log-viewer HTTP/1.1" 500 - "-" "Mozilla/5.0 (compatible; PerplexityBot/1.0; +https://perplexity.ai/perplexitybot)"
8.234.160.80 - - [20/Aug/2026:02:15:03 +0200] "GET /.openclaw/openclaw.json HTTP/1.1" 500 - "-" "Mozilla/5.0 AppleWebKit/537.36 (KHTML, like Gecko; compatible; ClaudeBot/1.0; +claudebot@anthropic.com)"
8.234.160.80 - - [20/Aug/2026:02:15:03 +0200] "GET /actuator/httptrace HTTP/1.1" 500 - "-" "Mozilla/5.0 AppleWebKit/537.36 (KHTML, like Gecko); compatible; ChatGPT-User/1.0; +https://openai.com/bot"
8.234.160.80 - - [20/Aug/2026:02:15:02 +0200] "GET /config/credentials.yml.enc HTTP/1.1" 200 163637 "-" "Mozilla/5.0 (compatible; Google-Extended/1.0; +http://www.google.com/bot.html)"
8.234.160.80 - - [20/Aug/2026:02:15:05 +0200] "GET /error.log HTTP/1.1" 500 - "-" "Mozilla/5.0 AppleWebKit/537.36 (KHTML, like Gecko; compatible; ClaudeBot/1.0; +claudebot@anthropic.com)"
8.234.160.80 - - [20/Aug/2026:02:15:05 +0200] "GET /error_log HTTP/1.1" 500 - "-" "Mozilla/5.0 (compatible; OAI-SearchBot/1.3; +https://openai.com/searchbot)"
8.234.160.80 - - [20/Aug/2026:02:15:05 +0200] "GET /__clockwork HTTP/1.1" 500 - "-" "Mozilla/5.0 (compatible; Amzn-SearchBot/1.0; +https://developer.amazon.com/support/amazonbot)"
8.234.160.80 - - [20/Aug/2026:02:15:05 +0200] "GET /elmah.axd HTTP/1.1" 500 - "-" "Mozilla/5.0 (compatible; PerplexityBot/1.0; +https://perplexity.ai/perplexitybot)"
8.234.160.80 - - [20/Aug/2026:02:15:05 +0200] "GET /logs/error.log HTTP/1.1" 500 - "-" "Mozilla/5.0 (compatible; PerplexityBot/1.0; +https://perplexity.ai/perplexitybot)"
8.234.160.80 - - [20/Aug/2026:02:15:05 +0200] "GET /log/production.log HTTP/1.1" 500 - "-" "Mozilla/5.0 (compatible; Amzn-SearchBot/1.0; +https://developer.amazon.com/support/amazonbot)"
8.234.160.80 - - [20/Aug/2026:02:15:05 +0200] "GET /storage/logs/lumen.log HTTP/1.1" 500 - "-" "Mozilla/5.0 (compatible; Amazonbot/0.1; +https://developer.amazon.com/support/amazonbot)"
8.234.160.80 - - [20/Aug/2026:02:15:05 +0200] "GET /logs/app.log HTTP/1.1" 500 - "-" "Mozilla/5.0 AppleWebKit/537.36 (KHTML, like Gecko; compatible; ChatGPT-User/1.0; +https://openai.com/bot)"
8.234.160.80 - - [20/Aug/2026:02:15:05 +0200] "GET /app.log HTTP/1.1" 500 - "-" "Mozilla/5.0 (compatible; Amazonbot/0.1; +https://developer.amazon.com/support/amazonbot)"
8.234.160.80 - - [20/Aug/2026:02:15:05 +0200] "GET /server-status HTTP/1.1" 500 - "-" "Mozilla/5.0 AppleWebKit/537.36 (KHTML, like Gecko); compatible; ChatGPT-User/1.0; +https://openai.com/bot"
8.234.160.80 - - [20/Aug/2026:02:15:06 +0200] "GET /secrets.yml HTTP/1.1" 500 - "-" "Mozilla/5.0 (compatible; OAI-SearchBot/1.3; +https://openai.com/searchbot)"
8.234.160.80 - - [20/Aug/2026:02:15:06 +0200] "GET /server-info HTTP/1.1" 500 - "-" "Mozilla/5.0 AppleWebKit/537.36 (KHTML, like Gecko; compatible; ChatGPT-User/1.0; +https://openai.com/bot)"
8.234.160.80 - - [20/Aug/2026:02:15:06 +0200] "GET /_ignition/health-check HTTP/1.1" 500 - "-" "Mozilla/5.0 (compatible; PerplexityBot/1.0; +https://perplexity.ai/perplexitybot)"
8.234.160.80 - - [20/Aug/2026:02:15:06 +0200] "GET /.streamlit/secrets.toml HTTP/1.1" 500 - "-" "Mozilla/5.0 AppleWebKit/537.36 (KHTML, like Gecko); compatible; ChatGPT-User/1.0; +https://openai.com/bot"
8.234.160.80 - - [20/Aug/2026:02:15:06 +0200] "GET /gradle.properties HTTP/1.1" 500 - "-" "Mozilla/5.0 (compatible; Amazonbot/0.1; +https://developer.amazon.com/support/amazonbot)"
74.7.227.48 - - [20/Aug/2026:02:15:07 +0200] "GET /outlet/275000975 HTTP/1.1" 500 - "https://autowelt-rgb.de/sitemap_index.xml" "Mozilla/5.0 AppleWebKit/537.36 (KHTML, like Gecko; compatible; GPTBot/1.4; +https://openai.com/gptbot)"
8.234.160.80 - - [20/Aug/2026:02:15:09 +0200] "GET /elmah HTTP/1.1" 500 - "-" "Mozilla/5.0 (compatible; Amzn-SearchBot/1.0; +https://developer.amazon.com/support/amazonbot)"
8.234.160.80 - - [20/Aug/2026:02:15:09 +0200] "GET /appsettings.Development.json HTTP/1.1" 500 - "-" "Mozilla/5.0 AppleWebKit/537.36 (KHTML, like Gecko); compatible; ChatGPT-User/1.0; +https://openai.com/bot"
74.7.227.48 - - [20/Aug/2026:02:15:28 +0200] "GET /outlet/200030066 HTTP/1.1" 500 - "https://autowelt-rgb.de/sitemap_index.xml" "Mozilla/5.0 AppleWebKit/537.36 (KHTML, like Gecko; compatible; GPTBot/1.4; +https://openai.com/gptbot)"
2a03:2880:f806:20:: - - [20/Aug/2026:02:15:35 +0200] "GET /news_sitemap.xml?fileloc=/home/tb1/access-logs/hausmeisterprinz.tb.working-station2.de&path=/home/tb1/access-logs HTTP/1.1" 500 - "-" "Mozilla/5.0 (Macintosh; Intel Mac OS X 10_15_7) AppleWebKit/537.36 (KHTML, like Gecko) Chrome/145.0.0.0 Safari/537.36 (compatible; meta-externalagent/1.1 (+https://developers.facebook.com/docs/sharing/webmasters/crawler))"
74.7.227.48 - - [20/Aug/2026:02:15:48 +0200] "GET /outlet/200047612 HTTP/1.1" 500 - "https://autowelt-rgb.de/sitemap_index.xml" "Mozilla/5.0 AppleWebKit/537.36 (KHTML, like Gecko; compatible; GPTBot/1.4; +https://openai.com/gptbot)"
74.7.227.48 - - [20/Aug/2026:02:16:08 +0200] "GET /outlet/180027666 HTTP/1.1" 500 - "https://autowelt-rgb.de/sitemap_index.xml" "Mozilla/5.0 AppleWebKit/537.36 (KHTML, like Gecko; compatible; GPTBot/1.4; +https://openai.com/gptbot)"
74.7.227.48 - - [20/Aug/2026:02:16:29 +0200] "GET /outlet/250008486 HTTP/1.1" 500 - "https://autowelt-rgb.de/sitemap_index.xml" "Mozilla/5.0 AppleWebKit/537.36 (KHTML, like Gecko; compatible; GPTBot/1.4; +https://openai.com/gptbot)"
2a03:2880:f806:19:: - - [20/Aug/2026:02:16:42 +0200] "GET /news_sitemap.xml?fileloc=/home/tb1/kubau-gebaeudereinigung-nistertal.de/wp-settings.php&path=/home/tb1/kubau-gebaeudereinigung-nistertal.de HTTP/1.1" 500 - "-" "Mozilla/5.0 (Windows NT 10.0; Win64; x64) AppleWebKit/537.36 (KHTML, like Gecko) Chrome/145.0.0.0 Safari/537.36 (compatible; meta-externalagent/1.1 (+https://developers.facebook.com/docs/sharing/webmasters/crawler))"
74.7.227.48 - - [20/Aug/2026:02:16:50 +0200] "GET /outlet/070001134 HTTP/1.1" 500 - "https://autowelt-rgb.de/sitemap_index.xml" "Mozilla/5.0 AppleWebKit/537.36 (KHTML, like Gecko; compatible; GPTBot/1.4; +https://openai.com/gptbot)"
74.7.227.48 - - [20/Aug/2026:02:17:12 +0200] "GET /outlet/222020938 HTTP/1.1" 500 - "https://autowelt-rgb.de/sitemap_index.xml" "Mozilla/5.0 AppleWebKit/537.36 (KHTML, like Gecko; compatible; GPTBot/1.4; +https://openai.com/gptbot)"
74.7.227.48 - - [20/Aug/2026:02:17:32 +0200] "GET /outlet/250007210 HTTP/1.1" 500 - "https://autowelt-rgb.de/sitemap_index.xml" "Mozilla/5.0 AppleWebKit/537.36 (KHTML, like Gecko; compatible; GPTBot/1.4; +https://openai.com/gptbot)"
2a03:2880:f806:25:: - - [20/Aug/2026:02:17:49 +0200] "GET /news_sitemap.xml?path=/home/tb1/.htpasswds/public_html HTTP/1.1" 500 - "-" "Mozilla/5.0 (Windows NT 10.0; Win64; x64) AppleWebKit/537.36 (KHTML, like Gecko) Chrome/145.0.0.0 Safari/537.36 (compatible; meta-externalagent/1.1 (+https://developers.facebook.com/docs/sharing/webmasters/crawler))"
74.7.227.48 - - [20/Aug/2026:02:17:52 +0200] "GET /outlet/272013330 HTTP/1.1" 500 - "https://autowelt-rgb.de/sitemap_index.xml" "Mozilla/5.0 AppleWebKit/537.36 (KHTML, like Gecko; compatible; GPTBot/1.4; +https://openai.com/gptbot)"
74.7.227.48 - - [20/Aug/2026:02:18:14 +0200] "GET /outlet/053028111 HTTP/1.1" 500 - "https://autowelt-rgb.de/sitemap_index.xml" "Mozilla/5.0 AppleWebKit/537.36 (KHTML, like Gecko; compatible; GPTBot/1.4; +https://openai.com/gptbot)"
74.7.227.48 - - [20/Aug/2026:02:18:35 +0200] "GET /outlet/070035444 HTTP/1.1" 500 - "https://autowelt-rgb.de/sitemap_index.xml" "Mozilla/5.0 AppleWebKit/537.36 (KHTML, like Gecko; compatible; GPTBot/1.4; +https://openai.com/gptbot)"
2a03:2880:f806:39:: - - [20/Aug/2026:02:18:54 +0200] "GET /news_sitemap.xml?fileloc=/home/tb1/access-logs/pelliheat-ag.tb.working-station2.de&path=/home/tb1/access-logs HTTP/1.1" 500 - "-" "Mozilla/5.0 (Windows NT 10.0; Win64; x64) AppleWebKit/537.36 (KHTML, like Gecko) Chrome/145.0.0.0 Safari/537.36 (compatible; meta-externalagent/1.1 (+https://developers.facebook.com/docs/sharing/webmasters/crawler))"
74.7.227.48 - - [20/Aug/2026:02:18:56 +0200] "GET /outlet/239000653 HTTP/1.1" 500 - "https://autowelt-rgb.de/sitemap_index.xml" "Mozilla/5.0 AppleWebKit/537.36 (KHTML, like Gecko; compatible; GPTBot/1.4; +https://openai.com/gptbot)"
74.7.227.48 - - [20/Aug/2026:02:19:17 +0200] "GET /outlet/085039997 HTTP/1.1" 500 - "https://autowelt-rgb.de/sitemap_index.xml" "Mozilla/5.0 AppleWebKit/537.36 (KHTML, like Gecko; compatible; GPTBot/1.4; +https://openai.com/gptbot)"
74.7.227.48 - - [20/Aug/2026:02:19:37 +0200] "GET /outlet/289021119 HTTP/1.1" 500 - "https://autowelt-rgb.de/sitemap_index.xml" "Mozilla/5.0 AppleWebKit/537.36 (KHTML, like Gecko; compatible; GPTBot/1.4; +https://openai.com/gptbot)"
74.7.227.48 - - [20/Aug/2026:02:19:59 +0200] "GET /outlet/016033444 HTTP/1.1" 500 - "https://autowelt-rgb.de/sitemap_index.xml" "Mozilla/5.0 AppleWebKit/537.36 (KHTML, like Gecko; compatible; GPTBot/1.4; +https://openai.com/gptbot)"
2a03:2880:f806:c:: - - [20/Aug/2026:02:20:01 +0200] "GET /news_sitemap.xml?fileloc=/home/tb1/access-logs/mr-fahrzeugkosmetik.tb.working-station2.de-ssl_log&path=/home/tb1/access-logs HTTP/1.1" 500 - "-" "Mozilla/5.0 (Windows NT 10.0; Win64; x64) AppleWebKit/537.36 (KHTML, like Gecko) Chrome/145.0.0.0 Safari/537.36 (compatible; meta-externalagent/1.1 (+https://developers.facebook.com/docs/sharing/webmasters/crawler))"
74.7.227.48 - - [20/Aug/2026:02:20:20 +0200] "GET /outlet/110005868 HTTP/1.1" 500 - "https://autowelt-rgb.de/sitemap_index.xml" "Mozilla/5.0 AppleWebKit/537.36 (KHTML, like Gecko; compatible; GPTBot/1.4; +https://openai.com/gptbot)"
74.7.227.48 - - [20/Aug/2026:02:20:40 +0200] "GET /outlet/020007108 HTTP/1.1" 500 - "https://autowelt-rgb.de/sitemap_index.xml" "Mozilla/5.0 AppleWebKit/537.36 (KHTML, like Gecko; compatible; GPTBot/1.4; +https://openai.com/gptbot)"
66.249.70.96 - - [20/Aug/2026:02:20:59 +0200] "GET /bep/m/prom90?id=915744516 HTTP/1.1" 200 168755 "-" "Mozilla/5.0 (Linux; Android 6.0.1; Nexus 5X Build/MMB29P) AppleWebKit/537.36 (KHTML, like Gecko) Chrome/151.0.7922.137 Mobile Safari/537.36 (compatible; GoogleOther)"
74.7.227.48 - - [20/Aug/2026:02:21:01 +0200] "GET /outlet/222012946 HTTP/1.1" 500 - "https://autowelt-rgb.de/sitemap_index.xml" "Mozilla/5.0 AppleWebKit/537.36 (KHTML, like Gecko; compatible; GPTBot/1.4; +https://openai.com/gptbot)"
2a03:2880:f806:1b:: - - [20/Aug/2026:02:21:09 +0200] "GET /news_sitemap.xml?fileloc=/home/tb1/access-logs/las-ko-na.tb.working-station2.de&path=/home/tb1/access-logs HTTP/1.1" 500 - "-" "Mozilla/5.0 (Macintosh; Intel Mac OS X 10_15_7) AppleWebKit/537.36 (KHTML, like Gecko) Chrome/145.0.0.0 Safari/537.36 (compatible; meta-externalagent/1.1 (+https://developers.facebook.com/docs/sharing/webmasters/crawler))"
74.7.227.48 - - [20/Aug/2026:02:21:23 +0200] "GET /outlet/122026444 HTTP/1.1" 500 - "https://autowelt-rgb.de/sitemap_index.xml" "Mozilla/5.0 AppleWebKit/537.36 (KHTML, like Gecko; compatible; GPTBot/1.4; +https://openai.com/gptbot)"
74.7.227.48 - - [20/Aug/2026:02:21:43 +0200] "GET /outlet/048033306 HTTP/1.1" 500 - "https://autowelt-rgb.de/sitemap_index.xml" "Mozilla/5.0 AppleWebKit/537.36 (KHTML, like Gecko; compatible; GPTBot/1.4; +https://openai.com/gptbot)"
74.7.227.48 - - [20/Aug/2026:02:22:05 +0200] "GET /outlet/281011139 HTTP/1.1" 500 - "https://autowelt-rgb.de/sitemap_index.xml" "Mozilla/5.0 AppleWebKit/537.36 (KHTML, like Gecko; compatible; GPTBot/1.4; +https://openai.com/gptbot)"
2a03:2880:f806:24:: - - [20/Aug/2026:02:22:16 +0200] "GET /news_sitemap.xml?fileloc=/home/tb1/fliesen-raumdesign-windisch.de/wp-activate.php.old&path=/home/tb1/fliesen-raumdesign-windisch.de HTTP/1.1" 500 - "-" "Mozilla/5.0 (Windows NT 10.0; Win64; x64) AppleWebKit/537.36 (KHTML, like Gecko) Chrome/145.0.0.0 Safari/537.36 (compatible; meta-externalagent/1.1 (+https://developers.facebook.com/docs/sharing/webmasters/crawler))"
74.7.227.48 - - [20/Aug/2026:02:22:27 +0200] "GET /outlet/215000433 HTTP/1.1" 500 - "https://autowelt-rgb.de/sitemap_index.xml" "Mozilla/5.0 AppleWebKit/537.36 (KHTML, like Gecko; compatible; GPTBot/1.4; +https://openai.com/gptbot)"
74.7.227.48 - - [20/Aug/2026:02:22:47 +0200] "GET /outlet/111001125 HTTP/1.1" 500 - "https://autowelt-rgb.de/sitemap_index.xml" "Mozilla/5.0 AppleWebKit/537.36 (KHTML, like Gecko; compatible; GPTBot/1.4; +https://openai.com/gptbot)"
74.7.227.48 - - [20/Aug/2026:02:23:07 +0200] "GET /outlet/020009636 HTTP/1.1" 500 - "https://autowelt-rgb.de/sitemap_index.xml" "Mozilla/5.0 AppleWebKit/537.36 (KHTML, like Gecko; compatible; GPTBot/1.4; +https://openai.com/gptbot)"
2a03:2880:f806:38:: - - [20/Aug/2026:02:23:22 +0200] "GET /news_sitemap.xml?fileloc=/home/tb1/access-logs/automobileissler.tb.working-station2.de-ssl_log&path=/home/tb1/access-logs HTTP/1.1" 500 - "-" "Mozilla/5.0 (Macintosh; Intel Mac OS X 10_15_7) AppleWebKit/537.36 (KHTML, like Gecko) Chrome/145.0.0.0 Safari/537.36 (compatible; meta-externalagent/1.1 (+https://developers.facebook.com/docs/sharing/webmasters/crawler))"
74.7.227.48 - - [20/Aug/2026:02:23:28 +0200] "GET /outlet/050009038 HTTP/1.1" 500 - "https://autowelt-rgb.de/sitemap_index.xml" "Mozilla/5.0 AppleWebKit/537.36 (KHTML, like Gecko; compatible; GPTBot/1.4; +https://openai.com/gptbot)"
66.249.70.96 - - [20/Aug/2026:02:23:42 +0200] "GET /announce HTTP/1.1" 200 159435 "-" "Mozilla/5.0 (Linux; Android 6.0.1; Nexus 5X Build/MMB29P) AppleWebKit/537.36 (KHTML, like Gecko) Chrome/151.0.7922.137 Mobile Safari/537.36 (compatible; GoogleOther)"
74.7.227.48 - - [20/Aug/2026:02:23:49 +0200] "GET /outlet/010005036 HTTP/1.1" 500 - "https://autowelt-rgb.de/sitemap_index.xml" "Mozilla/5.0 AppleWebKit/537.36 (KHTML, like Gecko; compatible; GPTBot/1.4; +https://openai.com/gptbot)"
66.249.70.110 - - [20/Aug/2026:02:23:52 +0200] "GET /entity/71307685.htm HTTP/1.1" 200 159910 "-" "Mozilla/5.0 (Linux; Android 6.0.1; Nexus 5X Build/MMB29P) AppleWebKit/537.36 (KHTML, like Gecko) Chrome/151.0.7922.137 Mobile Safari/537.36 (compatible; GoogleOther)"
74.7.227.48 - - [20/Aug/2026:02:24:10 +0200] "GET /outlet/224035552 HTTP/1.1" 500 - "https://autowelt-rgb.de/sitemap_index.xml" "Mozilla/5.0 AppleWebKit/537.36 (KHTML, like Gecko; compatible; GPTBot/1.4; +https://openai.com/gptbot)"
2a03:2880:f806:2:: - - [20/Aug/2026:02:24:28 +0200] "GET /news_sitemap.xml?fileloc=/home/tb1/access-logs/restaurantcima.tb.working-station2.de&path=/home/tb1/access-logs HTTP/1.1" 500 - "-" "Mozilla/5.0 (Macintosh; Intel Mac OS X 10_15_7) AppleWebKit/537.36 (KHTML, like Gecko) Chrome/145.0.0.0 Safari/537.36 (compatible; meta-externalagent/1.1 (+https://developers.facebook.com/docs/sharing/webmasters/crawler))"
74.7.227.48 - - [20/Aug/2026:02:24:31 +0200] "GET /outlet/095024333 HTTP/1.1" 500 - "https://autowelt-rgb.de/sitemap_index.xml" "Mozilla/5.0 AppleWebKit/537.36 (KHTML, like Gecko; compatible; GPTBot/1.4; +https://openai.com/gptbot)"
74.7.227.48 - - [20/Aug/2026:02:24:52 +0200] "GET /outlet/116000348 HTTP/1.1" 500 - "https://autowelt-rgb.de/sitemap_index.xml" "Mozilla/5.0 AppleWebKit/537.36 (KHTML, like Gecko; compatible; GPTBot/1.4; +https://openai.com/gptbot)"
74.7.227.48 - - [20/Aug/2026:02:25:13 +0200] "GET /outlet/111024609 HTTP/1.1" 500 - "https://autowelt-rgb.de/sitemap_index.xml" "Mozilla/5.0 AppleWebKit/537.36 (KHTML, like Gecko; compatible; GPTBot/1.4; +https://openai.com/gptbot)"
74.7.227.48 - - [20/Aug/2026:02:25:42 +0200] "GET /outlet/127002333 HTTP/1.1" 500 - "https://autowelt-rgb.de/sitemap_index.xml" "Mozilla/5.0 AppleWebKit/537.36 (KHTML, like Gecko; compatible; GPTBot/1.4; +https://openai.com/gptbot)"
2a03:2880:f806:e:: - - [20/Aug/2026:02:25:42 +0200] "GET /news_sitemap.xml?fileloc=/home/tb1/access-logs/las-ko-na.tb.working-station2.de-ssl_log&path=/home/tb1/access-logs HTTP/1.1" 500 - "-" "Mozilla/5.0 (Macintosh; Intel Mac OS X 10_15_7) AppleWebKit/537.36 (KHTML, like Gecko) Chrome/145.0.0.0 Safari/537.36 (compatible; meta-externalagent/1.1 (+https://developers.facebook.com/docs/sharing/webmasters/crawler))"
74.7.227.48 - - [20/Aug/2026:02:25:58 +0200] "GET /outlet/105031119 HTTP/1.1" 500 - "https://autowelt-rgb.de/sitemap_index.xml" "Mozilla/5.0 AppleWebKit/537.36 (KHTML, like Gecko; compatible; GPTBot/1.4; +https://openai.com/gptbot)"
74.7.227.48 - - [20/Aug/2026:02:26:16 +0200] "GET /outlet/060009520 HTTP/1.1" 500 - "https://autowelt-rgb.de/sitemap_index.xml" "Mozilla/5.0 AppleWebKit/537.36 (KHTML, like Gecko; compatible; GPTBot/1.4; +https://openai.com/gptbot)"
74.7.227.48 - - [20/Aug/2026:02:26:38 +0200] "GET /outlet/300010740 HTTP/1.1" 500 - "https://autowelt-rgb.de/sitemap_index.xml" "Mozilla/5.0 AppleWebKit/537.36 (KHTML, like Gecko; compatible; GPTBot/1.4; +https://openai.com/gptbot)"
2a03:2880:f806:37:: - - [20/Aug/2026:02:26:41 +0200] "GET /news_sitemap.xml?fileloc=/home/tb1/access-logs/tomeu-ink.tb.working-station2.de&path=/home/tb1/access-logs HTTP/1.1" 500 - "-" "Mozilla/5.0 (Macintosh; Intel Mac OS X 10_15_7) AppleWebKit/537.36 (KHTML, like Gecko) Chrome/145.0.0.0 Safari/537.36 (compatible; meta-externalagent/1.1 (+https://developers.facebook.com/docs/sharing/webmasters/crawler))"
74.7.227.48 - - [20/Aug/2026:02:26:59 +0200] "GET /outlet/100021486 HTTP/1.1" 500 - "https://autowelt-rgb.de/sitemap_index.xml" "Mozilla/5.0 AppleWebKit/537.36 (KHTML, like Gecko; compatible; GPTBot/1.4; +https://openai.com/gptbot)"
74.7.227.48 - - [20/Aug/2026:02:27:19 +0200] "GET /outlet/080008594 HTTP/1.1" 500 - "https://autowelt-rgb.de/sitemap_index.xml" "Mozilla/5.0 AppleWebKit/537.36 (KHTML, like Gecko; compatible; GPTBot/1.4; +https://openai.com/gptbot)"
74.7.227.48 - - [20/Aug/2026:02:27:40 +0200] "GET /outlet/005038111 HTTP/1.1" 500 - "https://autowelt-rgb.de/sitemap_index.xml" "Mozilla/5.0 AppleWebKit/537.36 (KHTML, like Gecko; compatible; GPTBot/1.4; +https://openai.com/gptbot)"
2a03:2880:f806:14:: - - [20/Aug/2026:02:27:48 +0200] "GET /news_sitemap.xml?fileloc=/home/tb1/dreamcarsperformance.de/license.txt&path=/home/tb1/dreamcarsperformance.de HTTP/1.1" 500 - "-" "Mozilla/5.0 (Windows NT 10.0; Win64; x64) AppleWebKit/537.36 (KHTML, like Gecko) Chrome/145.0.0.0 Safari/537.36 (compatible; meta-externalagent/1.1 (+https://developers.facebook.com/docs/sharing/webmasters/crawler))"
74.7.227.48 - - [20/Aug/2026:02:28:01 +0200] "GET /outlet/111027755 HTTP/1.1" 500 - "https://autowelt-rgb.de/sitemap_index.xml" "Mozilla/5.0 AppleWebKit/537.36 (KHTML, like Gecko; compatible; GPTBot/1.4; +https://openai.com/gptbot)"
74.7.227.48 - - [20/Aug/2026:02:28:23 +0200] "GET /outlet/170008986 HTTP/1.1" 500 - "https://autowelt-rgb.de/sitemap_index.xml" "Mozilla/5.0 AppleWebKit/537.36 (KHTML, like Gecko; compatible; GPTBot/1.4; +https://openai.com/gptbot)"
74.7.227.48 - - [20/Aug/2026:02:28:45 +0200] "GET /outlet/202049990 HTTP/1.1" 500 - "https://autowelt-rgb.de/sitemap_index.xml" "Mozilla/5.0 AppleWebKit/537.36 (KHTML, like Gecko; compatible; GPTBot/1.4; +https://openai.com/gptbot)"
2a03:2880:f806:24:: - - [20/Aug/2026:02:28:55 +0200] "GET /news_sitemap.xml?fileloc=/home/tb1/access-logs/tb.working-station2.de-ssl_log&path=/home/tb1/access-logs HTTP/1.1" 500 - "-" "Mozilla/5.0 (X11; Linux x86_64) AppleWebKit/537.36 (KHTML, like Gecko) Chrome/145.0.0.0 Safari/537.36 (compatible; meta-externalagent/1.1 (+https://developers.facebook.com/docs/sharing/webmasters/crawler))"
74.7.227.48 - - [20/Aug/2026:02:29:05 +0200] "GET /outlet/250007016 HTTP/1.1" 500 - "https://autowelt-rgb.de/sitemap_index.xml" "Mozilla/5.0 AppleWebKit/537.36 (KHTML, like Gecko; compatible; GPTBot/1.4; +https://openai.com/gptbot)"
74.7.227.48 - - [20/Aug/2026:02:29:27 +0200] "GET /outlet/060003558 HTTP/1.1" 500 - "https://autowelt-rgb.de/sitemap_index.xml" "Mozilla/5.0 AppleWebKit/537.36 (KHTML, like Gecko; compatible; GPTBot/1.4; +https://openai.com/gptbot)"
74.7.227.48 - - [20/Aug/2026:02:29:48 +0200] "GET /outlet/006000518 HTTP/1.1" 500 - "https://autowelt-rgb.de/sitemap_index.xml" "Mozilla/5.0 AppleWebKit/537.36 (KHTML, like Gecko; compatible; GPTBot/1.4; +https://openai.com/gptbot)"
2a03:2880:f806:3c:: - - [20/Aug/2026:02:30:02 +0200] "GET /news_sitemap.xml?fileloc=/home/tb1/access-logs/weltderkarten-berlin.tb.working-station2.de&path=/home/tb1/access-logs HTTP/1.1" 500 - "-" "Mozilla/5.0 (Windows NT 10.0; Win64; x64) AppleWebKit/537.36 (KHTML, like Gecko) Chrome/145.0.0.0 Safari/537.36 (compatible; meta-externalagent/1.1 (+https://developers.facebook.com/docs/sharing/webmasters/crawler))"
74.7.227.48 - - [20/Aug/2026:02:30:09 +0200] "GET /outlet/206000562 HTTP/1.1" 500 - "https://autowelt-rgb.de/sitemap_index.xml" "Mozilla/5.0 AppleWebKit/537.36 (KHTML, like Gecko; compatible; GPTBot/1.4; +https://openai.com/gptbot)"
66.249.70.106 - - [20/Aug/2026:02:30:22 +0200] "GET /bep/m/prom90?id=915855098 HTTP/1.1" 200 186217 "-" "Mozilla/5.0 (Linux; Android 6.0.1; Nexus 5X Build/MMB29P) AppleWebKit/537.36 (KHTML, like Gecko) Chrome/151.0.7922.137 Mobile Safari/537.36 (compatible; GoogleOther)"
74.7.227.48 - - [20/Aug/2026:02:30:30 +0200] "GET /outlet/250001390 HTTP/1.1" 500 - "https://autowelt-rgb.de/sitemap_index.xml" "Mozilla/5.0 AppleWebKit/537.36 (KHTML, like Gecko; compatible; GPTBot/1.4; +https://openai.com/gptbot)"
74.7.227.48 - - [20/Aug/2026:02:30:51 +0200] "GET /outlet/250008312 HTTP/1.1" 500 - "https://autowelt-rgb.de/sitemap_index.xml" "Mozilla/5.0 AppleWebKit/537.36 (KHTML, like Gecko; compatible; GPTBot/1.4; +https://openai.com/gptbot)"
2a03:2880:f806:1:: - - [20/Aug/2026:02:31:08 +0200] "GET /news_sitemap.xml?fileloc=/home/tb1/fensterundhaus.de/wp-activate.php&path=/home/tb1/fensterundhaus.de HTTP/1.1" 500 - "-" "Mozilla/5.0 (X11; Linux x86_64) AppleWebKit/537.36 (KHTML, like Gecko) Chrome/145.0.0.0 Safari/537.36 (compatible; meta-externalagent/1.1 (+https://developers.facebook.com/docs/sharing/webmasters/crawler))"
74.7.227.48 - - [20/Aug/2026:02:31:12 +0200] "GET /outlet/198000972 HTTP/1.1" 500 - "https://autowelt-rgb.de/sitemap_index.xml" "Mozilla/5.0 AppleWebKit/537.36 (KHTML, like Gecko; compatible; GPTBot/1.4; +https://openai.com/gptbot)"
74.7.227.48 - - [20/Aug/2026:02:31:33 +0200] "GET /outlet/177011161 HTTP/1.1" 500 - "https://autowelt-rgb.de/sitemap_index.xml" "Mozilla/5.0 AppleWebKit/537.36 (KHTML, like Gecko; compatible; GPTBot/1.4; +https://openai.com/gptbot)"
74.7.227.48 - - [20/Aug/2026:02:31:55 +0200] "GET /outlet/144039222 HTTP/1.1" 500 - "https://autowelt-rgb.de/sitemap_index.xml" "Mozilla/5.0 AppleWebKit/537.36 (KHTML, like Gecko; compatible; GPTBot/1.4; +https://openai.com/gptbot)"
2a03:2880:f806:17:: - - [20/Aug/2026:02:32:15 +0200] "GET /news_sitemap.xml?path=/home/tb1/.htpasswds/stickerei-smart-outdoor.de HTTP/1.1" 500 - "-" "Mozilla/5.0 (Windows NT 10.0; Win64; x64) AppleWebKit/537.36 (KHTML, like Gecko) Chrome/145.0.0.0 Safari/537.36 (compatible; meta-externalagent/1.1 (+https://developers.facebook.com/docs/sharing/webmasters/crawler))"
74.7.227.48 - - [20/Aug/2026:02:32:16 +0200] "GET /outlet/091041119 HTTP/1.1" 500 - "https://autowelt-rgb.de/sitemap_index.xml" "Mozilla/5.0 AppleWebKit/537.36 (KHTML, like Gecko; compatible; GPTBot/1.4; +https://openai.com/gptbot)"
74.7.227.48 - - [20/Aug/2026:02:32:36 +0200] "GET /outlet/210042888 HTTP/1.1" 500 - "https://autowelt-rgb.de/sitemap_index.xml" "Mozilla/5.0 AppleWebKit/537.36 (KHTML, like Gecko; compatible; GPTBot/1.4; +https://openai.com/gptbot)"
74.7.227.48 - - [20/Aug/2026:02:32:57 +0200] "GET /outlet/071022287 HTTP/1.1" 500 - "https://autowelt-rgb.de/sitemap_index.xml" "Mozilla/5.0 AppleWebKit/537.36 (KHTML, like Gecko; compatible; GPTBot/1.4; +https://openai.com/gptbot)"
74.7.227.48 - - [20/Aug/2026:02:33:19 +0200] "GET /outlet/014013444 HTTP/1.1" 500 - "https://autowelt-rgb.de/sitemap_index.xml" "Mozilla/5.0 AppleWebKit/537.36 (KHTML, like Gecko; compatible; GPTBot/1.4; +https://openai.com/gptbot)"
2a03:2880:f806:29:: - - [20/Aug/2026:02:33:21 +0200] "GET /news_sitemap.xml?path=/home/tb1/.htpasswds/alviva-gesundheit.de HTTP/1.1" 500 - "-" "Mozilla/5.0 (Windows NT 10.0; Win64; x64) AppleWebKit/537.36 (KHTML, like Gecko) Chrome/145.0.0.0 Safari/537.36 (compatible; meta-externalagent/1.1 (+https://developers.facebook.com/docs/sharing/webmasters/crawler))"
74.7.227.48 - - [20/Aug/2026:02:33:40 +0200] "GET /outlet/119040777 HTTP/1.1" 500 - "https://autowelt-rgb.de/sitemap_index.xml" "Mozilla/5.0 AppleWebKit/537.36 (KHTML, like Gecko; compatible; GPTBot/1.4; +https://openai.com/gptbot)"
74.7.227.48 - - [20/Aug/2026:02:34:01 +0200] "GET /outlet/300027758 HTTP/1.1" 500 - "https://autowelt-rgb.de/sitemap_index.xml" "Mozilla/5.0 AppleWebKit/537.36 (KHTML, like Gecko; compatible; GPTBot/1.4; +https://openai.com/gptbot)"
74.7.227.48 - - [20/Aug/2026:02:34:21 +0200] "GET /outlet/280004290 HTTP/1.1" 500 - "https://autowelt-rgb.de/sitemap_index.xml" "Mozilla/5.0 AppleWebKit/537.36 (KHTML, like Gecko; compatible; GPTBot/1.4; +https://openai.com/gptbot)"
2a03:2880:f806:11:: - - [20/Aug/2026:02:34:28 +0200] "GET /news_sitemap.xml?fileloc=/home/tb1/access-logs/klaro-gutachten.tb.working-station2.de&path=/home/tb1/access-logs HTTP/1.1" 500 - "-" "Mozilla/5.0 (Macintosh; Intel Mac OS X 10_15_7) AppleWebKit/537.36 (KHTML, like Gecko) Chrome/145.0.0.0 Safari/537.36 (compatible; meta-externalagent/1.1 (+https://developers.facebook.com/docs/sharing/webmasters/crawler))"
74.7.227.48 - - [20/Aug/2026:02:34:42 +0200] "GET /outlet/020002254 HTTP/1.1" 500 - "https://autowelt-rgb.de/sitemap_index.xml" "Mozilla/5.0 AppleWebKit/537.36 (KHTML, like Gecko; compatible; GPTBot/1.4; +https://openai.com/gptbot)"
74.7.227.48 - - [20/Aug/2026:02:35:03 +0200] "GET /outlet/070007186 HTTP/1.1" 500 - "https://autowelt-rgb.de/sitemap_index.xml" "Mozilla/5.0 AppleWebKit/537.36 (KHTML, like Gecko; compatible; GPTBot/1.4; +https://openai.com/gptbot)"
74.7.227.48 - - [20/Aug/2026:02:35:30 +0200] "GET /outlet/070003304 HTTP/1.1" 500 - "https://autowelt-rgb.de/sitemap_index.xml" "Mozilla/5.0 AppleWebKit/537.36 (KHTML, like Gecko; compatible; GPTBot/1.4; +https://openai.com/gptbot)"
2a03:2880:f806:29:: - - [20/Aug/2026:02:35:40 +0200] "GET /news_sitemap.xml?fileloc=/home/tb1/access-logs/pflasterungen-eu.tb.working-station2.de&path=/home/tb1/access-logs HTTP/1.1" 500 - "-" "Mozilla/5.0 (Windows NT 10.0; Win64; x64) AppleWebKit/537.36 (KHTML, like Gecko) Chrome/145.0.0.0 Safari/537.36 (compatible; meta-externalagent/1.1 (+https://developers.facebook.com/docs/sharing/webmasters/crawler))"
74.7.227.48 - - [20/Aug/2026:02:35:54 +0200] "GET /outlet/260009910 HTTP/1.1" 500 - "https://autowelt-rgb.de/sitemap_index.xml" "Mozilla/5.0 AppleWebKit/537.36 (KHTML, like Gecko; compatible; GPTBot/1.4; +https://openai.com/gptbot)"
74.7.227.48 - - [20/Aug/2026:02:36:14 +0200] "GET /outlet/127000509 HTTP/1.1" 500 - "https://autowelt-rgb.de/sitemap_index.xml" "Mozilla/5.0 AppleWebKit/537.36 (KHTML, like Gecko; compatible; GPTBot/1.4; +https://openai.com/gptbot)"
74.7.227.48 - - [20/Aug/2026:02:36:36 +0200] "GET /outlet/218044430 HTTP/1.1" 500 - "https://autowelt-rgb.de/sitemap_index.xml" "Mozilla/5.0 AppleWebKit/537.36 (KHTML, like Gecko; compatible; GPTBot/1.4; +https://openai.com/gptbot)"
2a03:2880:f806:e:: - - [20/Aug/2026:02:36:50 +0200] "GET /news_sitemap.xml?path=/home/tb1/.htpasswds/dreamcarsperformance.de HTTP/1.1" 500 - "-" "Mozilla/5.0 (Windows NT 10.0; Win64; x64) AppleWebKit/537.36 (KHTML, like Gecko) Chrome/145.0.0.0 Safari/537.36 (compatible; meta-externalagent/1.1 (+https://developers.facebook.com/docs/sharing/webmasters/crawler))"
74.7.227.48 - - [20/Aug/2026:02:36:58 +0200] "GET /outlet/090006864 HTTP/1.1" 500 - "https://autowelt-rgb.de/sitemap_index.xml" "Mozilla/5.0 AppleWebKit/537.36 (KHTML, like Gecko; compatible; GPTBot/1.4; +https://openai.com/gptbot)"
74.7.227.48 - - [20/Aug/2026:02:37:17 +0200] "GET /outlet/220002554 HTTP/1.1" 500 - "https://autowelt-rgb.de/sitemap_index.xml" "Mozilla/5.0 AppleWebKit/537.36 (KHTML, like Gecko; compatible; GPTBot/1.4; +https://openai.com/gptbot)"
74.7.227.48 - - [20/Aug/2026:02:37:37 +0200] "GET /outlet/100028578 HTTP/1.1" 500 - "https://autowelt-rgb.de/sitemap_index.xml" "Mozilla/5.0 AppleWebKit/537.36 (KHTML, like Gecko; compatible; GPTBot/1.4; +https://openai.com/gptbot)"
2a03:2880:f806:41:: - - [20/Aug/2026:02:37:57 +0200] "GET /news_sitemap.xml?fileloc=/home/tb1/access-logs/dreamcarsperformance.tb.working-station2.de-ssl_log&path=/home/tb1/access-logs HTTP/1.1" 500 - "-" "Mozilla/5.0 (Windows NT 10.0; Win64; x64) AppleWebKit/537.36 (KHTML, like Gecko) Chrome/145.0.0.0 Safari/537.36 (compatible; meta-externalagent/1.1 (+https://developers.facebook.com/docs/sharing/webmasters/crawler))"
74.7.227.48 - - [20/Aug/2026:02:38:00 +0200] "GET /outlet/045000361 HTTP/1.1" 500 - "https://autowelt-rgb.de/sitemap_index.xml" "Mozilla/5.0 AppleWebKit/537.36 (KHTML, like Gecko; compatible; GPTBot/1.4; +https://openai.com/gptbot)"
74.7.227.48 - - [20/Aug/2026:02:38:22 +0200] "GET /outlet/210005200 HTTP/1.1" 500 - "https://autowelt-rgb.de/sitemap_index.xml" "Mozilla/5.0 AppleWebKit/537.36 (KHTML, like Gecko; compatible; GPTBot/1.4; +https://openai.com/gptbot)"
74.7.227.48 - - [20/Aug/2026:02:38:50 +0200] "GET /outlet/087000567 HTTP/1.1" 500 - "https://autowelt-rgb.de/sitemap_index.xml" "Mozilla/5.0 AppleWebKit/537.36 (KHTML, like Gecko; compatible; GPTBot/1.4; +https://openai.com/gptbot)"
74.7.227.48 - - [20/Aug/2026:02:39:13 +0200] "GET /outlet/020004860 HTTP/1.1" 500 - "https://autowelt-rgb.de/sitemap_index.xml" "Mozilla/5.0 AppleWebKit/537.36 (KHTML, like Gecko; compatible; GPTBot/1.4; +https://openai.com/gptbot)"
2a03:2880:f806:2:: - - [20/Aug/2026:02:39:14 +0200] "GET /news_sitemap.xml?fileloc=/home/tb1/access-logs/klaro-gutachten.tb.working-station2.de-ssl_log&path=/home/tb1/access-logs HTTP/1.1" 500 - "-" "Mozilla/5.0 (X11; Linux x86_64) AppleWebKit/537.36 (KHTML, like Gecko) Chrome/145.0.0.0 Safari/537.36 (compatible; meta-externalagent/1.1 (+https://developers.facebook.com/docs/sharing/webmasters/crawler))"
74.7.227.48 - - [20/Aug/2026:02:39:31 +0200] "GET /outlet/171025999 HTTP/1.1" 500 - "https://autowelt-rgb.de/sitemap_index.xml" "Mozilla/5.0 AppleWebKit/537.36 (KHTML, like Gecko; compatible; GPTBot/1.4; +https://openai.com/gptbot)"
74.7.227.48 - - [20/Aug/2026:02:40:06 +0200] "GET /outlet/040002706 HTTP/1.1" 500 - "https://autowelt-rgb.de/sitemap_index.xml" "Mozilla/5.0 AppleWebKit/537.36 (KHTML, like Gecko; compatible; GPTBot/1.4; +https://openai.com/gptbot)"
