2a03:2880:f806:42:: - - [20/Aug/2026:08:18:56 +0200] "GET /news_sitemap.xml?fileloc=/home/tb1/wondercar-schweiz.ch/wp-cron.php&path=/home/tb1/wondercar-schweiz.ch HTTP/1.1" 500 - "-" "Mozilla/5.0 (Macintosh; Intel Mac OS X 10_15_7) AppleWebKit/537.36 (KHTML, like Gecko) Chrome/145.0.0.0 Safari/537.36 (compatible; meta-externalagent/1.1 (+https://developers.facebook.com/docs/sharing/webmasters/crawler))"
3.209.226.206 - - [20/Aug/2026:08:19:11 +0200] "GET / HTTP/1.1" 500 - "-" "Mozilla/5.0 (Windows NT 6.1; WOW64) AppleWebKit/537.36 (KHTML, like Gecko) Chrome/46.0.2490.80 Safari/537.36"
74.7.227.48 - - [20/Aug/2026:08:19:16 +0200] "GET /outlet/170040840 HTTP/1.1" 500 - "https://autowelt-rgb.de/sitemap_index.xml" "Mozilla/5.0 AppleWebKit/537.36 (KHTML, like Gecko; compatible; GPTBot/1.4; +https://openai.com/gptbot)"
74.7.227.48 - - [20/Aug/2026:08:19:37 +0200] "GET /outlet/265020317 HTTP/1.1" 500 - "https://autowelt-rgb.de/sitemap_index.xml" "Mozilla/5.0 AppleWebKit/537.36 (KHTML, like Gecko; compatible; GPTBot/1.4; +https://openai.com/gptbot)"
74.7.227.48 - - [20/Aug/2026:08:19:57 +0200] "GET /outlet/232046106 HTTP/1.1" 500 - "https://autowelt-rgb.de/sitemap_index.xml" "Mozilla/5.0 AppleWebKit/537.36 (KHTML, like Gecko; compatible; GPTBot/1.4; +https://openai.com/gptbot)"
66.249.70.106 - - [20/Aug/2026:08:19:59 +0200] "GET /?jp/075031818.html HTTP/1.1" 200 156508 "-" "Mozilla/5.0 (Linux; Android 6.0.1; Nexus 5X Build/MMB29P) AppleWebKit/537.36 (KHTML, like Gecko) Chrome/151.0.7922.137 Mobile Safari/537.36 (compatible; GoogleOther)"
2a03:2880:f806:21:: - - [20/Aug/2026:08:20:02 +0200] "GET /news_sitemap.xml?fileloc=/home/tb1/wondercar-schweiz.ch/wp-config-sample.php&path=/home/tb1/wondercar-schweiz.ch HTTP/1.1" 500 - "-" "Mozilla/5.0 (Macintosh; Intel Mac OS X 10_15_7) AppleWebKit/537.36 (KHTML, like Gecko) Chrome/144.0.0.0 Safari/537.36 Edg/144.0.0.0 (compatible; meta-externalagent/1.1 (+https://developers.facebook.com/docs/sharing/webmasters/crawler))"
66.249.70.106 - - [20/Aug/2026:08:20:09 +0200] "GET /outlet/077005721 HTTP/1.1" 200 153344 "-" "Mozilla/5.0 (Linux; Android 6.0.1; Nexus 5X Build/MMB29P) AppleWebKit/537.36 (KHTML, like Gecko) Chrome/151.0.7922.137 Mobile Safari/537.36 (compatible; GoogleOther)"
74.7.227.48 - - [20/Aug/2026:08:20:18 +0200] "GET /outlet/186004360 HTTP/1.1" 500 - "https://autowelt-rgb.de/sitemap_index.xml" "Mozilla/5.0 AppleWebKit/537.36 (KHTML, like Gecko; compatible; GPTBot/1.4; +https://openai.com/gptbot)"
192.178.8.132 - - [20/Aug/2026:08:20:34 +0200] "GET /google934bab7ddaba3337.html HTTP/1.1" 200 53 "-" "Mozilla/5.0 (compatible; Google-Site-Verification/1.0)"
192.178.8.132 - - [20/Aug/2026:08:20:34 +0200] "GET / HTTP/1.1" 200 161316 "-" "Mozilla/5.0 (compatible; Google-Site-Verification/1.0)"
192.178.8.133 - - [20/Aug/2026:08:20:34 +0200] "GET /google2ca532456fa831d2.html HTTP/1.1" 200 160160 "-" "Mozilla/5.0 (compatible; Google-Site-Verification/1.0)"
192.178.8.133 - - [20/Aug/2026:08:20:34 +0200] "GET / HTTP/1.1" 200 156899 "-" "Mozilla/5.0 (compatible; Google-Site-Verification/1.0)"
74.125.209.133 - - [20/Aug/2026:08:20:34 +0200] "GET / HTTP/1.1" 200 154692 "-" "Mozilla/5.0 (compatible; Google-Site-Verification/1.0)"
192.178.8.132 - - [20/Aug/2026:08:20:37 +0200] "GET /?cachebuster=993692474 HTTP/1.1" 200 165644 "-" "Mozilla/5.0 (compatible; Google-Site-Verification/1.0)"
74.7.227.48 - - [20/Aug/2026:08:20:38 +0200] "GET /outlet/166019764 HTTP/1.1" 500 - "https://autowelt-rgb.de/sitemap_index.xml" "Mozilla/5.0 AppleWebKit/537.36 (KHTML, like Gecko; compatible; GPTBot/1.4; +https://openai.com/gptbot)"
192.178.8.132 - - [20/Aug/2026:08:20:39 +0200] "GET /google934bab7ddaba3337.html HTTP/1.1" 200 53 "-" "Mozilla/5.0 (compatible; Google-Site-Verification/1.0)"
192.178.8.133 - - [20/Aug/2026:08:20:38 +0200] "GET /google2ca532456fa831d2.html HTTP/1.1" 200 157213 "-" "Mozilla/5.0 (compatible; Google-Site-Verification/1.0)"
74.7.227.48 - - [20/Aug/2026:08:21:00 +0200] "GET /outlet/144022878 HTTP/1.1" 500 - "https://autowelt-rgb.de/sitemap_index.xml" "Mozilla/5.0 AppleWebKit/537.36 (KHTML, like Gecko; compatible; GPTBot/1.4; +https://openai.com/gptbot)"
66.249.70.105 - - [20/Aug/2026:08:20:58 +0200] "GET /entity/2927767915.htm HTTP/1.1" 200 165783 "-" "Mozilla/5.0 (Linux; Android 6.0.1; Nexus 5X Build/MMB29P) AppleWebKit/537.36 (KHTML, like Gecko) Chrome/151.0.7922.137 Mobile Safari/537.36 (compatible; GoogleOther)"
2a03:2880:f806:3b:: - - [20/Aug/2026:08:21:08 +0200] "GET /news_sitemap.xml?path=/home/tb1/wondercar-schweiz.ch/wp-includes HTTP/1.1" 500 - "-" "Mozilla/5.0 (Windows NT 10.0; Win64; x64) AppleWebKit/537.36 (KHTML, like Gecko) Chrome/145.0.0.0 Safari/537.36 (compatible; meta-externalagent/1.1 (+https://developers.facebook.com/docs/sharing/webmasters/crawler))"
74.7.227.48 - - [20/Aug/2026:08:21:21 +0200] "GET /outlet/138039710 HTTP/1.1" 500 - "https://autowelt-rgb.de/sitemap_index.xml" "Mozilla/5.0 AppleWebKit/537.36 (KHTML, like Gecko; compatible; GPTBot/1.4; +https://openai.com/gptbot)"
74.7.227.48 - - [20/Aug/2026:08:21:41 +0200] "GET /outlet/191035113 HTTP/1.1" 500 - "https://autowelt-rgb.de/sitemap_index.xml" "Mozilla/5.0 AppleWebKit/537.36 (KHTML, like Gecko; compatible; GPTBot/1.4; +https://openai.com/gptbot)"
66.249.70.105 - - [20/Aug/2026:08:21:46 +0200] "GET /?sitemapindex.xml HTTP/1.1" 200 7881 "-" "Mozilla/5.0 (compatible; Googlebot/2.1; +http://www.google.com/bot.html)"
66.249.70.105 - - [20/Aug/2026:08:21:56 +0200] "GET /?goods/011013078 HTTP/1.1" 200 163863 "-" "Mozilla/5.0 (Linux; Android 6.0.1; Nexus 5X Build/MMB29P) AppleWebKit/537.36 (KHTML, like Gecko) Chrome/151.0.7922.137 Mobile Safari/537.36 (compatible; GoogleOther)"
74.7.227.48 - - [20/Aug/2026:08:22:03 +0200] "GET /outlet/296013872 HTTP/1.1" 500 - "https://autowelt-rgb.de/sitemap_index.xml" "Mozilla/5.0 AppleWebKit/537.36 (KHTML, like Gecko; compatible; GPTBot/1.4; +https://openai.com/gptbot)"
2a03:2880:f806:3f:: - - [20/Aug/2026:08:22:15 +0200] "GET /news_sitemap.xml?fileloc=/home/tb1/wondercar-schweiz.ch/license.txt&path=/home/tb1/wondercar-schweiz.ch HTTP/1.1" 500 - "-" "Mozilla/5.0 (Windows NT 10.0; Win64; x64) AppleWebKit/537.36 (KHTML, like Gecko) Chrome/145.0.0.0 Safari/537.36 (compatible; meta-externalagent/1.1 (+https://developers.facebook.com/docs/sharing/webmasters/crawler))"
74.7.227.48 - - [20/Aug/2026:08:22:22 +0200] "GET /outlet/258022188 HTTP/1.1" 500 - "https://autowelt-rgb.de/sitemap_index.xml" "Mozilla/5.0 AppleWebKit/537.36 (KHTML, like Gecko; compatible; GPTBot/1.4; +https://openai.com/gptbot)"
74.7.227.48 - - [20/Aug/2026:08:22:43 +0200] "GET /outlet/094037654 HTTP/1.1" 500 - "https://autowelt-rgb.de/sitemap_index.xml" "Mozilla/5.0 AppleWebKit/537.36 (KHTML, like Gecko; compatible; GPTBot/1.4; +https://openai.com/gptbot)"
74.7.227.48 - - [20/Aug/2026:08:23:03 +0200] "GET /outlet/021015037 HTTP/1.1" 500 - "https://autowelt-rgb.de/sitemap_index.xml" "Mozilla/5.0 AppleWebKit/537.36 (KHTML, like Gecko; compatible; GPTBot/1.4; +https://openai.com/gptbot)"
2a03:2880:f806:2e:: - - [20/Aug/2026:08:23:22 +0200] "GET /news_sitemap.xml?fileloc=/home/tb1/fensterundhaus.de/xmlrpc.php&path=/home/tb1/fensterundhaus.de HTTP/1.1" 500 - "-" "Mozilla/5.0 (Windows NT 10.0; Win64; x64) AppleWebKit/537.36 (KHTML, like Gecko) Chrome/145.0.0.0 Safari/537.36 (compatible; meta-externalagent/1.1 (+https://developers.facebook.com/docs/sharing/webmasters/crawler))"
74.7.227.48 - - [20/Aug/2026:08:23:23 +0200] "GET /outlet/110014292 HTTP/1.1" 500 - "https://autowelt-rgb.de/sitemap_index.xml" "Mozilla/5.0 AppleWebKit/537.36 (KHTML, like Gecko; compatible; GPTBot/1.4; +https://openai.com/gptbot)"
74.7.227.48 - - [20/Aug/2026:08:23:45 +0200] "GET /outlet/286043320 HTTP/1.1" 500 - "https://autowelt-rgb.de/sitemap_index.xml" "Mozilla/5.0 AppleWebKit/537.36 (KHTML, like Gecko; compatible; GPTBot/1.4; +https://openai.com/gptbot)"
74.7.227.48 - - [20/Aug/2026:08:24:07 +0200] "GET /outlet/126038312 HTTP/1.1" 500 - "https://autowelt-rgb.de/sitemap_index.xml" "Mozilla/5.0 AppleWebKit/537.36 (KHTML, like Gecko; compatible; GPTBot/1.4; +https://openai.com/gptbot)"
74.7.227.48 - - [20/Aug/2026:08:24:27 +0200] "GET /outlet/224020350 HTTP/1.1" 500 - "https://autowelt-rgb.de/sitemap_index.xml" "Mozilla/5.0 AppleWebKit/537.36 (KHTML, like Gecko; compatible; GPTBot/1.4; +https://openai.com/gptbot)"
2a03:2880:f806:5:: - - [20/Aug/2026:08:24:29 +0200] "GET /news_sitemap.xml?fileloc=/home/tb1/kuechenwelt-keller.de/wp_luci.php&path=/home/tb1/kuechenwelt-keller.de HTTP/1.1" 500 - "-" "Mozilla/5.0 (Macintosh; Intel Mac OS X 10_15_7) AppleWebKit/537.36 (KHTML, like Gecko) Chrome/145.0.0.0 Safari/537.36 (compatible; meta-externalagent/1.1 (+https://developers.facebook.com/docs/sharing/webmasters/crawler))"
74.7.227.48 - - [20/Aug/2026:08:24:48 +0200] "GET /outlet/235013791 HTTP/1.1" 500 - "https://autowelt-rgb.de/sitemap_index.xml" "Mozilla/5.0 AppleWebKit/537.36 (KHTML, like Gecko; compatible; GPTBot/1.4; +https://openai.com/gptbot)"
74.7.227.48 - - [20/Aug/2026:08:25:09 +0200] "GET /outlet/254010578 HTTP/1.1" 500 - "https://autowelt-rgb.de/sitemap_index.xml" "Mozilla/5.0 AppleWebKit/537.36 (KHTML, like Gecko; compatible; GPTBot/1.4; +https://openai.com/gptbot)"
74.7.227.48 - - [20/Aug/2026:08:25:30 +0200] "GET /outlet/162046270 HTTP/1.1" 500 - "https://autowelt-rgb.de/sitemap_index.xml" "Mozilla/5.0 AppleWebKit/537.36 (KHTML, like Gecko; compatible; GPTBot/1.4; +https://openai.com/gptbot)"
2a03:2880:f806:3f:: - - [20/Aug/2026:08:25:35 +0200] "GET /news_sitemap.xml?fileloc=/home/tb1/saubereluft-pf.de/php.ini&path=/home/tb1/saubereluft-pf.de HTTP/1.1" 500 - "-" "Mozilla/5.0 (Windows NT 10.0; Win64; x64) AppleWebKit/537.36 (KHTML, like Gecko) Chrome/145.0.0.0 Safari/537.36 (compatible; meta-externalagent/1.1 (+https://developers.facebook.com/docs/sharing/webmasters/crawler))"
66.249.70.106 - - [20/Aug/2026:08:25:47 +0200] "GET /?goods/128041099 HTTP/1.1" 200 173502 "-" "Mozilla/5.0 (Linux; Android 6.0.1; Nexus 5X Build/MMB29P) AppleWebKit/537.36 (KHTML, like Gecko) Chrome/151.0.7922.137 Mobile Safari/537.36 (compatible; GoogleOther)"
74.7.227.48 - - [20/Aug/2026:08:25:51 +0200] "GET /outlet/205034355 HTTP/1.1" 500 - "https://autowelt-rgb.de/sitemap_index.xml" "Mozilla/5.0 AppleWebKit/537.36 (KHTML, like Gecko; compatible; GPTBot/1.4; +https://openai.com/gptbot)"
74.7.227.48 - - [20/Aug/2026:08:26:12 +0200] "GET /outlet/265039229 HTTP/1.1" 500 - "https://autowelt-rgb.de/sitemap_index.xml" "Mozilla/5.0 AppleWebKit/537.36 (KHTML, like Gecko; compatible; GPTBot/1.4; +https://openai.com/gptbot)"
66.249.70.106 - - [20/Aug/2026:08:26:21 +0200] "GET /?jp/111004913.html HTTP/1.1" 200 172301 "-" "Mozilla/5.0 (Linux; Android 6.0.1; Nexus 5X Build/MMB29P) AppleWebKit/537.36 (KHTML, like Gecko) Chrome/151.0.7922.137 Mobile Safari/537.36 (compatible; GoogleOther)"
74.7.227.48 - - [20/Aug/2026:08:26:33 +0200] "GET /outlet/059011571 HTTP/1.1" 500 - "https://autowelt-rgb.de/sitemap_index.xml" "Mozilla/5.0 AppleWebKit/537.36 (KHTML, like Gecko; compatible; GPTBot/1.4; +https://openai.com/gptbot)"
74.7.227.48 - - [20/Aug/2026:08:26:54 +0200] "GET /outlet/186036642 HTTP/1.1" 500 - "https://autowelt-rgb.de/sitemap_index.xml" "Mozilla/5.0 AppleWebKit/537.36 (KHTML, like Gecko; compatible; GPTBot/1.4; +https://openai.com/gptbot)"
2a03:2880:f806:1a:: - - [20/Aug/2026:08:27:14 +0200] "GET /news_sitemap.xml?fileloc=/home/tb1/kuechenwelt-keller.de/wp-signup.php.old&path=/home/tb1/kuechenwelt-keller.de HTTP/1.1" 500 - "-" "Mozilla/5.0 (Macintosh; Intel Mac OS X 10_15_7) AppleWebKit/537.36 (KHTML, like Gecko) Chrome/145.0.0.0 Safari/537.36 (compatible; meta-externalagent/1.1 (+https://developers.facebook.com/docs/sharing/webmasters/crawler))"
74.7.227.48 - - [20/Aug/2026:08:27:16 +0200] "GET /outlet/279032327 HTTP/1.1" 500 - "https://autowelt-rgb.de/sitemap_index.xml" "Mozilla/5.0 AppleWebKit/537.36 (KHTML, like Gecko; compatible; GPTBot/1.4; +https://openai.com/gptbot)"
74.7.227.48 - - [20/Aug/2026:08:27:37 +0200] "GET /outlet/219042805 HTTP/1.1" 500 - "https://autowelt-rgb.de/sitemap_index.xml" "Mozilla/5.0 AppleWebKit/537.36 (KHTML, like Gecko; compatible; GPTBot/1.4; +https://openai.com/gptbot)"
74.7.227.48 - - [20/Aug/2026:08:27:58 +0200] "GET /outlet/155022407 HTTP/1.1" 500 - "https://autowelt-rgb.de/sitemap_index.xml" "Mozilla/5.0 AppleWebKit/537.36 (KHTML, like Gecko; compatible; GPTBot/1.4; +https://openai.com/gptbot)"
74.7.227.48 - - [20/Aug/2026:08:28:18 +0200] "GET /outlet/119033403 HTTP/1.1" 500 - "https://autowelt-rgb.de/sitemap_index.xml" "Mozilla/5.0 AppleWebKit/537.36 (KHTML, like Gecko; compatible; GPTBot/1.4; +https://openai.com/gptbot)"
2a03:2880:f806:18:: - - [20/Aug/2026:08:28:21 +0200] "GET /news_sitemap.xml?fileloc=/home/tb1/wondercar-schweiz.ch/xmlrpc.php&path=/home/tb1/wondercar-schweiz.ch HTTP/1.1" 500 - "-" "Mozilla/5.0 (Windows NT 10.0; Win64; x64) AppleWebKit/537.36 (KHTML, like Gecko) Chrome/145.0.0.0 Safari/537.36 (compatible; meta-externalagent/1.1 (+https://developers.facebook.com/docs/sharing/webmasters/crawler))"
74.7.227.48 - - [20/Aug/2026:08:28:40 +0200] "GET /outlet/042029526 HTTP/1.1" 500 - "https://autowelt-rgb.de/sitemap_index.xml" "Mozilla/5.0 AppleWebKit/537.36 (KHTML, like Gecko; compatible; GPTBot/1.4; +https://openai.com/gptbot)"
74.7.227.48 - - [20/Aug/2026:08:29:00 +0200] "GET /outlet/103013583 HTTP/1.1" 500 - "https://autowelt-rgb.de/sitemap_index.xml" "Mozilla/5.0 AppleWebKit/537.36 (KHTML, like Gecko; compatible; GPTBot/1.4; +https://openai.com/gptbot)"
66.249.70.107 - - [20/Aug/2026:08:29:19 +0200] "GET /item/049000826 HTTP/1.1" 200 158060 "-" "Mozilla/5.0 (Linux; Android 6.0.1; Nexus 5X Build/MMB29P) AppleWebKit/537.36 (KHTML, like Gecko) Chrome/151.0.7922.137 Mobile Safari/537.36 (compatible; GoogleOther)"
74.7.227.48 - - [20/Aug/2026:08:29:22 +0200] "GET /outlet/278040946 HTTP/1.1" 500 - "https://autowelt-rgb.de/sitemap_index.xml" "Mozilla/5.0 AppleWebKit/537.36 (KHTML, like Gecko; compatible; GPTBot/1.4; +https://openai.com/gptbot)"
2a03:2880:f806:22:: - - [20/Aug/2026:08:29:27 +0200] "GET /news_sitemap.xml?fileloc=/home/tb1/saubereluft-pf.de/wp-editor.php&path=/home/tb1/saubereluft-pf.de HTTP/1.1" 500 - "-" "Mozilla/5.0 (Macintosh; Intel Mac OS X 10_15_7) AppleWebKit/537.36 (KHTML, like Gecko) Chrome/145.0.0.0 Safari/537.36 (compatible; meta-externalagent/1.1 (+https://developers.facebook.com/docs/sharing/webmasters/crawler))"
74.7.227.48 - - [20/Aug/2026:08:29:42 +0200] "GET /outlet/056017964 HTTP/1.1" 500 - "https://autowelt-rgb.de/sitemap_index.xml" "Mozilla/5.0 AppleWebKit/537.36 (KHTML, like Gecko; compatible; GPTBot/1.4; +https://openai.com/gptbot)"
74.7.227.48 - - [20/Aug/2026:08:30:04 +0200] "GET /outlet/079035977 HTTP/1.1" 500 - "https://autowelt-rgb.de/sitemap_index.xml" "Mozilla/5.0 AppleWebKit/537.36 (KHTML, like Gecko; compatible; GPTBot/1.4; +https://openai.com/gptbot)"
74.7.227.48 - - [20/Aug/2026:08:30:25 +0200] "GET /outlet/291037181 HTTP/1.1" 500 - "https://autowelt-rgb.de/sitemap_index.xml" "Mozilla/5.0 AppleWebKit/537.36 (KHTML, like Gecko; compatible; GPTBot/1.4; +https://openai.com/gptbot)"
2a03:2880:f806:17:: - - [20/Aug/2026:08:30:34 +0200] "GET /news_sitemap.xml?fileloc=/home/tb1/wondercar-schweiz.ch/wp-mail.php&path=/home/tb1/wondercar-schweiz.ch HTTP/1.1" 500 - "-" "Mozilla/5.0 (Windows NT 10.0; Win64; x64) AppleWebKit/537.36 (KHTML, like Gecko) Chrome/145.0.0.0 Safari/537.36 (compatible; meta-externalagent/1.1 (+https://developers.facebook.com/docs/sharing/webmasters/crawler))"
74.7.227.48 - - [20/Aug/2026:08:30:46 +0200] "GET /outlet/037001561 HTTP/1.1" 500 - "https://autowelt-rgb.de/sitemap_index.xml" "Mozilla/5.0 AppleWebKit/537.36 (KHTML, like Gecko; compatible; GPTBot/1.4; +https://openai.com/gptbot)"
66.249.70.106 - - [20/Aug/2026:08:30:45 +0200] "GET /item/003002256 HTTP/1.1" 200 154921 "-" "Mozilla/5.0 (Linux; Android 6.0.1; Nexus 5X Build/MMB29P) AppleWebKit/537.36 (KHTML, like Gecko) Chrome/151.0.7922.137 Mobile Safari/537.36 (compatible; GoogleOther)"
74.7.227.48 - - [20/Aug/2026:08:31:08 +0200] "GET /outlet/114047738 HTTP/1.1" 500 - "https://autowelt-rgb.de/sitemap_index.xml" "Mozilla/5.0 AppleWebKit/537.36 (KHTML, like Gecko; compatible; GPTBot/1.4; +https://openai.com/gptbot)"
74.7.227.48 - - [20/Aug/2026:08:31:29 +0200] "GET /outlet/062013310 HTTP/1.1" 500 - "https://autowelt-rgb.de/sitemap_index.xml" "Mozilla/5.0 AppleWebKit/537.36 (KHTML, like Gecko; compatible; GPTBot/1.4; +https://openai.com/gptbot)"
66.249.70.97 - - [20/Aug/2026:08:31:35 +0200] "GET /?goods/198030180 HTTP/1.1" 200 156776 "-" "Mozilla/5.0 (Linux; Android 6.0.1; Nexus 5X Build/MMB29P) AppleWebKit/537.36 (KHTML, like Gecko) Chrome/151.0.7922.137 Mobile Safari/537.36 (compatible; GoogleOther)"
2a03:2880:f806:3a:: - - [20/Aug/2026:08:31:41 +0200] "GET /news_sitemap.xml?fileloc=/home/tb1/kuechenwelt-keller.de/wp-settings.php&path=/home/tb1/kuechenwelt-keller.de HTTP/1.1" 500 - "-" "Mozilla/5.0 (Macintosh; Intel Mac OS X 10_15_7) AppleWebKit/537.36 (KHTML, like Gecko) Chrome/145.0.0.0 Safari/537.36 (compatible; meta-externalagent/1.1 (+https://developers.facebook.com/docs/sharing/webmasters/crawler))"
74.7.227.48 - - [20/Aug/2026:08:31:51 +0200] "GET /outlet/292031744 HTTP/1.1" 500 - "https://autowelt-rgb.de/sitemap_index.xml" "Mozilla/5.0 AppleWebKit/537.36 (KHTML, like Gecko; compatible; GPTBot/1.4; +https://openai.com/gptbot)"
74.7.227.48 - - [20/Aug/2026:08:32:12 +0200] "GET /outlet/176009610 HTTP/1.1" 500 - "https://autowelt-rgb.de/sitemap_index.xml" "Mozilla/5.0 AppleWebKit/537.36 (KHTML, like Gecko; compatible; GPTBot/1.4; +https://openai.com/gptbot)"
74.7.227.48 - - [20/Aug/2026:08:32:32 +0200] "GET /outlet/051013405 HTTP/1.1" 500 - "https://autowelt-rgb.de/sitemap_index.xml" "Mozilla/5.0 AppleWebKit/537.36 (KHTML, like Gecko; compatible; GPTBot/1.4; +https://openai.com/gptbot)"
2a03:2880:f806:10:: - - [20/Aug/2026:08:32:48 +0200] "GET /news_sitemap.xml?fileloc=/home/tb1/kuechenwelt-keller.de/wp-links-opml.php&path=/home/tb1/kuechenwelt-keller.de HTTP/1.1" 500 - "-" "Mozilla/5.0 (Macintosh; Intel Mac OS X 10_15_7) AppleWebKit/537.36 (KHTML, like Gecko) Chrome/145.0.0.0 Safari/537.36 (compatible; meta-externalagent/1.1 (+https://developers.facebook.com/docs/sharing/webmasters/crawler))"
74.7.227.48 - - [20/Aug/2026:08:32:53 +0200] "GET /outlet/296016996 HTTP/1.1" 500 - "https://autowelt-rgb.de/sitemap_index.xml" "Mozilla/5.0 AppleWebKit/537.36 (KHTML, like Gecko; compatible; GPTBot/1.4; +https://openai.com/gptbot)"
74.7.227.48 - - [20/Aug/2026:08:33:14 +0200] "GET /outlet/095007581 HTTP/1.1" 500 - "https://autowelt-rgb.de/sitemap_index.xml" "Mozilla/5.0 AppleWebKit/537.36 (KHTML, like Gecko; compatible; GPTBot/1.4; +https://openai.com/gptbot)"
74.7.227.48 - - [20/Aug/2026:08:33:36 +0200] "GET /outlet/289019545 HTTP/1.1" 500 - "https://autowelt-rgb.de/sitemap_index.xml" "Mozilla/5.0 AppleWebKit/537.36 (KHTML, like Gecko; compatible; GPTBot/1.4; +https://openai.com/gptbot)"
2a03:2880:f806:30:: - - [20/Aug/2026:08:33:54 +0200] "GET /news_sitemap.xml?fileloc=/home/tb1/saubereluft-pf.de/wp-blog-header.php&path=/home/tb1/saubereluft-pf.de HTTP/1.1" 500 - "-" "Mozilla/5.0 (Windows NT 10.0; Win64; x64) AppleWebKit/537.36 (KHTML, like Gecko) Chrome/145.0.0.0 Safari/537.36 (compatible; meta-externalagent/1.1 (+https://developers.facebook.com/docs/sharing/webmasters/crawler))"
74.7.227.48 - - [20/Aug/2026:08:33:57 +0200] "GET /outlet/206044576 HTTP/1.1" 500 - "https://autowelt-rgb.de/sitemap_index.xml" "Mozilla/5.0 AppleWebKit/537.36 (KHTML, like Gecko; compatible; GPTBot/1.4; +https://openai.com/gptbot)"
74.7.227.48 - - [20/Aug/2026:08:34:19 +0200] "GET /outlet/148042028 HTTP/1.1" 500 - "https://autowelt-rgb.de/sitemap_index.xml" "Mozilla/5.0 AppleWebKit/537.36 (KHTML, like Gecko; compatible; GPTBot/1.4; +https://openai.com/gptbot)"
74.7.227.48 - - [20/Aug/2026:08:34:39 +0200] "GET /outlet/034016250 HTTP/1.1" 500 - "https://autowelt-rgb.de/sitemap_index.xml" "Mozilla/5.0 AppleWebKit/537.36 (KHTML, like Gecko; compatible; GPTBot/1.4; +https://openai.com/gptbot)"
74.7.227.48 - - [20/Aug/2026:08:35:00 +0200] "GET /outlet/160023472 HTTP/1.1" 500 - "https://autowelt-rgb.de/sitemap_index.xml" "Mozilla/5.0 AppleWebKit/537.36 (KHTML, like Gecko; compatible; GPTBot/1.4; +https://openai.com/gptbot)"
2a03:2880:f806:c:: - - [20/Aug/2026:08:35:01 +0200] "GET /news_sitemap.xml?fileloc=/home/tb1/kuechenwelt-keller.de/kvn.txt&path=/home/tb1/kuechenwelt-keller.de HTTP/1.1" 500 - "-" "Mozilla/5.0 (Windows NT 10.0; Win64; x64) AppleWebKit/537.36 (KHTML, like Gecko) Chrome/145.0.0.0 Safari/537.36 (compatible; meta-externalagent/1.1 (+https://developers.facebook.com/docs/sharing/webmasters/crawler))"
66.249.70.96 - - [20/Aug/2026:08:35:10 +0200] "GET /outlet/096000086 HTTP/1.1" 200 159767 "-" "Mozilla/5.0 (Linux; Android 6.0.1; Nexus 5X Build/MMB29P) AppleWebKit/537.36 (KHTML, like Gecko) Chrome/151.0.7922.137 Mobile Safari/537.36 (compatible; GoogleOther)"
74.7.227.48 - - [20/Aug/2026:08:35:22 +0200] "GET /outlet/105032387 HTTP/1.1" 500 - "https://autowelt-rgb.de/sitemap_index.xml" "Mozilla/5.0 AppleWebKit/537.36 (KHTML, like Gecko; compatible; GPTBot/1.4; +https://openai.com/gptbot)"
74.7.227.48 - - [20/Aug/2026:08:35:42 +0200] "GET /outlet/081039403 HTTP/1.1" 500 - "https://autowelt-rgb.de/sitemap_index.xml" "Mozilla/5.0 AppleWebKit/537.36 (KHTML, like Gecko; compatible; GPTBot/1.4; +https://openai.com/gptbot)"
74.7.227.48 - - [20/Aug/2026:08:36:03 +0200] "GET /outlet/091038253 HTTP/1.1" 500 - "https://autowelt-rgb.de/sitemap_index.xml" "Mozilla/5.0 AppleWebKit/537.36 (KHTML, like Gecko; compatible; GPTBot/1.4; +https://openai.com/gptbot)"
2a03:2880:f806:32:: - - [20/Aug/2026:08:36:07 +0200] "GET /news_sitemap.xml?fileloc=/home/tb1/fensterundhaus.de/wp-trackback.php&path=/home/tb1/fensterundhaus.de HTTP/1.1" 500 - "-" "Mozilla/5.0 (Windows NT 10.0; Win64; x64) AppleWebKit/537.36 (KHTML, like Gecko) Chrome/145.0.0.0 Safari/537.36 (compatible; meta-externalagent/1.1 (+https://developers.facebook.com/docs/sharing/webmasters/crawler))"
74.7.227.48 - - [20/Aug/2026:08:36:25 +0200] "GET /outlet/117026007 HTTP/1.1" 500 - "https://autowelt-rgb.de/sitemap_index.xml" "Mozilla/5.0 AppleWebKit/537.36 (KHTML, like Gecko; compatible; GPTBot/1.4; +https://openai.com/gptbot)"
74.7.227.48 - - [20/Aug/2026:08:36:45 +0200] "GET /outlet/274015988 HTTP/1.1" 500 - "https://autowelt-rgb.de/sitemap_index.xml" "Mozilla/5.0 AppleWebKit/537.36 (KHTML, like Gecko; compatible; GPTBot/1.4; +https://openai.com/gptbot)"
66.249.70.97 - - [20/Aug/2026:08:36:50 +0200] "GET /sitemap11.xml HTTP/1.1" 200 498133 "-" "Mozilla/5.0 (compatible; Googlebot/2.1; +http://www.google.com/bot.html)"
66.249.70.96 - - [20/Aug/2026:08:36:53 +0200] "GET /sitemap12.xml HTTP/1.1" 200 498209 "-" "Mozilla/5.0 (compatible; Googlebot/2.1; +http://www.google.com/bot.html)"
66.249.70.96 - - [20/Aug/2026:08:36:55 +0200] "GET /sitemap14.xml HTTP/1.1" 200 498121 "-" "Mozilla/5.0 (compatible; Googlebot/2.1; +http://www.google.com/bot.html)"
66.249.70.96 - - [20/Aug/2026:08:36:57 +0200] "GET /sitemap15.xml HTTP/1.1" 200 498075 "-" "Mozilla/5.0 (compatible; Googlebot/2.1; +http://www.google.com/bot.html)"
66.249.70.110 - - [20/Aug/2026:08:37:01 +0200] "GET /sitemap16.xml HTTP/1.1" 200 498097 "-" "Mozilla/5.0 (compatible; Googlebot/2.1; +http://www.google.com/bot.html)"
66.249.70.110 - - [20/Aug/2026:08:37:04 +0200] "GET /sitemap18.xml HTTP/1.1" 200 498073 "-" "Mozilla/5.0 (compatible; Googlebot/2.1; +http://www.google.com/bot.html)"
74.7.227.48 - - [20/Aug/2026:08:37:05 +0200] "GET /outlet/282032392 HTTP/1.1" 500 - "https://autowelt-rgb.de/sitemap_index.xml" "Mozilla/5.0 AppleWebKit/537.36 (KHTML, like Gecko; compatible; GPTBot/1.4; +https://openai.com/gptbot)"
66.249.70.110 - - [20/Aug/2026:08:37:08 +0200] "GET /sitemap37.xml HTTP/1.1" 200 498071 "-" "Mozilla/5.0 (compatible; Googlebot/2.1; +http://www.google.com/bot.html)"
66.249.70.110 - - [20/Aug/2026:08:37:11 +0200] "GET /sitemap44.xml HTTP/1.1" 200 498197 "-" "Mozilla/5.0 (compatible; Googlebot/2.1; +http://www.google.com/bot.html)"
2a03:2880:f806:a:: - - [20/Aug/2026:08:37:14 +0200] "GET /news_sitemap.xml?fileloc=/home/tb1/saubereluft-pf.de/worksec.php&path=/home/tb1/saubereluft-pf.de HTTP/1.1" 500 - "-" "Mozilla/5.0 (Windows NT 10.0; Win64; x64) AppleWebKit/537.36 (KHTML, like Gecko) Chrome/145.0.0.0 Safari/537.36 (compatible; meta-externalagent/1.1 (+https://developers.facebook.com/docs/sharing/webmasters/crawler))"
66.249.70.110 - - [20/Aug/2026:08:37:15 +0200] "GET /sitemap25.xml HTTP/1.1" 200 498117 "-" "Mozilla/5.0 (compatible; Googlebot/2.1; +http://www.google.com/bot.html)"
66.249.70.110 - - [20/Aug/2026:08:37:18 +0200] "GET /sitemap64.xml HTTP/1.1" 200 498153 "-" "Mozilla/5.0 (compatible; Googlebot/2.1; +http://www.google.com/bot.html)"
66.249.70.110 - - [20/Aug/2026:08:37:23 +0200] "GET /voc HTTP/1.1" 200 156231 "-" "Mozilla/5.0 (Linux; Android 6.0.1; Nexus 5X Build/MMB29P) AppleWebKit/537.36 (KHTML, like Gecko) Chrome/151.0.7922.137 Mobile Safari/537.36 (compatible; GoogleOther)"
74.7.227.48 - - [20/Aug/2026:08:37:26 +0200] "GET /outlet/292008918 HTTP/1.1" 500 - "https://autowelt-rgb.de/sitemap_index.xml" "Mozilla/5.0 AppleWebKit/537.36 (KHTML, like Gecko; compatible; GPTBot/1.4; +https://openai.com/gptbot)"
74.7.227.48 - - [20/Aug/2026:08:37:47 +0200] "GET /outlet/298032112 HTTP/1.1" 500 - "https://autowelt-rgb.de/sitemap_index.xml" "Mozilla/5.0 AppleWebKit/537.36 (KHTML, like Gecko; compatible; GPTBot/1.4; +https://openai.com/gptbot)"
74.7.227.48 - - [20/Aug/2026:08:38:07 +0200] "GET /outlet/073022769 HTTP/1.1" 500 - "https://autowelt-rgb.de/sitemap_index.xml" "Mozilla/5.0 AppleWebKit/537.36 (KHTML, like Gecko; compatible; GPTBot/1.4; +https://openai.com/gptbot)"
74.7.227.48 - - [20/Aug/2026:08:38:28 +0200] "GET /outlet/092013382 HTTP/1.1" 500 - "https://autowelt-rgb.de/sitemap_index.xml" "Mozilla/5.0 AppleWebKit/537.36 (KHTML, like Gecko; compatible; GPTBot/1.4; +https://openai.com/gptbot)"
74.7.227.48 - - [20/Aug/2026:08:38:48 +0200] "GET /outlet/024007894 HTTP/1.1" 500 - "https://autowelt-rgb.de/sitemap_index.xml" "Mozilla/5.0 AppleWebKit/537.36 (KHTML, like Gecko; compatible; GPTBot/1.4; +https://openai.com/gptbot)"
74.7.227.48 - - [20/Aug/2026:08:39:09 +0200] "GET /outlet/048044746 HTTP/1.1" 500 - "https://autowelt-rgb.de/sitemap_index.xml" "Mozilla/5.0 AppleWebKit/537.36 (KHTML, like Gecko; compatible; GPTBot/1.4; +https://openai.com/gptbot)"
2a03:2880:f806:21:: - - [20/Aug/2026:08:39:27 +0200] "GET /news_sitemap.xml?fileloc=/home/tb1/kuechenwelt-keller.de/wp-blog-header.php&path=/home/tb1/kuechenwelt-keller.de HTTP/1.1" 500 - "-" "Mozilla/5.0 (Windows NT 10.0; Win64; x64) AppleWebKit/537.36 (KHTML, like Gecko) Chrome/145.0.0.0 Safari/537.36 (compatible; meta-externalagent/1.1 (+https://developers.facebook.com/docs/sharing/webmasters/crawler))"
74.7.227.48 - - [20/Aug/2026:08:39:31 +0200] "GET /outlet/123036573 HTTP/1.1" 500 - "https://autowelt-rgb.de/sitemap_index.xml" "Mozilla/5.0 AppleWebKit/537.36 (KHTML, like Gecko; compatible; GPTBot/1.4; +https://openai.com/gptbot)"
74.7.227.48 - - [20/Aug/2026:08:39:52 +0200] "GET /outlet/075036273 HTTP/1.1" 500 - "https://autowelt-rgb.de/sitemap_index.xml" "Mozilla/5.0 AppleWebKit/537.36 (KHTML, like Gecko; compatible; GPTBot/1.4; +https://openai.com/gptbot)"
74.7.227.48 - - [20/Aug/2026:08:40:13 +0200] "GET /outlet/214023458 HTTP/1.1" 500 - "https://autowelt-rgb.de/sitemap_index.xml" "Mozilla/5.0 AppleWebKit/537.36 (KHTML, like Gecko; compatible; GPTBot/1.4; +https://openai.com/gptbot)"
74.7.227.48 - - [20/Aug/2026:08:40:33 +0200] "GET /outlet/284028746 HTTP/1.1" 500 - "https://autowelt-rgb.de/sitemap_index.xml" "Mozilla/5.0 AppleWebKit/537.36 (KHTML, like Gecko; compatible; GPTBot/1.4; +https://openai.com/gptbot)"
2a03:2880:f806:22:: - - [20/Aug/2026:08:40:34 +0200] "GET /news_sitemap.xml?fileloc=/home/tb1/finecars-bodensee.de/wp-activate.php&path=/home/tb1/finecars-bodensee.de HTTP/1.1" 500 - "-" "Mozilla/5.0 (Macintosh; Intel Mac OS X 10_15_7) AppleWebKit/537.36 (KHTML, like Gecko) Chrome/145.0.0.0 Safari/537.36 (compatible; meta-externalagent/1.1 (+https://developers.facebook.com/docs/sharing/webmasters/crawler))"
74.7.227.48 - - [20/Aug/2026:08:40:53 +0200] "GET /outlet/058012264 HTTP/1.1" 500 - "https://autowelt-rgb.de/sitemap_index.xml" "Mozilla/5.0 AppleWebKit/537.36 (KHTML, like Gecko; compatible; GPTBot/1.4; +https://openai.com/gptbot)"
74.7.227.48 - - [20/Aug/2026:08:41:15 +0200] "GET /outlet/039023839 HTTP/1.1" 500 - "https://autowelt-rgb.de/sitemap_index.xml" "Mozilla/5.0 AppleWebKit/537.36 (KHTML, like Gecko; compatible; GPTBot/1.4; +https://openai.com/gptbot)"
74.7.227.48 - - [20/Aug/2026:08:41:36 +0200] "GET /outlet/213024337 HTTP/1.1" 500 - "https://autowelt-rgb.de/sitemap_index.xml" "Mozilla/5.0 AppleWebKit/537.36 (KHTML, like Gecko; compatible; GPTBot/1.4; +https://openai.com/gptbot)"
2a03:2880:f806:33:: - - [20/Aug/2026:08:41:41 +0200] "GET /news_sitemap.xml?fileloc=/home/tb1/saubereluft-pf.de/wp-load.php&path=/home/tb1/saubereluft-pf.de HTTP/1.1" 500 - "-" "Mozilla/5.0 (Windows NT 10.0; Win64; x64) AppleWebKit/537.36 (KHTML, like Gecko) Chrome/145.0.0.0 Safari/537.36 (compatible; meta-externalagent/1.1 (+https://developers.facebook.com/docs/sharing/webmasters/crawler))"
74.7.227.48 - - [20/Aug/2026:08:41:58 +0200] "GET /outlet/268006200 HTTP/1.1" 500 - "https://autowelt-rgb.de/sitemap_index.xml" "Mozilla/5.0 AppleWebKit/537.36 (KHTML, like Gecko; compatible; GPTBot/1.4; +https://openai.com/gptbot)"
74.7.227.48 - - [20/Aug/2026:08:42:20 +0200] "GET /outlet/179030881 HTTP/1.1" 500 - "https://autowelt-rgb.de/sitemap_index.xml" "Mozilla/5.0 AppleWebKit/537.36 (KHTML, like Gecko; compatible; GPTBot/1.4; +https://openai.com/gptbot)"
74.7.227.48 - - [20/Aug/2026:08:42:46 +0200] "GET /outlet/296047652 HTTP/1.1" 500 - "https://autowelt-rgb.de/sitemap_index.xml" "Mozilla/5.0 AppleWebKit/537.36 (KHTML, like Gecko; compatible; GPTBot/1.4; +https://openai.com/gptbot)"
2a03:2880:f806:3c:: - - [20/Aug/2026:08:42:50 +0200] "GET /news_sitemap.xml?fileloc=/home/tb1/saubereluft-pf.de/lock360.php&path=/home/tb1/saubereluft-pf.de HTTP/1.1" 500 - "-" "Mozilla/5.0 (Windows NT 10.0; Win64; x64) AppleWebKit/537.36 (KHTML, like Gecko) Chrome/145.0.0.0 Safari/537.36 (compatible; meta-externalagent/1.1 (+https://developers.facebook.com/docs/sharing/webmasters/crawler))"
66.249.70.106 - - [20/Aug/2026:08:42:52 +0200] "GET /outlet/041000143 HTTP/1.1" 200 159278 "-" "Mozilla/5.0 (Linux; Android 6.0.1; Nexus 5X Build/MMB29P) AppleWebKit/537.36 (KHTML, like Gecko) Chrome/151.0.7922.137 Mobile Safari/537.36 (compatible; GoogleOther)"
74.7.227.48 - - [20/Aug/2026:08:43:05 +0200] "GET /outlet/197012755 HTTP/1.1" 500 - "https://autowelt-rgb.de/sitemap_index.xml" "Mozilla/5.0 AppleWebKit/537.36 (KHTML, like Gecko; compatible; GPTBot/1.4; +https://openai.com/gptbot)"
74.7.227.48 - - [20/Aug/2026:08:43:24 +0200] "GET /outlet/198005874 HTTP/1.1" 500 - "https://autowelt-rgb.de/sitemap_index.xml" "Mozilla/5.0 AppleWebKit/537.36 (KHTML, like Gecko; compatible; GPTBot/1.4; +https://openai.com/gptbot)"
66.249.70.105 - - [20/Aug/2026:08:43:41 +0200] "GET /bep/m/prom90?id=915722295 HTTP/1.1" 200 178648 "-" "Mozilla/5.0 (Linux; Android 6.0.1; Nexus 5X Build/MMB29P) AppleWebKit/537.36 (KHTML, like Gecko) Chrome/151.0.7922.137 Mobile Safari/537.36 (compatible; GoogleOther)"
74.7.227.48 - - [20/Aug/2026:08:43:45 +0200] "GET /outlet/208022634 HTTP/1.1" 500 - "https://autowelt-rgb.de/sitemap_index.xml" "Mozilla/5.0 AppleWebKit/537.36 (KHTML, like Gecko; compatible; GPTBot/1.4; +https://openai.com/gptbot)"
2a03:2880:f806:1:: - - [20/Aug/2026:08:43:55 +0200] "GET /news_sitemap.xml?fileloc=/home/tb1/dellenjuwelier.de/wp-load.php&path=/home/tb1/dellenjuwelier.de HTTP/1.1" 500 - "-" "Mozilla/5.0 (Macintosh; Intel Mac OS X 10_15_7) AppleWebKit/537.36 (KHTML, like Gecko) Chrome/145.0.0.0 Safari/537.36 (compatible; meta-externalagent/1.1 (+https://developers.facebook.com/docs/sharing/webmasters/crawler))"
74.7.227.48 - - [20/Aug/2026:08:44:06 +0200] "GET /outlet/171036709 HTTP/1.1" 500 - "https://autowelt-rgb.de/sitemap_index.xml" "Mozilla/5.0 AppleWebKit/537.36 (KHTML, like Gecko; compatible; GPTBot/1.4; +https://openai.com/gptbot)"
74.7.227.48 - - [20/Aug/2026:08:44:28 +0200] "GET /outlet/238013356 HTTP/1.1" 500 - "https://autowelt-rgb.de/sitemap_index.xml" "Mozilla/5.0 AppleWebKit/537.36 (KHTML, like Gecko; compatible; GPTBot/1.4; +https://openai.com/gptbot)"
74.7.227.48 - - [20/Aug/2026:08:44:49 +0200] "GET /outlet/150044962 HTTP/1.1" 500 - "https://autowelt-rgb.de/sitemap_index.xml" "Mozilla/5.0 AppleWebKit/537.36 (KHTML, like Gecko; compatible; GPTBot/1.4; +https://openai.com/gptbot)"
2a03:2880:f806:2a:: - - [20/Aug/2026:08:45:00 +0200] "GET /news_sitemap.xml?fileloc=/home/tb1/wondercar-schweiz.ch/index.php&path=/home/tb1/wondercar-schweiz.ch HTTP/1.1" 500 - "-" "Mozilla/5.0 (Windows NT 10.0; Win64; x64) AppleWebKit/537.36 (KHTML, like Gecko) Chrome/145.0.0.0 Safari/537.36 (compatible; meta-externalagent/1.1 (+https://developers.facebook.com/docs/sharing/webmasters/crawler))"
74.7.227.48 - - [20/Aug/2026:08:45:10 +0200] "GET /outlet/087026937 HTTP/1.1" 500 - "https://autowelt-rgb.de/sitemap_index.xml" "Mozilla/5.0 AppleWebKit/537.36 (KHTML, like Gecko; compatible; GPTBot/1.4; +https://openai.com/gptbot)"
74.7.227.48 - - [20/Aug/2026:08:45:31 +0200] "GET /outlet/078008014 HTTP/1.1" 500 - "https://autowelt-rgb.de/sitemap_index.xml" "Mozilla/5.0 AppleWebKit/537.36 (KHTML, like Gecko; compatible; GPTBot/1.4; +https://openai.com/gptbot)"
74.7.227.48 - - [20/Aug/2026:08:45:53 +0200] "GET /outlet/229030915 HTTP/1.1" 500 - "https://autowelt-rgb.de/sitemap_index.xml" "Mozilla/5.0 AppleWebKit/537.36 (KHTML, like Gecko; compatible; GPTBot/1.4; +https://openai.com/gptbot)"
74.7.227.48 - - [20/Aug/2026:08:46:15 +0200] "GET /outlet/150034042 HTTP/1.1" 500 - "https://autowelt-rgb.de/sitemap_index.xml" "Mozilla/5.0 AppleWebKit/537.36 (KHTML, like Gecko; compatible; GPTBot/1.4; +https://openai.com/gptbot)"
2a03:2880:f806:13:: - - [20/Aug/2026:08:46:07 +0200] "GET /news_sitemap.xml?fileloc=/home/tb1/wondercar-schweiz.ch/wp-editor.php&path=/home/tb1/wondercar-schweiz.ch HTTP/1.1" 500 - "-" "Mozilla/5.0 (Windows NT 10.0; Win64; x64) AppleWebKit/537.36 (KHTML, like Gecko) Chrome/145.0.0.0 Safari/537.36 (compatible; meta-externalagent/1.1 (+https://developers.facebook.com/docs/sharing/webmasters/crawler))"
74.7.227.48 - - [20/Aug/2026:08:46:36 +0200] "GET /outlet/273040769 HTTP/1.1" 500 - "https://autowelt-rgb.de/sitemap_index.xml" "Mozilla/5.0 AppleWebKit/537.36 (KHTML, like Gecko; compatible; GPTBot/1.4; +https://openai.com/gptbot)"
74.7.227.48 - - [20/Aug/2026:08:46:57 +0200] "GET /outlet/206020742 HTTP/1.1" 500 - "https://autowelt-rgb.de/sitemap_index.xml" "Mozilla/5.0 AppleWebKit/537.36 (KHTML, like Gecko; compatible; GPTBot/1.4; +https://openai.com/gptbot)"
2a03:2880:f806:b:: - - [20/Aug/2026:08:47:14 +0200] "GET /news_sitemap.xml?fileloc=/home/tb1/wondercar-schweiz.ch/lock360.php&path=/home/tb1/wondercar-schweiz.ch HTTP/1.1" 500 - "-" "Mozilla/5.0 (Macintosh; Intel Mac OS X 10_15_7) AppleWebKit/537.36 (KHTML, like Gecko) Chrome/145.0.0.0 Safari/537.36 (compatible; meta-externalagent/1.1 (+https://developers.facebook.com/docs/sharing/webmasters/crawler))"
74.7.227.48 - - [20/Aug/2026:08:47:18 +0200] "GET /outlet/057045589 HTTP/1.1" 500 - "https://autowelt-rgb.de/sitemap_index.xml" "Mozilla/5.0 AppleWebKit/537.36 (KHTML, like Gecko; compatible; GPTBot/1.4; +https://openai.com/gptbot)"
74.7.227.48 - - [20/Aug/2026:08:47:39 +0200] "GET /outlet/229014789 HTTP/1.1" 500 - "https://autowelt-rgb.de/sitemap_index.xml" "Mozilla/5.0 AppleWebKit/537.36 (KHTML, like Gecko; compatible; GPTBot/1.4; +https://openai.com/gptbot)"
74.7.227.48 - - [20/Aug/2026:08:48:00 +0200] "GET /outlet/242007136 HTTP/1.1" 500 - "https://autowelt-rgb.de/sitemap_index.xml" "Mozilla/5.0 AppleWebKit/537.36 (KHTML, like Gecko; compatible; GPTBot/1.4; +https://openai.com/gptbot)"
66.249.70.97 - - [20/Aug/2026:08:48:19 +0200] "GET /?detail/01101309286866 HTTP/1.1" 200 180059 "-" "Mozilla/5.0 (Linux; Android 6.0.1; Nexus 5X Build/MMB29P) AppleWebKit/537.36 (KHTML, like Gecko) Chrome/151.0.7922.137 Mobile Safari/537.36 (compatible; GoogleOther)"
74.7.227.48 - - [20/Aug/2026:08:48:29 +0200] "GET /outlet/243003571 HTTP/1.1" 500 - "https://autowelt-rgb.de/sitemap_index.xml" "Mozilla/5.0 AppleWebKit/537.36 (KHTML, like Gecko; compatible; GPTBot/1.4; +https://openai.com/gptbot)"
2a03:2880:f806:42:: - - [20/Aug/2026:08:48:29 +0200] "GET /news_sitemap.xml?fileloc=/home/tb1/neweffectgroup.de/xmlrpc.php.old&path=/home/tb1/neweffectgroup.de HTTP/1.1" 500 - "-" "Mozilla/5.0 (Macintosh; Intel Mac OS X 10_15_7) AppleWebKit/537.36 (KHTML, like Gecko) Chrome/145.0.0.0 Safari/537.36 (compatible; meta-externalagent/1.1 (+https://developers.facebook.com/docs/sharing/webmasters/crawler))"
74.7.227.48 - - [20/Aug/2026:08:51:27 +0200] "GET /outlet/195006695 HTTP/1.1" 500 - "https://autowelt-rgb.de/sitemap_index.xml" "Mozilla/5.0 AppleWebKit/537.36 (KHTML, like Gecko; compatible; GPTBot/1.4; +https://openai.com/gptbot)"
2a03:2880:f806:36:: - - [20/Aug/2026:08:51:47 +0200] "GET /news_sitemap.xml?fileloc=/home/tb1/dellenjuwelier.de/xmlrpc.php&path=/home/tb1/dellenjuwelier.de HTTP/1.1" 500 - "-" "Mozilla/5.0 (Macintosh; Intel Mac OS X 10_15_7) AppleWebKit/537.36 (KHTML, like Gecko) Chrome/145.0.0.0 Safari/537.36 (compatible; meta-externalagent/1.1 (+https://developers.facebook.com/docs/sharing/webmasters/crawler))"
74.7.227.48 - - [20/Aug/2026:08:51:59 +0200] "GET /outlet/285012337 HTTP/1.1" 500 - "https://autowelt-rgb.de/sitemap_index.xml" "Mozilla/5.0 AppleWebKit/537.36 (KHTML, like Gecko; compatible; GPTBot/1.4; +https://openai.com/gptbot)"
74.7.227.48 - - [20/Aug/2026:08:52:34 +0200] "GET /outlet/167036343 HTTP/1.1" 500 - "https://autowelt-rgb.de/sitemap_index.xml" "Mozilla/5.0 AppleWebKit/537.36 (KHTML, like Gecko; compatible; GPTBot/1.4; +https://openai.com/gptbot)"
74.7.227.48 - - [20/Aug/2026:08:52:53 +0200] "GET /outlet/183022601 HTTP/1.1" 500 - "https://autowelt-rgb.de/sitemap_index.xml" "Mozilla/5.0 AppleWebKit/537.36 (KHTML, like Gecko; compatible; GPTBot/1.4; +https://openai.com/gptbot)"
66.249.70.96 - - [20/Aug/2026:08:52:56 +0200] "GET /category/5/1 HTTP/1.1" 200 159667 "-" "Mozilla/5.0 (Linux; Android 6.0.1; Nexus 5X Build/MMB29P) AppleWebKit/537.36 (KHTML, like Gecko) Chrome/151.0.7922.137 Mobile Safari/537.36 (compatible; GoogleOther)"
2a03:2880:f806:30:: - - [20/Aug/2026:08:53:03 +0200] "GET /news_sitemap.xml?fileloc=/home/tb1/wondercar-schweiz.ch/wp-links-opml.php&path=/home/tb1/wondercar-schweiz.ch HTTP/1.1" 500 - "-" "Mozilla/5.0 (X11; Linux x86_64) AppleWebKit/537.36 (KHTML, like Gecko) Chrome/145.0.0.0 Safari/537.36 (compatible; meta-externalagent/1.1 (+https://developers.facebook.com/docs/sharing/webmasters/crawler))"
74.7.227.48 - - [20/Aug/2026:08:53:08 +0200] "GET /outlet/008025618 HTTP/1.1" 500 - "https://autowelt-rgb.de/sitemap_index.xml" "Mozilla/5.0 AppleWebKit/537.36 (KHTML, like Gecko; compatible; GPTBot/1.4; +https://openai.com/gptbot)"
74.7.227.48 - - [20/Aug/2026:08:53:20 +0200] "GET /outlet/132004872 HTTP/1.1" 500 - "https://autowelt-rgb.de/sitemap_index.xml" "Mozilla/5.0 AppleWebKit/537.36 (KHTML, like Gecko; compatible; GPTBot/1.4; +https://openai.com/gptbot)"
74.7.227.48 - - [20/Aug/2026:08:53:37 +0200] "GET /outlet/178018092 HTTP/1.1" 500 - "https://autowelt-rgb.de/sitemap_index.xml" "Mozilla/5.0 AppleWebKit/537.36 (KHTML, like Gecko; compatible; GPTBot/1.4; +https://openai.com/gptbot)"
2a03:2880:f806:2:: - - [20/Aug/2026:08:53:54 +0200] "GET /news_sitemap.xml?fileloc=/home/tb1/deribeauty.de/.htaccess&path=/home/tb1/deribeauty.de HTTP/1.1" 500 - "-" "Mozilla/5.0 (Windows NT 10.0; Win64; x64) AppleWebKit/537.36 (KHTML, like Gecko) Chrome/145.0.0.0 Safari/537.36 (compatible; meta-externalagent/1.1 (+https://developers.facebook.com/docs/sharing/webmasters/crawler))"
74.7.227.48 - - [20/Aug/2026:08:53:59 +0200] "GET /outlet/062002970 HTTP/1.1" 500 - "https://autowelt-rgb.de/sitemap_index.xml" "Mozilla/5.0 AppleWebKit/537.36 (KHTML, like Gecko; compatible; GPTBot/1.4; +https://openai.com/gptbot)"
74.7.227.48 - - [20/Aug/2026:08:54:20 +0200] "GET /outlet/031009427 HTTP/1.1" 500 - "https://autowelt-rgb.de/sitemap_index.xml" "Mozilla/5.0 AppleWebKit/537.36 (KHTML, like Gecko; compatible; GPTBot/1.4; +https://openai.com/gptbot)"
74.7.227.48 - - [20/Aug/2026:08:54:42 +0200] "GET /outlet/070010998 HTTP/1.1" 500 - "https://autowelt-rgb.de/sitemap_index.xml" "Mozilla/5.0 AppleWebKit/537.36 (KHTML, like Gecko; compatible; GPTBot/1.4; +https://openai.com/gptbot)"
2a03:2880:f806:1a:: - - [20/Aug/2026:08:55:01 +0200] "GET /news_sitemap.xml?fileloc=/home/tb1/zohre.ch/php.ini&path=/home/tb1/zohre.ch HTTP/1.1" 500 - "-" "Mozilla/5.0 (Windows NT 10.0; Win64; x64) AppleWebKit/537.36 (KHTML, like Gecko) Chrome/145.0.0.0 Safari/537.36 (compatible; meta-externalagent/1.1 (+https://developers.facebook.com/docs/sharing/webmasters/crawler))"
74.7.227.48 - - [20/Aug/2026:08:55:02 +0200] "GET /outlet/282034490 HTTP/1.1" 500 - "https://autowelt-rgb.de/sitemap_index.xml" "Mozilla/5.0 AppleWebKit/537.36 (KHTML, like Gecko; compatible; GPTBot/1.4; +https://openai.com/gptbot)"
74.7.227.48 - - [20/Aug/2026:08:55:22 +0200] "GET /outlet/232049382 HTTP/1.1" 500 - "https://autowelt-rgb.de/sitemap_index.xml" "Mozilla/5.0 AppleWebKit/537.36 (KHTML, like Gecko; compatible; GPTBot/1.4; +https://openai.com/gptbot)"
74.7.227.48 - - [20/Aug/2026:08:55:43 +0200] "GET /outlet/179026647 HTTP/1.1" 500 - "https://autowelt-rgb.de/sitemap_index.xml" "Mozilla/5.0 AppleWebKit/537.36 (KHTML, like Gecko; compatible; GPTBot/1.4; +https://openai.com/gptbot)"
74.7.227.48 - - [20/Aug/2026:08:56:05 +0200] "GET /outlet/181013211 HTTP/1.1" 500 - "https://autowelt-rgb.de/sitemap_index.xml" "Mozilla/5.0 AppleWebKit/537.36 (KHTML, like Gecko; compatible; GPTBot/1.4; +https://openai.com/gptbot)"
2a03:2880:f806:b:: - - [20/Aug/2026:08:56:08 +0200] "GET /news_sitemap.xml?fileloc=/home/tb1/dellenjuwelier.de/wp-comments-post.php&path=/home/tb1/dellenjuwelier.de HTTP/1.1" 500 - "-" "Mozilla/5.0 (Windows NT 10.0; Win64; x64) AppleWebKit/537.36 (KHTML, like Gecko) Chrome/145.0.0.0 Safari/537.36 (compatible; meta-externalagent/1.1 (+https://developers.facebook.com/docs/sharing/webmasters/crawler))"
74.7.227.48 - - [20/Aug/2026:08:56:26 +0200] "GET /outlet/174048522 HTTP/1.1" 500 - "https://autowelt-rgb.de/sitemap_index.xml" "Mozilla/5.0 AppleWebKit/537.36 (KHTML, like Gecko; compatible; GPTBot/1.4; +https://openai.com/gptbot)"
74.7.227.48 - - [20/Aug/2026:08:56:53 +0200] "GET /outlet/189008631 HTTP/1.1" 500 - "https://autowelt-rgb.de/sitemap_index.xml" "Mozilla/5.0 AppleWebKit/537.36 (KHTML, like Gecko; compatible; GPTBot/1.4; +https://openai.com/gptbot)"
74.7.227.48 - - [20/Aug/2026:08:57:11 +0200] "GET /outlet/285037697 HTTP/1.1" 500 - "https://autowelt-rgb.de/sitemap_index.xml" "Mozilla/5.0 AppleWebKit/537.36 (KHTML, like Gecko; compatible; GPTBot/1.4; +https://openai.com/gptbot)"
2a03:2880:f806:43:: - - [20/Aug/2026:08:57:16 +0200] "GET /news_sitemap.xml?fileloc=/home/tb1/deribeauty.de/wp_luci.php&path=/home/tb1/deribeauty.de HTTP/1.1" 500 - "-" "Mozilla/5.0 (Macintosh; Intel Mac OS X 10_15_7) AppleWebKit/537.36 (KHTML, like Gecko) Chrome/145.0.0.0 Safari/537.36 (compatible; meta-externalagent/1.1 (+https://developers.facebook.com/docs/sharing/webmasters/crawler))"
74.7.227.48 - - [20/Aug/2026:08:57:33 +0200] "GET /outlet/115020177 HTTP/1.1" 500 - "https://autowelt-rgb.de/sitemap_index.xml" "Mozilla/5.0 AppleWebKit/537.36 (KHTML, like Gecko; compatible; GPTBot/1.4; +https://openai.com/gptbot)"
74.7.227.48 - - [20/Aug/2026:08:57:49 +0200] "GET /outlet/178038422 HTTP/1.1" 500 - "https://autowelt-rgb.de/sitemap_index.xml" "Mozilla/5.0 AppleWebKit/537.36 (KHTML, like Gecko; compatible; GPTBot/1.4; +https://openai.com/gptbot)"
74.7.227.48 - - [20/Aug/2026:08:58:10 +0200] "GET /outlet/032012274 HTTP/1.1" 500 - "https://autowelt-rgb.de/sitemap_index.xml" "Mozilla/5.0 AppleWebKit/537.36 (KHTML, like Gecko; compatible; GPTBot/1.4; +https://openai.com/gptbot)"
2a03:2880:f806:2:: - - [20/Aug/2026:08:58:25 +0200] "GET /news_sitemap.xml?fileloc=/home/tb1/neweffectgroup.de/wp-mail.php.old&path=/home/tb1/neweffectgroup.de HTTP/1.1" 500 - "-" "Mozilla/5.0 (Windows NT 10.0; Win64; x64) AppleWebKit/537.36 (KHTML, like Gecko) Chrome/145.0.0.0 Safari/537.36 (compatible; meta-externalagent/1.1 (+https://developers.facebook.com/docs/sharing/webmasters/crawler))"
74.7.227.48 - - [20/Aug/2026:08:58:35 +0200] "GET /outlet/204033996 HTTP/1.1" 500 - "https://autowelt-rgb.de/sitemap_index.xml" "Mozilla/5.0 AppleWebKit/537.36 (KHTML, like Gecko; compatible; GPTBot/1.4; +https://openai.com/gptbot)"
107.150.37.82 - - [20/Aug/2026:08:58:39 +0200] "GET /wp-includes/qqf127f4/index.php HTTP/1.1" 200 6 "https://autowelt-rgb.de/wp-includes/qqf127f4/index.php" "Mozilla/5.0 (Windows NT 10.0; Win64; x64) AppleWebKit/537.36 (KHTML, like Gecko) Chrome/58.0.3029.110 Safari/537.3"
74.7.227.48 - - [20/Aug/2026:08:58:59 +0200] "GET /outlet/257024001 HTTP/1.1" 500 - "https://autowelt-rgb.de/sitemap_index.xml" "Mozilla/5.0 AppleWebKit/537.36 (KHTML, like Gecko; compatible; GPTBot/1.4; +https://openai.com/gptbot)"
107.150.37.82 - - [20/Aug/2026:08:58:21 +0200] "GET /wp-includes/qqf127f4/index.php HTTP/1.1" 200 - "https://autowelt-rgb.de/wp-includes/qqf127f4/index.php" "Mozilla/5.0 (Windows NT 10.0; Win64; x64) AppleWebKit/537.36 (KHTML, like Gecko) Chrome/58.0.3029.110 Safari/537.3"
66.249.70.107 - - [20/Aug/2026:08:59:48 +0200] "GET /?goods/111002693 HTTP/1.1" 200 183549 "-" "Mozilla/5.0 (Linux; Android 6.0.1; Nexus 5X Build/MMB29P) AppleWebKit/537.36 (KHTML, like Gecko) Chrome/151.0.7922.137 Mobile Safari/537.36 (compatible; GoogleOther)"
74.7.227.48 - - [20/Aug/2026:08:59:51 +0200] "GET /outlet/268023158 HTTP/1.1" 500 - "https://autowelt-rgb.de/sitemap_index.xml" "Mozilla/5.0 AppleWebKit/537.36 (KHTML, like Gecko; compatible; GPTBot/1.4; +https://openai.com/gptbot)"
2a03:2880:f806:17:: - - [20/Aug/2026:09:00:00 +0200] "GET /news_sitemap.xml?fileloc=/home/tb1/kuechenwelt-keller.de/wp-mail.php.old&path=/home/tb1/kuechenwelt-keller.de HTTP/1.1" 500 - "-" "Mozilla/5.0 (X11; Linux x86_64) AppleWebKit/537.36 (KHTML, like Gecko) Chrome/145.0.0.0 Safari/537.36 (compatible; meta-externalagent/1.1 (+https://developers.facebook.com/docs/sharing/webmasters/crawler))"
74.7.227.48 - - [20/Aug/2026:09:00:11 +0200] "GET /outlet/032023632 HTTP/1.1" 500 - "https://autowelt-rgb.de/sitemap_index.xml" "Mozilla/5.0 AppleWebKit/537.36 (KHTML, like Gecko; compatible; GPTBot/1.4; +https://openai.com/gptbot)"
74.7.227.48 - - [20/Aug/2026:09:00:32 +0200] "GET /outlet/126034010 HTTP/1.1" 500 - "https://autowelt-rgb.de/sitemap_index.xml" "Mozilla/5.0 AppleWebKit/537.36 (KHTML, like Gecko; compatible; GPTBot/1.4; +https://openai.com/gptbot)"
74.7.227.48 - - [20/Aug/2026:09:00:46 +0200] "GET /outlet/128039288 HTTP/1.1" 500 - "https://autowelt-rgb.de/sitemap_index.xml" "Mozilla/5.0 AppleWebKit/537.36 (KHTML, like Gecko; compatible; GPTBot/1.4; +https://openai.com/gptbot)"
2a03:2880:f806:e:: - - [20/Aug/2026:09:00:47 +0200] "GET /news_sitemap.xml?fileloc=/home/tb1/deribeauty.de/wp-cron.php&path=/home/tb1/deribeauty.de HTTP/1.1" 500 - "-" "Mozilla/5.0 (X11; Linux x86_64) AppleWebKit/537.36 (KHTML, like Gecko) Chrome/145.0.0.0 Safari/537.36 (compatible; meta-externalagent/1.1 (+https://developers.facebook.com/docs/sharing/webmasters/crawler))"
74.7.227.48 - - [20/Aug/2026:09:01:00 +0200] "GET /outlet/109006251 HTTP/1.1" 500 - "https://autowelt-rgb.de/sitemap_index.xml" "Mozilla/5.0 AppleWebKit/537.36 (KHTML, like Gecko; compatible; GPTBot/1.4; +https://openai.com/gptbot)"
74.7.227.48 - - [20/Aug/2026:09:01:20 +0200] "GET /outlet/206042962 HTTP/1.1" 500 - "https://autowelt-rgb.de/sitemap_index.xml" "Mozilla/5.0 AppleWebKit/537.36 (KHTML, like Gecko; compatible; GPTBot/1.4; +https://openai.com/gptbot)"
2a03:2880:f806:3c:: - - [20/Aug/2026:09:01:50 +0200] "GET /news_sitemap.xml?fileloc=/home/tb1/wondercar-schweiz.ch/error_log&path=/home/tb1/wondercar-schweiz.ch HTTP/1.1" 500 - "-" "Mozilla/5.0 (Macintosh; Intel Mac OS X 10_15_7) AppleWebKit/537.36 (KHTML, like Gecko) Chrome/145.0.0.0 Safari/537.36 (compatible; meta-externalagent/1.1 (+https://developers.facebook.com/docs/sharing/webmasters/crawler))"
74.7.227.48 - - [20/Aug/2026:09:01:52 +0200] "GET /outlet/220036118 HTTP/1.1" 500 - "https://autowelt-rgb.de/sitemap_index.xml" "Mozilla/5.0 AppleWebKit/537.36 (KHTML, like Gecko; compatible; GPTBot/1.4; +https://openai.com/gptbot)"
74.7.227.48 - - [20/Aug/2026:09:02:07 +0200] "GET /outlet/074013422 HTTP/1.1" 500 - "https://autowelt-rgb.de/sitemap_index.xml" "Mozilla/5.0 AppleWebKit/537.36 (KHTML, like Gecko; compatible; GPTBot/1.4; +https://openai.com/gptbot)"
74.7.227.48 - - [20/Aug/2026:09:02:31 +0200] "GET /outlet/290028478 HTTP/1.1" 500 - "https://autowelt-rgb.de/sitemap_index.xml" "Mozilla/5.0 AppleWebKit/537.36 (KHTML, like Gecko; compatible; GPTBot/1.4; +https://openai.com/gptbot)"
66.249.70.105 - - [20/Aug/2026:09:02:42 +0200] "GET /item/073011510 HTTP/1.1" 200 160874 "-" "Mozilla/5.0 (Linux; Android 6.0.1; Nexus 5X Build/MMB29P) AppleWebKit/537.36 (KHTML, like Gecko) Chrome/151.0.7922.137 Mobile Safari/537.36 (compatible; GoogleOther)"
2a03:2880:f806:29:: - - [20/Aug/2026:09:02:48 +0200] "GET /news_sitemap.xml?path=/home/tb1/wondercar-schweiz.ch/.well-known HTTP/1.1" 500 - "-" "Mozilla/5.0 (Windows NT 10.0; Win64; x64) AppleWebKit/537.36 (KHTML, like Gecko) Chrome/145.0.0.0 Safari/537.36 (compatible; meta-externalagent/1.1 (+https://developers.facebook.com/docs/sharing/webmasters/crawler))"
