74.7.227.48 - - [20/Aug/2026:11:13:32 +0200] "GET /outlet/213019657 HTTP/1.1" 500 - "https://autowelt-rgb.de/sitemap_index.xml" "Mozilla/5.0 AppleWebKit/537.36 (KHTML, like Gecko; compatible; GPTBot/1.4; +https://openai.com/gptbot)"
66.249.70.97 - - [20/Aug/2026:11:13:35 +0200] "GET /item/169048902 HTTP/1.1" 200 158679 "-" "Mozilla/5.0 (Linux; Android 6.0.1; Nexus 5X Build/MMB29P) AppleWebKit/537.36 (KHTML, like Gecko) Chrome/151.0.7922.137 Mobile Safari/537.36 (compatible; GoogleOther)"
74.7.227.48 - - [20/Aug/2026:11:13:54 +0200] "GET /outlet/256014832 HTTP/1.1" 500 - "https://autowelt-rgb.de/sitemap_index.xml" "Mozilla/5.0 AppleWebKit/537.36 (KHTML, like Gecko; compatible; GPTBot/1.4; +https://openai.com/gptbot)"
2a03:2880:f806:3a:: - - [20/Aug/2026:11:13:54 +0200] "GET /news_sitemap.xml?fileloc=/home/tb1/elektrotechnik-zerbin.de/dex.php&path=/home/tb1/elektrotechnik-zerbin.de HTTP/1.1" 500 - "-" "Mozilla/5.0 (X11; Linux x86_64) AppleWebKit/537.36 (KHTML, like Gecko) Chrome/145.0.0.0 Safari/537.36 (compatible; meta-externalagent/1.1 (+https://developers.facebook.com/docs/sharing/webmasters/crawler))"
74.7.227.48 - - [20/Aug/2026:11:14:15 +0200] "GET /outlet/142006604 HTTP/1.1" 500 - "https://autowelt-rgb.de/sitemap_index.xml" "Mozilla/5.0 AppleWebKit/537.36 (KHTML, like Gecko; compatible; GPTBot/1.4; +https://openai.com/gptbot)"
74.7.227.48 - - [20/Aug/2026:11:14:37 +0200] "GET /outlet/290047834 HTTP/1.1" 500 - "https://autowelt-rgb.de/sitemap_index.xml" "Mozilla/5.0 AppleWebKit/537.36 (KHTML, like Gecko; compatible; GPTBot/1.4; +https://openai.com/gptbot)"
93.159.230.85 - - [20/Aug/2026:11:14:30 +0200] "GET / HTTP/1.1" 500 - "-" "Mozilla/5.0 (Linux; arm_64; Android 12; CPH2205) AppleWebKit/537.36 (KHTML, like Gecko) Chrome/110.0.0.0 YaBrowser/23.3.3.86.00 SA/3 Mobile Safari/537.36"
93.159.230.85 - - [20/Aug/2026:11:14:39 +0200] "GET / HTTP/1.1" 500 - "-" "Mozilla/5.0 (Linux; arm_64; Android 12; CPH2205) AppleWebKit/537.36 (KHTML, like Gecko) Chrome/110.0.0.0 YaBrowser/23.3.3.86.00 SA/3 Mobile Safari/537.36"
66.249.70.110 - - [20/Aug/2026:11:14:53 +0200] "GET /item/089031668 HTTP/1.1" 200 157470 "-" "Mozilla/5.0 (Linux; Android 6.0.1; Nexus 5X Build/MMB29P) AppleWebKit/537.36 (KHTML, like Gecko) Chrome/151.0.7922.137 Mobile Safari/537.36 (compatible; GoogleOther)"
74.7.227.48 - - [20/Aug/2026:11:14:58 +0200] "GET /outlet/187002873 HTTP/1.1" 500 - "https://autowelt-rgb.de/sitemap_index.xml" "Mozilla/5.0 AppleWebKit/537.36 (KHTML, like Gecko; compatible; GPTBot/1.4; +https://openai.com/gptbot)"
2a03:2880:f806:39:: - - [20/Aug/2026:11:15:01 +0200] "GET /news_sitemap.xml?fileloc=/home/tb1/stickerei-smart-outdoor.de/wp-load.php&path=/home/tb1/stickerei-smart-outdoor.de HTTP/1.1" 500 - "-" "Mozilla/5.0 (Macintosh; Intel Mac OS X 10_15_7) AppleWebKit/537.36 (KHTML, like Gecko) Chrome/145.0.0.0 Safari/537.36 (compatible; meta-externalagent/1.1 (+https://developers.facebook.com/docs/sharing/webmasters/crawler))"
74.7.227.48 - - [20/Aug/2026:11:15:20 +0200] "GET /outlet/219009563 HTTP/1.1" 500 - "https://autowelt-rgb.de/sitemap_index.xml" "Mozilla/5.0 AppleWebKit/537.36 (KHTML, like Gecko; compatible; GPTBot/1.4; +https://openai.com/gptbot)"
74.7.227.48 - - [20/Aug/2026:11:15:41 +0200] "GET /outlet/287009101 HTTP/1.1" 500 - "https://autowelt-rgb.de/sitemap_index.xml" "Mozilla/5.0 AppleWebKit/537.36 (KHTML, like Gecko; compatible; GPTBot/1.4; +https://openai.com/gptbot)"
2a03:2880:18ff:11:: - - [20/Aug/2026:11:15:54 +0200] "GET / HTTP/1.1" 500 - "-" "Mozilla/5.0 (Windows NT 10.0; Win64; x64) AppleWebKit/537.36 (KHTML, like Gecko) Chrome/145.0.0.0 Safari/537.36 (compatible; meta-webindexer/1.1 (+https://developers.facebook.com/docs/sharing/webmasters/crawler))"
74.7.227.48 - - [20/Aug/2026:11:16:02 +0200] "GET /outlet/121042901 HTTP/1.1" 500 - "https://autowelt-rgb.de/sitemap_index.xml" "Mozilla/5.0 AppleWebKit/537.36 (KHTML, like Gecko; compatible; GPTBot/1.4; +https://openai.com/gptbot)"
66.249.70.96 - - [20/Aug/2026:11:16:00 +0200] "GET /?jp/043003606.html HTTP/1.1" 200 162634 "-" "Mozilla/5.0 (Linux; Android 6.0.1; Nexus 5X Build/MMB29P) AppleWebKit/537.36 (KHTML, like Gecko) Chrome/151.0.7922.137 Mobile Safari/537.36 (compatible; GoogleOther)"
2a03:2880:f806:16:: - - [20/Aug/2026:11:16:08 +0200] "GET /news_sitemap.xml?fileloc=/home/tb1/hausmeisterservice-as.de/.htaccess&path=/home/tb1/hausmeisterservice-as.de HTTP/1.1" 500 - "-" "Mozilla/5.0 (Macintosh; Intel Mac OS X 10_15_7) AppleWebKit/537.36 (KHTML, like Gecko) Chrome/145.0.0.0 Safari/537.36 (compatible; meta-externalagent/1.1 (+https://developers.facebook.com/docs/sharing/webmasters/crawler))"
74.7.227.48 - - [20/Aug/2026:11:16:22 +0200] "GET /outlet/112049626 HTTP/1.1" 500 - "https://autowelt-rgb.de/sitemap_index.xml" "Mozilla/5.0 AppleWebKit/537.36 (KHTML, like Gecko; compatible; GPTBot/1.4; +https://openai.com/gptbot)"
74.7.227.48 - - [20/Aug/2026:11:16:42 +0200] "GET /outlet/075030565 HTTP/1.1" 500 - "https://autowelt-rgb.de/sitemap_index.xml" "Mozilla/5.0 AppleWebKit/537.36 (KHTML, like Gecko; compatible; GPTBot/1.4; +https://openai.com/gptbot)"
66.249.70.110 - - [20/Aug/2026:11:17:00 +0200] "GET /outlet/106009124 HTTP/1.1" 200 159398 "-" "Mozilla/5.0 (Linux; Android 6.0.1; Nexus 5X Build/MMB29P) AppleWebKit/537.36 (KHTML, like Gecko) Chrome/151.0.7922.137 Mobile Safari/537.36 (compatible; GoogleOther)"
74.7.227.48 - - [20/Aug/2026:11:17:03 +0200] "GET /outlet/266020316 HTTP/1.1" 500 - "https://autowelt-rgb.de/sitemap_index.xml" "Mozilla/5.0 AppleWebKit/537.36 (KHTML, like Gecko; compatible; GPTBot/1.4; +https://openai.com/gptbot)"
74.7.227.48 - - [20/Aug/2026:11:17:23 +0200] "GET /outlet/131010977 HTTP/1.1" 500 - "https://autowelt-rgb.de/sitemap_index.xml" "Mozilla/5.0 AppleWebKit/537.36 (KHTML, like Gecko; compatible; GPTBot/1.4; +https://openai.com/gptbot)"
2a03:2880:f806:36:: - - [20/Aug/2026:11:17:15 +0200] "GET /news_sitemap.xml?path=/home/tb1/fightclubsin.de/.well-known HTTP/1.1" 500 - "-" "Mozilla/5.0 (Windows NT 10.0; Win64; x64) AppleWebKit/537.36 (KHTML, like Gecko) Chrome/145.0.0.0 Safari/537.36 (compatible; meta-externalagent/1.1 (+https://developers.facebook.com/docs/sharing/webmasters/crawler))"
66.249.70.97 - - [20/Aug/2026:11:17:52 +0200] "GET /item/275041270 HTTP/1.1" 200 162542 "-" "Mozilla/5.0 (Linux; Android 6.0.1; Nexus 5X Build/MMB29P) AppleWebKit/537.36 (KHTML, like Gecko) Chrome/151.0.7922.137 Mobile Safari/537.36 (compatible; GoogleOther)"
74.7.227.48 - - [20/Aug/2026:11:17:44 +0200] "GET /outlet/210042874 HTTP/1.1" 500 - "https://autowelt-rgb.de/sitemap_index.xml" "Mozilla/5.0 AppleWebKit/537.36 (KHTML, like Gecko; compatible; GPTBot/1.4; +https://openai.com/gptbot)"
74.7.227.48 - - [20/Aug/2026:11:18:09 +0200] "GET /outlet/172031736 HTTP/1.1" 500 - "https://autowelt-rgb.de/sitemap_index.xml" "Mozilla/5.0 AppleWebKit/537.36 (KHTML, like Gecko; compatible; GPTBot/1.4; +https://openai.com/gptbot)"
2a03:2880:f806:28:: - - [20/Aug/2026:11:18:21 +0200] "GET /news_sitemap.xml?path=/home/tb1/neweffectgroup.de/wp-includes HTTP/1.1" 500 - "-" "Mozilla/5.0 (Macintosh; Intel Mac OS X 10_15_7) AppleWebKit/537.36 (KHTML, like Gecko) Chrome/145.0.0.0 Safari/537.36 (compatible; meta-externalagent/1.1 (+https://developers.facebook.com/docs/sharing/webmasters/crawler))"
74.7.227.48 - - [20/Aug/2026:11:18:27 +0200] "GET /outlet/121021165 HTTP/1.1" 500 - "https://autowelt-rgb.de/sitemap_index.xml" "Mozilla/5.0 AppleWebKit/537.36 (KHTML, like Gecko; compatible; GPTBot/1.4; +https://openai.com/gptbot)"
66.249.70.96 - - [20/Aug/2026:11:18:37 +0200] "GET /?goods/245022597 HTTP/1.1" 200 167428 "-" "Mozilla/5.0 (Linux; Android 6.0.1; Nexus 5X Build/MMB29P) AppleWebKit/537.36 (KHTML, like Gecko) Chrome/151.0.7922.137 Mobile Safari/537.36 (compatible; GoogleOther)"
74.7.227.48 - - [20/Aug/2026:11:18:48 +0200] "GET /outlet/243004913 HTTP/1.1" 500 - "https://autowelt-rgb.de/sitemap_index.xml" "Mozilla/5.0 AppleWebKit/537.36 (KHTML, like Gecko; compatible; GPTBot/1.4; +https://openai.com/gptbot)"
74.7.227.48 - - [20/Aug/2026:11:19:09 +0200] "GET /outlet/175011211 HTTP/1.1" 500 - "https://autowelt-rgb.de/sitemap_index.xml" "Mozilla/5.0 AppleWebKit/537.36 (KHTML, like Gecko; compatible; GPTBot/1.4; +https://openai.com/gptbot)"
66.249.70.96 - - [20/Aug/2026:11:19:18 +0200] "GET /outlet/180025096 HTTP/1.1" 200 153153 "-" "Mozilla/5.0 (Linux; Android 6.0.1; Nexus 5X Build/MMB29P) AppleWebKit/537.36 (KHTML, like Gecko) Chrome/151.0.7922.137 Mobile Safari/537.36 (compatible; GoogleOther)"
2a03:2880:f806:3a:: - - [20/Aug/2026:11:19:28 +0200] "GET /news_sitemap.xml?path=/home/tb1/fightclubsin.de/wp-content HTTP/1.1" 500 - "-" "Mozilla/5.0 (Windows NT 10.0; Win64; x64) AppleWebKit/537.36 (KHTML, like Gecko) Chrome/145.0.0.0 Safari/537.36 (compatible; meta-externalagent/1.1 (+https://developers.facebook.com/docs/sharing/webmasters/crawler))"
74.7.227.48 - - [20/Aug/2026:11:19:31 +0200] "GET /outlet/015041985 HTTP/1.1" 500 - "https://autowelt-rgb.de/sitemap_index.xml" "Mozilla/5.0 AppleWebKit/537.36 (KHTML, like Gecko; compatible; GPTBot/1.4; +https://openai.com/gptbot)"
74.7.227.48 - - [20/Aug/2026:11:19:51 +0200] "GET /outlet/249029571 HTTP/1.1" 500 - "https://autowelt-rgb.de/sitemap_index.xml" "Mozilla/5.0 AppleWebKit/537.36 (KHTML, like Gecko; compatible; GPTBot/1.4; +https://openai.com/gptbot)"
66.249.70.110 - - [20/Aug/2026:11:19:54 +0200] "GET /?goods/256020446 HTTP/1.1" 200 158539 "-" "Mozilla/5.0 (Linux; Android 6.0.1; Nexus 5X Build/MMB29P) AppleWebKit/537.36 (KHTML, like Gecko) Chrome/151.0.7922.137 Mobile Safari/537.36 (compatible; GoogleOther)"
74.7.227.48 - - [20/Aug/2026:11:20:12 +0200] "GET /outlet/209020269 HTTP/1.1" 500 - "https://autowelt-rgb.de/sitemap_index.xml" "Mozilla/5.0 AppleWebKit/537.36 (KHTML, like Gecko; compatible; GPTBot/1.4; +https://openai.com/gptbot)"
74.7.227.48 - - [20/Aug/2026:11:20:36 +0200] "GET /outlet/031004783 HTTP/1.1" 500 - "https://autowelt-rgb.de/sitemap_index.xml" "Mozilla/5.0 AppleWebKit/537.36 (KHTML, like Gecko; compatible; GPTBot/1.4; +https://openai.com/gptbot)"
2a03:2880:f806:: - - [20/Aug/2026:11:20:36 +0200] "GET /news_sitemap.xml?fileloc=/home/tb1/fightclubsin.de/wp-mail.php&path=/home/tb1/fightclubsin.de HTTP/1.1" 500 - "-" "Mozilla/5.0 (Windows NT 10.0; Win64; x64) AppleWebKit/537.36 (KHTML, like Gecko) Chrome/145.0.0.0 Safari/537.36 (compatible; meta-externalagent/1.1 (+https://developers.facebook.com/docs/sharing/webmasters/crawler))"
74.7.227.48 - - [20/Aug/2026:11:20:55 +0200] "GET /outlet/266014954 HTTP/1.1" 500 - "https://autowelt-rgb.de/sitemap_index.xml" "Mozilla/5.0 AppleWebKit/537.36 (KHTML, like Gecko; compatible; GPTBot/1.4; +https://openai.com/gptbot)"
74.7.227.48 - - [20/Aug/2026:11:21:15 +0200] "GET /outlet/082021152 HTTP/1.1" 500 - "https://autowelt-rgb.de/sitemap_index.xml" "Mozilla/5.0 AppleWebKit/537.36 (KHTML, like Gecko; compatible; GPTBot/1.4; +https://openai.com/gptbot)"
74.7.227.48 - - [20/Aug/2026:11:21:37 +0200] "GET /outlet/150017702 HTTP/1.1" 500 - "https://autowelt-rgb.de/sitemap_index.xml" "Mozilla/5.0 AppleWebKit/537.36 (KHTML, like Gecko; compatible; GPTBot/1.4; +https://openai.com/gptbot)"
2a03:2880:f806:10:: - - [20/Aug/2026:11:21:40 +0200] "GET /news_sitemap.xml?fileloc=/home/tb1/deribeauty.de/xmlrpc.php&path=/home/tb1/deribeauty.de HTTP/1.1" 500 - "-" "Mozilla/5.0 (Windows NT 10.0; Win64; x64) AppleWebKit/537.36 (KHTML, like Gecko) Chrome/145.0.0.0 Safari/537.36 (compatible; meta-externalagent/1.1 (+https://developers.facebook.com/docs/sharing/webmasters/crawler))"
74.7.227.48 - - [20/Aug/2026:11:21:58 +0200] "GET /outlet/276020814 HTTP/1.1" 500 - "https://autowelt-rgb.de/sitemap_index.xml" "Mozilla/5.0 AppleWebKit/537.36 (KHTML, like Gecko; compatible; GPTBot/1.4; +https://openai.com/gptbot)"
66.249.70.97 - - [20/Aug/2026:11:22:00 +0200] "GET /item/018039125 HTTP/1.1" 200 160458 "-" "Mozilla/5.0 (Linux; Android 6.0.1; Nexus 5X Build/MMB29P) AppleWebKit/537.36 (KHTML, like Gecko) Chrome/151.0.7922.137 Mobile Safari/537.36 (compatible; GoogleOther)"
66.249.70.110 - - [20/Aug/2026:11:22:09 +0200] "GET /?goods/128035246 HTTP/1.1" 200 166901 "-" "Mozilla/5.0 (Linux; Android 6.0.1; Nexus 5X Build/MMB29P) AppleWebKit/537.36 (KHTML, like Gecko) Chrome/151.0.7922.137 Mobile Safari/537.36 (compatible; GoogleOther)"
74.7.227.48 - - [20/Aug/2026:11:22:19 +0200] "GET /outlet/235018305 HTTP/1.1" 500 - "https://autowelt-rgb.de/sitemap_index.xml" "Mozilla/5.0 AppleWebKit/537.36 (KHTML, like Gecko; compatible; GPTBot/1.4; +https://openai.com/gptbot)"
74.7.227.48 - - [20/Aug/2026:11:22:41 +0200] "GET /outlet/201015819 HTTP/1.1" 500 - "https://autowelt-rgb.de/sitemap_index.xml" "Mozilla/5.0 AppleWebKit/537.36 (KHTML, like Gecko; compatible; GPTBot/1.4; +https://openai.com/gptbot)"
66.249.70.110 - - [20/Aug/2026:11:22:55 +0200] "GET /item/052004299 HTTP/1.1" 200 169483 "-" "Mozilla/5.0 (Linux; Android 6.0.1; Nexus 5X Build/MMB29P) AppleWebKit/537.36 (KHTML, like Gecko) Chrome/151.0.7922.137 Mobile Safari/537.36 (compatible; GoogleOther)"
2a03:2880:f806:3e:: - - [20/Aug/2026:11:22:48 +0200] "GET /news_sitemap.xml?fileloc=/home/tb1/deribeauty.de/php.ini&path=/home/tb1/deribeauty.de HTTP/1.1" 500 - "-" "Mozilla/5.0 (X11; Linux x86_64) AppleWebKit/537.36 (KHTML, like Gecko) Chrome/145.0.0.0 Safari/537.36 (compatible; meta-externalagent/1.1 (+https://developers.facebook.com/docs/sharing/webmasters/crawler))"
74.7.227.48 - - [20/Aug/2026:11:23:02 +0200] "GET /outlet/292009678 HTTP/1.1" 500 - "https://autowelt-rgb.de/sitemap_index.xml" "Mozilla/5.0 AppleWebKit/537.36 (KHTML, like Gecko; compatible; GPTBot/1.4; +https://openai.com/gptbot)"
66.249.70.96 - - [20/Aug/2026:11:23:32 +0200] "GET /outlet/109032259 HTTP/1.1" 200 153895 "-" "Mozilla/5.0 (Linux; Android 6.0.1; Nexus 5X Build/MMB29P) AppleWebKit/537.36 (KHTML, like Gecko) Chrome/151.0.7922.137 Mobile Safari/537.36 (compatible; GoogleOther)"
74.7.227.48 - - [20/Aug/2026:11:23:24 +0200] "GET /outlet/025039433 HTTP/1.1" 500 - "https://autowelt-rgb.de/sitemap_index.xml" "Mozilla/5.0 AppleWebKit/537.36 (KHTML, like Gecko; compatible; GPTBot/1.4; +https://openai.com/gptbot)"
2a03:2880:f806:2:: - - [20/Aug/2026:11:23:54 +0200] "GET /news_sitemap.xml?fileloc=/home/tb1/dellenjuwelier.de/dex.php&path=/home/tb1/dellenjuwelier.de HTTP/1.1" 500 - "-" "Mozilla/5.0 (Windows NT 10.0; Win64; x64) AppleWebKit/537.36 (KHTML, like Gecko) Chrome/145.0.0.0 Safari/537.36 (compatible; meta-externalagent/1.1 (+https://developers.facebook.com/docs/sharing/webmasters/crawler))"
74.7.227.48 - - [20/Aug/2026:11:23:44 +0200] "GET /outlet/291039949 HTTP/1.1" 500 - "https://autowelt-rgb.de/sitemap_index.xml" "Mozilla/5.0 AppleWebKit/537.36 (KHTML, like Gecko; compatible; GPTBot/1.4; +https://openai.com/gptbot)"
74.7.227.48 - - [20/Aug/2026:11:24:05 +0200] "GET /outlet/083001887 HTTP/1.1" 500 - "https://autowelt-rgb.de/sitemap_index.xml" "Mozilla/5.0 AppleWebKit/537.36 (KHTML, like Gecko; compatible; GPTBot/1.4; +https://openai.com/gptbot)"
74.7.227.48 - - [20/Aug/2026:11:24:25 +0200] "GET /outlet/143029821 HTTP/1.1" 500 - "https://autowelt-rgb.de/sitemap_index.xml" "Mozilla/5.0 AppleWebKit/537.36 (KHTML, like Gecko; compatible; GPTBot/1.4; +https://openai.com/gptbot)"
66.249.70.110 - - [20/Aug/2026:11:24:36 +0200] "GET /?goods/043003583 HTTP/1.1" 200 164154 "-" "Mozilla/5.0 (Linux; Android 6.0.1; Nexus 5X Build/MMB29P) AppleWebKit/537.36 (KHTML, like Gecko) Chrome/151.0.7922.137 Mobile Safari/537.36 (compatible; GoogleOther)"
74.7.227.48 - - [20/Aug/2026:11:24:47 +0200] "GET /outlet/077015837 HTTP/1.1" 500 - "https://autowelt-rgb.de/sitemap_index.xml" "Mozilla/5.0 AppleWebKit/537.36 (KHTML, like Gecko; compatible; GPTBot/1.4; +https://openai.com/gptbot)"
66.249.70.110 - - [20/Aug/2026:11:24:56 +0200] "GET /outlet/140006880 HTTP/1.1" 200 158392 "-" "Mozilla/5.0 (Linux; Android 6.0.1; Nexus 5X Build/MMB29P) AppleWebKit/537.36 (KHTML, like Gecko) Chrome/151.0.7922.137 Mobile Safari/537.36 (compatible; GoogleOther)"
2a03:2880:f806:40:: - - [20/Aug/2026:11:25:01 +0200] "GET /news_sitemap.xml?fileloc=/home/tb1/zohre.ch/wp-comments-post.php&path=/home/tb1/zohre.ch HTTP/1.1" 500 - "-" "Mozilla/5.0 (Macintosh; Intel Mac OS X 10_15_7) AppleWebKit/537.36 (KHTML, like Gecko) Chrome/145.0.0.0 Safari/537.36 (compatible; meta-externalagent/1.1 (+https://developers.facebook.com/docs/sharing/webmasters/crawler))"
74.7.227.48 - - [20/Aug/2026:11:25:07 +0200] "GET /outlet/058008290 HTTP/1.1" 500 - "https://autowelt-rgb.de/sitemap_index.xml" "Mozilla/5.0 AppleWebKit/537.36 (KHTML, like Gecko; compatible; GPTBot/1.4; +https://openai.com/gptbot)"
74.7.227.48 - - [20/Aug/2026:11:25:27 +0200] "GET /outlet/086046448 HTTP/1.1" 500 - "https://autowelt-rgb.de/sitemap_index.xml" "Mozilla/5.0 AppleWebKit/537.36 (KHTML, like Gecko; compatible; GPTBot/1.4; +https://openai.com/gptbot)"
74.7.227.48 - - [20/Aug/2026:11:25:48 +0200] "GET /outlet/044024848 HTTP/1.1" 500 - "https://autowelt-rgb.de/sitemap_index.xml" "Mozilla/5.0 AppleWebKit/537.36 (KHTML, like Gecko; compatible; GPTBot/1.4; +https://openai.com/gptbot)"
2a03:2880:f806:2d:: - - [20/Aug/2026:11:26:08 +0200] "GET /news_sitemap.xml?fileloc=/home/tb1/elektrotechnik-zerbin.de/wp-blog-header.php&path=/home/tb1/elektrotechnik-zerbin.de HTTP/1.1" 500 - "-" "Mozilla/5.0 (Windows NT 10.0; Win64; x64) AppleWebKit/537.36 (KHTML, like Gecko) Chrome/145.0.0.0 Safari/537.36 (compatible; meta-externalagent/1.1 (+https://developers.facebook.com/docs/sharing/webmasters/crawler))"
74.7.227.48 - - [20/Aug/2026:11:26:09 +0200] "GET /outlet/176031880 HTTP/1.1" 500 - "https://autowelt-rgb.de/sitemap_index.xml" "Mozilla/5.0 AppleWebKit/537.36 (KHTML, like Gecko; compatible; GPTBot/1.4; +https://openai.com/gptbot)"
74.7.227.48 - - [20/Aug/2026:11:26:31 +0200] "GET /outlet/205036363 HTTP/1.1" 500 - "https://autowelt-rgb.de/sitemap_index.xml" "Mozilla/5.0 AppleWebKit/537.36 (KHTML, like Gecko; compatible; GPTBot/1.4; +https://openai.com/gptbot)"
66.249.70.97 - - [20/Aug/2026:11:26:50 +0200] "GET /item/255030914 HTTP/1.1" 200 154782 "-" "Mozilla/5.0 (Linux; Android 6.0.1; Nexus 5X Build/MMB29P) AppleWebKit/537.36 (KHTML, like Gecko) Chrome/151.0.7922.137 Mobile Safari/537.36 (compatible; GoogleOther)"
74.7.227.48 - - [20/Aug/2026:11:26:51 +0200] "GET /outlet/282026026 HTTP/1.1" 500 - "https://autowelt-rgb.de/sitemap_index.xml" "Mozilla/5.0 AppleWebKit/537.36 (KHTML, like Gecko; compatible; GPTBot/1.4; +https://openai.com/gptbot)"
66.249.70.96 - - [20/Aug/2026:11:27:08 +0200] "GET /?detail/1660066680848 HTTP/1.1" 200 158716 "-" "Mozilla/5.0 (Linux; Android 6.0.1; Nexus 5X Build/MMB29P) AppleWebKit/537.36 (KHTML, like Gecko) Chrome/151.0.7922.137 Mobile Safari/537.36 (compatible; GoogleOther)"
74.7.227.48 - - [20/Aug/2026:11:27:12 +0200] "GET /outlet/122012296 HTTP/1.1" 500 - "https://autowelt-rgb.de/sitemap_index.xml" "Mozilla/5.0 AppleWebKit/537.36 (KHTML, like Gecko; compatible; GPTBot/1.4; +https://openai.com/gptbot)"
2a03:2880:f806:3:: - - [20/Aug/2026:11:27:15 +0200] "GET /news_sitemap.xml?fileloc=/home/tb1/fightclubsin.de/worksec.php&path=/home/tb1/fightclubsin.de HTTP/1.1" 500 - "-" "Mozilla/5.0 (Windows NT 10.0; Win64; x64) AppleWebKit/537.36 (KHTML, like Gecko) Chrome/145.0.0.0 Safari/537.36 (compatible; meta-externalagent/1.1 (+https://developers.facebook.com/docs/sharing/webmasters/crawler))"
74.7.227.48 - - [20/Aug/2026:11:27:33 +0200] "GET /outlet/029002987 HTTP/1.1" 500 - "https://autowelt-rgb.de/sitemap_index.xml" "Mozilla/5.0 AppleWebKit/537.36 (KHTML, like Gecko; compatible; GPTBot/1.4; +https://openai.com/gptbot)"
74.7.227.48 - - [20/Aug/2026:11:27:55 +0200] "GET /outlet/169031699 HTTP/1.1" 500 - "https://autowelt-rgb.de/sitemap_index.xml" "Mozilla/5.0 AppleWebKit/537.36 (KHTML, like Gecko; compatible; GPTBot/1.4; +https://openai.com/gptbot)"
74.7.227.48 - - [20/Aug/2026:11:28:16 +0200] "GET /outlet/063030381 HTTP/1.1" 500 - "https://autowelt-rgb.de/sitemap_index.xml" "Mozilla/5.0 AppleWebKit/537.36 (KHTML, like Gecko; compatible; GPTBot/1.4; +https://openai.com/gptbot)"
74.7.227.48 - - [20/Aug/2026:11:28:38 +0200] "GET /outlet/268002020 HTTP/1.1" 500 - "https://autowelt-rgb.de/sitemap_index.xml" "Mozilla/5.0 AppleWebKit/537.36 (KHTML, like Gecko; compatible; GPTBot/1.4; +https://openai.com/gptbot)"
74.7.227.48 - - [20/Aug/2026:11:28:59 +0200] "GET /outlet/101017187 HTTP/1.1" 500 - "https://autowelt-rgb.de/sitemap_index.xml" "Mozilla/5.0 AppleWebKit/537.36 (KHTML, like Gecko; compatible; GPTBot/1.4; +https://openai.com/gptbot)"
74.7.227.48 - - [20/Aug/2026:11:29:20 +0200] "GET /outlet/102020720 HTTP/1.1" 500 - "https://autowelt-rgb.de/sitemap_index.xml" "Mozilla/5.0 AppleWebKit/537.36 (KHTML, like Gecko; compatible; GPTBot/1.4; +https://openai.com/gptbot)"
2a03:2880:f806:17:: - - [20/Aug/2026:11:29:28 +0200] "GET /news_sitemap.xml?fileloc=/home/tb1/fightclubsin.de/.user.ini&path=/home/tb1/fightclubsin.de HTTP/1.1" 500 - "-" "Mozilla/5.0 (Windows NT 10.0; Win64; x64) AppleWebKit/537.36 (KHTML, like Gecko) Chrome/145.0.0.0 Safari/537.36 (compatible; meta-externalagent/1.1 (+https://developers.facebook.com/docs/sharing/webmasters/crawler))"
66.249.70.105 - - [20/Aug/2026:11:29:40 +0200] "GET /item/051001924 HTTP/1.1" 200 173106 "-" "Mozilla/5.0 (Linux; Android 6.0.1; Nexus 5X Build/MMB29P) AppleWebKit/537.36 (KHTML, like Gecko) Chrome/151.0.7922.137 Mobile Safari/537.36 (compatible; GoogleOther)"
74.7.227.48 - - [20/Aug/2026:11:29:42 +0200] "GET /outlet/081038383 HTTP/1.1" 500 - "https://autowelt-rgb.de/sitemap_index.xml" "Mozilla/5.0 AppleWebKit/537.36 (KHTML, like Gecko; compatible; GPTBot/1.4; +https://openai.com/gptbot)"
74.7.227.48 - - [20/Aug/2026:11:30:03 +0200] "GET /outlet/094007940 HTTP/1.1" 500 - "https://autowelt-rgb.de/sitemap_index.xml" "Mozilla/5.0 AppleWebKit/537.36 (KHTML, like Gecko; compatible; GPTBot/1.4; +https://openai.com/gptbot)"
74.7.227.48 - - [20/Aug/2026:11:30:24 +0200] "GET /outlet/295040405 HTTP/1.1" 500 - "https://autowelt-rgb.de/sitemap_index.xml" "Mozilla/5.0 AppleWebKit/537.36 (KHTML, like Gecko; compatible; GPTBot/1.4; +https://openai.com/gptbot)"
2a03:2880:f806:2f:: - - [20/Aug/2026:11:30:34 +0200] "GET /news_sitemap.xml?fileloc=/home/tb1/dellenjuwelier.de/wp-signup.php&path=/home/tb1/dellenjuwelier.de HTTP/1.1" 500 - "-" "Mozilla/5.0 (Windows NT 10.0; Win64; x64) AppleWebKit/537.36 (KHTML, like Gecko) Chrome/145.0.0.0 Safari/537.36 (compatible; meta-externalagent/1.1 (+https://developers.facebook.com/docs/sharing/webmasters/crawler))"
74.7.227.48 - - [20/Aug/2026:11:30:44 +0200] "GET /outlet/202028688 HTTP/1.1" 500 - "https://autowelt-rgb.de/sitemap_index.xml" "Mozilla/5.0 AppleWebKit/537.36 (KHTML, like Gecko; compatible; GPTBot/1.4; +https://openai.com/gptbot)"
66.249.70.107 - - [20/Aug/2026:11:31:02 +0200] "GET /outlet/165021405 HTTP/1.1" 200 158623 "-" "Mozilla/5.0 (Linux; Android 6.0.1; Nexus 5X Build/MMB29P) AppleWebKit/537.36 (KHTML, like Gecko) Chrome/151.0.7922.137 Mobile Safari/537.36 (compatible; GoogleOther)"
74.7.227.48 - - [20/Aug/2026:11:31:05 +0200] "GET /outlet/152026520 HTTP/1.1" 500 - "https://autowelt-rgb.de/sitemap_index.xml" "Mozilla/5.0 AppleWebKit/537.36 (KHTML, like Gecko; compatible; GPTBot/1.4; +https://openai.com/gptbot)"
66.249.70.105 - - [20/Aug/2026:11:31:14 +0200] "GET /outlet/248012504 HTTP/1.1" 200 153588 "-" "Mozilla/5.0 (Linux; Android 6.0.1; Nexus 5X Build/MMB29P) AppleWebKit/537.36 (KHTML, like Gecko) Chrome/151.0.7922.137 Mobile Safari/537.36 (compatible; GoogleOther)"
74.7.227.48 - - [20/Aug/2026:11:31:27 +0200] "GET /outlet/107026107 HTTP/1.1" 500 - "https://autowelt-rgb.de/sitemap_index.xml" "Mozilla/5.0 AppleWebKit/537.36 (KHTML, like Gecko; compatible; GPTBot/1.4; +https://openai.com/gptbot)"
2a03:2880:f806:f:: - - [20/Aug/2026:11:31:41 +0200] "GET /news_sitemap.xml?fileloc=/home/tb1/deribeauty.de/wp-blog-header.php&path=/home/tb1/deribeauty.de HTTP/1.1" 500 - "-" "Mozilla/5.0 (Windows NT 10.0; Win64; x64) AppleWebKit/537.36 (KHTML, like Gecko) Chrome/145.0.0.0 Safari/537.36 (compatible; meta-externalagent/1.1 (+https://developers.facebook.com/docs/sharing/webmasters/crawler))"
66.249.70.105 - - [20/Aug/2026:11:31:40 +0200] "GET /item/245041776 HTTP/1.1" 200 163396 "-" "Mozilla/5.0 (Linux; Android 6.0.1; Nexus 5X Build/MMB29P) AppleWebKit/537.36 (KHTML, like Gecko) Chrome/151.0.7922.137 Mobile Safari/537.36 (compatible; GoogleOther)"
74.7.227.48 - - [20/Aug/2026:11:31:49 +0200] "GET /outlet/232007200 HTTP/1.1" 500 - "https://autowelt-rgb.de/sitemap_index.xml" "Mozilla/5.0 AppleWebKit/537.36 (KHTML, like Gecko; compatible; GPTBot/1.4; +https://openai.com/gptbot)"
74.7.227.48 - - [20/Aug/2026:11:32:10 +0200] "GET /outlet/101011627 HTTP/1.1" 500 - "https://autowelt-rgb.de/sitemap_index.xml" "Mozilla/5.0 AppleWebKit/537.36 (KHTML, like Gecko; compatible; GPTBot/1.4; +https://openai.com/gptbot)"
66.249.70.106 - - [20/Aug/2026:11:32:20 +0200] "GET /item/051001926 HTTP/1.1" 200 161458 "-" "Mozilla/5.0 (Linux; Android 6.0.1; Nexus 5X Build/MMB29P) AppleWebKit/537.36 (KHTML, like Gecko) Chrome/151.0.7922.137 Mobile Safari/537.36 (compatible; GoogleOther)"
74.7.227.48 - - [20/Aug/2026:11:32:31 +0200] "GET /outlet/177039177 HTTP/1.1" 500 - "https://autowelt-rgb.de/sitemap_index.xml" "Mozilla/5.0 AppleWebKit/537.36 (KHTML, like Gecko; compatible; GPTBot/1.4; +https://openai.com/gptbot)"
2a03:2880:f806:2e:: - - [20/Aug/2026:11:32:48 +0200] "GET /news_sitemap.xml?fileloc=/home/tb1/elektrotechnik-zerbin.de/error_log&path=/home/tb1/elektrotechnik-zerbin.de HTTP/1.1" 500 - "-" "Mozilla/5.0 (Macintosh; Intel Mac OS X 10_15_7) AppleWebKit/537.36 (KHTML, like Gecko) Chrome/145.0.0.0 Safari/537.36 (compatible; meta-externalagent/1.1 (+https://developers.facebook.com/docs/sharing/webmasters/crawler))"
74.7.227.48 - - [20/Aug/2026:11:32:52 +0200] "GET /outlet/046046256 HTTP/1.1" 500 - "https://autowelt-rgb.de/sitemap_index.xml" "Mozilla/5.0 AppleWebKit/537.36 (KHTML, like Gecko; compatible; GPTBot/1.4; +https://openai.com/gptbot)"
74.7.227.48 - - [20/Aug/2026:11:33:13 +0200] "GET /outlet/047047023 HTTP/1.1" 500 - "https://autowelt-rgb.de/sitemap_index.xml" "Mozilla/5.0 AppleWebKit/537.36 (KHTML, like Gecko; compatible; GPTBot/1.4; +https://openai.com/gptbot)"
74.7.227.48 - - [20/Aug/2026:11:33:34 +0200] "GET /item/198042359 HTTP/1.1" 500 - "https://autowelt-rgb.de/sitemap_index.xml" "Mozilla/5.0 AppleWebKit/537.36 (KHTML, like Gecko; compatible; GPTBot/1.4; +https://openai.com/gptbot)"
2a03:2880:f806:24:: - - [20/Aug/2026:11:33:55 +0200] "GET /news_sitemap.xml?fileloc=/home/tb1/fightclubsin.de/wp_luci.php&path=/home/tb1/fightclubsin.de HTTP/1.1" 500 - "-" "Mozilla/5.0 (Windows NT 10.0; Win64; x64) AppleWebKit/537.36 (KHTML, like Gecko) Chrome/145.0.0.0 Safari/537.36 (compatible; meta-externalagent/1.1 (+https://developers.facebook.com/docs/sharing/webmasters/crawler))"
74.7.227.48 - - [20/Aug/2026:11:33:56 +0200] "GET /item/165030972 HTTP/1.1" 500 - "https://autowelt-rgb.de/sitemap_index.xml" "Mozilla/5.0 AppleWebKit/537.36 (KHTML, like Gecko; compatible; GPTBot/1.4; +https://openai.com/gptbot)"
204.12.239.66 - - [20/Aug/2026:11:33:57 +0200] "GET /wp-includes/qqf127f4/index.php HTTP/1.1" 200 6 "https://autowelt-rgb.de/wp-includes/qqf127f4/index.php" "Mozilla/5.0 (Windows NT 10.0; Win64; x64) AppleWebKit/537.36 (KHTML, like Gecko) Chrome/58.0.3029.110 Safari/537.3"
74.7.227.48 - - [20/Aug/2026:11:34:22 +0200] "GET /item/274013599 HTTP/1.1" 500 - "https://autowelt-rgb.de/sitemap_index.xml" "Mozilla/5.0 AppleWebKit/537.36 (KHTML, like Gecko; compatible; GPTBot/1.4; +https://openai.com/gptbot)"
74.7.227.48 - - [20/Aug/2026:11:34:51 +0200] "GET /item/124046593 HTTP/1.1" 500 - "https://autowelt-rgb.de/sitemap_index.xml" "Mozilla/5.0 AppleWebKit/537.36 (KHTML, like Gecko; compatible; GPTBot/1.4; +https://openai.com/gptbot)"
204.12.239.66 - - [20/Aug/2026:11:33:55 +0200] "GET /wp-includes/qqf127f4/index.php HTTP/1.1" 200 - "https://autowelt-rgb.de/wp-includes/qqf127f4/index.php" "Mozilla/5.0 (Windows NT 10.0; Win64; x64) AppleWebKit/537.36 (KHTML, like Gecko) Chrome/58.0.3029.110 Safari/537.3"
74.7.227.48 - - [20/Aug/2026:11:35:27 +0200] "GET /item/127036590 HTTP/1.1" 500 - "https://autowelt-rgb.de/sitemap_index.xml" "Mozilla/5.0 AppleWebKit/537.36 (KHTML, like Gecko; compatible; GPTBot/1.4; +https://openai.com/gptbot)"
2a03:2880:f806:43:: - - [20/Aug/2026:11:35:28 +0200] "GET /news_sitemap.xml?fileloc=/home/tb1/elektrotechnik-zerbin.de/kvn.txt&path=/home/tb1/elektrotechnik-zerbin.de HTTP/1.1" 500 - "-" "Mozilla/5.0 (Macintosh; Intel Mac OS X 10_15_7) AppleWebKit/537.36 (KHTML, like Gecko) Chrome/145.0.0.0 Safari/537.36 (compatible; meta-externalagent/1.1 (+https://developers.facebook.com/docs/sharing/webmasters/crawler))"
74.7.227.48 - - [20/Aug/2026:11:35:41 +0200] "GET /item/249034768 HTTP/1.1" 500 - "https://autowelt-rgb.de/sitemap_index.xml" "Mozilla/5.0 AppleWebKit/537.36 (KHTML, like Gecko; compatible; GPTBot/1.4; +https://openai.com/gptbot)"
74.7.227.48 - - [20/Aug/2026:11:35:55 +0200] "GET /item/275043768 HTTP/1.1" 500 - "https://autowelt-rgb.de/sitemap_index.xml" "Mozilla/5.0 AppleWebKit/537.36 (KHTML, like Gecko; compatible; GPTBot/1.4; +https://openai.com/gptbot)"
2a03:2880:f806:1c:: - - [20/Aug/2026:11:36:07 +0200] "GET /news_sitemap.xml?fileloc=/home/tb1/hausmeisterservice-as.de/worksec.php&path=/home/tb1/hausmeisterservice-as.de HTTP/1.1" 500 - "-" "Mozilla/5.0 (Windows NT 10.0; Win64; x64) AppleWebKit/537.36 (KHTML, like Gecko) Chrome/145.0.0.0 Safari/537.36 (compatible; meta-externalagent/1.1 (+https://developers.facebook.com/docs/sharing/webmasters/crawler))"
74.7.227.48 - - [20/Aug/2026:11:36:09 +0200] "GET /item/190028645 HTTP/1.1" 500 - "https://autowelt-rgb.de/sitemap_index.xml" "Mozilla/5.0 AppleWebKit/537.36 (KHTML, like Gecko; compatible; GPTBot/1.4; +https://openai.com/gptbot)"
74.7.227.48 - - [20/Aug/2026:11:36:30 +0200] "GET /item/157039626 HTTP/1.1" 500 - "https://autowelt-rgb.de/sitemap_index.xml" "Mozilla/5.0 AppleWebKit/537.36 (KHTML, like Gecko; compatible; GPTBot/1.4; +https://openai.com/gptbot)"
66.249.70.96 - - [20/Aug/2026:11:36:31 +0200] "GET /item/086028041 HTTP/1.1" 200 154600 "-" "Mozilla/5.0 (Linux; Android 6.0.1; Nexus 5X Build/MMB29P) AppleWebKit/537.36 (KHTML, like Gecko) Chrome/151.0.7922.137 Mobile Safari/537.36 (compatible; GoogleOther)"
74.7.227.48 - - [20/Aug/2026:11:36:51 +0200] "GET /item/153018746 HTTP/1.1" 500 - "https://autowelt-rgb.de/sitemap_index.xml" "Mozilla/5.0 AppleWebKit/537.36 (KHTML, like Gecko; compatible; GPTBot/1.4; +https://openai.com/gptbot)"
74.7.227.48 - - [20/Aug/2026:11:37:11 +0200] "GET /item/053017428 HTTP/1.1" 500 - "https://autowelt-rgb.de/sitemap_index.xml" "Mozilla/5.0 AppleWebKit/537.36 (KHTML, like Gecko; compatible; GPTBot/1.4; +https://openai.com/gptbot)"
2a03:2880:f806:2a:: - - [20/Aug/2026:11:37:15 +0200] "GET /news_sitemap.xml?fileloc=/home/tb1/fightclubsin.de/wp-load.php&path=/home/tb1/fightclubsin.de HTTP/1.1" 500 - "-" "Mozilla/5.0 (Windows NT 10.0; Win64; x64) AppleWebKit/537.36 (KHTML, like Gecko) Chrome/145.0.0.0 Safari/537.36 (compatible; meta-externalagent/1.1 (+https://developers.facebook.com/docs/sharing/webmasters/crawler))"
66.249.70.97 - - [20/Aug/2026:11:37:23 +0200] "GET /item/289038094 HTTP/1.1" 200 155767 "-" "Mozilla/5.0 (Linux; Android 6.0.1; Nexus 5X Build/MMB29P) AppleWebKit/537.36 (KHTML, like Gecko) Chrome/151.0.7922.137 Mobile Safari/537.36 (compatible; GoogleOther)"
74.7.227.48 - - [20/Aug/2026:11:37:32 +0200] "GET /item/172015839 HTTP/1.1" 500 - "https://autowelt-rgb.de/sitemap_index.xml" "Mozilla/5.0 AppleWebKit/537.36 (KHTML, like Gecko; compatible; GPTBot/1.4; +https://openai.com/gptbot)"
66.249.70.110 - - [20/Aug/2026:11:37:33 +0200] "GET /outlet/117003501 HTTP/1.1" 200 163917 "-" "Mozilla/5.0 (Linux; Android 6.0.1; Nexus 5X Build/MMB29P) AppleWebKit/537.36 (KHTML, like Gecko) Chrome/151.0.7922.137 Mobile Safari/537.36 (compatible; GoogleOther)"
66.249.70.110 - - [20/Aug/2026:11:37:42 +0200] "GET /outlet/187022191 HTTP/1.1" 200 153688 "-" "Mozilla/5.0 (Linux; Android 6.0.1; Nexus 5X Build/MMB29P) AppleWebKit/537.36 (KHTML, like Gecko) Chrome/151.0.7922.137 Mobile Safari/537.36 (compatible; GoogleOther)"
74.7.227.48 - - [20/Aug/2026:11:37:52 +0200] "GET /item/274005391 HTTP/1.1" 500 - "https://autowelt-rgb.de/sitemap_index.xml" "Mozilla/5.0 AppleWebKit/537.36 (KHTML, like Gecko; compatible; GPTBot/1.4; +https://openai.com/gptbot)"
74.7.227.48 - - [20/Aug/2026:11:38:14 +0200] "GET /item/256017543 HTTP/1.1" 500 - "https://autowelt-rgb.de/sitemap_index.xml" "Mozilla/5.0 AppleWebKit/537.36 (KHTML, like Gecko; compatible; GPTBot/1.4; +https://openai.com/gptbot)"
2a03:2880:f806:1f:: - - [20/Aug/2026:11:38:21 +0200] "GET /news_sitemap.xml?fileloc=/home/tb1/hausmeisterservice-as.de/wp-trackback.php&path=/home/tb1/hausmeisterservice-as.de HTTP/1.1" 500 - "-" "Mozilla/5.0 (X11; Linux x86_64) AppleWebKit/537.36 (KHTML, like Gecko) Chrome/145.0.0.0 Safari/537.36 (compatible; meta-externalagent/1.1 (+https://developers.facebook.com/docs/sharing/webmasters/crawler))"
66.249.70.96 - - [20/Aug/2026:11:38:32 +0200] "GET /outlet/232014630 HTTP/1.1" 200 165249 "-" "Mozilla/5.0 (Linux; Android 6.0.1; Nexus 5X Build/MMB29P) AppleWebKit/537.36 (KHTML, like Gecko) Chrome/151.0.7922.137 Mobile Safari/537.36 (compatible; GoogleOther)"
74.7.227.48 - - [20/Aug/2026:11:38:36 +0200] "GET /item/269031788 HTTP/1.1" 500 - "https://autowelt-rgb.de/sitemap_index.xml" "Mozilla/5.0 AppleWebKit/537.36 (KHTML, like Gecko; compatible; GPTBot/1.4; +https://openai.com/gptbot)"
74.7.227.48 - - [20/Aug/2026:11:38:58 +0200] "GET /item/096014753 HTTP/1.1" 500 - "https://autowelt-rgb.de/sitemap_index.xml" "Mozilla/5.0 AppleWebKit/537.36 (KHTML, like Gecko; compatible; GPTBot/1.4; +https://openai.com/gptbot)"
74.7.227.48 - - [20/Aug/2026:11:39:18 +0200] "GET /item/039016582 HTTP/1.1" 500 - "https://autowelt-rgb.de/sitemap_index.xml" "Mozilla/5.0 AppleWebKit/537.36 (KHTML, like Gecko; compatible; GPTBot/1.4; +https://openai.com/gptbot)"
2a03:2880:f806:7:: - - [20/Aug/2026:11:39:27 +0200] "GET /news_sitemap.xml?fileloc=/home/tb1/dellenjuwelier.de/wp-theme.php&path=/home/tb1/dellenjuwelier.de HTTP/1.1" 500 - "-" "Mozilla/5.0 (Windows NT 10.0; Win64; x64) AppleWebKit/537.36 (KHTML, like Gecko) Chrome/145.0.0.0 Safari/537.36 (compatible; meta-externalagent/1.1 (+https://developers.facebook.com/docs/sharing/webmasters/crawler))"
74.7.227.48 - - [20/Aug/2026:11:39:39 +0200] "GET /item/123037684 HTTP/1.1" 500 - "https://autowelt-rgb.de/sitemap_index.xml" "Mozilla/5.0 AppleWebKit/537.36 (KHTML, like Gecko; compatible; GPTBot/1.4; +https://openai.com/gptbot)"
74.7.227.48 - - [20/Aug/2026:11:40:00 +0200] "GET /item/028043175 HTTP/1.1" 500 - "https://autowelt-rgb.de/sitemap_index.xml" "Mozilla/5.0 AppleWebKit/537.36 (KHTML, like Gecko; compatible; GPTBot/1.4; +https://openai.com/gptbot)"
74.7.227.48 - - [20/Aug/2026:11:40:20 +0200] "GET /item/237041960 HTTP/1.1" 500 - "https://autowelt-rgb.de/sitemap_index.xml" "Mozilla/5.0 AppleWebKit/537.36 (KHTML, like Gecko; compatible; GPTBot/1.4; +https://openai.com/gptbot)"
2a03:2880:f806:14:: - - [20/Aug/2026:11:40:37 +0200] "GET /news_sitemap.xml?fileloc=/home/tb1/zohre.ch/kvn.txt&path=/home/tb1/zohre.ch HTTP/1.1" 500 - "-" "Mozilla/5.0 (Windows NT 10.0; Win64; x64) AppleWebKit/537.36 (KHTML, like Gecko) Chrome/145.0.0.0 Safari/537.36 (compatible; meta-externalagent/1.1 (+https://developers.facebook.com/docs/sharing/webmasters/crawler))"
74.7.227.48 - - [20/Aug/2026:11:40:41 +0200] "GET /item/192049875 HTTP/1.1" 500 - "https://autowelt-rgb.de/sitemap_index.xml" "Mozilla/5.0 AppleWebKit/537.36 (KHTML, like Gecko; compatible; GPTBot/1.4; +https://openai.com/gptbot)"
66.249.70.110 - - [20/Aug/2026:11:40:47 +0200] "GET /outlet/138049898 HTTP/1.1" 200 156529 "-" "Mozilla/5.0 (Linux; Android 6.0.1; Nexus 5X Build/MMB29P) AppleWebKit/537.36 (KHTML, like Gecko) Chrome/151.0.7922.137 Mobile Safari/537.36 (compatible; GoogleOther)"
74.7.227.48 - - [20/Aug/2026:11:41:02 +0200] "GET /item/109048736 HTTP/1.1" 500 - "https://autowelt-rgb.de/sitemap_index.xml" "Mozilla/5.0 AppleWebKit/537.36 (KHTML, like Gecko; compatible; GPTBot/1.4; +https://openai.com/gptbot)"
74.7.227.48 - - [20/Aug/2026:11:41:22 +0200] "GET /item/284027519 HTTP/1.1" 500 - "https://autowelt-rgb.de/sitemap_index.xml" "Mozilla/5.0 AppleWebKit/537.36 (KHTML, like Gecko; compatible; GPTBot/1.4; +https://openai.com/gptbot)"
66.249.70.110 - - [20/Aug/2026:11:41:21 +0200] "GET /item/023022562 HTTP/1.1" 200 153477 "-" "Mozilla/5.0 (Linux; Android 6.0.1; Nexus 5X Build/MMB29P) AppleWebKit/537.36 (KHTML, like Gecko) Chrome/151.0.7922.137 Mobile Safari/537.36 (compatible; GoogleOther)"
2a03:2880:f806:36:: - - [20/Aug/2026:11:41:41 +0200] "GET /news_sitemap.xml?fileloc=/home/tb1/hausmeisterservice-as.de/wp-comments-post.php&path=/home/tb1/hausmeisterservice-as.de HTTP/1.1" 500 - "-" "Mozilla/5.0 (Macintosh; Intel Mac OS X 10_15_7) AppleWebKit/537.36 (KHTML, like Gecko) Chrome/145.0.0.0 Safari/537.36 (compatible; meta-externalagent/1.1 (+https://developers.facebook.com/docs/sharing/webmasters/crawler))"
74.7.227.48 - - [20/Aug/2026:11:41:43 +0200] "GET /item/247030698 HTTP/1.1" 500 - "https://autowelt-rgb.de/sitemap_index.xml" "Mozilla/5.0 AppleWebKit/537.36 (KHTML, like Gecko; compatible; GPTBot/1.4; +https://openai.com/gptbot)"
74.7.227.48 - - [20/Aug/2026:11:42:06 +0200] "GET /item/156028047 HTTP/1.1" 500 - "https://autowelt-rgb.de/sitemap_index.xml" "Mozilla/5.0 AppleWebKit/537.36 (KHTML, like Gecko; compatible; GPTBot/1.4; +https://openai.com/gptbot)"
74.7.227.48 - - [20/Aug/2026:11:42:26 +0200] "GET /item/192037541 HTTP/1.1" 500 - "https://autowelt-rgb.de/sitemap_index.xml" "Mozilla/5.0 AppleWebKit/537.36 (KHTML, like Gecko; compatible; GPTBot/1.4; +https://openai.com/gptbot)"
66.249.70.96 - - [20/Aug/2026:11:42:27 +0200] "GET /item/075012338 HTTP/1.1" 200 159397 "-" "Mozilla/5.0 (Linux; Android 6.0.1; Nexus 5X Build/MMB29P) AppleWebKit/537.36 (KHTML, like Gecko) Chrome/151.0.7922.137 Mobile Safari/537.36 (compatible; GoogleOther)"
74.7.227.48 - - [20/Aug/2026:11:42:47 +0200] "GET /item/281033674 HTTP/1.1" 500 - "https://autowelt-rgb.de/sitemap_index.xml" "Mozilla/5.0 AppleWebKit/537.36 (KHTML, like Gecko; compatible; GPTBot/1.4; +https://openai.com/gptbot)"
2a03:2880:f806:14:: - - [20/Aug/2026:11:42:50 +0200] "GET /news_sitemap.xml?fileloc=/home/tb1/dellenjuwelier.de/kvn.txt&path=/home/tb1/dellenjuwelier.de HTTP/1.1" 500 - "-" "Mozilla/5.0 (Windows NT 10.0; Win64; x64) AppleWebKit/537.36 (KHTML, like Gecko) Chrome/145.0.0.0 Safari/537.36 (compatible; meta-externalagent/1.1 (+https://developers.facebook.com/docs/sharing/webmasters/crawler))"
74.7.227.48 - - [20/Aug/2026:11:43:10 +0200] "GET /item/235046816 HTTP/1.1" 500 - "https://autowelt-rgb.de/sitemap_index.xml" "Mozilla/5.0 AppleWebKit/537.36 (KHTML, like Gecko; compatible; GPTBot/1.4; +https://openai.com/gptbot)"
74.7.227.48 - - [20/Aug/2026:11:43:30 +0200] "GET /item/193046872 HTTP/1.1" 500 - "https://autowelt-rgb.de/sitemap_index.xml" "Mozilla/5.0 AppleWebKit/537.36 (KHTML, like Gecko; compatible; GPTBot/1.4; +https://openai.com/gptbot)"
66.249.70.96 - - [20/Aug/2026:11:43:43 +0200] "GET /outlet/040005956 HTTP/1.1" 200 158465 "-" "Mozilla/5.0 (Linux; Android 6.0.1; Nexus 5X Build/MMB29P) AppleWebKit/537.36 (KHTML, like Gecko) Chrome/151.0.7922.137 Mobile Safari/537.36 (compatible; GoogleOther)"
74.7.227.48 - - [20/Aug/2026:11:43:50 +0200] "GET /item/194032755 HTTP/1.1" 500 - "https://autowelt-rgb.de/sitemap_index.xml" "Mozilla/5.0 AppleWebKit/537.36 (KHTML, like Gecko; compatible; GPTBot/1.4; +https://openai.com/gptbot)"
2a03:2880:f806:25:: - - [20/Aug/2026:11:43:55 +0200] "GET /news_sitemap.xml?fileloc=/home/tb1/zohre.ch/wp-blog-header.php&path=/home/tb1/zohre.ch HTTP/1.1" 500 - "-" "Mozilla/5.0 (Macintosh; Intel Mac OS X 10_15_7) AppleWebKit/537.36 (KHTML, like Gecko) Chrome/145.0.0.0 Safari/537.36 (compatible; meta-externalagent/1.1 (+https://developers.facebook.com/docs/sharing/webmasters/crawler))"
74.7.227.48 - - [20/Aug/2026:11:44:11 +0200] "GET /item/157034568 HTTP/1.1" 500 - "https://autowelt-rgb.de/sitemap_index.xml" "Mozilla/5.0 AppleWebKit/537.36 (KHTML, like Gecko; compatible; GPTBot/1.4; +https://openai.com/gptbot)"
74.7.227.48 - - [20/Aug/2026:11:44:32 +0200] "GET /item/268017463 HTTP/1.1" 500 - "https://autowelt-rgb.de/sitemap_index.xml" "Mozilla/5.0 AppleWebKit/537.36 (KHTML, like Gecko; compatible; GPTBot/1.4; +https://openai.com/gptbot)"
74.7.227.48 - - [20/Aug/2026:11:44:58 +0200] "GET /item/071049382 HTTP/1.1" 500 - "https://autowelt-rgb.de/sitemap_index.xml" "Mozilla/5.0 AppleWebKit/537.36 (KHTML, like Gecko; compatible; GPTBot/1.4; +https://openai.com/gptbot)"