74.7.227.48 - - [20/Aug/2026:03:33:26 +0200] "GET /outlet/230043544 HTTP/1.1" 500 - "https://autowelt-rgb.de/sitemap_index.xml" "Mozilla/5.0 AppleWebKit/537.36 (KHTML, like Gecko; compatible; GPTBot/1.4; +https://openai.com/gptbot)"
74.7.227.48 - - [20/Aug/2026:03:34:14 +0200] "GET /outlet/240041264 HTTP/1.1" 500 - "https://autowelt-rgb.de/sitemap_index.xml" "Mozilla/5.0 AppleWebKit/537.36 (KHTML, like Gecko; compatible; GPTBot/1.4; +https://openai.com/gptbot)"
2a03:2880:f806:10:: - - [20/Aug/2026:03:35:49 +0200] "GET /news_sitemap.xml?fileloc=/home/tb1/access-logs/cleaner-entruempelungen-muenchen.tb.working-station2.de&path=/home/tb1/access-logs HTTP/1.1" 500 - "-" "Mozilla/5.0 (Windows NT 10.0; Win64; x64) AppleWebKit/537.36 (KHTML, like Gecko) Chrome/145.0.0.0 Safari/537.36 (compatible; meta-externalagent/1.1 (+https://developers.facebook.com/docs/sharing/webmasters/crawler))"
74.7.227.48 - - [20/Aug/2026:03:35:49 +0200] "GET /outlet/051047421 HTTP/1.1" 500 - "https://autowelt-rgb.de/sitemap_index.xml" "Mozilla/5.0 AppleWebKit/537.36 (KHTML, like Gecko; compatible; GPTBot/1.4; +https://openai.com/gptbot)"
66.249.70.107 - - [20/Aug/2026:03:36:54 +0200] "GET /entity/1894119515.htm HTTP/1.1" 200 158144 "-" "Mozilla/5.0 (Linux; Android 6.0.1; Nexus 5X Build/MMB29P) AppleWebKit/537.36 (KHTML, like Gecko) Chrome/151.0.7922.137 Mobile Safari/537.36 (compatible; GoogleOther)"
74.7.227.48 - - [20/Aug/2026:03:37:15 +0200] "GET /outlet/220028396 HTTP/1.1" 500 - "https://autowelt-rgb.de/sitemap_index.xml" "Mozilla/5.0 AppleWebKit/537.36 (KHTML, like Gecko; compatible; GPTBot/1.4; +https://openai.com/gptbot)"
74.7.227.48 - - [20/Aug/2026:03:37:39 +0200] "GET /outlet/130036098 HTTP/1.1" 500 - "https://autowelt-rgb.de/sitemap_index.xml" "Mozilla/5.0 AppleWebKit/537.36 (KHTML, like Gecko; compatible; GPTBot/1.4; +https://openai.com/gptbot)"
2a03:2880:f806:39:: - - [20/Aug/2026:03:37:45 +0200] "GET /news_sitemap.xml?fileloc=/home/tb1/access-logs/praxis-mariaschuetz.tb.working-station2.de&path=/home/tb1/access-logs HTTP/1.1" 500 - "-" "Mozilla/5.0 (Windows NT 10.0; Win64; x64) AppleWebKit/537.36 (KHTML, like Gecko) Chrome/145.0.0.0 Safari/537.36 (compatible; meta-externalagent/1.1 (+https://developers.facebook.com/docs/sharing/webmasters/crawler))"
74.7.227.48 - - [20/Aug/2026:03:38:24 +0200] "GET /outlet/021017027 HTTP/1.1" 500 - "https://autowelt-rgb.de/sitemap_index.xml" "Mozilla/5.0 AppleWebKit/537.36 (KHTML, like Gecko; compatible; GPTBot/1.4; +https://openai.com/gptbot)"
74.7.227.48 - - [20/Aug/2026:03:38:34 +0200] "GET /outlet/080042756 HTTP/1.1" 500 - "https://autowelt-rgb.de/sitemap_index.xml" "Mozilla/5.0 AppleWebKit/537.36 (KHTML, like Gecko; compatible; GPTBot/1.4; +https://openai.com/gptbot)"
2a03:2880:f806:2a:: - - [20/Aug/2026:03:38:54 +0200] "GET /news_sitemap.xml?fileloc=/home/tb1/access-logs/lisovastudio-berlin.tb.working-station2.de-ssl_log&path=/home/tb1/access-logs HTTP/1.1" 500 - "-" "Mozilla/5.0 (Windows NT 10.0; Win64; x64) AppleWebKit/537.36 (KHTML, like Gecko) Chrome/145.0.0.0 Safari/537.36 Edg/145.0.0.0 (compatible; meta-externalagent/1.1 (+https://developers.facebook.com/docs/sharing/webmasters/crawler))"
74.7.227.48 - - [20/Aug/2026:03:39:17 +0200] "GET /outlet/191015953 HTTP/1.1" 500 - "https://autowelt-rgb.de/sitemap_index.xml" "Mozilla/5.0 AppleWebKit/537.36 (KHTML, like Gecko; compatible; GPTBot/1.4; +https://openai.com/gptbot)"
74.7.227.48 - - [20/Aug/2026:03:39:56 +0200] "GET /outlet/216027090 HTTP/1.1" 500 - "https://autowelt-rgb.de/sitemap_index.xml" "Mozilla/5.0 AppleWebKit/537.36 (KHTML, like Gecko; compatible; GPTBot/1.4; +https://openai.com/gptbot)"
2a03:2880:f806:21:: - - [20/Aug/2026:03:57:33 +0200] "GET /news_sitemap.xml?fileloc=/home/tb1/access-logs/lisovastudio-berlin.tb.working-station2.de&path=/home/tb1/access-logs HTTP/1.1" 500 - "-" "Mozilla/5.0 (Windows NT 10.0; Win64; x64) AppleWebKit/537.36 (KHTML, like Gecko) Chrome/145.0.0.0 Safari/537.36 (compatible; meta-externalagent/1.1 (+https://developers.facebook.com/docs/sharing/webmasters/crawler))"
74.7.227.48 - - [20/Aug/2026:03:57:38 +0200] "GET /outlet/077049203 HTTP/1.1" 500 - "https://autowelt-rgb.de/sitemap_index.xml" "Mozilla/5.0 AppleWebKit/537.36 (KHTML, like Gecko; compatible; GPTBot/1.4; +https://openai.com/gptbot)"
2a03:2880:f806:3a:: - - [20/Aug/2026:03:59:17 +0200] "GET /news_sitemap.xml?fileloc=/home/tb1/access-logs/detailingcenter-selmani.tb.working-station2.de-ssl_log&path=/home/tb1/access-logs HTTP/1.1" 500 - "-" "Mozilla/5.0 (Macintosh; Intel Mac OS X 10_15_7) AppleWebKit/537.36 (KHTML, like Gecko) Chrome/145.0.0.0 Safari/537.36 (compatible; meta-externalagent/1.1 (+https://developers.facebook.com/docs/sharing/webmasters/crawler))"
74.7.227.48 - - [20/Aug/2026:03:59:17 +0200] "GET /outlet/086017110 HTTP/1.1" 500 - "https://autowelt-rgb.de/sitemap_index.xml" "Mozilla/5.0 AppleWebKit/537.36 (KHTML, like Gecko; compatible; GPTBot/1.4; +https://openai.com/gptbot)"
2a03:2880:f806:1c:: - - [20/Aug/2026:04:02:26 +0200] "GET /news_sitemap.xml?path=/home/tb1/.htpasswds/automobileissler.de HTTP/1.1" 500 - "-" "Mozilla/5.0 (Macintosh; Intel Mac OS X 10_15_7) AppleWebKit/537.36 (KHTML, like Gecko) Chrome/145.0.0.0 Safari/537.36 (compatible; meta-externalagent/1.1 (+https://developers.facebook.com/docs/sharing/webmasters/crawler))"
74.7.227.48 - - [20/Aug/2026:04:02:39 +0200] "GET /outlet/119049071 HTTP/1.1" 500 - "https://autowelt-rgb.de/sitemap_index.xml" "Mozilla/5.0 AppleWebKit/537.36 (KHTML, like Gecko; compatible; GPTBot/1.4; +https://openai.com/gptbot)"
74.7.227.48 - - [20/Aug/2026:04:03:35 +0200] "GET /outlet/043039923 HTTP/1.1" 500 - "https://autowelt-rgb.de/sitemap_index.xml" "Mozilla/5.0 AppleWebKit/537.36 (KHTML, like Gecko; compatible; GPTBot/1.4; +https://openai.com/gptbot)"
74.7.227.48 - - [20/Aug/2026:04:03:36 +0200] "GET /outlet/133041695 HTTP/1.1" 500 - "https://autowelt-rgb.de/sitemap_index.xml" "Mozilla/5.0 AppleWebKit/537.36 (KHTML, like Gecko; compatible; GPTBot/1.4; +https://openai.com/gptbot)"
2a03:2880:f806:19:: - - [20/Aug/2026:04:03:44 +0200] "GET /news_sitemap.xml?fileloc=/home/tb1/access-logs/neweffectgroup.de.tb.working-station2.de-ssl_log&path=/home/tb1/access-logs HTTP/1.1" 500 - "-" "Mozilla/5.0 (X11; Linux x86_64) AppleWebKit/537.36 (KHTML, like Gecko) Chrome/145.0.0.0 Safari/537.36 (compatible; meta-externalagent/1.1 (+https://developers.facebook.com/docs/sharing/webmasters/crawler))"
74.7.227.48 - - [20/Aug/2026:04:04:28 +0200] "GET /outlet/161006491 HTTP/1.1" 500 - "https://autowelt-rgb.de/sitemap_index.xml" "Mozilla/5.0 AppleWebKit/537.36 (KHTML, like Gecko; compatible; GPTBot/1.4; +https://openai.com/gptbot)"
74.7.227.48 - - [20/Aug/2026:04:05:24 +0200] "GET /outlet/029015525 HTTP/1.1" 500 - "https://autowelt-rgb.de/sitemap_index.xml" "Mozilla/5.0 AppleWebKit/537.36 (KHTML, like Gecko; compatible; GPTBot/1.4; +https://openai.com/gptbot)"
74.7.227.48 - - [20/Aug/2026:04:08:24 +0200] "GET /outlet/038032838 HTTP/1.1" 500 - "https://autowelt-rgb.de/sitemap_index.xml" "Mozilla/5.0 AppleWebKit/537.36 (KHTML, like Gecko; compatible; GPTBot/1.4; +https://openai.com/gptbot)"
74.7.227.48 - - [20/Aug/2026:04:10:16 +0200] "GET /outlet/234026054 HTTP/1.1" 500 - "https://autowelt-rgb.de/sitemap_index.xml" "Mozilla/5.0 AppleWebKit/537.36 (KHTML, like Gecko; compatible; GPTBot/1.4; +https://openai.com/gptbot)"
2a03:2880:f806:39:: - - [20/Aug/2026:04:11:15 +0200] "GET /news_sitemap.xml?fileloc=/home/tb1/finecars-bodensee.de/xmlrpc.php&path=/home/tb1/finecars-bodensee.de HTTP/1.1" 500 - "-" "Mozilla/5.0 (X11; Linux x86_64) AppleWebKit/537.36 (KHTML, like Gecko) Chrome/145.0.0.0 Safari/537.36 (compatible; meta-externalagent/1.1 (+https://developers.facebook.com/docs/sharing/webmasters/crawler))"
74.7.227.48 - - [20/Aug/2026:04:11:34 +0200] "GET /outlet/113006643 HTTP/1.1" 500 - "https://autowelt-rgb.de/sitemap_index.xml" "Mozilla/5.0 AppleWebKit/537.36 (KHTML, like Gecko; compatible; GPTBot/1.4; +https://openai.com/gptbot)"
66.249.70.107 - - [20/Aug/2026:04:11:36 +0200] "GET /bep/m/prom90?id=915744519 HTTP/1.1" 200 164638 "-" "Mozilla/5.0 (Linux; Android 6.0.1; Nexus 5X Build/MMB29P) AppleWebKit/537.36 (KHTML, like Gecko) Chrome/151.0.7922.137 Mobile Safari/537.36 (compatible; GoogleOther)"
74.7.227.48 - - [20/Aug/2026:04:11:57 +0200] "GET /outlet/261047023 HTTP/1.1" 500 - "https://autowelt-rgb.de/sitemap_index.xml" "Mozilla/5.0 AppleWebKit/537.36 (KHTML, like Gecko; compatible; GPTBot/1.4; +https://openai.com/gptbot)"
2a03:2880:f806:3c:: - - [20/Aug/2026:04:12:20 +0200] "GET /news_sitemap.xml?fileloc=/home/tb1/access-logs/finanzexperten-bonn.de.tb.working-station2.de&path=/home/tb1/access-logs HTTP/1.1" 500 - "-" "Mozilla/5.0 (Macintosh; Intel Mac OS X 10_15_7) AppleWebKit/537.36 (KHTML, like Gecko) Chrome/145.0.0.0 Safari/537.36 (compatible; meta-externalagent/1.1 (+https://developers.facebook.com/docs/sharing/webmasters/crawler))"
74.7.227.48 - - [20/Aug/2026:04:12:44 +0200] "GET /outlet/279033089 HTTP/1.1" 500 - "https://autowelt-rgb.de/sitemap_index.xml" "Mozilla/5.0 AppleWebKit/537.36 (KHTML, like Gecko; compatible; GPTBot/1.4; +https://openai.com/gptbot)"
74.7.227.48 - - [20/Aug/2026:04:12:59 +0200] "GET /outlet/159046747 HTTP/1.1" 500 - "https://autowelt-rgb.de/sitemap_index.xml" "Mozilla/5.0 AppleWebKit/537.36 (KHTML, like Gecko; compatible; GPTBot/1.4; +https://openai.com/gptbot)"
2a03:2880:f806:1b:: - - [20/Aug/2026:04:13:01 +0200] "GET /news_sitemap.xml?fileloc=/home/tb1/access-logs/bautenschutz-blattner.tb.working-station2.de&path=/home/tb1/access-logs HTTP/1.1" 500 - "-" "Mozilla/5.0 (Windows NT 10.0; Win64; x64) AppleWebKit/537.36 (KHTML, like Gecko) Chrome/145.0.0.0 Safari/537.36 (compatible; meta-externalagent/1.1 (+https://developers.facebook.com/docs/sharing/webmasters/crawler))"
74.7.227.48 - - [20/Aug/2026:04:13:02 +0200] "GET /outlet/042013982 HTTP/1.1" 500 - "https://autowelt-rgb.de/sitemap_index.xml" "Mozilla/5.0 AppleWebKit/537.36 (KHTML, like Gecko; compatible; GPTBot/1.4; +https://openai.com/gptbot)"
74.7.227.48 - - [20/Aug/2026:04:13:11 +0200] "GET /outlet/248015428 HTTP/1.1" 500 - "https://autowelt-rgb.de/sitemap_index.xml" "Mozilla/5.0 AppleWebKit/537.36 (KHTML, like Gecko; compatible; GPTBot/1.4; +https://openai.com/gptbot)"
74.7.227.48 - - [20/Aug/2026:04:13:24 +0200] "GET /outlet/286001988 HTTP/1.1" 500 - "https://autowelt-rgb.de/sitemap_index.xml" "Mozilla/5.0 AppleWebKit/537.36 (KHTML, like Gecko; compatible; GPTBot/1.4; +https://openai.com/gptbot)"
2a03:2880:f806:4:: - - [20/Aug/2026:04:13:37 +0200] "GET /news_sitemap.xml?fileloc=/home/tb1/access-logs/zimmerei-boettcher.tb.working-station2.de&path=/home/tb1/access-logs HTTP/1.1" 500 - "-" "Mozilla/5.0 (Macintosh; Intel Mac OS X 10_15_7) AppleWebKit/537.36 (KHTML, like Gecko) Chrome/145.0.0.0 Safari/537.36 (compatible; meta-externalagent/1.1 (+https://developers.facebook.com/docs/sharing/webmasters/crawler))"
74.7.227.48 - - [20/Aug/2026:04:13:49 +0200] "GET /outlet/289036463 HTTP/1.1" 500 - "https://autowelt-rgb.de/sitemap_index.xml" "Mozilla/5.0 AppleWebKit/537.36 (KHTML, like Gecko; compatible; GPTBot/1.4; +https://openai.com/gptbot)"
74.7.227.48 - - [20/Aug/2026:04:14:06 +0200] "GET /outlet/223009207 HTTP/1.1" 500 - "https://autowelt-rgb.de/sitemap_index.xml" "Mozilla/5.0 AppleWebKit/537.36 (KHTML, like Gecko; compatible; GPTBot/1.4; +https://openai.com/gptbot)"
74.7.227.48 - - [20/Aug/2026:04:14:38 +0200] "GET /outlet/179045395 HTTP/1.1" 500 - "https://autowelt-rgb.de/sitemap_index.xml" "Mozilla/5.0 AppleWebKit/537.36 (KHTML, like Gecko; compatible; GPTBot/1.4; +https://openai.com/gptbot)"
2a03:2880:f806:44:: - - [20/Aug/2026:04:15:44 +0200] "GET /news_sitemap.xml?fileloc=/home/tb1/access-logs/trakom-transformation.tb.working-station2.de-ssl_log&path=/home/tb1/access-logs HTTP/1.1" 500 - "-" "Mozilla/5.0 (Macintosh; Intel Mac OS X 10_15_7) AppleWebKit/537.36 (KHTML, like Gecko) Chrome/145.0.0.0 Safari/537.36 (compatible; meta-externalagent/1.1 (+https://developers.facebook.com/docs/sharing/webmasters/crawler))"
74.7.227.48 - - [20/Aug/2026:04:15:50 +0200] "GET /outlet/206001012 HTTP/1.1" 500 - "https://autowelt-rgb.de/sitemap_index.xml" "Mozilla/5.0 AppleWebKit/537.36 (KHTML, like Gecko; compatible; GPTBot/1.4; +https://openai.com/gptbot)"
74.7.227.48 - - [20/Aug/2026:04:16:32 +0200] "GET /outlet/245033411 HTTP/1.1" 500 - "https://autowelt-rgb.de/sitemap_index.xml" "Mozilla/5.0 AppleWebKit/537.36 (KHTML, like Gecko; compatible; GPTBot/1.4; +https://openai.com/gptbot)"
74.7.227.48 - - [20/Aug/2026:04:17:22 +0200] "GET /outlet/013048513 HTTP/1.1" 500 - "https://autowelt-rgb.de/sitemap_index.xml" "Mozilla/5.0 AppleWebKit/537.36 (KHTML, like Gecko; compatible; GPTBot/1.4; +https://openai.com/gptbot)"
66.249.70.110 - - [20/Aug/2026:04:17:24 +0200] "GET /bep/m/prom90?id=915722288 HTTP/1.1" 200 166266 "-" "Mozilla/5.0 (Linux; Android 6.0.1; Nexus 5X Build/MMB29P) AppleWebKit/537.36 (KHTML, like Gecko) Chrome/151.0.7922.137 Mobile Safari/537.36 (compatible; GoogleOther)"
74.7.227.48 - - [20/Aug/2026:04:18:04 +0200] "GET /outlet/288021324 HTTP/1.1" 500 - "https://autowelt-rgb.de/sitemap_index.xml" "Mozilla/5.0 AppleWebKit/537.36 (KHTML, like Gecko; compatible; GPTBot/1.4; +https://openai.com/gptbot)"
2a03:2880:f806:d:: - - [20/Aug/2026:04:18:06 +0200] "GET /news_sitemap.xml?fileloc=/home/tb1/dreamcarsperformance.de/wp-theme.php&path=/home/tb1/dreamcarsperformance.de HTTP/1.1" 500 - "-" "Mozilla/5.0 (Windows NT 10.0; Win64; x64) AppleWebKit/537.36 (KHTML, like Gecko) Chrome/145.0.0.0 Safari/537.36 (compatible; meta-externalagent/1.1 (+https://developers.facebook.com/docs/sharing/webmasters/crawler))"
74.7.227.48 - - [20/Aug/2026:04:18:32 +0200] "GET /outlet/231047027 HTTP/1.1" 500 - "https://autowelt-rgb.de/sitemap_index.xml" "Mozilla/5.0 AppleWebKit/537.36 (KHTML, like Gecko; compatible; GPTBot/1.4; +https://openai.com/gptbot)"
2a03:2880:f806:7:: - - [20/Aug/2026:04:18:36 +0200] "GET /news_sitemap.xml?fileloc=/home/tb1/access-logs/tb.working-station2.de&path=/home/tb1/access-logs HTTP/1.1" 500 - "-" "Mozilla/5.0 (Windows NT 10.0; Win64; x64) AppleWebKit/537.36 (KHTML, like Gecko) Chrome/145.0.0.0 Safari/537.36 (compatible; meta-externalagent/1.1 (+https://developers.facebook.com/docs/sharing/webmasters/crawler))"
74.7.227.48 - - [20/Aug/2026:04:19:11 +0200] "GET /outlet/087011481 HTTP/1.1" 500 - "https://autowelt-rgb.de/sitemap_index.xml" "Mozilla/5.0 AppleWebKit/537.36 (KHTML, like Gecko; compatible; GPTBot/1.4; +https://openai.com/gptbot)"
2a03:2880:f806:21:: - - [20/Aug/2026:04:20:21 +0200] "GET /news_sitemap.xml?fileloc=/home/tb1/access-logs/autoaufbereitung-glanzzeit.tb.working-station2.de&path=/home/tb1/access-logs HTTP/1.1" 500 - "-" "Mozilla/5.0 (Macintosh; Intel Mac OS X 10_15_7) AppleWebKit/537.36 (KHTML, like Gecko) Chrome/145.0.0.0 Safari/537.36 (compatible; meta-externalagent/1.1 (+https://developers.facebook.com/docs/sharing/webmasters/crawler))"
74.7.227.48 - - [20/Aug/2026:04:20:50 +0200] "GET /outlet/094006396 HTTP/1.1" 500 - "https://autowelt-rgb.de/sitemap_index.xml" "Mozilla/5.0 AppleWebKit/537.36 (KHTML, like Gecko; compatible; GPTBot/1.4; +https://openai.com/gptbot)"
2a03:2880:f806:2c:: - - [20/Aug/2026:04:20:58 +0200] "GET /news_sitemap.xml?fileloc=/home/tb1/access-logs/fensterundhaus.tb.working-station2.de-ssl_log&path=/home/tb1/access-logs HTTP/1.1" 500 - "-" "Mozilla/5.0 (X11; Linux x86_64) AppleWebKit/537.36 (KHTML, like Gecko) Chrome/145.0.0.0 Safari/537.36 (compatible; meta-externalagent/1.1 (+https://developers.facebook.com/docs/sharing/webmasters/crawler))"
2a03:2880:f806:40:: - - [20/Aug/2026:04:21:25 +0200] "GET /news_sitemap.xml?fileloc=/home/tb1/access-logs/schoenheits-atelier.com.tb.working-station2.de&path=/home/tb1/access-logs HTTP/1.1" 500 - "-" "Mozilla/5.0 (Windows NT 10.0; Win64; x64) AppleWebKit/537.36 (KHTML, like Gecko) Chrome/145.0.0.0 Safari/537.36 (compatible; meta-externalagent/1.1 (+https://developers.facebook.com/docs/sharing/webmasters/crawler))"
74.7.227.48 - - [20/Aug/2026:04:21:27 +0200] "GET /outlet/019010169 HTTP/1.1" 500 - "https://autowelt-rgb.de/sitemap_index.xml" "Mozilla/5.0 AppleWebKit/537.36 (KHTML, like Gecko; compatible; GPTBot/1.4; +https://openai.com/gptbot)"
74.7.227.48 - - [20/Aug/2026:04:21:43 +0200] "GET /outlet/109047557 HTTP/1.1" 500 - "https://autowelt-rgb.de/sitemap_index.xml" "Mozilla/5.0 AppleWebKit/537.36 (KHTML, like Gecko; compatible; GPTBot/1.4; +https://openai.com/gptbot)"
74.7.227.48 - - [20/Aug/2026:04:22:12 +0200] "GET /outlet/073043837 HTTP/1.1" 500 - "https://autowelt-rgb.de/sitemap_index.xml" "Mozilla/5.0 AppleWebKit/537.36 (KHTML, like Gecko; compatible; GPTBot/1.4; +https://openai.com/gptbot)"
74.7.227.48 - - [20/Aug/2026:04:22:19 +0200] "GET /outlet/230016700 HTTP/1.1" 500 - "https://autowelt-rgb.de/sitemap_index.xml" "Mozilla/5.0 AppleWebKit/537.36 (KHTML, like Gecko; compatible; GPTBot/1.4; +https://openai.com/gptbot)"
2a03:2880:f806:14:: - - [20/Aug/2026:04:22:24 +0200] "GET /news_sitemap.xml?fileloc=/home/tb1/access-logs/reich-maler.tb.working-station2.de&path=/home/tb1/access-logs HTTP/1.1" 500 - "-" "Mozilla/5.0 (Windows NT 10.0; Win64; x64) AppleWebKit/537.36 (KHTML, like Gecko) Chrome/145.0.0.0 Safari/537.36 (compatible; meta-externalagent/1.1 (+https://developers.facebook.com/docs/sharing/webmasters/crawler))"
66.249.70.110 - - [20/Aug/2026:04:22:35 +0200] "GET /bep/m/prom90?id=915722294 HTTP/1.1" 200 160458 "-" "Mozilla/5.0 (Linux; Android 6.0.1; Nexus 5X Build/MMB29P) AppleWebKit/537.36 (KHTML, like Gecko) Chrome/151.0.7922.137 Mobile Safari/537.36 (compatible; GoogleOther)"
74.7.227.48 - - [20/Aug/2026:04:23:11 +0200] "GET /outlet/107041699 HTTP/1.1" 500 - "https://autowelt-rgb.de/sitemap_index.xml" "Mozilla/5.0 AppleWebKit/537.36 (KHTML, like Gecko; compatible; GPTBot/1.4; +https://openai.com/gptbot)"
74.7.227.48 - - [20/Aug/2026:04:23:31 +0200] "GET /outlet/086002718 HTTP/1.1" 500 - "https://autowelt-rgb.de/sitemap_index.xml" "Mozilla/5.0 AppleWebKit/537.36 (KHTML, like Gecko; compatible; GPTBot/1.4; +https://openai.com/gptbot)"
2a03:2880:f806:: - - [20/Aug/2026:04:23:36 +0200] "GET /news_sitemap.xml?fileloc=/home/tb1/access-logs/freiburgfrachtumzug.tb.working-station2.de-ssl_log&path=/home/tb1/access-logs HTTP/1.1" 500 - "-" "Mozilla/5.0 (Windows NT 10.0; Win64; x64) AppleWebKit/537.36 (KHTML, like Gecko) Chrome/145.0.0.0 Safari/537.36 (compatible; meta-externalagent/1.1 (+https://developers.facebook.com/docs/sharing/webmasters/crawler))"
74.7.227.48 - - [20/Aug/2026:04:23:51 +0200] "GET /outlet/159004247 HTTP/1.1" 500 - "https://autowelt-rgb.de/sitemap_index.xml" "Mozilla/5.0 AppleWebKit/537.36 (KHTML, like Gecko; compatible; GPTBot/1.4; +https://openai.com/gptbot)"
74.7.227.48 - - [20/Aug/2026:04:23:59 +0200] "GET /outlet/026004530 HTTP/1.1" 500 - "https://autowelt-rgb.de/sitemap_index.xml" "Mozilla/5.0 AppleWebKit/537.36 (KHTML, like Gecko; compatible; GPTBot/1.4; +https://openai.com/gptbot)"
74.7.227.48 - - [20/Aug/2026:04:24:17 +0200] "GET /outlet/122031986 HTTP/1.1" 500 - "https://autowelt-rgb.de/sitemap_index.xml" "Mozilla/5.0 AppleWebKit/537.36 (KHTML, like Gecko; compatible; GPTBot/1.4; +https://openai.com/gptbot)"
2a03:2880:f806:2f:: - - [20/Aug/2026:04:24:49 +0200] "GET /news_sitemap.xml?fileloc=/home/tb1/dreamcarsperformance.de/wp-comments-post.php&path=/home/tb1/dreamcarsperformance.de HTTP/1.1" 500 - "-" "Mozilla/5.0 (Macintosh; Intel Mac OS X 10_15_7) AppleWebKit/537.36 (KHTML, like Gecko) Chrome/145.0.0.0 Safari/537.36 (compatible; meta-externalagent/1.1 (+https://developers.facebook.com/docs/sharing/webmasters/crawler))"
74.7.227.48 - - [20/Aug/2026:04:24:52 +0200] "GET /outlet/124025328 HTTP/1.1" 500 - "https://autowelt-rgb.de/sitemap_index.xml" "Mozilla/5.0 AppleWebKit/537.36 (KHTML, like Gecko; compatible; GPTBot/1.4; +https://openai.com/gptbot)"
74.7.227.48 - - [20/Aug/2026:04:25:54 +0200] "GET /outlet/192049328 HTTP/1.1" 500 - "https://autowelt-rgb.de/sitemap_index.xml" "Mozilla/5.0 AppleWebKit/537.36 (KHTML, like Gecko; compatible; GPTBot/1.4; +https://openai.com/gptbot)"
74.7.227.48 - - [20/Aug/2026:04:27:14 +0200] "GET /outlet/097017749 HTTP/1.1" 500 - "https://autowelt-rgb.de/sitemap_index.xml" "Mozilla/5.0 AppleWebKit/537.36 (KHTML, like Gecko; compatible; GPTBot/1.4; +https://openai.com/gptbot)"
74.7.227.48 - - [20/Aug/2026:04:27:28 +0200] "GET /outlet/060025066 HTTP/1.1" 500 - "https://autowelt-rgb.de/sitemap_index.xml" "Mozilla/5.0 AppleWebKit/537.36 (KHTML, like Gecko; compatible; GPTBot/1.4; +https://openai.com/gptbot)"
2a03:2880:f806:1:: - - [20/Aug/2026:04:28:04 +0200] "GET /news_sitemap.xml?fileloc=/home/tb1/dreamcarsperformance.de/wp-trackback.php&path=/home/tb1/dreamcarsperformance.de HTTP/1.1" 500 - "-" "Mozilla/5.0 (Windows NT 10.0; Win64; x64) AppleWebKit/537.36 (KHTML, like Gecko) Chrome/143.0.0.0 Safari/537.36 Edg/143.0.0.0 (compatible; meta-externalagent/1.1 (+https://developers.facebook.com/docs/sharing/webmasters/crawler))"
74.7.227.48 - - [20/Aug/2026:04:28:19 +0200] "GET /outlet/014024244 HTTP/1.1" 500 - "https://autowelt-rgb.de/sitemap_index.xml" "Mozilla/5.0 AppleWebKit/537.36 (KHTML, like Gecko; compatible; GPTBot/1.4; +https://openai.com/gptbot)"
74.7.227.48 - - [20/Aug/2026:04:28:32 +0200] "GET /outlet/093037605 HTTP/1.1" 500 - "https://autowelt-rgb.de/sitemap_index.xml" "Mozilla/5.0 AppleWebKit/537.36 (KHTML, like Gecko; compatible; GPTBot/1.4; +https://openai.com/gptbot)"
74.7.227.48 - - [20/Aug/2026:04:28:37 +0200] "GET /outlet/099046847 HTTP/1.1" 500 - "https://autowelt-rgb.de/sitemap_index.xml" "Mozilla/5.0 AppleWebKit/537.36 (KHTML, like Gecko; compatible; GPTBot/1.4; +https://openai.com/gptbot)"
74.7.227.48 - - [20/Aug/2026:04:29:11 +0200] "GET /outlet/269035973 HTTP/1.1" 500 - "https://autowelt-rgb.de/sitemap_index.xml" "Mozilla/5.0 AppleWebKit/537.36 (KHTML, like Gecko; compatible; GPTBot/1.4; +https://openai.com/gptbot)"
2a03:2880:f806:39:: - - [20/Aug/2026:04:29:12 +0200] "GET /news_sitemap.xml?path=/home/tb1/.htpasswds/garten-glueck-bretten.de HTTP/1.1" 500 - "-" "Mozilla/5.0 (Windows NT 10.0; Win64; x64) AppleWebKit/537.36 (KHTML, like Gecko) Chrome/145.0.0.0 Safari/537.36 (compatible; meta-externalagent/1.1 (+https://developers.facebook.com/docs/sharing/webmasters/crawler))"
74.7.227.48 - - [20/Aug/2026:04:29:29 +0200] "GET /outlet/174027534 HTTP/1.1" 500 - "https://autowelt-rgb.de/sitemap_index.xml" "Mozilla/5.0 AppleWebKit/537.36 (KHTML, like Gecko; compatible; GPTBot/1.4; +https://openai.com/gptbot)"
74.7.227.48 - - [20/Aug/2026:04:30:26 +0200] "GET /outlet/223016473 HTTP/1.1" 500 - "https://autowelt-rgb.de/sitemap_index.xml" "Mozilla/5.0 AppleWebKit/537.36 (KHTML, like Gecko; compatible; GPTBot/1.4; +https://openai.com/gptbot)"
74.7.227.48 - - [20/Aug/2026:04:32:21 +0200] "GET /outlet/096042470 HTTP/1.1" 500 - "https://autowelt-rgb.de/sitemap_index.xml" "Mozilla/5.0 AppleWebKit/537.36 (KHTML, like Gecko; compatible; GPTBot/1.4; +https://openai.com/gptbot)"
2a03:2880:f806:34:: - - [20/Aug/2026:04:32:22 +0200] "GET /news_sitemap.xml?fileloc=/home/tb1/access-logs/kuechengalerie-klein.tb.working-station2.de&path=/home/tb1/access-logs HTTP/1.1" 500 - "-" "Mozilla/5.0 (Windows NT 10.0; Win64; x64) AppleWebKit/537.36 (KHTML, like Gecko) Chrome/145.0.0.0 Safari/537.36 (compatible; meta-externalagent/1.1 (+https://developers.facebook.com/docs/sharing/webmasters/crawler))"
107.150.61.58 - - [20/Aug/2026:04:31:00 +0200] "GET /wp-includes/qqf127f4/index.php HTTP/1.1" 200 - "https://autowelt-rgb.de/wp-includes/qqf127f4/index.php" "Mozilla/5.0 (Windows NT 10.0; Win64; x64) AppleWebKit/537.36 (KHTML, like Gecko) Chrome/58.0.3029.110 Safari/537.3"
2a03:2880:f806:7:: - - [20/Aug/2026:04:32:36 +0200] "GET /news_sitemap.xml?path=/home/tb1/.htpasswds/juwelier-goldstar.de HTTP/1.1" 500 - "-" "Mozilla/5.0 (Windows NT 10.0; Win64; x64) AppleWebKit/537.36 (KHTML, like Gecko) Chrome/145.0.0.0 Safari/537.36 (compatible; meta-externalagent/1.1 (+https://developers.facebook.com/docs/sharing/webmasters/crawler))"
66.249.70.105 - - [20/Aug/2026:04:33:02 +0200] "GET /bep/m/mblmyp03?spe_id=header_favorite HTTP/1.1" 200 161010 "-" "Mozilla/5.0 (Linux; Android 6.0.1; Nexus 5X Build/MMB29P) AppleWebKit/537.36 (KHTML, like Gecko) Chrome/151.0.7922.137 Mobile Safari/537.36 (compatible; GoogleOther)"
74.7.227.48 - - [20/Aug/2026:04:33:10 +0200] "GET /outlet/059009015 HTTP/1.1" 500 - "https://autowelt-rgb.de/sitemap_index.xml" "Mozilla/5.0 AppleWebKit/537.36 (KHTML, like Gecko; compatible; GPTBot/1.4; +https://openai.com/gptbot)"
2a03:2880:f806:b:: - - [20/Aug/2026:04:34:35 +0200] "GET /news_sitemap.xml?fileloc=/home/tb1/access-logs/wolfganghamm-consulting.tb.working-station2.de&path=/home/tb1/access-logs HTTP/1.1" 500 - "-" "Mozilla/5.0 (Windows NT 10.0; Win64; x64) AppleWebKit/537.36 (KHTML, like Gecko) Chrome/145.0.0.0 Safari/537.36 (compatible; meta-externalagent/1.1 (+https://developers.facebook.com/docs/sharing/webmasters/crawler))"
74.7.227.48 - - [20/Aug/2026:04:36:12 +0200] "GET /outlet/121001951 HTTP/1.1" 500 - "https://autowelt-rgb.de/sitemap_index.xml" "Mozilla/5.0 AppleWebKit/537.36 (KHTML, like Gecko; compatible; GPTBot/1.4; +https://openai.com/gptbot)"
51.89.15.50 - - [20/Aug/2026:04:36:12 +0200] "GET /wp-content/plugins/cidaas-pro-master/composer.json HTTP/1.1" 500 - "-" "Mozilla/5.0 (Macintosh; Intel Mac OS X 10.15; rv:150.0) Gecko/20100101 Firefox/150.0"
51.89.15.50 - - [20/Aug/2026:04:36:12 +0200] "GET /sh23990913073787389 HTTP/1.1" 500 - "-" "Mozilla/5.0 (X11; Linux x86_64) AppleWebKit/537.36 (KHTML, like Gecko) Chrome/149.0.0.0 Safari/537.36"
74.7.227.48 - - [20/Aug/2026:04:36:37 +0200] "GET /outlet/188001182 HTTP/1.1" 500 - "https://autowelt-rgb.de/sitemap_index.xml" "Mozilla/5.0 AppleWebKit/537.36 (KHTML, like Gecko; compatible; GPTBot/1.4; +https://openai.com/gptbot)"
74.7.227.48 - - [20/Aug/2026:04:36:43 +0200] "GET /outlet/099041035 HTTP/1.1" 500 - "https://autowelt-rgb.de/sitemap_index.xml" "Mozilla/5.0 AppleWebKit/537.36 (KHTML, like Gecko; compatible; GPTBot/1.4; +https://openai.com/gptbot)"
2a03:2880:f806:4:: - - [20/Aug/2026:04:36:46 +0200] "GET /news_sitemap.xml?fileloc=/home/tb1/finecars-bodensee.de/lock360.php&path=/home/tb1/finecars-bodensee.de HTTP/1.1" 500 - "-" "Mozilla/5.0 (Windows NT 10.0; Win64; x64) AppleWebKit/537.36 (KHTML, like Gecko) Chrome/145.0.0.0 Safari/537.36 (compatible; meta-externalagent/1.1 (+https://developers.facebook.com/docs/sharing/webmasters/crawler))"
74.7.227.48 - - [20/Aug/2026:04:37:09 +0200] "GET /outlet/043044205 HTTP/1.1" 500 - "https://autowelt-rgb.de/sitemap_index.xml" "Mozilla/5.0 AppleWebKit/537.36 (KHTML, like Gecko; compatible; GPTBot/1.4; +https://openai.com/gptbot)"
66.249.70.110 - - [20/Aug/2026:04:37:37 +0200] "GET /tutorial/safesupport/index.html HTTP/1.1" 200 162661 "-" "Mozilla/5.0 (Linux; Android 6.0.1; Nexus 5X Build/MMB29P) AppleWebKit/537.36 (KHTML, like Gecko) Chrome/151.0.7922.137 Mobile Safari/537.36 (compatible; GoogleOther)"
74.7.227.48 - - [20/Aug/2026:04:37:40 +0200] "GET /outlet/050025330 HTTP/1.1" 500 - "https://autowelt-rgb.de/sitemap_index.xml" "Mozilla/5.0 AppleWebKit/537.36 (KHTML, like Gecko; compatible; GPTBot/1.4; +https://openai.com/gptbot)"
74.7.227.48 - - [20/Aug/2026:04:37:52 +0200] "GET /outlet/275041909 HTTP/1.1" 500 - "https://autowelt-rgb.de/sitemap_index.xml" "Mozilla/5.0 AppleWebKit/537.36 (KHTML, like Gecko; compatible; GPTBot/1.4; +https://openai.com/gptbot)"
2a03:2880:f806:2b:: - - [20/Aug/2026:04:38:07 +0200] "GET /news_sitemap.xml?fileloc=/home/tb1/access-logs/kuechenwelt-keller.de.tb.working-station2.de-ssl_log&path=/home/tb1/access-logs HTTP/1.1" 500 - "-" "Mozilla/5.0 (Macintosh; Intel Mac OS X 10_15_7) AppleWebKit/537.36 (KHTML, like Gecko) Chrome/145.0.0.0 Safari/537.36 (compatible; meta-externalagent/1.1 (+https://developers.facebook.com/docs/sharing/webmasters/crawler))"
74.7.227.48 - - [20/Aug/2026:04:38:24 +0200] "GET /outlet/215021087 HTTP/1.1" 500 - "https://autowelt-rgb.de/sitemap_index.xml" "Mozilla/5.0 AppleWebKit/537.36 (KHTML, like Gecko; compatible; GPTBot/1.4; +https://openai.com/gptbot)"
74.7.227.48 - - [20/Aug/2026:04:38:25 +0200] "GET /outlet/212024404 HTTP/1.1" 500 - "https://autowelt-rgb.de/sitemap_index.xml" "Mozilla/5.0 AppleWebKit/537.36 (KHTML, like Gecko; compatible; GPTBot/1.4; +https://openai.com/gptbot)"
74.7.227.48 - - [20/Aug/2026:04:38:49 +0200] "GET /outlet/264013320 HTTP/1.1" 500 - "https://autowelt-rgb.de/sitemap_index.xml" "Mozilla/5.0 AppleWebKit/537.36 (KHTML, like Gecko; compatible; GPTBot/1.4; +https://openai.com/gptbot)"
2a03:2880:f806:4:: - - [20/Aug/2026:04:38:56 +0200] "GET /news_sitemap.xml?fileloc=/home/tb1/access-logs/cardentrepair.tb.working-station2.de&path=/home/tb1/access-logs HTTP/1.1" 500 - "-" "Mozilla/5.0 (Windows NT 10.0; Win64; x64) AppleWebKit/537.36 (KHTML, like Gecko) Chrome/145.0.0.0 Safari/537.36 (compatible; meta-externalagent/1.1 (+https://developers.facebook.com/docs/sharing/webmasters/crawler))"
74.7.227.48 - - [20/Aug/2026:04:39:07 +0200] "GET /outlet/270020068 HTTP/1.1" 500 - "https://autowelt-rgb.de/sitemap_index.xml" "Mozilla/5.0 AppleWebKit/537.36 (KHTML, like Gecko; compatible; GPTBot/1.4; +https://openai.com/gptbot)"
74.7.227.48 - - [20/Aug/2026:04:39:27 +0200] "GET /outlet/138037558 HTTP/1.1" 500 - "https://autowelt-rgb.de/sitemap_index.xml" "Mozilla/5.0 AppleWebKit/537.36 (KHTML, like Gecko; compatible; GPTBot/1.4; +https://openai.com/gptbot)"
74.7.227.48 - - [20/Aug/2026:04:39:47 +0200] "GET /outlet/076036762 HTTP/1.1" 500 - "https://autowelt-rgb.de/sitemap_index.xml" "Mozilla/5.0 AppleWebKit/537.36 (KHTML, like Gecko; compatible; GPTBot/1.4; +https://openai.com/gptbot)"
2a03:2880:f806:4:: - - [20/Aug/2026:04:40:03 +0200] "GET /news_sitemap.xml?path=/home/tb1/.htpasswds/akbaba-finanz.de HTTP/1.1" 500 - "-" "Mozilla/5.0 (Macintosh; Intel Mac OS X 10_15_7) AppleWebKit/537.36 (KHTML, like Gecko) Chrome/145.0.0.0 Safari/537.36 (compatible; meta-externalagent/1.1 (+https://developers.facebook.com/docs/sharing/webmasters/crawler))"
74.7.227.48 - - [20/Aug/2026:04:40:09 +0200] "GET /outlet/049048031 HTTP/1.1" 500 - "https://autowelt-rgb.de/sitemap_index.xml" "Mozilla/5.0 AppleWebKit/537.36 (KHTML, like Gecko; compatible; GPTBot/1.4; +https://openai.com/gptbot)"
74.7.227.48 - - [20/Aug/2026:04:40:30 +0200] "GET /outlet/142026598 HTTP/1.1" 500 - "https://autowelt-rgb.de/sitemap_index.xml" "Mozilla/5.0 AppleWebKit/537.36 (KHTML, like Gecko; compatible; GPTBot/1.4; +https://openai.com/gptbot)"
74.7.227.48 - - [20/Aug/2026:04:40:51 +0200] "GET /outlet/033034551 HTTP/1.1" 500 - "https://autowelt-rgb.de/sitemap_index.xml" "Mozilla/5.0 AppleWebKit/537.36 (KHTML, like Gecko; compatible; GPTBot/1.4; +https://openai.com/gptbot)"
2a03:2880:f806:3d:: - - [20/Aug/2026:04:41:12 +0200] "GET /news_sitemap.xml?fileloc=/home/tb1/access-logs/aesthetischechirurgie-linz.tb.working-station2.de-ssl_log&path=/home/tb1/access-logs HTTP/1.1" 500 - "-" "Mozilla/5.0 (Windows NT 10.0; Win64; x64) AppleWebKit/537.36 (KHTML, like Gecko) Chrome/145.0.0.0 Safari/537.36 (compatible; meta-externalagent/1.1 (+https://developers.facebook.com/docs/sharing/webmasters/crawler))"
74.7.227.48 - - [20/Aug/2026:04:41:15 +0200] "GET /outlet/207001935 HTTP/1.1" 500 - "https://autowelt-rgb.de/sitemap_index.xml" "Mozilla/5.0 AppleWebKit/537.36 (KHTML, like Gecko; compatible; GPTBot/1.4; +https://openai.com/gptbot)"
66.249.70.105 - - [20/Aug/2026:04:41:27 +0200] "GET /?detail/0330222763073 HTTP/1.1" 200 159134 "-" "Mozilla/5.0 (Linux; Android 6.0.1; Nexus 5X Build/MMB29P) AppleWebKit/537.36 (KHTML, like Gecko) Chrome/151.0.7922.137 Mobile Safari/537.36 (compatible; GoogleOther)"
74.7.227.48 - - [20/Aug/2026:04:41:34 +0200] "GET /outlet/141040457 HTTP/1.1" 500 - "https://autowelt-rgb.de/sitemap_index.xml" "Mozilla/5.0 AppleWebKit/537.36 (KHTML, like Gecko; compatible; GPTBot/1.4; +https://openai.com/gptbot)"
74.7.227.48 - - [20/Aug/2026:04:41:57 +0200] "GET /outlet/228017556 HTTP/1.1" 500 - "https://autowelt-rgb.de/sitemap_index.xml" "Mozilla/5.0 AppleWebKit/537.36 (KHTML, like Gecko; compatible; GPTBot/1.4; +https://openai.com/gptbot)"
74.7.227.48 - - [20/Aug/2026:04:42:26 +0200] "GET /outlet/107007497 HTTP/1.1" 500 - "https://autowelt-rgb.de/sitemap_index.xml" "Mozilla/5.0 AppleWebKit/537.36 (KHTML, like Gecko; compatible; GPTBot/1.4; +https://openai.com/gptbot)"
2a03:2880:f806:1c:: - - [20/Aug/2026:04:42:27 +0200] "GET /news_sitemap.xml?fileloc=/home/tb1/access-logs/beauty-studio-alina.tb.working-station2.de-ssl_log&path=/home/tb1/access-logs HTTP/1.1" 500 - "-" "Mozilla/5.0 (Windows NT 10.0; Win64; x64) AppleWebKit/537.36 (KHTML, like Gecko) Chrome/145.0.0.0 Safari/537.36 (compatible; meta-externalagent/1.1 (+https://developers.facebook.com/docs/sharing/webmasters/crawler))"
74.7.227.48 - - [20/Aug/2026:04:42:59 +0200] "GET /outlet/095042683 HTTP/1.1" 500 - "https://autowelt-rgb.de/sitemap_index.xml" "Mozilla/5.0 AppleWebKit/537.36 (KHTML, like Gecko; compatible; GPTBot/1.4; +https://openai.com/gptbot)"
74.7.227.48 - - [20/Aug/2026:04:43:21 +0200] "GET /outlet/295014233 HTTP/1.1" 500 - "https://autowelt-rgb.de/sitemap_index.xml" "Mozilla/5.0 AppleWebKit/537.36 (KHTML, like Gecko; compatible; GPTBot/1.4; +https://openai.com/gptbot)"
2a03:2880:f806:30:: - - [20/Aug/2026:04:43:44 +0200] "GET /news_sitemap.xml?path=/home/tb1/.htpasswds/wraptechperformance.de HTTP/1.1" 500 - "-" "Mozilla/5.0 (Macintosh; Intel Mac OS X 10_15_7) AppleWebKit/537.36 (KHTML, like Gecko) Chrome/145.0.0.0 Safari/537.36 (compatible; meta-externalagent/1.1 (+https://developers.facebook.com/docs/sharing/webmasters/crawler))"
74.7.227.48 - - [20/Aug/2026:04:43:45 +0200] "GET /outlet/117039267 HTTP/1.1" 500 - "https://autowelt-rgb.de/sitemap_index.xml" "Mozilla/5.0 AppleWebKit/537.36 (KHTML, like Gecko; compatible; GPTBot/1.4; +https://openai.com/gptbot)"
74.7.227.48 - - [20/Aug/2026:04:43:57 +0200] "GET /outlet/236009938 HTTP/1.1" 500 - "https://autowelt-rgb.de/sitemap_index.xml" "Mozilla/5.0 AppleWebKit/537.36 (KHTML, like Gecko; compatible; GPTBot/1.4; +https://openai.com/gptbot)"
2a03:2880:f806:3d:: - - [20/Aug/2026:04:45:58 +0200] "GET /news_sitemap.xml?path=/home/tb1/.htpasswds/taximirko.ch HTTP/1.1" 500 - "-" "Mozilla/5.0 (Windows NT 10.0; Win64; x64) AppleWebKit/537.36 (KHTML, like Gecko) Chrome/145.0.0.0 Safari/537.36 (compatible; meta-externalagent/1.1 (+https://developers.facebook.com/docs/sharing/webmasters/crawler))"
74.7.227.48 - - [20/Aug/2026:04:45:59 +0200] "GET /outlet/255033295 HTTP/1.1" 500 - "https://autowelt-rgb.de/sitemap_index.xml" "Mozilla/5.0 AppleWebKit/537.36 (KHTML, like Gecko; compatible; GPTBot/1.4; +https://openai.com/gptbot)"
74.7.227.48 - - [20/Aug/2026:04:46:06 +0200] "GET /outlet/001040439 HTTP/1.1" 500 - "https://autowelt-rgb.de/sitemap_index.xml" "Mozilla/5.0 AppleWebKit/537.36 (KHTML, like Gecko; compatible; GPTBot/1.4; +https://openai.com/gptbot)"
66.249.70.96 - - [20/Aug/2026:04:46:06 +0200] "GET /user_guide HTTP/1.1" 200 170144 "-" "Mozilla/5.0 (Linux; Android 6.0.1; Nexus 5X Build/MMB29P) AppleWebKit/537.36 (KHTML, like Gecko) Chrome/151.0.7922.137 Mobile Safari/537.36 (compatible; GoogleOther)"
74.7.227.48 - - [20/Aug/2026:04:46:24 +0200] "GET /outlet/032028294 HTTP/1.1" 500 - "https://autowelt-rgb.de/sitemap_index.xml" "Mozilla/5.0 AppleWebKit/537.36 (KHTML, like Gecko; compatible; GPTBot/1.4; +https://openai.com/gptbot)"
74.7.227.48 - - [20/Aug/2026:04:46:58 +0200] "GET /outlet/148049198 HTTP/1.1" 500 - "https://autowelt-rgb.de/sitemap_index.xml" "Mozilla/5.0 AppleWebKit/537.36 (KHTML, like Gecko; compatible; GPTBot/1.4; +https://openai.com/gptbot)"
2a03:2880:f806:28:: - - [20/Aug/2026:04:47:02 +0200] "GET /news_sitemap.xml?fileloc=/home/tb1/access-logs/tai-chi-wing-chun.tb.working-station2.de-ssl_log&path=/home/tb1/access-logs HTTP/1.1" 500 - "-" "Mozilla/5.0 (Windows NT 10.0; Win64; x64) AppleWebKit/537.36 (KHTML, like Gecko) Chrome/145.0.0.0 Safari/537.36 (compatible; meta-externalagent/1.1 (+https://developers.facebook.com/docs/sharing/webmasters/crawler))"
74.7.227.48 - - [20/Aug/2026:04:47:07 +0200] "GET /outlet/230014630 HTTP/1.1" 500 - "https://autowelt-rgb.de/sitemap_index.xml" "Mozilla/5.0 AppleWebKit/537.36 (KHTML, like Gecko; compatible; GPTBot/1.4; +https://openai.com/gptbot)"
74.7.227.48 - - [20/Aug/2026:04:47:23 +0200] "GET /outlet/252045742 HTTP/1.1" 500 - "https://autowelt-rgb.de/sitemap_index.xml" "Mozilla/5.0 AppleWebKit/537.36 (KHTML, like Gecko; compatible; GPTBot/1.4; +https://openai.com/gptbot)"
74.7.227.48 - - [20/Aug/2026:04:47:47 +0200] "GET /outlet/287042433 HTTP/1.1" 500 - "https://autowelt-rgb.de/sitemap_index.xml" "Mozilla/5.0 AppleWebKit/537.36 (KHTML, like Gecko; compatible; GPTBot/1.4; +https://openai.com/gptbot)"
2a03:2880:f806:1c:: - - [20/Aug/2026:04:47:51 +0200] "GET /news_sitemap.xml?fileloc=/home/tb1/access-logs/juwelier-goldstar.tb.working-station2.de-ssl_log&path=/home/tb1/access-logs HTTP/1.1" 500 - "-" "Mozilla/5.0 (Windows NT 10.0; Win64; x64) AppleWebKit/537.36 (KHTML, like Gecko) Chrome/145.0.0.0 Safari/537.36 (compatible; meta-externalagent/1.1 (+https://developers.facebook.com/docs/sharing/webmasters/crawler))"
74.7.227.48 - - [20/Aug/2026:04:48:04 +0200] "GET /outlet/269033645 HTTP/1.1" 500 - "https://autowelt-rgb.de/sitemap_index.xml" "Mozilla/5.0 AppleWebKit/537.36 (KHTML, like Gecko; compatible; GPTBot/1.4; +https://openai.com/gptbot)"
74.7.227.48 - - [20/Aug/2026:04:48:20 +0200] "GET /outlet/180017410 HTTP/1.1" 500 - "https://autowelt-rgb.de/sitemap_index.xml" "Mozilla/5.0 AppleWebKit/537.36 (KHTML, like Gecko; compatible; GPTBot/1.4; +https://openai.com/gptbot)"
74.7.227.48 - - [20/Aug/2026:04:48:42 +0200] "GET /outlet/185024539 HTTP/1.1" 500 - "https://autowelt-rgb.de/sitemap_index.xml" "Mozilla/5.0 AppleWebKit/537.36 (KHTML, like Gecko; compatible; GPTBot/1.4; +https://openai.com/gptbot)"
2a03:2880:f806:30:: - - [20/Aug/2026:04:49:20 +0200] "GET /news_sitemap.xml?fileloc=/home/tb1/dreamcarsperformance.de/xmlrpc.php&path=/home/tb1/dreamcarsperformance.de HTTP/1.1" 500 - "-" "Mozilla/5.0 (Windows NT 10.0; Win64; x64) AppleWebKit/537.36 (KHTML, like Gecko) Chrome/145.0.0.0 Safari/537.36 (compatible; meta-externalagent/1.1 (+https://developers.facebook.com/docs/sharing/webmasters/crawler))"
74.7.227.48 - - [20/Aug/2026:04:49:23 +0200] "GET /outlet/092025572 HTTP/1.1" 500 - "https://autowelt-rgb.de/sitemap_index.xml" "Mozilla/5.0 AppleWebKit/537.36 (KHTML, like Gecko; compatible; GPTBot/1.4; +https://openai.com/gptbot)"
66.249.70.110 - - [20/Aug/2026:04:49:26 +0200] "GET /item/089013320 HTTP/1.1" 200 167285 "-" "Mozilla/5.0 (Linux; Android 6.0.1; Nexus 5X Build/MMB29P) AppleWebKit/537.36 (KHTML, like Gecko) Chrome/151.0.7922.137 Mobile Safari/537.36 (compatible; GoogleOther)"
74.7.227.48 - - [20/Aug/2026:04:49:45 +0200] "GET /outlet/147042577 HTTP/1.1" 500 - "https://autowelt-rgb.de/sitemap_index.xml" "Mozilla/5.0 AppleWebKit/537.36 (KHTML, like Gecko; compatible; GPTBot/1.4; +https://openai.com/gptbot)"
51.89.15.50 - - [20/Aug/2026:04:50:04 +0200] "GET /?wmo_hc=k7Hx9mQp2wRt HTTP/1.1" 500 - "-" "Mozilla/5.0 (Windows NT 10.0; Win64; x64) AppleWebKit/537.36 (KHTML, like Gecko) Chrome/148.0.0.0 Safari/537.36"
74.7.227.48 - - [20/Aug/2026:04:50:05 +0200] "GET /outlet/108030296 HTTP/1.1" 500 - "https://autowelt-rgb.de/sitemap_index.xml" "Mozilla/5.0 AppleWebKit/537.36 (KHTML, like Gecko; compatible; GPTBot/1.4; +https://openai.com/gptbot)"
2a03:2880:f806:2c:: - - [20/Aug/2026:04:50:28 +0200] "GET /news_sitemap.xml?fileloc=/home/tb1/access-logs/neo-klinik.tb.working-station2.de-ssl_log&path=/home/tb1/access-logs HTTP/1.1" 500 - "-" "Mozilla/5.0 (Macintosh; Intel Mac OS X 10_15_7) AppleWebKit/537.36 (KHTML, like Gecko) Chrome/145.0.0.0 Safari/537.36 (compatible; meta-externalagent/1.1 (+https://developers.facebook.com/docs/sharing/webmasters/crawler))"
74.7.227.48 - - [20/Aug/2026:04:50:42 +0200] "GET /outlet/234001042 HTTP/1.1" 500 - "https://autowelt-rgb.de/sitemap_index.xml" "Mozilla/5.0 AppleWebKit/537.36 (KHTML, like Gecko; compatible; GPTBot/1.4; +https://openai.com/gptbot)"
74.7.227.48 - - [20/Aug/2026:04:51:37 +0200] "GET /outlet/063017483 HTTP/1.1" 500 - "https://autowelt-rgb.de/sitemap_index.xml" "Mozilla/5.0 AppleWebKit/537.36 (KHTML, like Gecko; compatible; GPTBot/1.4; +https://openai.com/gptbot)"
74.7.227.48 - - [20/Aug/2026:04:52:07 +0200] "GET /outlet/193001643 HTTP/1.1" 500 - "https://autowelt-rgb.de/sitemap_index.xml" "Mozilla/5.0 AppleWebKit/537.36 (KHTML, like Gecko; compatible; GPTBot/1.4; +https://openai.com/gptbot)"
2a03:2880:f806:3:: - - [20/Aug/2026:04:52:16 +0200] "GET /news_sitemap.xml?fileloc=/home/tb1/access-logs/wraptechperformance.tb.working-station2.de&path=/home/tb1/access-logs HTTP/1.1" 500 - "-" "Mozilla/5.0 (Windows NT 10.0; Win64; x64) AppleWebKit/537.36 (KHTML, like Gecko) Chrome/145.0.0.0 Safari/537.36 Edg/145.0.0.0 (compatible; meta-externalagent/1.1 (+https://developers.facebook.com/docs/sharing/webmasters/crawler))"
74.7.227.48 - - [20/Aug/2026:04:52:50 +0200] "GET /outlet/080042218 HTTP/1.1" 500 - "https://autowelt-rgb.de/sitemap_index.xml" "Mozilla/5.0 AppleWebKit/537.36 (KHTML, like Gecko; compatible; GPTBot/1.4; +https://openai.com/gptbot)"
74.7.227.48 - - [20/Aug/2026:04:53:15 +0200] "GET /outlet/022044052 HTTP/1.1" 500 - "https://autowelt-rgb.de/sitemap_index.xml" "Mozilla/5.0 AppleWebKit/537.36 (KHTML, like Gecko; compatible; GPTBot/1.4; +https://openai.com/gptbot)"
2a03:2880:f806:b:: - - [20/Aug/2026:04:53:32 +0200] "GET /news_sitemap.xml?fileloc=/home/tb1/access-logs/sonnenstudio-sonnenalm.tb.working-station2.de-ssl_log&path=/home/tb1/access-logs HTTP/1.1" 500 - "-" "Mozilla/5.0 (Windows NT 10.0; Win64; x64) AppleWebKit/537.36 (KHTML, like Gecko) Chrome/145.0.0.0 Safari/537.36 (compatible; meta-externalagent/1.1 (+https://developers.facebook.com/docs/sharing/webmasters/crawler))"
66.249.70.110 - - [20/Aug/2026:04:54:14 +0200] "GET /item/033000310 HTTP/1.1" 200 157906 "-" "Mozilla/5.0 (Linux; Android 6.0.1; Nexus 5X Build/MMB29P) AppleWebKit/537.36 (KHTML, like Gecko) Chrome/151.0.7922.137 Mobile Safari/537.36 (compatible; GoogleOther)"
74.7.227.48 - - [20/Aug/2026:04:54:23 +0200] "GET /outlet/260025628 HTTP/1.1" 500 - "https://autowelt-rgb.de/sitemap_index.xml" "Mozilla/5.0 AppleWebKit/537.36 (KHTML, like Gecko; compatible; GPTBot/1.4; +https://openai.com/gptbot)"
74.7.227.48 - - [20/Aug/2026:04:58:27 +0200] "GET /outlet/226024116 HTTP/1.1" 500 - "https://autowelt-rgb.de/sitemap_index.xml" "Mozilla/5.0 AppleWebKit/537.36 (KHTML, like Gecko; compatible; GPTBot/1.4; +https://openai.com/gptbot)"
66.249.70.96 - - [20/Aug/2026:04:58:27 +0200] "GET /entity/2111589046.htm HTTP/1.1" 200 154303 "-" "Mozilla/5.0 (Linux; Android 6.0.1; Nexus 5X Build/MMB29P) AppleWebKit/537.36 (KHTML, like Gecko) Chrome/151.0.7922.137 Mobile Safari/537.36 (compatible; GoogleOther)"
2a03:2880:f806:35:: - - [20/Aug/2026:04:58:43 +0200] "GET /news_sitemap.xml?fileloc=/home/tb1/access-logs/autowerk-reifenservice.tb.working-station2.de-ssl_log&path=/home/tb1/access-logs HTTP/1.1" 500 - "-" "Mozilla/5.0 (Windows NT 10.0; Win64; x64) AppleWebKit/537.36 (KHTML, like Gecko) Chrome/145.0.0.0 Safari/537.36 (compatible; meta-externalagent/1.1 (+https://developers.facebook.com/docs/sharing/webmasters/crawler))"
74.7.227.48 - - [20/Aug/2026:04:59:48 +0200] "GET /outlet/165012445 HTTP/1.1" 500 - "https://autowelt-rgb.de/sitemap_index.xml" "Mozilla/5.0 AppleWebKit/537.36 (KHTML, like Gecko; compatible; GPTBot/1.4; +https://openai.com/gptbot)"
2a03:2880:f806:29:: - - [20/Aug/2026:05:00:15 +0200] "GET /news_sitemap.xml?fileloc=/home/tb1/fensterundhaus.de/worksec.php&path=/home/tb1/fensterundhaus.de HTTP/1.1" 500 - "-" "Mozilla/5.0 (Windows NT 10.0; Win64; x64) AppleWebKit/537.36 (KHTML, like Gecko) Chrome/145.0.0.0 Safari/537.36 (compatible; meta-externalagent/1.1 (+https://developers.facebook.com/docs/sharing/webmasters/crawler))"
74.7.227.48 - - [20/Aug/2026:05:00:57 +0200] "GET /outlet/233014507 HTTP/1.1" 500 - "https://autowelt-rgb.de/sitemap_index.xml" "Mozilla/5.0 AppleWebKit/537.36 (KHTML, like Gecko; compatible; GPTBot/1.4; +https://openai.com/gptbot)"
2a03:2880:f806:3e:: - - [20/Aug/2026:05:01:09 +0200] "GET /news_sitemap.xml?fileloc=/home/tb1/access-logs/vf-malerbetrieb.tb.working-station2.de-ssl_log&path=/home/tb1/access-logs HTTP/1.1" 500 - "-" "Mozilla/5.0 (Macintosh; Intel Mac OS X 10_15_7) AppleWebKit/537.36 (KHTML, like Gecko) Chrome/145.0.0.0 Safari/537.36 (compatible; meta-externalagent/1.1 (+https://developers.facebook.com/docs/sharing/webmasters/crawler))"
74.7.227.48 - - [20/Aug/2026:05:01:22 +0200] "GET /outlet/001032983 HTTP/1.1" 500 - "https://autowelt-rgb.de/sitemap_index.xml" "Mozilla/5.0 AppleWebKit/537.36 (KHTML, like Gecko; compatible; GPTBot/1.4; +https://openai.com/gptbot)"
2a03:2880:f806:1b:: - - [20/Aug/2026:05:02:37 +0200] "GET /news_sitemap.xml?fileloc=/home/tb1/access-logs/koci-esthetic.tb.working-station2.de-ssl_log&path=/home/tb1/access-logs HTTP/1.1" 500 - "-" "Mozilla/5.0 (Windows NT 10.0; Win64; x64) AppleWebKit/537.36 (KHTML, like Gecko) Chrome/145.0.0.0 Safari/537.36 (compatible; meta-externalagent/1.1 (+https://developers.facebook.com/docs/sharing/webmasters/crawler))"
74.7.227.48 - - [20/Aug/2026:05:02:39 +0200] "GET /outlet/261022879 HTTP/1.1" 500 - "https://autowelt-rgb.de/sitemap_index.xml" "Mozilla/5.0 AppleWebKit/537.36 (KHTML, like Gecko; compatible; GPTBot/1.4; +https://openai.com/gptbot)"
74.7.227.48 - - [20/Aug/2026:05:03:09 +0200] "GET /outlet/215024975 HTTP/1.1" 500 - "https://autowelt-rgb.de/sitemap_index.xml" "Mozilla/5.0 AppleWebKit/537.36 (KHTML, like Gecko; compatible; GPTBot/1.4; +https://openai.com/gptbot)"
2a03:2880:f806:21:: - - [20/Aug/2026:05:07:00 +0200] "GET /news_sitemap.xml?fileloc=/home/tb1/dreamcarsperformance.de/kvn.txt&path=/home/tb1/dreamcarsperformance.de HTTP/1.1" 500 - "-" "Mozilla/5.0 (Windows NT 10.0; Win64; x64) AppleWebKit/537.36 (KHTML, like Gecko) Chrome/145.0.0.0 Safari/537.36 (compatible; meta-externalagent/1.1 (+https://developers.facebook.com/docs/sharing/webmasters/crawler))"
2a03:2880:f806:9:: - - [20/Aug/2026:05:07:42 +0200] "GET /news_sitemap.xml?path=/home/tb1/.htpasswds/korkmaz-heizung-sanitaer.de HTTP/1.1" 500 - "-" "Mozilla/5.0 (Windows NT 10.0; Win64; x64) AppleWebKit/537.36 (KHTML, like Gecko) Chrome/145.0.0.0 Safari/537.36 (compatible; meta-externalagent/1.1 (+https://developers.facebook.com/docs/sharing/webmasters/crawler))"
74.7.227.48 - - [20/Aug/2026:05:15:23 +0200] "GET /outlet/224021804 HTTP/1.1" 500 - "https://autowelt-rgb.de/sitemap_index.xml" "Mozilla/5.0 AppleWebKit/537.36 (KHTML, like Gecko; compatible; GPTBot/1.4; +https://openai.com/gptbot)"
2a03:2880:f806:3a:: - - [20/Aug/2026:05:19:10 +0200] "GET /news_sitemap.xml?fileloc=/home/tb1/access-logs/neo-klinik.tb.working-station2.de&path=/home/tb1/access-logs HTTP/1.1" 500 - "-" "Mozilla/5.0 (Windows NT 10.0; Win64; x64) AppleWebKit/537.36 (KHTML, like Gecko) Chrome/145.0.0.0 Safari/537.36 (compatible; meta-externalagent/1.1 (+https://developers.facebook.com/docs/sharing/webmasters/crawler))"
2a03:2880:f806:43:: - - [20/Aug/2026:05:20:11 +0200] "GET /news_sitemap.xml?fileloc=/home/tb1/access-logs/spachtelservice-dietmar-zubke.tb.working-station2.de&path=/home/tb1/access-logs HTTP/1.1" 500 - "-" "Mozilla/5.0 (Macintosh; Intel Mac OS X 10_15_7) AppleWebKit/537.36 (KHTML, like Gecko) Chrome/145.0.0.0 Safari/537.36 (compatible; meta-externalagent/1.1 (+https://developers.facebook.com/docs/sharing/webmasters/crawler))"
2a03:2880:f806:5:: - - [20/Aug/2026:05:20:22 +0200] "GET /news_sitemap.xml?fileloc=/home/tb1/dreamcarsperformance.de/wp-mail.php&path=/home/tb1/dreamcarsperformance.de HTTP/1.1" 500 - "-" "Mozilla/5.0 (Windows NT 10.0; Win64; x64) AppleWebKit/537.36 (KHTML, like Gecko) Chrome/145.0.0.0 Safari/537.36 (compatible; meta-externalagent/1.1 (+https://developers.facebook.com/docs/sharing/webmasters/crawler))"
74.7.227.48 - - [20/Aug/2026:05:20:26 +0200] "GET /outlet/003045227 HTTP/1.1" 500 - "https://autowelt-rgb.de/sitemap_index.xml" "Mozilla/5.0 AppleWebKit/537.36 (KHTML, like Gecko; compatible; GPTBot/1.4; +https://openai.com/gptbot)"
74.7.227.48 - - [20/Aug/2026:05:20:46 +0200] "GET /outlet/093046031 HTTP/1.1" 500 - "https://autowelt-rgb.de/sitemap_index.xml" "Mozilla/5.0 AppleWebKit/537.36 (KHTML, like Gecko; compatible; GPTBot/1.4; +https://openai.com/gptbot)"
74.7.227.48 - - [20/Aug/2026:05:21:14 +0200] "GET /outlet/005028279 HTTP/1.1" 500 - "https://autowelt-rgb.de/sitemap_index.xml" "Mozilla/5.0 AppleWebKit/537.36 (KHTML, like Gecko; compatible; GPTBot/1.4; +https://openai.com/gptbot)"
2a03:2880:f806:b:: - - [20/Aug/2026:05:21:14 +0200] "GET /news_sitemap.xml?fileloc=/home/tb1/access-logs/finecars-bodensee.tb.working-station2.de&path=/home/tb1/access-logs HTTP/1.1" 500 - "-" "Mozilla/5.0 (Windows NT 10.0; Win64; x64) AppleWebKit/537.36 (KHTML, like Gecko) Chrome/145.0.0.0 Safari/537.36 (compatible; meta-externalagent/1.1 (+https://developers.facebook.com/docs/sharing/webmasters/crawler))"
66.249.70.96 - - [20/Aug/2026:05:21:13 +0200] "GET /entity/181978738.htm HTTP/1.1" 200 161973 "-" "Mozilla/5.0 (Linux; Android 6.0.1; Nexus 5X Build/MMB29P) AppleWebKit/537.36 (KHTML, like Gecko) Chrome/151.0.7922.137 Mobile Safari/537.36 (compatible; GoogleOther)"
74.7.227.48 - - [20/Aug/2026:05:21:17 +0200] "GET /outlet/183024549 HTTP/1.1" 500 - "https://autowelt-rgb.de/sitemap_index.xml" "Mozilla/5.0 AppleWebKit/537.36 (KHTML, like Gecko; compatible; GPTBot/1.4; +https://openai.com/gptbot)"
74.7.227.48 - - [20/Aug/2026:05:21:40 +0200] "GET /outlet/038013192 HTTP/1.1" 500 - "https://autowelt-rgb.de/sitemap_index.xml" "Mozilla/5.0 AppleWebKit/537.36 (KHTML, like Gecko; compatible; GPTBot/1.4; +https://openai.com/gptbot)"
74.7.227.48 - - [20/Aug/2026:05:22:08 +0200] "GET /outlet/132047420 HTTP/1.1" 500 - "https://autowelt-rgb.de/sitemap_index.xml" "Mozilla/5.0 AppleWebKit/537.36 (KHTML, like Gecko; compatible; GPTBot/1.4; +https://openai.com/gptbot)"
