188.164.197.230 - - [20/Aug/2026:09:44:05 +0200] "GET /wp-json/ldlms/v2/users?per_page=100&_fields=user_login HTTP/1.1" 500 - "-" "Mozilla/5.0 (Windows NT 10.0; Win64; x64) AppleWebKit/537.36 (KHTML, like Gecko) Chrome/133.0.0.0 Safari/537.36, Mozilla/5.0 (Macintosh; Intel Mac OS X 10_15_7) AppleWebKit/537.36 (KHTML, like Gecko) Chrome/133.0.0.0 Safari/537.36"
188.164.197.230 - - [20/Aug/2026:09:44:07 +0200] "GET /wp-json/ldlms/v1/users?per_page=100&_fields=user_login HTTP/1.1" 500 - "-" "Mozilla/5.0 (Windows NT 10.0; Win64; x64) AppleWebKit/537.36 (KHTML, like Gecko) Chrome/133.0.0.0 Safari/537.36, Mozilla/5.0 (Macintosh; Intel Mac OS X 10_15_7) AppleWebKit/537.36 (KHTML, like Gecko) Chrome/133.0.0.0 Safari/537.36"
66.249.70.96 - - [20/Aug/2026:09:44:11 +0200] "GET /outlet/207016533 HTTP/1.1" 200 179598 "-" "Mozilla/5.0 (Linux; Android 6.0.1; Nexus 5X Build/MMB29P) AppleWebKit/537.36 (KHTML, like Gecko) Chrome/151.0.7922.137 Mobile Safari/537.36 (compatible; GoogleOther)"
66.249.70.96 - - [20/Aug/2026:09:44:14 +0200] "GET /?detail/111004913768 HTTP/1.1" 200 171335 "-" "Mozilla/5.0 (Linux; Android 6.0.1; Nexus 5X Build/MMB29P) AppleWebKit/537.36 (KHTML, like Gecko) Chrome/151.0.7922.137 Mobile Safari/537.36 (compatible; Googlebot/2.1; +http://www.google.com/bot.html)"
43.230.201.87 - - [20/Aug/2026:09:44:17 +0200] "GET /feed/json/ HTTP/1.1" 500 - "-" "Mozilla/5.0 (Windows NT 10.0; Win64; x64) AppleWebKit/537.36 (KHTML, like Gecko) Chrome/133.0.0.0 Safari/537.36, Mozilla/5.0 (Windows NT 10.0; Win64; x64) AppleWebKit/537.36 (KHTML, like Gecko) Chrome/133.0.0.0 Safari/537.36"
66.249.70.96 - - [20/Aug/2026:09:44:20 +0200] "GET /item/108006023 HTTP/1.1" 200 155508 "-" "Mozilla/5.0 (Linux; Android 6.0.1; Nexus 5X Build/MMB29P) AppleWebKit/537.36 (KHTML, like Gecko) Chrome/151.0.7922.137 Mobile Safari/537.36 (compatible; GoogleOther)"
165.173.18.124 - - [20/Aug/2026:09:44:24 +0200] "GET /wp-json/wp/v2/users?per_page=100&_fields=slug HTTP/1.1" 500 - "https://mail.autowelt-rgb.de/" "Mozilla/5.0 (Windows NT 10.0; Win64; x64) AppleWebKit/537.36 (KHTML, like Gecko) Chrome/133.0.0.0 Safari/537.36, Mozilla/5.0 (Macintosh; Intel Mac OS X 10_15_7) AppleWebKit/537.36 (KHTML, like Gecko) Chrome/133.0.0.0 Safari/537.36"
74.7.227.48 - - [20/Aug/2026:09:44:24 +0200] "GET /outlet/177043391 HTTP/1.1" 500 - "https://autowelt-rgb.de/sitemap_index.xml" "Mozilla/5.0 AppleWebKit/537.36 (KHTML, like Gecko; compatible; GPTBot/1.4; +https://openai.com/gptbot)"
8.29.155.129 - - [20/Aug/2026:09:44:24 +0200] "GET /wp-json/wp/v2/users/me HTTP/1.1" 500 - "-" "Mozilla/5.0 (Windows NT 10.0; Win64; x64) AppleWebKit/537.36 (KHTML, like Gecko) Chrome/133.0.0.0 Safari/537.36, Mozilla/5.0 (Macintosh; Intel Mac OS X 10_15_7) AppleWebKit/537.36 (KHTML, like Gecko) Chrome/133.0.0.0 Safari/537.36"
195.250.23.54 - - [20/Aug/2026:09:44:26 +0200] "POST /xmlrpc.php HTTP/1.1" 500 - "-" "Mozilla/5.0 (Windows NT 10.0; Win64; x64) AppleWebKit/537.36 (KHTML, like Gecko) Chrome/133.0.0.0 Safari/537.36, Mozilla/5.0 (Windows NT 10.0; Win64; x64) AppleWebKit/537.36 (KHTML, like Gecko) Chrome/133.0.0.0 Safari/537.36"
169.255.70.61 - - [20/Aug/2026:09:44:27 +0200] "GET /?author=1 HTTP/1.1" 500 - "-" "Mozilla/5.0 (Windows NT 10.0; Win64; x64) AppleWebKit/537.36 (KHTML, like Gecko) Chrome/133.0.0.0 Safari/537.36, Mozilla/5.0 (Macintosh; Intel Mac OS X 10_15_7) AppleWebKit/537.36 (KHTML, like Gecko) Chrome/133.0.0.0 Safari/537.36"
66.249.70.110 - - [20/Aug/2026:09:44:29 +0200] "GET /entity/1894119515.htm HTTP/1.1" 200 157926 "-" "Mozilla/5.0 (Linux; Android 6.0.1; Nexus 5X Build/MMB29P) AppleWebKit/537.36 (KHTML, like Gecko) Chrome/151.0.7922.137 Mobile Safari/537.36 (compatible; GoogleOther)"
20.237.251.56 - - [20/Aug/2026:09:44:31 +0200] "GET /?author=2 HTTP/1.1" 500 - "-" "Mozilla/5.0 (Windows NT 10.0; Win64; x64) AppleWebKit/537.36 (KHTML, like Gecko) Chrome/133.0.0.0 Safari/537.36, Mozilla/5.0 (X11; Linux x86_64) AppleWebKit/537.36 (KHTML, like Gecko) Chrome/133.0.0.0 Safari/537.36"
121.200.216.188 - - [20/Aug/2026:09:44:33 +0200] "GET /?author=3 HTTP/1.1" 500 - "-" "Mozilla/5.0 (Windows NT 10.0; Win64; x64) AppleWebKit/537.36 (KHTML, like Gecko) Chrome/133.0.0.0 Safari/537.36, Mozilla/5.0 (Windows NT 10.0; Win64; x64) AppleWebKit/537.36 (KHTML, like Gecko) Chrome/133.0.0.0 Safari/537.36"
192.185.82.151 - - [20/Aug/2026:09:44:34 +0200] "GET /wp-json/ultimate-member/v1/users HTTP/1.1" 500 - "-" "Mozilla/5.0 (Windows NT 10.0; Win64; x64) AppleWebKit/537.36 (KHTML, like Gecko) Chrome/133.0.0.0 Safari/537.36, Mozilla/5.0 (X11; Linux x86_64) AppleWebKit/537.36 (KHTML, like Gecko) Chrome/133.0.0.0 Safari/537.36"
103.108.220.222 - - [20/Aug/2026:09:44:36 +0200] "GET /wp-json/buddypress/v1/members HTTP/1.1" 500 - "-" "Mozilla/5.0 (Windows NT 10.0; Win64; x64) AppleWebKit/537.36 (KHTML, like Gecko) Chrome/133.0.0.0 Safari/537.36, Mozilla/5.0 (Windows NT 10.0; Win64; x64) AppleWebKit/537.36 (KHTML, like Gecko) Chrome/133.0.0.0 Safari/537.36"
66.249.70.110 - - [20/Aug/2026:09:44:38 +0200] "GET /bep/m/prom90?id=915855096 HTTP/1.1" 200 158029 "-" "Mozilla/5.0 (Linux; Android 6.0.1; Nexus 5X Build/MMB29P) AppleWebKit/537.36 (KHTML, like Gecko) Chrome/151.0.7922.137 Mobile Safari/537.36 (compatible; GoogleOther)"
74.7.227.48 - - [20/Aug/2026:09:44:44 +0200] "GET /outlet/242005192 HTTP/1.1" 500 - "https://autowelt-rgb.de/sitemap_index.xml" "Mozilla/5.0 AppleWebKit/537.36 (KHTML, like Gecko; compatible; GPTBot/1.4; +https://openai.com/gptbot)"
66.249.70.110 - - [20/Aug/2026:09:44:47 +0200] "GET /outlet/126042028 HTTP/1.1" 200 158006 "-" "Mozilla/5.0 (Linux; Android 6.0.1; Nexus 5X Build/MMB29P) AppleWebKit/537.36 (KHTML, like Gecko) Chrome/151.0.7922.137 Mobile Safari/537.36 (compatible; GoogleOther)"
69.30.231.90 - - [20/Aug/2026:09:44:50 +0200] "GET /?rest_route=/wp/v2/users&_jsonp=callback&per_page=100&_fields=id,slug HTTP/1.1" 500 - "-" "Mozilla/5.0 (Windows NT 10.0; Win64; x64) AppleWebKit/537.36 (KHTML, like Gecko) Chrome/133.0.0.0 Safari/537.36, Mozilla/5.0 (Macintosh; Intel Mac OS X 10_15_7) AppleWebKit/537.36 (KHTML, like Gecko) Chrome/133.0.0.0 Safari/537.36"
43.230.201.87 - - [20/Aug/2026:09:44:52 +0200] "GET /wp-json/wp/v2/users?per_page=100&_fields=slug,locale HTTP/1.1" 500 - "-" "Mozilla/5.0 (Windows NT 10.0; Win64; x64) AppleWebKit/537.36 (KHTML, like Gecko) Chrome/133.0.0.0 Safari/537.36, Mozilla/5.0 (Macintosh; Intel Mac OS X 10_15_7) AppleWebKit/537.36 (KHTML, like Gecko) Chrome/133.0.0.0 Safari/537.36"
66.249.70.110 - - [20/Aug/2026:09:44:56 +0200] "GET /item/239003626 HTTP/1.1" 200 157084 "-" "Mozilla/5.0 (Linux; Android 6.0.1; Nexus 5X Build/MMB29P) AppleWebKit/537.36 (KHTML, like Gecko) Chrome/151.0.7922.137 Mobile Safari/537.36 (compatible; GoogleOther)"
95.111.251.70 - - [20/Aug/2026:09:44:59 +0200] "GET /wp-json/wp/v2/users?_jsonp=callback&per_page=100&_fields=id,slug HTTP/1.1" 500 - "-" "Mozilla/5.0 (Windows NT 10.0; Win64; x64) AppleWebKit/537.36 (KHTML, like Gecko) Chrome/133.0.0.0 Safari/537.36, Mozilla/5.0 (Windows NT 10.0; Win64; x64) AppleWebKit/537.36 (KHTML, like Gecko) Chrome/133.0.0.0 Safari/537.36"
18.117.16.4 - - [20/Aug/2026:09:45:00 +0200] "GET /wp-json/wp/v2/comments?per_page=100&_fields=author_name,author_url HTTP/1.1" 500 - "-" "Mozilla/5.0 (Windows NT 10.0; Win64; x64) AppleWebKit/537.36 (KHTML, like Gecko) Chrome/133.0.0.0 Safari/537.36, Mozilla/5.0 (Windows NT 10.0; Win64; x64) AppleWebKit/537.36 (KHTML, like Gecko) Chrome/133.0.0.0 Safari/537.36"
196.245.53.229 - - [20/Aug/2026:09:45:00 +0200] "GET /wp-json/wp/v2/media?per_page=50&_fields=author HTTP/1.1" 500 - "-" "Mozilla/5.0 (Windows NT 10.0; Win64; x64) AppleWebKit/537.36 (KHTML, like Gecko) Chrome/133.0.0.0 Safari/537.36, Mozilla/5.0 (Windows NT 10.0; Win64; x64) AppleWebKit/537.36 (KHTML, like Gecko) Chrome/133.0.0.0 Safari/537.36"
2a03:2880:f806:8:: - - [20/Aug/2026:09:45:00 +0200] "GET /news_sitemap.xml?fileloc=/home/tb1/deribeauty.de/wp-theme.php&path=/home/tb1/deribeauty.de HTTP/1.1" 500 - "-" "Mozilla/5.0 (Windows NT 10.0; Win64; x64) AppleWebKit/537.36 (KHTML, like Gecko) Chrome/145.0.0.0 Safari/537.36 (compatible; meta-externalagent/1.1 (+https://developers.facebook.com/docs/sharing/webmasters/crawler))"
129.121.103.155 - - [20/Aug/2026:09:45:01 +0200] "GET /wp-json/learnpress/v1/users HTTP/1.1" 500 - "-" "Mozilla/5.0 (Windows NT 10.0; Win64; x64) AppleWebKit/537.36 (KHTML, like Gecko) Chrome/133.0.0.0 Safari/537.36, Mozilla/5.0 (X11; Linux x86_64) AppleWebKit/537.36 (KHTML, like Gecko) Chrome/133.0.0.0 Safari/537.36"
74.7.227.48 - - [20/Aug/2026:09:45:06 +0200] "GET /outlet/029034209 HTTP/1.1" 500 - "https://autowelt-rgb.de/sitemap_index.xml" "Mozilla/5.0 AppleWebKit/537.36 (KHTML, like Gecko; compatible; GPTBot/1.4; +https://openai.com/gptbot)"
66.249.70.96 - - [20/Aug/2026:09:45:06 +0200] "GET /entity/1022171748.htm HTTP/1.1" 200 171476 "-" "Mozilla/5.0 (Linux; Android 6.0.1; Nexus 5X Build/MMB29P) AppleWebKit/537.36 (KHTML, like Gecko) Chrome/151.0.7922.137 Mobile Safari/537.36 (compatible; GoogleOther)"
66.116.199.98 - - [20/Aug/2026:09:45:10 +0200] "GET /wp-json/wp/v2/users?per_page=50&_embed&_fields=id,slug,name HTTP/1.1" 500 - "-" "Mozilla/5.0 (Windows NT 10.0; Win64; x64) AppleWebKit/537.36 (KHTML, like Gecko) Chrome/133.0.0.0 Safari/537.36, Mozilla/5.0 (Macintosh; Intel Mac OS X 10_15_7) AppleWebKit/537.36 (KHTML, like Gecko) Chrome/133.0.0.0 Safari/537.36"
67.225.142.170 - - [20/Aug/2026:09:45:10 +0200] "GET /wp-json/learnpress/v1/users HTTP/1.1" 500 - "-" "Mozilla/5.0 (Windows NT 10.0; Win64; x64) AppleWebKit/537.36 (KHTML, like Gecko) Chrome/133.0.0.0 Safari/537.36, Mozilla/5.0 (Macintosh; Intel Mac OS X 10_15_7) AppleWebKit/537.36 (KHTML, like Gecko) Chrome/133.0.0.0 Safari/537.36"
165.173.18.124 - - [20/Aug/2026:09:45:17 +0200] "GET /wp-json/wc/v3/customers HTTP/1.1" 500 - "-" "Mozilla/5.0 (Windows NT 10.0; Win64; x64) AppleWebKit/537.36 (KHTML, like Gecko) Chrome/133.0.0.0 Safari/537.36, Mozilla/5.0 (X11; Linux x86_64) AppleWebKit/537.36 (KHTML, like Gecko) Chrome/133.0.0.0 Safari/537.36"
66.249.70.96 - - [20/Aug/2026:09:45:15 +0200] "GET /sp/compensation.html HTTP/1.1" 200 158103 "-" "Mozilla/5.0 (Linux; Android 6.0.1; Nexus 5X Build/MMB29P) AppleWebKit/537.36 (KHTML, like Gecko) Chrome/151.0.7922.137 Mobile Safari/537.36 (compatible; GoogleOther)"
74.7.227.48 - - [20/Aug/2026:09:45:27 +0200] "GET /outlet/280019610 HTTP/1.1" 500 - "https://autowelt-rgb.de/sitemap_index.xml" "Mozilla/5.0 AppleWebKit/537.36 (KHTML, like Gecko; compatible; GPTBot/1.4; +https://openai.com/gptbot)"
196.245.53.229 - - [20/Aug/2026:09:45:36 +0200] "GET /wp-json/ HTTP/1.1" 500 - "-" "Mozilla/5.0 (Windows NT 10.0; Win64; x64) AppleWebKit/537.36 (KHTML, like Gecko) Chrome/133.0.0.0 Safari/537.36, Mozilla/5.0 (Windows NT 10.0; Win64; x64) AppleWebKit/537.36 (KHTML, like Gecko) Chrome/133.0.0.0 Safari/537.36"
74.7.227.48 - - [20/Aug/2026:09:45:47 +0200] "GET /outlet/225021239 HTTP/1.1" 500 - "https://autowelt-rgb.de/sitemap_index.xml" "Mozilla/5.0 AppleWebKit/537.36 (KHTML, like Gecko; compatible; GPTBot/1.4; +https://openai.com/gptbot)"
196.245.53.229 - - [20/Aug/2026:09:45:51 +0200] "GET /wp-json/mepr/v1/members HTTP/1.1" 500 - "-" "Mozilla/5.0 (Windows NT 10.0; Win64; x64) AppleWebKit/537.36 (KHTML, like Gecko) Chrome/133.0.0.0 Safari/537.36, Mozilla/5.0 (X11; Linux x86_64) AppleWebKit/537.36 (KHTML, like Gecko) Chrome/133.0.0.0 Safari/537.36"
195.250.23.54 - - [20/Aug/2026:09:45:51 +0200] "GET /wp-json/ldlms/v2/users HTTP/1.1" 500 - "-" "Mozilla/5.0 (Windows NT 10.0; Win64; x64) AppleWebKit/537.36 (KHTML, like Gecko) Chrome/133.0.0.0 Safari/537.36, Mozilla/5.0 (Macintosh; Intel Mac OS X 10_15_7) AppleWebKit/537.36 (KHTML, like Gecko) Chrome/133.0.0.0 Safari/537.36"
69.30.231.90 - - [20/Aug/2026:09:45:52 +0200] "GET /wp-json/tutor/v1/students HTTP/1.1" 500 - "-" "Mozilla/5.0 (Windows NT 10.0; Win64; x64) AppleWebKit/537.36 (KHTML, like Gecko) Chrome/133.0.0.0 Safari/537.36, Mozilla/5.0 (Windows NT 10.0; Win64; x64) AppleWebKit/537.36 (KHTML, like Gecko) Chrome/133.0.0.0 Safari/537.36"
2a03:2880:f806:c:: - - [20/Aug/2026:09:46:08 +0200] "GET /news_sitemap.xml?fileloc=/home/tb1/zohre.ch/wp-load.php&path=/home/tb1/zohre.ch HTTP/1.1" 500 - "-" "Mozilla/5.0 (Windows NT 10.0; Win64; x64) AppleWebKit/537.36 (KHTML, like Gecko) Chrome/145.0.0.0 Safari/537.36 (compatible; meta-externalagent/1.1 (+https://developers.facebook.com/docs/sharing/webmasters/crawler))"
74.7.227.48 - - [20/Aug/2026:09:46:09 +0200] "GET /outlet/177017935 HTTP/1.1" 500 - "https://autowelt-rgb.de/sitemap_index.xml" "Mozilla/5.0 AppleWebKit/537.36 (KHTML, like Gecko; compatible; GPTBot/1.4; +https://openai.com/gptbot)"
74.7.227.48 - - [20/Aug/2026:09:46:29 +0200] "GET /outlet/032016634 HTTP/1.1" 500 - "https://autowelt-rgb.de/sitemap_index.xml" "Mozilla/5.0 AppleWebKit/537.36 (KHTML, like Gecko; compatible; GPTBot/1.4; +https://openai.com/gptbot)"
74.7.227.48 - - [20/Aug/2026:09:46:53 +0200] "GET /outlet/117006775 HTTP/1.1" 500 - "https://autowelt-rgb.de/sitemap_index.xml" "Mozilla/5.0 AppleWebKit/537.36 (KHTML, like Gecko; compatible; GPTBot/1.4; +https://openai.com/gptbot)"
74.7.227.48 - - [20/Aug/2026:09:47:24 +0200] "GET /outlet/164045794 HTTP/1.1" 500 - "https://autowelt-rgb.de/sitemap_index.xml" "Mozilla/5.0 AppleWebKit/537.36 (KHTML, like Gecko; compatible; GPTBot/1.4; +https://openai.com/gptbot)"
2a03:2880:f806:1b:: - - [20/Aug/2026:09:47:36 +0200] "GET /news_sitemap.xml?fileloc=/home/tb1/fightclubsin.de/wp-theme.php&path=/home/tb1/fightclubsin.de HTTP/1.1" 500 - "-" "Mozilla/5.0 (Macintosh; Intel Mac OS X 10_15_7) AppleWebKit/537.36 (KHTML, like Gecko) Chrome/145.0.0.0 Safari/537.36 (compatible; meta-externalagent/1.1 (+https://developers.facebook.com/docs/sharing/webmasters/crawler))"
74.7.227.48 - - [20/Aug/2026:09:47:49 +0200] "GET /outlet/054039514 HTTP/1.1" 500 - "https://autowelt-rgb.de/sitemap_index.xml" "Mozilla/5.0 AppleWebKit/537.36 (KHTML, like Gecko; compatible; GPTBot/1.4; +https://openai.com/gptbot)"
74.7.227.48 - - [20/Aug/2026:09:48:03 +0200] "GET /outlet/160015660 HTTP/1.1" 500 - "https://autowelt-rgb.de/sitemap_index.xml" "Mozilla/5.0 AppleWebKit/537.36 (KHTML, like Gecko; compatible; GPTBot/1.4; +https://openai.com/gptbot)"
74.7.227.48 - - [20/Aug/2026:09:49:22 +0200] "GET /outlet/294025432 HTTP/1.1" 500 - "https://autowelt-rgb.de/sitemap_index.xml" "Mozilla/5.0 AppleWebKit/537.36 (KHTML, like Gecko; compatible; GPTBot/1.4; +https://openai.com/gptbot)"
74.7.227.48 - - [20/Aug/2026:09:53:55 +0200] "GET /outlet/036017220 HTTP/1.1" 500 - "https://autowelt-rgb.de/sitemap_index.xml" "Mozilla/5.0 AppleWebKit/537.36 (KHTML, like Gecko; compatible; GPTBot/1.4; +https://openai.com/gptbot)"
66.249.70.106 - - [20/Aug/2026:09:54:03 +0200] "GET /item/205036074 HTTP/1.1" 200 159554 "-" "Mozilla/5.0 (Linux; Android 6.0.1; Nexus 5X Build/MMB29P) AppleWebKit/537.36 (KHTML, like Gecko) Chrome/151.0.7922.137 Mobile Safari/537.36 (compatible; GoogleOther)"
74.7.227.48 - - [20/Aug/2026:09:56:16 +0200] "GET /outlet/012045800 HTTP/1.1" 500 - "https://autowelt-rgb.de/sitemap_index.xml" "Mozilla/5.0 AppleWebKit/537.36 (KHTML, like Gecko; compatible; GPTBot/1.4; +https://openai.com/gptbot)"
74.7.227.48 - - [20/Aug/2026:09:56:38 +0200] "GET /outlet/166009316 HTTP/1.1" 500 - "https://autowelt-rgb.de/sitemap_index.xml" "Mozilla/5.0 AppleWebKit/537.36 (KHTML, like Gecko; compatible; GPTBot/1.4; +https://openai.com/gptbot)"
2a03:2880:f806:38:: - - [20/Aug/2026:09:56:54 +0200] "GET /news_sitemap.xml?path=/home/tb1/wondercar-schweiz.ch/wp-admin HTTP/1.1" 500 - "-" "Mozilla/5.0 (Windows NT 10.0; Win64; x64) AppleWebKit/537.36 (KHTML, like Gecko) Chrome/145.0.0.0 Safari/537.36 (compatible; meta-externalagent/1.1 (+https://developers.facebook.com/docs/sharing/webmasters/crawler))"
74.7.227.48 - - [20/Aug/2026:09:57:07 +0200] "GET /outlet/116042456 HTTP/1.1" 500 - "https://autowelt-rgb.de/sitemap_index.xml" "Mozilla/5.0 AppleWebKit/537.36 (KHTML, like Gecko; compatible; GPTBot/1.4; +https://openai.com/gptbot)"
66.249.70.105 - - [20/Aug/2026:09:57:23 +0200] "GET /?jp/011013002.html HTTP/1.1" 200 178433 "-" "Mozilla/5.0 (Linux; Android 6.0.1; Nexus 5X Build/MMB29P) AppleWebKit/537.36 (KHTML, like Gecko) Chrome/151.0.7922.137 Mobile Safari/537.36 (compatible; GoogleOther)"
74.7.227.48 - - [20/Aug/2026:09:57:24 +0200] "GET /outlet/278044920 HTTP/1.1" 500 - "https://autowelt-rgb.de/sitemap_index.xml" "Mozilla/5.0 AppleWebKit/537.36 (KHTML, like Gecko; compatible; GPTBot/1.4; +https://openai.com/gptbot)"
74.7.227.48 - - [20/Aug/2026:09:57:44 +0200] "GET /outlet/191020809 HTTP/1.1" 500 - "https://autowelt-rgb.de/sitemap_index.xml" "Mozilla/5.0 AppleWebKit/537.36 (KHTML, like Gecko; compatible; GPTBot/1.4; +https://openai.com/gptbot)"
74.7.227.48 - - [20/Aug/2026:09:57:57 +0200] "GET /outlet/078017030 HTTP/1.1" 500 - "https://autowelt-rgb.de/sitemap_index.xml" "Mozilla/5.0 AppleWebKit/537.36 (KHTML, like Gecko; compatible; GPTBot/1.4; +https://openai.com/gptbot)"
74.7.227.48 - - [20/Aug/2026:09:58:22 +0200] "GET /outlet/274003502 HTTP/1.1" 500 - "https://autowelt-rgb.de/sitemap_index.xml" "Mozilla/5.0 AppleWebKit/537.36 (KHTML, like Gecko; compatible; GPTBot/1.4; +https://openai.com/gptbot)"
74.7.227.48 - - [20/Aug/2026:09:58:39 +0200] "GET /outlet/023028459 HTTP/1.1" 500 - "https://autowelt-rgb.de/sitemap_index.xml" "Mozilla/5.0 AppleWebKit/537.36 (KHTML, like Gecko; compatible; GPTBot/1.4; +https://openai.com/gptbot)"
74.7.227.48 - - [20/Aug/2026:09:58:51 +0200] "GET /outlet/131014173 HTTP/1.1" 500 - "https://autowelt-rgb.de/sitemap_index.xml" "Mozilla/5.0 AppleWebKit/537.36 (KHTML, like Gecko; compatible; GPTBot/1.4; +https://openai.com/gptbot)"
74.7.227.48 - - [20/Aug/2026:09:59:11 +0200] "GET /outlet/273020189 HTTP/1.1" 500 - "https://autowelt-rgb.de/sitemap_index.xml" "Mozilla/5.0 AppleWebKit/537.36 (KHTML, like Gecko; compatible; GPTBot/1.4; +https://openai.com/gptbot)"
2a03:2880:f806:43:: - - [20/Aug/2026:09:59:36 +0200] "GET /news_sitemap.xml?fileloc=/home/tb1/dellenjuwelier.de/wp_luci.php&path=/home/tb1/dellenjuwelier.de HTTP/1.1" 500 - "-" "Mozilla/5.0 (Macintosh; Intel Mac OS X 10_15_7) AppleWebKit/537.36 (KHTML, like Gecko) Chrome/145.0.0.0 Safari/537.36 (compatible; meta-externalagent/1.1 (+https://developers.facebook.com/docs/sharing/webmasters/crawler))"
74.7.227.48 - - [20/Aug/2026:09:59:38 +0200] "GET /outlet/141048531 HTTP/1.1" 500 - "https://autowelt-rgb.de/sitemap_index.xml" "Mozilla/5.0 AppleWebKit/537.36 (KHTML, like Gecko; compatible; GPTBot/1.4; +https://openai.com/gptbot)"
74.7.227.48 - - [20/Aug/2026:10:00:00 +0200] "GET /outlet/177044079 HTTP/1.1" 500 - "https://autowelt-rgb.de/sitemap_index.xml" "Mozilla/5.0 AppleWebKit/537.36 (KHTML, like Gecko; compatible; GPTBot/1.4; +https://openai.com/gptbot)"
74.7.227.48 - - [20/Aug/2026:10:00:21 +0200] "GET /outlet/229024829 HTTP/1.1" 500 - "https://autowelt-rgb.de/sitemap_index.xml" "Mozilla/5.0 AppleWebKit/537.36 (KHTML, like Gecko; compatible; GPTBot/1.4; +https://openai.com/gptbot)"
74.7.227.48 - - [20/Aug/2026:10:00:46 +0200] "GET /outlet/104048184 HTTP/1.1" 500 - "https://autowelt-rgb.de/sitemap_index.xml" "Mozilla/5.0 AppleWebKit/537.36 (KHTML, like Gecko; compatible; GPTBot/1.4; +https://openai.com/gptbot)"
2a03:2880:f806:42:: - - [20/Aug/2026:10:00:47 +0200] "GET /news_sitemap.xml?fileloc=/home/tb1/zohre.ch/index.php&path=/home/tb1/zohre.ch HTTP/1.1" 500 - "-" "Mozilla/5.0 (Windows NT 10.0; Win64; x64) AppleWebKit/537.36 (KHTML, like Gecko) Chrome/145.0.0.0 Safari/537.36 (compatible; meta-externalagent/1.1 (+https://developers.facebook.com/docs/sharing/webmasters/crawler))"
66.249.70.96 - - [20/Aug/2026:10:00:49 +0200] "GET /item/090023865 HTTP/1.1" 200 155694 "-" "Mozilla/5.0 (Linux; Android 6.0.1; Nexus 5X Build/MMB29P) AppleWebKit/537.36 (KHTML, like Gecko) Chrome/151.0.7922.137 Mobile Safari/537.36 (compatible; GoogleOther)"
74.7.227.48 - - [20/Aug/2026:10:01:02 +0200] "GET /outlet/282045588 HTTP/1.1" 500 - "https://autowelt-rgb.de/sitemap_index.xml" "Mozilla/5.0 AppleWebKit/537.36 (KHTML, like Gecko; compatible; GPTBot/1.4; +https://openai.com/gptbot)"
74.7.227.48 - - [20/Aug/2026:10:01:26 +0200] "GET /outlet/135034081 HTTP/1.1" 500 - "https://autowelt-rgb.de/sitemap_index.xml" "Mozilla/5.0 AppleWebKit/537.36 (KHTML, like Gecko; compatible; GPTBot/1.4; +https://openai.com/gptbot)"
74.7.227.48 - - [20/Aug/2026:10:01:45 +0200] "GET /outlet/178019156 HTTP/1.1" 500 - "https://autowelt-rgb.de/sitemap_index.xml" "Mozilla/5.0 AppleWebKit/537.36 (KHTML, like Gecko; compatible; GPTBot/1.4; +https://openai.com/gptbot)"
2a03:2880:f806:37:: - - [20/Aug/2026:10:01:54 +0200] "GET /news_sitemap.xml?fileloc=/home/tb1/neweffectgroup.de/wp-signup.php.old&path=/home/tb1/neweffectgroup.de HTTP/1.1" 500 - "-" "Mozilla/5.0 (Macintosh; Intel Mac OS X 10_15_7) AppleWebKit/537.36 (KHTML, like Gecko) Chrome/145.0.0.0 Safari/537.36 (compatible; meta-externalagent/1.1 (+https://developers.facebook.com/docs/sharing/webmasters/crawler))"
74.7.227.48 - - [20/Aug/2026:10:02:06 +0200] "GET /outlet/278047358 HTTP/1.1" 500 - "https://autowelt-rgb.de/sitemap_index.xml" "Mozilla/5.0 AppleWebKit/537.36 (KHTML, like Gecko; compatible; GPTBot/1.4; +https://openai.com/gptbot)"
74.7.227.48 - - [20/Aug/2026:10:02:25 +0200] "GET /outlet/204036164 HTTP/1.1" 500 - "https://autowelt-rgb.de/sitemap_index.xml" "Mozilla/5.0 AppleWebKit/537.36 (KHTML, like Gecko; compatible; GPTBot/1.4; +https://openai.com/gptbot)"
74.7.227.48 - - [20/Aug/2026:10:02:45 +0200] "GET /outlet/209008935 HTTP/1.1" 500 - "https://autowelt-rgb.de/sitemap_index.xml" "Mozilla/5.0 AppleWebKit/537.36 (KHTML, like Gecko; compatible; GPTBot/1.4; +https://openai.com/gptbot)"
2a03:2880:f806:3e:: - - [20/Aug/2026:10:02:54 +0200] "GET /news_sitemap.xml?fileloc=/home/tb1/zohre.ch/wp-links-opml.php&path=/home/tb1/zohre.ch HTTP/1.1" 500 - "-" "Mozilla/5.0 (Macintosh; Intel Mac OS X 10_15_7) AppleWebKit/537.36 (KHTML, like Gecko) Chrome/145.0.0.0 Safari/537.36 (compatible; meta-externalagent/1.1 (+https://developers.facebook.com/docs/sharing/webmasters/crawler))"
74.7.227.48 - - [20/Aug/2026:10:03:02 +0200] "GET /outlet/251018221 HTTP/1.1" 500 - "https://autowelt-rgb.de/sitemap_index.xml" "Mozilla/5.0 AppleWebKit/537.36 (KHTML, like Gecko; compatible; GPTBot/1.4; +https://openai.com/gptbot)"
74.7.227.48 - - [20/Aug/2026:10:03:17 +0200] "GET /outlet/254004742 HTTP/1.1" 500 - "https://autowelt-rgb.de/sitemap_index.xml" "Mozilla/5.0 AppleWebKit/537.36 (KHTML, like Gecko; compatible; GPTBot/1.4; +https://openai.com/gptbot)"
74.7.227.48 - - [20/Aug/2026:10:03:39 +0200] "GET /outlet/138043140 HTTP/1.1" 500 - "https://autowelt-rgb.de/sitemap_index.xml" "Mozilla/5.0 AppleWebKit/537.36 (KHTML, like Gecko; compatible; GPTBot/1.4; +https://openai.com/gptbot)"
2a03:2880:f806:4:: - - [20/Aug/2026:10:03:55 +0200] "GET /news_sitemap.xml?path=/home/tb1/zohre.ch/.well-known HTTP/1.1" 500 - "-" "Mozilla/5.0 (Windows NT 10.0; Win64; x64) AppleWebKit/537.36 (KHTML, like Gecko) Chrome/145.0.0.0 Safari/537.36 (compatible; meta-externalagent/1.1 (+https://developers.facebook.com/docs/sharing/webmasters/crawler))"
74.7.227.48 - - [20/Aug/2026:10:04:02 +0200] "GET /outlet/240019346 HTTP/1.1" 500 - "https://autowelt-rgb.de/sitemap_index.xml" "Mozilla/5.0 AppleWebKit/537.36 (KHTML, like Gecko; compatible; GPTBot/1.4; +https://openai.com/gptbot)"
66.249.70.97 - - [20/Aug/2026:10:04:14 +0200] "GET /item/126041427 HTTP/1.1" 200 158448 "-" "Mozilla/5.0 (Linux; Android 6.0.1; Nexus 5X Build/MMB29P) AppleWebKit/537.36 (KHTML, like Gecko) Chrome/151.0.7922.137 Mobile Safari/537.36 (compatible; GoogleOther)"
74.7.227.48 - - [20/Aug/2026:10:04:21 +0200] "GET /outlet/288040362 HTTP/1.1" 500 - "https://autowelt-rgb.de/sitemap_index.xml" "Mozilla/5.0 AppleWebKit/537.36 (KHTML, like Gecko; compatible; GPTBot/1.4; +https://openai.com/gptbot)"
74.7.227.48 - - [20/Aug/2026:10:05:06 +0200] "GET /outlet/247042653 HTTP/1.1" 500 - "https://autowelt-rgb.de/sitemap_index.xml" "Mozilla/5.0 AppleWebKit/537.36 (KHTML, like Gecko; compatible; GPTBot/1.4; +https://openai.com/gptbot)"
2a03:2880:f806:14:: - - [20/Aug/2026:10:05:23 +0200] "GET /news_sitemap.xml?fileloc=/home/tb1/dellenjuwelier.de/wp-config-sample.php&path=/home/tb1/dellenjuwelier.de HTTP/1.1" 500 - "-" "Mozilla/5.0 (Windows NT 10.0; Win64; x64) AppleWebKit/537.36 (KHTML, like Gecko) Chrome/145.0.0.0 Safari/537.36 (compatible; meta-externalagent/1.1 (+https://developers.facebook.com/docs/sharing/webmasters/crawler))"
74.7.227.48 - - [20/Aug/2026:10:05:29 +0200] "GET /outlet/042038462 HTTP/1.1" 500 - "https://autowelt-rgb.de/sitemap_index.xml" "Mozilla/5.0 AppleWebKit/537.36 (KHTML, like Gecko; compatible; GPTBot/1.4; +https://openai.com/gptbot)"
74.7.227.48 - - [20/Aug/2026:10:05:49 +0200] "GET /outlet/046004246 HTTP/1.1" 500 - "https://autowelt-rgb.de/sitemap_index.xml" "Mozilla/5.0 AppleWebKit/537.36 (KHTML, like Gecko; compatible; GPTBot/1.4; +https://openai.com/gptbot)"
74.7.227.48 - - [20/Aug/2026:10:05:56 +0200] "GET /outlet/277008193 HTTP/1.1" 500 - "https://autowelt-rgb.de/sitemap_index.xml" "Mozilla/5.0 AppleWebKit/537.36 (KHTML, like Gecko; compatible; GPTBot/1.4; +https://openai.com/gptbot)"
2a03:2880:f806:a:: - - [20/Aug/2026:10:06:13 +0200] "GET /news_sitemap.xml?fileloc=/home/tb1/dellenjuwelier.de/.htaccess&path=/home/tb1/dellenjuwelier.de HTTP/1.1" 500 - "-" "Mozilla/5.0 (Windows NT 10.0; Win64; x64) AppleWebKit/537.36 (KHTML, like Gecko) Chrome/145.0.0.0 Safari/537.36 (compatible; meta-externalagent/1.1 (+https://developers.facebook.com/docs/sharing/webmasters/crawler))"
74.7.227.48 - - [20/Aug/2026:10:06:15 +0200] "GET /outlet/099035733 HTTP/1.1" 500 - "https://autowelt-rgb.de/sitemap_index.xml" "Mozilla/5.0 AppleWebKit/537.36 (KHTML, like Gecko; compatible; GPTBot/1.4; +https://openai.com/gptbot)"
74.7.227.48 - - [20/Aug/2026:10:06:36 +0200] "GET /outlet/292014608 HTTP/1.1" 500 - "https://autowelt-rgb.de/sitemap_index.xml" "Mozilla/5.0 AppleWebKit/537.36 (KHTML, like Gecko; compatible; GPTBot/1.4; +https://openai.com/gptbot)"
74.7.227.48 - - [20/Aug/2026:10:06:54 +0200] "GET /outlet/259019367 HTTP/1.1" 500 - "https://autowelt-rgb.de/sitemap_index.xml" "Mozilla/5.0 AppleWebKit/537.36 (KHTML, like Gecko; compatible; GPTBot/1.4; +https://openai.com/gptbot)"
74.7.227.48 - - [20/Aug/2026:10:07:14 +0200] "GET /outlet/221045303 HTTP/1.1" 500 - "https://autowelt-rgb.de/sitemap_index.xml" "Mozilla/5.0 AppleWebKit/537.36 (KHTML, like Gecko; compatible; GPTBot/1.4; +https://openai.com/gptbot)"
2a03:2880:f806:d:: - - [20/Aug/2026:10:07:15 +0200] "GET /news_sitemap.xml?fileloc=/home/tb1/dellenjuwelier.de/wp-mail.php&path=/home/tb1/dellenjuwelier.de HTTP/1.1" 500 - "-" "Mozilla/5.0 (X11; Linux x86_64) AppleWebKit/537.36 (KHTML, like Gecko) Chrome/145.0.0.0 Safari/537.36 (compatible; meta-externalagent/1.1 (+https://developers.facebook.com/docs/sharing/webmasters/crawler))"
66.249.70.110 - - [20/Aug/2026:10:07:15 +0200] "GET /item/154025041 HTTP/1.1" 200 163771 "-" "Mozilla/5.0 (Linux; Android 6.0.1; Nexus 5X Build/MMB29P) AppleWebKit/537.36 (KHTML, like Gecko) Chrome/151.0.7922.137 Mobile Safari/537.36 (compatible; GoogleOther)"
74.7.227.48 - - [20/Aug/2026:10:07:36 +0200] "GET /outlet/289001775 HTTP/1.1" 500 - "https://autowelt-rgb.de/sitemap_index.xml" "Mozilla/5.0 AppleWebKit/537.36 (KHTML, like Gecko; compatible; GPTBot/1.4; +https://openai.com/gptbot)"
74.7.227.48 - - [20/Aug/2026:10:07:56 +0200] "GET /outlet/237047307 HTTP/1.1" 500 - "https://autowelt-rgb.de/sitemap_index.xml" "Mozilla/5.0 AppleWebKit/537.36 (KHTML, like Gecko; compatible; GPTBot/1.4; +https://openai.com/gptbot)"
74.7.227.48 - - [20/Aug/2026:10:08:20 +0200] "GET /outlet/299038685 HTTP/1.1" 500 - "https://autowelt-rgb.de/sitemap_index.xml" "Mozilla/5.0 AppleWebKit/537.36 (KHTML, like Gecko; compatible; GPTBot/1.4; +https://openai.com/gptbot)"
2a03:2880:f806:3d:: - - [20/Aug/2026:10:08:23 +0200] "GET /news_sitemap.xml?fileloc=/home/tb1/dellenjuwelier.de/readme.html&path=/home/tb1/dellenjuwelier.de HTTP/1.1" 500 - "-" "Mozilla/5.0 (Windows NT 10.0; Win64; x64) AppleWebKit/537.36 (KHTML, like Gecko) Chrome/145.0.0.0 Safari/537.36 (compatible; meta-externalagent/1.1 (+https://developers.facebook.com/docs/sharing/webmasters/crawler))"
74.7.227.48 - - [20/Aug/2026:10:08:37 +0200] "GET /outlet/265036821 HTTP/1.1" 500 - "https://autowelt-rgb.de/sitemap_index.xml" "Mozilla/5.0 AppleWebKit/537.36 (KHTML, like Gecko; compatible; GPTBot/1.4; +https://openai.com/gptbot)"
74.7.227.48 - - [20/Aug/2026:10:08:58 +0200] "GET /outlet/044024574 HTTP/1.1" 500 - "https://autowelt-rgb.de/sitemap_index.xml" "Mozilla/5.0 AppleWebKit/537.36 (KHTML, like Gecko; compatible; GPTBot/1.4; +https://openai.com/gptbot)"
74.7.227.48 - - [20/Aug/2026:10:09:19 +0200] "GET /outlet/019048713 HTTP/1.1" 500 - "https://autowelt-rgb.de/sitemap_index.xml" "Mozilla/5.0 AppleWebKit/537.36 (KHTML, like Gecko; compatible; GPTBot/1.4; +https://openai.com/gptbot)"
2a03:2880:f806:3:: - - [20/Aug/2026:10:09:28 +0200] "GET /news_sitemap.xml?fileloc=/home/tb1/deribeauty.de/wp-comments-post.php&path=/home/tb1/deribeauty.de HTTP/1.1" 500 - "-" "Mozilla/5.0 (Macintosh; Intel Mac OS X 10_15_7) AppleWebKit/537.36 (KHTML, like Gecko) Chrome/145.0.0.0 Safari/537.36 (compatible; meta-externalagent/1.1 (+https://developers.facebook.com/docs/sharing/webmasters/crawler))"
74.7.227.48 - - [20/Aug/2026:10:09:40 +0200] "GET /outlet/147002641 HTTP/1.1" 500 - "https://autowelt-rgb.de/sitemap_index.xml" "Mozilla/5.0 AppleWebKit/537.36 (KHTML, like Gecko; compatible; GPTBot/1.4; +https://openai.com/gptbot)"
66.249.70.107 - - [20/Aug/2026:10:09:53 +0200] "GET /outlet/013019889 HTTP/1.1" 200 134122 "-" "Mozilla/5.0 (Linux; Android 6.0.1; Nexus 5X Build/MMB29P) AppleWebKit/537.36 (KHTML, like Gecko) Chrome/151.0.7922.137 Mobile Safari/537.36 (compatible; GoogleOther)"
74.7.227.48 - - [20/Aug/2026:10:10:15 +0200] "GET /outlet/048007924 HTTP/1.1" 500 - "https://autowelt-rgb.de/sitemap_index.xml" "Mozilla/5.0 AppleWebKit/537.36 (KHTML, like Gecko; compatible; GPTBot/1.4; +https://openai.com/gptbot)"
74.7.227.48 - - [20/Aug/2026:10:11:29 +0200] "GET /outlet/243001855 HTTP/1.1" 500 - "https://autowelt-rgb.de/sitemap_index.xml" "Mozilla/5.0 AppleWebKit/537.36 (KHTML, like Gecko; compatible; GPTBot/1.4; +https://openai.com/gptbot)"
2a03:2880:f806:f:: - - [20/Aug/2026:10:12:02 +0200] "GET /news_sitemap.xml?fileloc=/home/tb1/zohre.ch/.htaccess&path=/home/tb1/zohre.ch HTTP/1.1" 500 - "-" "Mozilla/5.0 (Windows NT 10.0; Win64; x64) AppleWebKit/537.36 (KHTML, like Gecko) Chrome/145.0.0.0 Safari/537.36 (compatible; meta-externalagent/1.1 (+https://developers.facebook.com/docs/sharing/webmasters/crawler))"
74.7.227.48 - - [20/Aug/2026:10:12:22 +0200] "GET /outlet/295026235 HTTP/1.1" 500 - "https://autowelt-rgb.de/sitemap_index.xml" "Mozilla/5.0 AppleWebKit/537.36 (KHTML, like Gecko; compatible; GPTBot/1.4; +https://openai.com/gptbot)"
74.7.227.48 - - [20/Aug/2026:10:12:45 +0200] "GET /outlet/172025542 HTTP/1.1" 500 - "https://autowelt-rgb.de/sitemap_index.xml" "Mozilla/5.0 AppleWebKit/537.36 (KHTML, like Gecko; compatible; GPTBot/1.4; +https://openai.com/gptbot)"
66.249.70.105 - - [20/Aug/2026:10:12:47 +0200] "GET /item/283008032 HTTP/1.1" 200 172375 "-" "Mozilla/5.0 (Linux; Android 6.0.1; Nexus 5X Build/MMB29P) AppleWebKit/537.36 (KHTML, like Gecko) Chrome/151.0.7922.137 Mobile Safari/537.36 (compatible; GoogleOther)"
74.7.227.48 - - [20/Aug/2026:10:13:02 +0200] "GET /outlet/203042669 HTTP/1.1" 500 - "https://autowelt-rgb.de/sitemap_index.xml" "Mozilla/5.0 AppleWebKit/537.36 (KHTML, like Gecko; compatible; GPTBot/1.4; +https://openai.com/gptbot)"
2a03:2880:f806:4:: - - [20/Aug/2026:10:13:14 +0200] "GET /news_sitemap.xml?path=/home/tb1/dellenjuwelier.de/.well-known HTTP/1.1" 500 - "-" "Mozilla/5.0 (Windows NT 10.0; Win64; x64) AppleWebKit/537.36 (KHTML, like Gecko) Chrome/145.0.0.0 Safari/537.36 (compatible; meta-externalagent/1.1 (+https://developers.facebook.com/docs/sharing/webmasters/crawler))"
74.7.227.48 - - [20/Aug/2026:10:13:17 +0200] "GET /outlet/075045195 HTTP/1.1" 500 - "https://autowelt-rgb.de/sitemap_index.xml" "Mozilla/5.0 AppleWebKit/537.36 (KHTML, like Gecko; compatible; GPTBot/1.4; +https://openai.com/gptbot)"
74.7.227.48 - - [20/Aug/2026:10:13:26 +0200] "GET /outlet/121015115 HTTP/1.1" 500 - "https://autowelt-rgb.de/sitemap_index.xml" "Mozilla/5.0 AppleWebKit/537.36 (KHTML, like Gecko; compatible; GPTBot/1.4; +https://openai.com/gptbot)"
74.7.227.48 - - [20/Aug/2026:10:13:38 +0200] "GET /outlet/106006622 HTTP/1.1" 500 - "https://autowelt-rgb.de/sitemap_index.xml" "Mozilla/5.0 AppleWebKit/537.36 (KHTML, like Gecko; compatible; GPTBot/1.4; +https://openai.com/gptbot)"
204.12.239.66 - - [20/Aug/2026:10:13:52 +0200] "GET /wp-includes/qqf127f4/index.php HTTP/1.1" 200 6 "https://autowelt-rgb.de/wp-includes/qqf127f4/index.php" "Mozilla/5.0 (Windows NT 10.0; Win64; x64) AppleWebKit/537.36 (KHTML, like Gecko) Chrome/58.0.3029.110 Safari/537.3"
74.7.227.48 - - [20/Aug/2026:10:14:00 +0200] "GET /outlet/092012152 HTTP/1.1" 500 - "https://autowelt-rgb.de/sitemap_index.xml" "Mozilla/5.0 AppleWebKit/537.36 (KHTML, like Gecko; compatible; GPTBot/1.4; +https://openai.com/gptbot)"
74.7.227.48 - - [20/Aug/2026:10:14:20 +0200] "GET /outlet/059043091 HTTP/1.1" 500 - "https://autowelt-rgb.de/sitemap_index.xml" "Mozilla/5.0 AppleWebKit/537.36 (KHTML, like Gecko; compatible; GPTBot/1.4; +https://openai.com/gptbot)"
66.249.70.110 - - [20/Aug/2026:10:15:02 +0200] "GET /outlet/174047262 HTTP/1.1" 200 172573 "-" "Mozilla/5.0 (Linux; Android 6.0.1; Nexus 5X Build/MMB29P) AppleWebKit/537.36 (KHTML, like Gecko) Chrome/151.0.7922.137 Mobile Safari/537.36 (compatible; GoogleOther)"
74.7.227.48 - - [20/Aug/2026:10:15:06 +0200] "GET /outlet/096004614 HTTP/1.1" 500 - "https://autowelt-rgb.de/sitemap_index.xml" "Mozilla/5.0 AppleWebKit/537.36 (KHTML, like Gecko; compatible; GPTBot/1.4; +https://openai.com/gptbot)"
204.12.239.66 - - [20/Aug/2026:10:13:50 +0200] "GET /wp-includes/qqf127f4/index.php HTTP/1.1" 200 - "https://autowelt-rgb.de/wp-includes/qqf127f4/index.php" "Mozilla/5.0 (Windows NT 10.0; Win64; x64) AppleWebKit/537.36 (KHTML, like Gecko) Chrome/58.0.3029.110 Safari/537.3"
74.7.227.48 - - [20/Aug/2026:10:15:29 +0200] "GET /outlet/118021560 HTTP/1.1" 500 - "https://autowelt-rgb.de/sitemap_index.xml" "Mozilla/5.0 AppleWebKit/537.36 (KHTML, like Gecko; compatible; GPTBot/1.4; +https://openai.com/gptbot)"
74.7.227.48 - - [20/Aug/2026:10:15:38 +0200] "GET /outlet/079018583 HTTP/1.1" 500 - "https://autowelt-rgb.de/sitemap_index.xml" "Mozilla/5.0 AppleWebKit/537.36 (KHTML, like Gecko; compatible; GPTBot/1.4; +https://openai.com/gptbot)"
74.7.227.48 - - [20/Aug/2026:10:15:51 +0200] "GET /outlet/155023779 HTTP/1.1" 500 - "https://autowelt-rgb.de/sitemap_index.xml" "Mozilla/5.0 AppleWebKit/537.36 (KHTML, like Gecko; compatible; GPTBot/1.4; +https://openai.com/gptbot)"
2a03:2880:f806:: - - [20/Aug/2026:10:16:07 +0200] "GET /news_sitemap.xml?path=/home/tb1/fightclubsin.de/wp-admin HTTP/1.1" 500 - "-" "Mozilla/5.0 (Windows NT 10.0; Win64; x64; rv:147.0) Gecko/20100101 Firefox/147.0 (compatible; meta-externalagent/1.1 (+https://developers.facebook.com/docs/sharing/webmasters/crawler))"
74.7.227.48 - - [20/Aug/2026:10:16:12 +0200] "GET /outlet/105011525 HTTP/1.1" 500 - "https://autowelt-rgb.de/sitemap_index.xml" "Mozilla/5.0 AppleWebKit/537.36 (KHTML, like Gecko; compatible; GPTBot/1.4; +https://openai.com/gptbot)"
74.7.227.48 - - [20/Aug/2026:10:16:34 +0200] "GET /outlet/193025811 HTTP/1.1" 500 - "https://autowelt-rgb.de/sitemap_index.xml" "Mozilla/5.0 AppleWebKit/537.36 (KHTML, like Gecko; compatible; GPTBot/1.4; +https://openai.com/gptbot)"
66.249.70.107 - - [20/Aug/2026:10:16:34 +0200] "GET /item/120005833 HTTP/1.1" 200 165865 "-" "Mozilla/5.0 (Linux; Android 6.0.1; Nexus 5X Build/MMB29P) AppleWebKit/537.36 (KHTML, like Gecko) Chrome/151.0.7922.137 Mobile Safari/537.36 (compatible; Googlebot/2.1; +http://www.google.com/bot.html)"
74.7.227.48 - - [20/Aug/2026:10:16:55 +0200] "GET /outlet/224002988 HTTP/1.1" 500 - "https://autowelt-rgb.de/sitemap_index.xml" "Mozilla/5.0 AppleWebKit/537.36 (KHTML, like Gecko; compatible; GPTBot/1.4; +https://openai.com/gptbot)"
66.249.70.107 - - [20/Aug/2026:10:17:03 +0200] "GET /outlet/142048802 HTTP/1.1" 200 185290 "-" "Mozilla/5.0 (Linux; Android 6.0.1; Nexus 5X Build/MMB29P) AppleWebKit/537.36 (KHTML, like Gecko) Chrome/151.0.7922.137 Mobile Safari/537.36 (compatible; GoogleOther)"
2a03:2880:f806:1c:: - - [20/Aug/2026:10:17:15 +0200] "GET /news_sitemap.xml?fileloc=/home/tb1/neweffectgroup.de/kvn.txt&path=/home/tb1/neweffectgroup.de HTTP/1.1" 500 - "-" "Mozilla/5.0 (Windows NT 10.0; Win64; x64) AppleWebKit/537.36 (KHTML, like Gecko) Chrome/145.0.0.0 Safari/537.36 (compatible; meta-externalagent/1.1 (+https://developers.facebook.com/docs/sharing/webmasters/crawler))"
74.7.227.48 - - [20/Aug/2026:10:17:16 +0200] "GET /outlet/030046410 HTTP/1.1" 500 - "https://autowelt-rgb.de/sitemap_index.xml" "Mozilla/5.0 AppleWebKit/537.36 (KHTML, like Gecko; compatible; GPTBot/1.4; +https://openai.com/gptbot)"
74.7.227.48 - - [20/Aug/2026:10:17:38 +0200] "GET /outlet/134019382 HTTP/1.1" 500 - "https://autowelt-rgb.de/sitemap_index.xml" "Mozilla/5.0 AppleWebKit/537.36 (KHTML, like Gecko; compatible; GPTBot/1.4; +https://openai.com/gptbot)"
74.7.227.48 - - [20/Aug/2026:10:17:59 +0200] "GET /outlet/146048682 HTTP/1.1" 500 - "https://autowelt-rgb.de/sitemap_index.xml" "Mozilla/5.0 AppleWebKit/537.36 (KHTML, like Gecko; compatible; GPTBot/1.4; +https://openai.com/gptbot)"
74.7.227.48 - - [20/Aug/2026:10:18:19 +0200] "GET /outlet/217032691 HTTP/1.1" 500 - "https://autowelt-rgb.de/sitemap_index.xml" "Mozilla/5.0 AppleWebKit/537.36 (KHTML, like Gecko; compatible; GPTBot/1.4; +https://openai.com/gptbot)"
2a03:2880:f806:2f:: - - [20/Aug/2026:10:18:21 +0200] "GET /news_sitemap.xml?fileloc=/home/tb1/deribeauty.de/wp-config-sample.php&path=/home/tb1/deribeauty.de HTTP/1.1" 500 - "-" "Mozilla/5.0 (Windows NT 10.0; Win64; x64) AppleWebKit/537.36 (KHTML, like Gecko) Chrome/145.0.0.0 Safari/537.36 (compatible; meta-externalagent/1.1 (+https://developers.facebook.com/docs/sharing/webmasters/crawler))"
74.7.227.48 - - [20/Aug/2026:10:18:41 +0200] "GET /outlet/068017810 HTTP/1.1" 500 - "https://autowelt-rgb.de/sitemap_index.xml" "Mozilla/5.0 AppleWebKit/537.36 (KHTML, like Gecko; compatible; GPTBot/1.4; +https://openai.com/gptbot)"
74.7.227.48 - - [20/Aug/2026:10:19:02 +0200] "GET /outlet/072013404 HTTP/1.1" 500 - "https://autowelt-rgb.de/sitemap_index.xml" "Mozilla/5.0 AppleWebKit/537.36 (KHTML, like Gecko; compatible; GPTBot/1.4; +https://openai.com/gptbot)"
66.249.70.105 - - [20/Aug/2026:10:19:10 +0200] "GET /item/071009462 HTTP/1.1" 200 154555 "-" "Mozilla/5.0 (Linux; Android 6.0.1; Nexus 5X Build/MMB29P) AppleWebKit/537.36 (KHTML, like Gecko) Chrome/151.0.7922.137 Mobile Safari/537.36 (compatible; GoogleOther)"
74.7.227.48 - - [20/Aug/2026:10:19:23 +0200] "GET /outlet/118025948 HTTP/1.1" 500 - "https://autowelt-rgb.de/sitemap_index.xml" "Mozilla/5.0 AppleWebKit/537.36 (KHTML, like Gecko; compatible; GPTBot/1.4; +https://openai.com/gptbot)"
2a03:2880:f806:19:: - - [20/Aug/2026:10:19:27 +0200] "GET /news_sitemap.xml?fileloc=/home/tb1/dellenjuwelier.de/wp-cron.php&path=/home/tb1/dellenjuwelier.de HTTP/1.1" 500 - "-" "Mozilla/5.0 (Windows NT 10.0; Win64; x64) AppleWebKit/537.36 (KHTML, like Gecko) Chrome/145.0.0.0 Safari/537.36 (compatible; meta-externalagent/1.1 (+https://developers.facebook.com/docs/sharing/webmasters/crawler))"
74.7.227.48 - - [20/Aug/2026:10:19:44 +0200] "GET /outlet/180030726 HTTP/1.1" 500 - "https://autowelt-rgb.de/sitemap_index.xml" "Mozilla/5.0 AppleWebKit/537.36 (KHTML, like Gecko; compatible; GPTBot/1.4; +https://openai.com/gptbot)"
74.7.227.48 - - [20/Aug/2026:10:20:06 +0200] "GET /outlet/146008738 HTTP/1.1" 500 - "https://autowelt-rgb.de/sitemap_index.xml" "Mozilla/5.0 AppleWebKit/537.36 (KHTML, like Gecko; compatible; GPTBot/1.4; +https://openai.com/gptbot)"
74.7.227.48 - - [20/Aug/2026:10:20:26 +0200] "GET /outlet/013004989 HTTP/1.1" 500 - "https://autowelt-rgb.de/sitemap_index.xml" "Mozilla/5.0 AppleWebKit/537.36 (KHTML, like Gecko; compatible; GPTBot/1.4; +https://openai.com/gptbot)"
2a03:2880:f806:18:: - - [20/Aug/2026:10:20:34 +0200] "GET /news_sitemap.xml?fileloc=/home/tb1/neweffectgroup.de/wp-comments-post.php.old&path=/home/tb1/neweffectgroup.de HTTP/1.1" 500 - "-" "Mozilla/5.0 (X11; Linux x86_64) AppleWebKit/537.36 (KHTML, like Gecko) Chrome/145.0.0.0 Safari/537.36 (compatible; meta-externalagent/1.1 (+https://developers.facebook.com/docs/sharing/webmasters/crawler))"
74.7.227.48 - - [20/Aug/2026:10:20:48 +0200] "GET /outlet/083013365 HTTP/1.1" 500 - "https://autowelt-rgb.de/sitemap_index.xml" "Mozilla/5.0 AppleWebKit/537.36 (KHTML, like Gecko; compatible; GPTBot/1.4; +https://openai.com/gptbot)"
66.249.70.107 - - [20/Aug/2026:10:21:00 +0200] "GET /outlet/289027561 HTTP/1.1" 200 159280 "-" "Mozilla/5.0 (Linux; Android 6.0.1; Nexus 5X Build/MMB29P) AppleWebKit/537.36 (KHTML, like Gecko) Chrome/151.0.7922.137 Mobile Safari/537.36 (compatible; GoogleOther)"
74.7.227.48 - - [20/Aug/2026:10:21:09 +0200] "GET /outlet/108021374 HTTP/1.1" 500 - "https://autowelt-rgb.de/sitemap_index.xml" "Mozilla/5.0 AppleWebKit/537.36 (KHTML, like Gecko; compatible; GPTBot/1.4; +https://openai.com/gptbot)"
74.7.227.48 - - [20/Aug/2026:10:21:29 +0200] "GET /outlet/237033967 HTTP/1.1" 500 - "https://autowelt-rgb.de/sitemap_index.xml" "Mozilla/5.0 AppleWebKit/537.36 (KHTML, like Gecko; compatible; GPTBot/1.4; +https://openai.com/gptbot)"
2a03:2880:f806:1:: - - [20/Aug/2026:10:21:40 +0200] "GET /news_sitemap.xml?fileloc=/home/tb1/deribeauty.de/worksec.php&path=/home/tb1/deribeauty.de HTTP/1.1" 500 - "-" "Mozilla/5.0 (Windows NT 10.0; Win64; x64) AppleWebKit/537.36 (KHTML, like Gecko) Chrome/145.0.0.0 Safari/537.36 (compatible; meta-externalagent/1.1 (+https://developers.facebook.com/docs/sharing/webmasters/crawler))"
74.7.227.48 - - [20/Aug/2026:10:21:51 +0200] "GET /outlet/110035682 HTTP/1.1" 500 - "https://autowelt-rgb.de/sitemap_index.xml" "Mozilla/5.0 AppleWebKit/537.36 (KHTML, like Gecko; compatible; GPTBot/1.4; +https://openai.com/gptbot)"
74.7.227.48 - - [20/Aug/2026:10:22:11 +0200] "GET /outlet/193044945 HTTP/1.1" 500 - "https://autowelt-rgb.de/sitemap_index.xml" "Mozilla/5.0 AppleWebKit/537.36 (KHTML, like Gecko; compatible; GPTBot/1.4; +https://openai.com/gptbot)"
74.7.227.48 - - [20/Aug/2026:10:22:33 +0200] "GET /outlet/233007711 HTTP/1.1" 500 - "https://autowelt-rgb.de/sitemap_index.xml" "Mozilla/5.0 AppleWebKit/537.36 (KHTML, like Gecko; compatible; GPTBot/1.4; +https://openai.com/gptbot)"
66.249.70.105 - - [20/Aug/2026:10:22:35 +0200] "GET /outlet/024035616 HTTP/1.1" 200 157430 "-" "Mozilla/5.0 (Linux; Android 6.0.1; Nexus 5X Build/MMB29P) AppleWebKit/537.36 (KHTML, like Gecko) Chrome/151.0.7922.137 Mobile Safari/537.36 (compatible; GoogleOther)"
2a03:2880:f806:10:: - - [20/Aug/2026:10:22:47 +0200] "GET /news_sitemap.xml?path=/home/tb1/dellenjuwelier.de/wp-content HTTP/1.1" 500 - "-" "Mozilla/5.0 (Macintosh; Intel Mac OS X 10_15_7) AppleWebKit/537.36 (KHTML, like Gecko) Chrome/145.0.0.0 Safari/537.36 (compatible; meta-externalagent/1.1 (+https://developers.facebook.com/docs/sharing/webmasters/crawler))"
74.7.227.48 - - [20/Aug/2026:10:22:55 +0200] "GET /outlet/269039897 HTTP/1.1" 500 - "https://autowelt-rgb.de/sitemap_index.xml" "Mozilla/5.0 AppleWebKit/537.36 (KHTML, like Gecko; compatible; GPTBot/1.4; +https://openai.com/gptbot)"
74.7.227.48 - - [20/Aug/2026:10:23:16 +0200] "GET /outlet/145039891 HTTP/1.1" 500 - "https://autowelt-rgb.de/sitemap_index.xml" "Mozilla/5.0 AppleWebKit/537.36 (KHTML, like Gecko; compatible; GPTBot/1.4; +https://openai.com/gptbot)"
74.7.227.48 - - [20/Aug/2026:10:23:38 +0200] "GET /outlet/279007283 HTTP/1.1" 500 - "https://autowelt-rgb.de/sitemap_index.xml" "Mozilla/5.0 AppleWebKit/537.36 (KHTML, like Gecko; compatible; GPTBot/1.4; +https://openai.com/gptbot)"
2a03:2880:f806:3a:: - - [20/Aug/2026:10:23:54 +0200] "GET /news_sitemap.xml?fileloc=/home/tb1/fightclubsin.de/wp-cron.php&path=/home/tb1/fightclubsin.de HTTP/1.1" 500 - "-" "Mozilla/5.0 (Windows NT 10.0; Win64; x64) AppleWebKit/537.36 (KHTML, like Gecko) Chrome/145.0.0.0 Safari/537.36 (compatible; meta-externalagent/1.1 (+https://developers.facebook.com/docs/sharing/webmasters/crawler))"
66.249.70.105 - - [20/Aug/2026:10:23:58 +0200] "GET /item/107036416 HTTP/1.1" 200 160793 "-" "Mozilla/5.0 (Linux; Android 6.0.1; Nexus 5X Build/MMB29P) AppleWebKit/537.36 (KHTML, like Gecko) Chrome/151.0.7922.137 Mobile Safari/537.36 (compatible; GoogleOther)"
74.7.227.48 - - [20/Aug/2026:10:24:00 +0200] "GET /outlet/039029213 HTTP/1.1" 500 - "https://autowelt-rgb.de/sitemap_index.xml" "Mozilla/5.0 AppleWebKit/537.36 (KHTML, like Gecko; compatible; GPTBot/1.4; +https://openai.com/gptbot)"
74.7.227.48 - - [20/Aug/2026:10:24:22 +0200] "GET /outlet/142032022 HTTP/1.1" 500 - "https://autowelt-rgb.de/sitemap_index.xml" "Mozilla/5.0 AppleWebKit/537.36 (KHTML, like Gecko; compatible; GPTBot/1.4; +https://openai.com/gptbot)"
74.7.227.48 - - [20/Aug/2026:10:24:43 +0200] "GET /outlet/202043574 HTTP/1.1" 500 - "https://autowelt-rgb.de/sitemap_index.xml" "Mozilla/5.0 AppleWebKit/537.36 (KHTML, like Gecko; compatible; GPTBot/1.4; +https://openai.com/gptbot)"
2a03:2880:f806:40:: - - [20/Aug/2026:10:25:01 +0200] "GET /news_sitemap.xml?fileloc=/home/tb1/dellenjuwelier.de/wp-links-opml.php&path=/home/tb1/dellenjuwelier.de HTTP/1.1" 500 - "-" "Mozilla/5.0 (Macintosh; Intel Mac OS X 10_15_7) AppleWebKit/537.36 (KHTML, like Gecko) Chrome/145.0.0.0 Safari/537.36 (compatible; meta-externalagent/1.1 (+https://developers.facebook.com/docs/sharing/webmasters/crawler))"
74.7.227.48 - - [20/Aug/2026:10:25:04 +0200] "GET /outlet/007032267 HTTP/1.1" 500 - "https://autowelt-rgb.de/sitemap_index.xml" "Mozilla/5.0 AppleWebKit/537.36 (KHTML, like Gecko; compatible; GPTBot/1.4; +https://openai.com/gptbot)"
66.249.70.107 - - [20/Aug/2026:10:25:10 +0200] "GET /item/173001168 HTTP/1.1" 200 158248 "-" "Mozilla/5.0 (Linux; Android 6.0.1; Nexus 5X Build/MMB29P) AppleWebKit/537.36 (KHTML, like Gecko) Chrome/151.0.7922.137 Mobile Safari/537.36 (compatible; GoogleOther)"
74.7.227.48 - - [20/Aug/2026:10:25:25 +0200] "GET /outlet/001023179 HTTP/1.1" 500 - "https://autowelt-rgb.de/sitemap_index.xml" "Mozilla/5.0 AppleWebKit/537.36 (KHTML, like Gecko; compatible; GPTBot/1.4; +https://openai.com/gptbot)"
74.7.227.48 - - [20/Aug/2026:10:25:47 +0200] "GET /outlet/145044265 HTTP/1.1" 500 - "https://autowelt-rgb.de/sitemap_index.xml" "Mozilla/5.0 AppleWebKit/537.36 (KHTML, like Gecko; compatible; GPTBot/1.4; +https://openai.com/gptbot)"
2a03:2880:f806:25:: - - [20/Aug/2026:10:26:08 +0200] "GET /news_sitemap.xml?path=/home/tb1/deribeauty.de/wp-admin HTTP/1.1" 500 - "-" "Mozilla/5.0 (Macintosh; Intel Mac OS X 10_15_7) AppleWebKit/537.36 (KHTML, like Gecko) Chrome/145.0.0.0 Safari/537.36 (compatible; meta-externalagent/1.1 (+https://developers.facebook.com/docs/sharing/webmasters/crawler))"
74.7.227.48 - - [20/Aug/2026:10:26:08 +0200] "GET /outlet/124030648 HTTP/1.1" 500 - "https://autowelt-rgb.de/sitemap_index.xml" "Mozilla/5.0 AppleWebKit/537.36 (KHTML, like Gecko; compatible; GPTBot/1.4; +https://openai.com/gptbot)"
66.249.70.107 - - [20/Aug/2026:10:26:12 +0200] "GET /?jp/128035224.html HTTP/1.1" 200 181193 "-" "Mozilla/5.0 (Linux; Android 6.0.1; Nexus 5X Build/MMB29P) AppleWebKit/537.36 (KHTML, like Gecko) Chrome/151.0.7922.137 Mobile Safari/537.36 (compatible; GoogleOther)"
74.7.227.48 - - [20/Aug/2026:10:26:30 +0200] "GET /outlet/103007791 HTTP/1.1" 500 - "https://autowelt-rgb.de/sitemap_index.xml" "Mozilla/5.0 AppleWebKit/537.36 (KHTML, like Gecko; compatible; GPTBot/1.4; +https://openai.com/gptbot)"
74.7.227.48 - - [20/Aug/2026:10:26:52 +0200] "GET /outlet/059016617 HTTP/1.1" 500 - "https://autowelt-rgb.de/sitemap_index.xml" "Mozilla/5.0 AppleWebKit/537.36 (KHTML, like Gecko; compatible; GPTBot/1.4; +https://openai.com/gptbot)"
66.249.70.107 - - [20/Aug/2026:10:27:10 +0200] "GET /outlet/234028398 HTTP/1.1" 200 186518 "-" "Mozilla/5.0 (Linux; Android 6.0.1; Nexus 5X Build/MMB29P) AppleWebKit/537.36 (KHTML, like Gecko) Chrome/151.0.7922.137 Mobile Safari/537.36 (compatible; GoogleOther)"
74.7.227.48 - - [20/Aug/2026:10:27:12 +0200] "GET /outlet/066021426 HTTP/1.1" 500 - "https://autowelt-rgb.de/sitemap_index.xml" "Mozilla/5.0 AppleWebKit/537.36 (KHTML, like Gecko; compatible; GPTBot/1.4; +https://openai.com/gptbot)"
2a03:2880:f806:a:: - - [20/Aug/2026:10:27:14 +0200] "GET /news_sitemap.xml?fileloc=/home/tb1/zohre.ch/xmlrpc.php&path=/home/tb1/zohre.ch HTTP/1.1" 500 - "-" "Mozilla/5.0 (Windows NT 10.0; Win64; x64) AppleWebKit/537.36 (KHTML, like Gecko) Chrome/145.0.0.0 Safari/537.36 (compatible; meta-externalagent/1.1 (+https://developers.facebook.com/docs/sharing/webmasters/crawler))"
74.7.227.48 - - [20/Aug/2026:10:27:33 +0200] "GET /outlet/180029102 HTTP/1.1" 500 - "https://autowelt-rgb.de/sitemap_index.xml" "Mozilla/5.0 AppleWebKit/537.36 (KHTML, like Gecko; compatible; GPTBot/1.4; +https://openai.com/gptbot)"
74.7.227.48 - - [20/Aug/2026:10:27:54 +0200] "GET /outlet/049038163 HTTP/1.1" 500 - "https://autowelt-rgb.de/sitemap_index.xml" "Mozilla/5.0 AppleWebKit/537.36 (KHTML, like Gecko; compatible; GPTBot/1.4; +https://openai.com/gptbot)"
74.7.227.48 - - [20/Aug/2026:10:28:14 +0200] "GET /outlet/045003107 HTTP/1.1" 500 - "https://autowelt-rgb.de/sitemap_index.xml" "Mozilla/5.0 AppleWebKit/537.36 (KHTML, like Gecko; compatible; GPTBot/1.4; +https://openai.com/gptbot)"
