74.7.241.49 - - [20/Aug/2026:04:13:13 +0200] "GET /?w=obn222xyh9492uaqmpvgdt HTTP/1.1" 500 - "https://fensterundhaus.de/sitemap_index.xml" "Mozilla/5.0 AppleWebKit/537.36 (KHTML, like Gecko; compatible; GPTBot/1.4; +https://openai.com/gptbot)"
74.7.241.49 - - [20/Aug/2026:04:13:25 +0200] "GET /?v=lmzd119pqtx7843ipnifxr HTTP/1.1" 500 - "https://fensterundhaus.de/sitemap_index.xml" "Mozilla/5.0 AppleWebKit/537.36 (KHTML, like Gecko; compatible; GPTBot/1.4; +https://openai.com/gptbot)"
74.7.241.49 - - [20/Aug/2026:04:13:50 +0200] "GET /?n=pfq105wgu6277byiqlgewt HTTP/1.1" 500 - "https://fensterundhaus.de/sitemap_index.xml" "Mozilla/5.0 AppleWebKit/537.36 (KHTML, like Gecko; compatible; GPTBot/1.4; +https://openai.com/gptbot)"
74.7.241.49 - - [20/Aug/2026:04:14:08 +0200] "GET /?k=ect34duli30992inyrbghl HTTP/1.1" 500 - "https://fensterundhaus.de/sitemap_index.xml" "Mozilla/5.0 AppleWebKit/537.36 (KHTML, like Gecko; compatible; GPTBot/1.4; +https://openai.com/gptbot)"
74.7.241.49 - - [20/Aug/2026:04:14:42 +0200] "GET /?b=vegjd275kd4491igmuazvh HTTP/1.1" 500 - "https://fensterundhaus.de/sitemap_index.xml" "Mozilla/5.0 AppleWebKit/537.36 (KHTML, like Gecko; compatible; GPTBot/1.4; +https://openai.com/gptbot)"
74.7.241.49 - - [20/Aug/2026:04:18:14 +0200] "GET /?f=pra23kxjov22441ozdclyg HTTP/1.1" 500 - "https://fensterundhaus.de/sitemap_index.xml" "Mozilla/5.0 AppleWebKit/537.36 (KHTML, like Gecko; compatible; GPTBot/1.4; +https://openai.com/gptbot)"
74.7.241.49 - - [20/Aug/2026:04:18:34 +0200] "GET /?j=lcrp31zagms30667vadoqj HTTP/1.1" 500 - "https://fensterundhaus.de/sitemap_index.xml" "Mozilla/5.0 AppleWebKit/537.36 (KHTML, like Gecko; compatible; GPTBot/1.4; +https://openai.com/gptbot)"
32.194.172.72 - - [20/Aug/2026:04:18:40 +0200] "GET / HTTP/1.1" 500 - "-" "Mozilla/5.0 (Windows NT 10.0; WOW64) AppleWebKit/537.36 (KHTML, like Gecko) Chrome/109.0.0.0 Safari/537.36"
32.194.172.72 - - [20/Aug/2026:04:18:47 +0200] "GET / HTTP/1.1" 500 - "-" "Mozilla/5.0 (Windows NT 10.0; WOW64) AppleWebKit/537.36 (KHTML, like Gecko) Chrome/109.0.0.0 Safari/537.36"
74.7.241.49 - - [20/Aug/2026:04:19:22 +0200] "GET /?c=bvrfm220ixhu5978ilecwh HTTP/1.1" 500 - "https://fensterundhaus.de/sitemap_index.xml" "Mozilla/5.0 AppleWebKit/537.36 (KHTML, like Gecko; compatible; GPTBot/1.4; +https://openai.com/gptbot)"
74.7.241.49 - - [20/Aug/2026:04:20:42 +0200] "GET /?n=266036605 HTTP/1.1" 500 - "https://fensterundhaus.de/sitemap_index.xml" "Mozilla/5.0 AppleWebKit/537.36 (KHTML, like Gecko; compatible; GPTBot/1.4; +https://openai.com/gptbot)"
74.7.241.49 - - [20/Aug/2026:04:20:50 +0200] "GET /?l=122020287 HTTP/1.1" 500 - "https://fensterundhaus.de/sitemap_index.xml" "Mozilla/5.0 AppleWebKit/537.36 (KHTML, like Gecko; compatible; GPTBot/1.4; +https://openai.com/gptbot)"
74.7.241.49 - - [20/Aug/2026:04:21:16 +0200] "GET /?o=drrr254rrr39274ccdjecy HTTP/1.1" 500 - "https://fensterundhaus.de/sitemap_index.xml" "Mozilla/5.0 AppleWebKit/537.36 (KHTML, like Gecko; compatible; GPTBot/1.4; +https://openai.com/gptbot)"
74.7.241.49 - - [20/Aug/2026:04:21:27 +0200] "GET /?w=181043810 HTTP/1.1" 500 - "https://fensterundhaus.de/sitemap_index.xml" "Mozilla/5.0 AppleWebKit/537.36 (KHTML, like Gecko; compatible; GPTBot/1.4; +https://openai.com/gptbot)"
74.7.241.49 - - [20/Aug/2026:04:21:44 +0200] "GET /?b=018018215 HTTP/1.1" 500 - "https://fensterundhaus.de/sitemap_index.xml" "Mozilla/5.0 AppleWebKit/537.36 (KHTML, like Gecko; compatible; GPTBot/1.4; +https://openai.com/gptbot)"
74.7.241.49 - - [20/Aug/2026:04:22:14 +0200] "GET /?j=241010130 HTTP/1.1" 500 - "https://fensterundhaus.de/sitemap_index.xml" "Mozilla/5.0 AppleWebKit/537.36 (KHTML, like Gecko; compatible; GPTBot/1.4; +https://openai.com/gptbot)"
74.7.241.49 - - [20/Aug/2026:04:22:25 +0200] "GET /?q=244019191 HTTP/1.1" 500 - "https://fensterundhaus.de/sitemap_index.xml" "Mozilla/5.0 AppleWebKit/537.36 (KHTML, like Gecko; compatible; GPTBot/1.4; +https://openai.com/gptbot)"
74.7.241.49 - - [20/Aug/2026:04:23:20 +0200] "GET /?m=042042903 HTTP/1.1" 500 - "https://fensterundhaus.de/sitemap_index.xml" "Mozilla/5.0 AppleWebKit/537.36 (KHTML, like Gecko; compatible; GPTBot/1.4; +https://openai.com/gptbot)"
74.7.241.49 - - [20/Aug/2026:04:23:31 +0200] "GET /?j=059005964 HTTP/1.1" 500 - "https://fensterundhaus.de/sitemap_index.xml" "Mozilla/5.0 AppleWebKit/537.36 (KHTML, like Gecko; compatible; GPTBot/1.4; +https://openai.com/gptbot)"
88.90.243.36 - - [20/Aug/2026:04:23:49 +0200] "GET /robots.txt HTTP/1.1" 304 - "-" "Mozilla/5.0 (compatible; MJ12bot/v1.4.8; http://mj12bot.com/)"
74.7.241.49 - - [20/Aug/2026:04:23:51 +0200] "GET /?f=171046464 HTTP/1.1" 500 - "https://fensterundhaus.de/sitemap_index.xml" "Mozilla/5.0 AppleWebKit/537.36 (KHTML, like Gecko; compatible; GPTBot/1.4; +https://openai.com/gptbot)"
88.90.243.36 - - [20/Aug/2026:04:23:57 +0200] "GET /?path=//lost%20found HTTP/1.1" 500 - "-" "Mozilla/5.0 (compatible; MJ12bot/v1.4.8; http://mj12bot.com/)"
74.7.241.49 - - [20/Aug/2026:04:23:58 +0200] "GET /?z=169004690 HTTP/1.1" 500 - "https://fensterundhaus.de/sitemap_index.xml" "Mozilla/5.0 AppleWebKit/537.36 (KHTML, like Gecko; compatible; GPTBot/1.4; +https://openai.com/gptbot)"
68.155.154.146 - - [20/Aug/2026:04:23:59 +0200] "GET / HTTP/1.1" 500 - "-" "Mozilla/5.0 (Windows NT 10.0; Win64; x64) AppleWebKit/537.36 (KHTML, like Gecko) Chrome/120.0.0.0 Safari/537.36"
74.7.241.49 - - [20/Aug/2026:04:24:16 +0200] "GET /?w=202025677 HTTP/1.1" 500 - "https://fensterundhaus.de/sitemap_index.xml" "Mozilla/5.0 AppleWebKit/537.36 (KHTML, like Gecko; compatible; GPTBot/1.4; +https://openai.com/gptbot)"
74.7.241.49 - - [20/Aug/2026:04:24:52 +0200] "GET /?l=023023438 HTTP/1.1" 500 - "https://fensterundhaus.de/sitemap_index.xml" "Mozilla/5.0 AppleWebKit/537.36 (KHTML, like Gecko; compatible; GPTBot/1.4; +https://openai.com/gptbot)"
74.7.241.49 - - [20/Aug/2026:04:25:51 +0200] "GET /?u=tscre19k28283cwbamrthhq HTTP/1.1" 500 - "https://fensterundhaus.de/sitemap_index.xml" "Mozilla/5.0 AppleWebKit/537.36 (KHTML, like Gecko; compatible; GPTBot/1.4; +https://openai.com/gptbot)"
74.7.241.49 - - [20/Aug/2026:04:27:12 +0200] "GET /?i=qws245ptlb3077cdppylmlj HTTP/1.1" 500 - "https://fensterundhaus.de/sitemap_index.xml" "Mozilla/5.0 AppleWebKit/537.36 (KHTML, like Gecko; compatible; GPTBot/1.4; +https://openai.com/gptbot)"
74.7.241.49 - - [20/Aug/2026:04:27:27 +0200] "GET /?k=emdbq148e36252cxfpygg HTTP/1.1" 500 - "https://fensterundhaus.de/sitemap_index.xml" "Mozilla/5.0 AppleWebKit/537.36 (KHTML, like Gecko; compatible; GPTBot/1.4; +https://openai.com/gptbot)"
74.7.241.49 - - [20/Aug/2026:04:28:32 +0200] "GET /?n=vrb250jsd17490szoigtn HTTP/1.1" 500 - "https://fensterundhaus.de/sitemap_index.xml" "Mozilla/5.0 AppleWebKit/537.36 (KHTML, like Gecko; compatible; GPTBot/1.4; +https://openai.com/gptbot)"
74.7.241.49 - - [20/Aug/2026:04:29:16 +0200] "GET /?g=dxa267tyt40901hmnxkrc HTTP/1.1" 500 - "https://fensterundhaus.de/sitemap_index.xml" "Mozilla/5.0 AppleWebKit/537.36 (KHTML, like Gecko; compatible; GPTBot/1.4; +https://openai.com/gptbot)"
74.7.241.49 - - [20/Aug/2026:04:32:37 +0200] "GET /?s=vhrai48dlfnk15080nkhvsndju HTTP/1.1" 500 - "https://fensterundhaus.de/sitemap_index.xml" "Mozilla/5.0 AppleWebKit/537.36 (KHTML, like Gecko; compatible; GPTBot/1.4; +https://openai.com/gptbot)"
74.7.241.49 - - [20/Aug/2026:04:33:02 +0200] "GET /?q=mfd47xgcm13475wfkpzryk HTTP/1.1" 500 - "https://fensterundhaus.de/sitemap_index.xml" "Mozilla/5.0 AppleWebKit/537.36 (KHTML, like Gecko; compatible; GPTBot/1.4; +https://openai.com/gptbot)"
74.248.133.44 - - [20/Aug/2026:04:33:03 +0200] "GET /test1.php HTTP/1.1" 500 - "-" "Mozilla/5.0 (Windows NT 10.0; Win64; x64) AppleWebKit/537.36 (KHTML, like Gecko) Chrome/120.0.0.0 Safari/537.36"
74.7.241.49 - - [20/Aug/2026:04:33:49 +0200] "GET /?h=seda96m15212gnkzzsexyq HTTP/1.1" 500 - "https://fensterundhaus.de/sitemap_index.xml" "Mozilla/5.0 AppleWebKit/537.36 (KHTML, like Gecko; compatible; GPTBot/1.4; +https://openai.com/gptbot)"
74.7.241.49 - - [20/Aug/2026:04:34:52 +0200] "GET /?q=047024024 HTTP/1.1" 500 - "https://fensterundhaus.de/sitemap_index.xml" "Mozilla/5.0 AppleWebKit/537.36 (KHTML, like Gecko; compatible; GPTBot/1.4; +https://openai.com/gptbot)"
74.7.241.49 - - [20/Aug/2026:04:35:56 +0200] "GET /?r=203030200 HTTP/1.1" 500 - "https://fensterundhaus.de/sitemap_index.xml" "Mozilla/5.0 AppleWebKit/537.36 (KHTML, like Gecko; compatible; GPTBot/1.4; +https://openai.com/gptbot)"
74.7.241.49 - - [20/Aug/2026:04:36:06 +0200] "GET /?s=024022407 HTTP/1.1" 500 - "https://fensterundhaus.de/sitemap_index.xml" "Mozilla/5.0 AppleWebKit/537.36 (KHTML, like Gecko; compatible; GPTBot/1.4; +https://openai.com/gptbot)"
74.7.241.49 - - [20/Aug/2026:04:36:31 +0200] "GET /?o=281002002 HTTP/1.1" 500 - "https://fensterundhaus.de/sitemap_index.xml" "Mozilla/5.0 AppleWebKit/537.36 (KHTML, like Gecko; compatible; GPTBot/1.4; +https://openai.com/gptbot)"
74.7.241.49 - - [20/Aug/2026:04:36:41 +0200] "GET /?u=087008722 HTTP/1.1" 500 - "https://fensterundhaus.de/sitemap_index.xml" "Mozilla/5.0 AppleWebKit/537.36 (KHTML, like Gecko; compatible; GPTBot/1.4; +https://openai.com/gptbot)"
74.7.241.49 - - [20/Aug/2026:04:36:56 +0200] "GET /?l=gwcha64rxnp34716skvosrfkzq HTTP/1.1" 500 - "https://fensterundhaus.de/sitemap_index.xml" "Mozilla/5.0 AppleWebKit/537.36 (KHTML, like Gecko; compatible; GPTBot/1.4; +https://openai.com/gptbot)"
74.7.241.49 - - [20/Aug/2026:04:37:39 +0200] "GET /?r=hckzk43fpzpk32939hwhdghnpq HTTP/1.1" 500 - "https://fensterundhaus.de/sitemap_index.xml" "Mozilla/5.0 AppleWebKit/537.36 (KHTML, like Gecko; compatible; GPTBot/1.4; +https://openai.com/gptbot)"
74.7.241.49 - - [20/Aug/2026:04:37:51 +0200] "GET /?d=lnssq99fvvgn44981jjybsdvuy HTTP/1.1" 500 - "https://fensterundhaus.de/sitemap_index.xml" "Mozilla/5.0 AppleWebKit/537.36 (KHTML, like Gecko; compatible; GPTBot/1.4; +https://openai.com/gptbot)"
74.7.241.49 - - [20/Aug/2026:04:38:22 +0200] "GET /?g=yfdan17wkjd15275qkbmvgsdqg HTTP/1.1" 500 - "https://fensterundhaus.de/sitemap_index.xml" "Mozilla/5.0 AppleWebKit/537.36 (KHTML, like Gecko; compatible; GPTBot/1.4; +https://openai.com/gptbot)"
74.7.241.49 - - [20/Aug/2026:04:38:25 +0200] "GET /?z=zjjk17eeotl47289yastqcybpw HTTP/1.1" 500 - "https://fensterundhaus.de/sitemap_index.xml" "Mozilla/5.0 AppleWebKit/537.36 (KHTML, like Gecko; compatible; GPTBot/1.4; +https://openai.com/gptbot)"
74.7.241.49 - - [20/Aug/2026:04:38:49 +0200] "GET /?h=eenab25tyrw31657axmhsjdyub HTTP/1.1" 500 - "https://fensterundhaus.de/sitemap_index.xml" "Mozilla/5.0 AppleWebKit/537.36 (KHTML, like Gecko; compatible; GPTBot/1.4; +https://openai.com/gptbot)"
74.7.241.49 - - [20/Aug/2026:04:39:04 +0200] "GET /?x=qcnzs1qkern44611hsiufkcbjv HTTP/1.1" 500 - "https://fensterundhaus.de/sitemap_index.xml" "Mozilla/5.0 AppleWebKit/537.36 (KHTML, like Gecko; compatible; GPTBot/1.4; +https://openai.com/gptbot)"
74.7.241.49 - - [20/Aug/2026:04:39:25 +0200] "GET /?b=mhiu29rptlx44921empvcyi HTTP/1.1" 500 - "https://fensterundhaus.de/sitemap_index.xml" "Mozilla/5.0 AppleWebKit/537.36 (KHTML, like Gecko; compatible; GPTBot/1.4; +https://openai.com/gptbot)"
74.7.241.49 - - [20/Aug/2026:04:39:45 +0200] "GET /?e=ailum237fun8845wfskmlqn HTTP/1.1" 500 - "https://fensterundhaus.de/sitemap_index.xml" "Mozilla/5.0 AppleWebKit/537.36 (KHTML, like Gecko; compatible; GPTBot/1.4; +https://openai.com/gptbot)"
74.7.241.49 - - [20/Aug/2026:04:40:06 +0200] "GET /?m=sorj13gjhck15253xpbybce HTTP/1.1" 500 - "https://fensterundhaus.de/sitemap_index.xml" "Mozilla/5.0 AppleWebKit/537.36 (KHTML, like Gecko; compatible; GPTBot/1.4; +https://openai.com/gptbot)"
74.7.241.49 - - [20/Aug/2026:04:40:26 +0200] "GET /?i=ucpq98ho32972flljpvoscd HTTP/1.1" 500 - "https://fensterundhaus.de/sitemap_index.xml" "Mozilla/5.0 AppleWebKit/537.36 (KHTML, like Gecko; compatible; GPTBot/1.4; +https://openai.com/gptbot)"
74.7.241.49 - - [20/Aug/2026:04:40:47 +0200] "GET /?o=ncpyb28vgf18150rpunbdga HTTP/1.1" 500 - "https://fensterundhaus.de/sitemap_index.xml" "Mozilla/5.0 AppleWebKit/537.36 (KHTML, like Gecko; compatible; GPTBot/1.4; +https://openai.com/gptbot)"
74.7.241.49 - - [20/Aug/2026:04:41:13 +0200] "GET /?m=iak26iyxu27684bpwuyjgwv HTTP/1.1" 500 - "https://fensterundhaus.de/sitemap_index.xml" "Mozilla/5.0 AppleWebKit/537.36 (KHTML, like Gecko; compatible; GPTBot/1.4; +https://openai.com/gptbot)"
74.7.241.49 - - [20/Aug/2026:04:41:29 +0200] "GET /?p=feknc235nyz5743hczldglb HTTP/1.1" 500 - "https://fensterundhaus.de/sitemap_index.xml" "Mozilla/5.0 AppleWebKit/537.36 (KHTML, like Gecko; compatible; GPTBot/1.4; +https://openai.com/gptbot)"
74.7.241.49 - - [20/Aug/2026:04:41:53 +0200] "GET /?v=mumfp98xdc14874vchyljya HTTP/1.1" 500 - "https://fensterundhaus.de/sitemap_index.xml" "Mozilla/5.0 AppleWebKit/537.36 (KHTML, like Gecko; compatible; GPTBot/1.4; +https://openai.com/gptbot)"
74.7.241.49 - - [20/Aug/2026:04:42:22 +0200] "GET /?k=ddeyh34jqngc36690jfzemn HTTP/1.1" 500 - "https://fensterundhaus.de/sitemap_index.xml" "Mozilla/5.0 AppleWebKit/537.36 (KHTML, like Gecko; compatible; GPTBot/1.4; +https://openai.com/gptbot)"
74.7.241.49 - - [20/Aug/2026:04:42:56 +0200] "GET /?q=vssbl80bbxl35472vajwnzjqeu HTTP/1.1" 500 - "https://fensterundhaus.de/sitemap_index.xml" "Mozilla/5.0 AppleWebKit/537.36 (KHTML, like Gecko; compatible; GPTBot/1.4; +https://openai.com/gptbot)"
68.155.154.146 - - [20/Aug/2026:04:42:59 +0200] "GET / HTTP/1.1" 500 - "-" "Mozilla/5.0 (Windows NT 10.0; Win64; x64) AppleWebKit/537.36 (KHTML, like Gecko) Chrome/120.0.0.0 Safari/537.36"
74.7.241.49 - - [20/Aug/2026:04:43:18 +0200] "GET /?z=ulutd176xjrfq4998zoqsoentu HTTP/1.1" 500 - "https://fensterundhaus.de/sitemap_index.xml" "Mozilla/5.0 AppleWebKit/537.36 (KHTML, like Gecko; compatible; GPTBot/1.4; +https://openai.com/gptbot)"
74.7.241.49 - - [20/Aug/2026:04:43:35 +0200] "GET /?p=uoiwk239spoua2745ldvfralkh HTTP/1.1" 500 - "https://fensterundhaus.de/sitemap_index.xml" "Mozilla/5.0 AppleWebKit/537.36 (KHTML, like Gecko; compatible; GPTBot/1.4; +https://openai.com/gptbot)"
162.55.89.48 - - [20/Aug/2026:04:43:48 +0200] "GET /wp-login.php HTTP/1.1" 500 - "-" "Mozilla/5.0 (Windows NT 10.0; Win64; x64) AppleWebKit/537.36 (KHTML, like Gecko) Chrome/149.0.0.0 Safari/537.36"
74.7.241.49 - - [20/Aug/2026:04:43:51 +0200] "GET /?t=wwasd37amce39097kobqrmvuuh HTTP/1.1" 500 - "https://fensterundhaus.de/sitemap_index.xml" "Mozilla/5.0 AppleWebKit/537.36 (KHTML, like Gecko; compatible; GPTBot/1.4; +https://openai.com/gptbot)"
74.7.241.49 - - [20/Aug/2026:04:45:14 +0200] "GET /?h=knby218pcjf30356wbacnubxi HTTP/1.1" 500 - "https://fensterundhaus.de/sitemap_index.xml" "Mozilla/5.0 AppleWebKit/537.36 (KHTML, like Gecko; compatible; GPTBot/1.4; +https://openai.com/gptbot)"
74.7.241.49 - - [20/Aug/2026:04:45:58 +0200] "GET /?p=naun101zba25479nqfhzcsylt HTTP/1.1" 500 - "https://fensterundhaus.de/sitemap_index.xml" "Mozilla/5.0 AppleWebKit/537.36 (KHTML, like Gecko; compatible; GPTBot/1.4; +https://openai.com/gptbot)"
74.7.241.49 - - [20/Aug/2026:04:46:04 +0200] "GET /?w=ywqe182xdajn48798gshkkbyz HTTP/1.1" 500 - "https://fensterundhaus.de/sitemap_index.xml" "Mozilla/5.0 AppleWebKit/537.36 (KHTML, like Gecko; compatible; GPTBot/1.4; +https://openai.com/gptbot)"
74.7.241.49 - - [20/Aug/2026:04:46:13 +0200] "GET /?g=fqd255lbjai48513lzwybxlok HTTP/1.1" 500 - "https://fensterundhaus.de/sitemap_index.xml" "Mozilla/5.0 AppleWebKit/537.36 (KHTML, like Gecko; compatible; GPTBot/1.4; +https://openai.com/gptbot)"
74.7.241.49 - - [20/Aug/2026:04:46:27 +0200] "GET /?r=lmw248vkmjr46808nsgtqeozy HTTP/1.1" 500 - "https://fensterundhaus.de/sitemap_index.xml" "Mozilla/5.0 AppleWebKit/537.36 (KHTML, like Gecko; compatible; GPTBot/1.4; +https://openai.com/gptbot)"
74.7.241.49 - - [20/Aug/2026:04:46:58 +0200] "GET /?q=ggsv183hjnt10751mbeptnxol HTTP/1.1" 500 - "https://fensterundhaus.de/sitemap_index.xml" "Mozilla/5.0 AppleWebKit/537.36 (KHTML, like Gecko; compatible; GPTBot/1.4; +https://openai.com/gptbot)"
74.7.241.49 - - [20/Aug/2026:04:47:08 +0200] "GET /?a=xfvej171mp19653uqahscpzpn HTTP/1.1" 500 - "https://fensterundhaus.de/sitemap_index.xml" "Mozilla/5.0 AppleWebKit/537.36 (KHTML, like Gecko; compatible; GPTBot/1.4; +https://openai.com/gptbot)"
74.7.241.49 - - [20/Aug/2026:04:47:28 +0200] "GET /?g=dqja225msnjz34955cobltlrh HTTP/1.1" 500 - "https://fensterundhaus.de/sitemap_index.xml" "Mozilla/5.0 AppleWebKit/537.36 (KHTML, like Gecko; compatible; GPTBot/1.4; +https://openai.com/gptbot)"
74.7.241.49 - - [20/Aug/2026:04:47:47 +0200] "GET /?c=zstof127guno38619otjkejlx HTTP/1.1" 500 - "https://fensterundhaus.de/sitemap_index.xml" "Mozilla/5.0 AppleWebKit/537.36 (KHTML, like Gecko; compatible; GPTBot/1.4; +https://openai.com/gptbot)"
74.7.241.49 - - [20/Aug/2026:04:48:09 +0200] "GET /?q=witvy23jpfh21545odvtoyfrhv HTTP/1.1" 500 - "https://fensterundhaus.de/sitemap_index.xml" "Mozilla/5.0 AppleWebKit/537.36 (KHTML, like Gecko; compatible; GPTBot/1.4; +https://openai.com/gptbot)"
74.7.241.49 - - [20/Aug/2026:04:48:22 +0200] "GET /?i=egrjg56tpxt30494dpmjkn HTTP/1.1" 500 - "https://fensterundhaus.de/sitemap_index.xml" "Mozilla/5.0 AppleWebKit/537.36 (KHTML, like Gecko; compatible; GPTBot/1.4; +https://openai.com/gptbot)"
74.7.241.49 - - [20/Aug/2026:04:48:49 +0200] "GET /?d=kcj25qgz27593yiedkevft HTTP/1.1" 500 - "https://fensterundhaus.de/sitemap_index.xml" "Mozilla/5.0 AppleWebKit/537.36 (KHTML, like Gecko; compatible; GPTBot/1.4; +https://openai.com/gptbot)"
74.7.241.49 - - [20/Aug/2026:04:49:25 +0200] "GET /?r=afzcr36wj32090kzdqaoyh HTTP/1.1" 500 - "https://fensterundhaus.de/sitemap_index.xml" "Mozilla/5.0 AppleWebKit/537.36 (KHTML, like Gecko; compatible; GPTBot/1.4; +https://openai.com/gptbot)"
74.7.241.49 - - [20/Aug/2026:04:49:47 +0200] "GET /?f=jnjq72m19640oinzqiwuri HTTP/1.1" 500 - "https://fensterundhaus.de/sitemap_index.xml" "Mozilla/5.0 AppleWebKit/537.36 (KHTML, like Gecko; compatible; GPTBot/1.4; +https://openai.com/gptbot)"
74.7.241.49 - - [20/Aug/2026:04:50:06 +0200] "GET /?z=ohkn44sbgms10860wivtto HTTP/1.1" 500 - "https://fensterundhaus.de/sitemap_index.xml" "Mozilla/5.0 AppleWebKit/537.36 (KHTML, like Gecko; compatible; GPTBot/1.4; +https://openai.com/gptbot)"
74.7.241.49 - - [20/Aug/2026:04:50:49 +0200] "GET /?n=swol46iy31108dyfymxmfa HTTP/1.1" 500 - "https://fensterundhaus.de/sitemap_index.xml" "Mozilla/5.0 AppleWebKit/537.36 (KHTML, like Gecko; compatible; GPTBot/1.4; +https://openai.com/gptbot)"
74.7.241.49 - - [20/Aug/2026:04:51:48 +0200] "GET /?a=mcy156fgv1218xbuofcvwl HTTP/1.1" 500 - "https://fensterundhaus.de/sitemap_index.xml" "Mozilla/5.0 AppleWebKit/537.36 (KHTML, like Gecko; compatible; GPTBot/1.4; +https://openai.com/gptbot)"
74.7.241.49 - - [20/Aug/2026:04:52:15 +0200] "GET /?v=pafk56rid43896vpsgfxxq HTTP/1.1" 500 - "https://fensterundhaus.de/sitemap_index.xml" "Mozilla/5.0 AppleWebKit/537.36 (KHTML, like Gecko; compatible; GPTBot/1.4; +https://openai.com/gptbot)"
74.7.241.49 - - [20/Aug/2026:04:52:55 +0200] "GET /?w=tui16caldp26110ncyhkng HTTP/1.1" 500 - "https://fensterundhaus.de/sitemap_index.xml" "Mozilla/5.0 AppleWebKit/537.36 (KHTML, like Gecko; compatible; GPTBot/1.4; +https://openai.com/gptbot)"
74.7.241.49 - - [20/Aug/2026:04:53:19 +0200] "GET /?u=eubo35t14743mrdyojhsfm HTTP/1.1" 500 - "https://fensterundhaus.de/sitemap_index.xml" "Mozilla/5.0 AppleWebKit/537.36 (KHTML, like Gecko; compatible; GPTBot/1.4; +https://openai.com/gptbot)"
74.7.241.49 - - [20/Aug/2026:04:54:27 +0200] "GET /?x=afpui82mbh43984chgjtgc HTTP/1.1" 500 - "https://fensterundhaus.de/sitemap_index.xml" "Mozilla/5.0 AppleWebKit/537.36 (KHTML, like Gecko; compatible; GPTBot/1.4; +https://openai.com/gptbot)"
164.138.220.142 - - [20/Aug/2026:04:55:06 +0200] "GET /wp-login.php HTTP/1.1" 500 - "-" "Mozilla/5.0 (Windows NT 10.0; Win64; x64) AppleWebKit/537.36 (KHTML, like Gecko) Chrome/149.0.0.0 Safari/537.36"
162.240.102.228 - - [20/Aug/2026:05:01:06 +0200] "GET /wp-login.php HTTP/1.1" 500 - "-" "Mozilla/5.0 (Windows NT 10.0; Win64; x64) AppleWebKit/537.36 (KHTML, like Gecko) Chrome/149.0.0.0 Safari/537.36"
74.7.241.49 - - [20/Aug/2026:05:06:00 +0200] "GET /?a=160000663 HTTP/1.1" 500 - "https://fensterundhaus.de/sitemap_index.xml" "Mozilla/5.0 AppleWebKit/537.36 (KHTML, like Gecko; compatible; GPTBot/1.4; +https://openai.com/gptbot)"
74.7.241.49 - - [20/Aug/2026:05:06:51 +0200] "GET /?k=250000885 HTTP/1.1" 500 - "https://fensterundhaus.de/sitemap_index.xml" "Mozilla/5.0 AppleWebKit/537.36 (KHTML, like Gecko; compatible; GPTBot/1.4; +https://openai.com/gptbot)"
74.7.241.49 - - [20/Aug/2026:05:07:14 +0200] "GET /?j=200009603 HTTP/1.1" 500 - "https://fensterundhaus.de/sitemap_index.xml" "Mozilla/5.0 AppleWebKit/537.36 (KHTML, like Gecko; compatible; GPTBot/1.4; +https://openai.com/gptbot)"
74.7.241.49 - - [20/Aug/2026:05:07:35 +0200] "GET /?v=100003123 HTTP/1.1" 500 - "https://fensterundhaus.de/sitemap_index.xml" "Mozilla/5.0 AppleWebKit/537.36 (KHTML, like Gecko; compatible; GPTBot/1.4; +https://openai.com/gptbot)"
74.7.241.49 - - [20/Aug/2026:05:07:48 +0200] "GET /?z=vkpu181glnuj10931gtmcisiwef HTTP/1.1" 500 - "https://fensterundhaus.de/sitemap_index.xml" "Mozilla/5.0 AppleWebKit/537.36 (KHTML, like Gecko; compatible; GPTBot/1.4; +https://openai.com/gptbot)"
74.7.241.49 - - [20/Aug/2026:05:08:39 +0200] "GET /?b=nalna204jvwj48930dcemiehwko HTTP/1.1" 500 - "https://fensterundhaus.de/sitemap_index.xml" "Mozilla/5.0 AppleWebKit/537.36 (KHTML, like Gecko; compatible; GPTBot/1.4; +https://openai.com/gptbot)"
74.7.241.49 - - [20/Aug/2026:05:09:16 +0200] "GET /?r=beud133lbeku2169rwdmgosmon HTTP/1.1" 500 - "https://fensterundhaus.de/sitemap_index.xml" "Mozilla/5.0 AppleWebKit/537.36 (KHTML, like Gecko; compatible; GPTBot/1.4; +https://openai.com/gptbot)"
74.7.241.49 - - [20/Aug/2026:05:09:49 +0200] "GET /?m=cknt179mhzlt9113pehxfavsvm HTTP/1.1" 500 - "https://fensterundhaus.de/sitemap_index.xml" "Mozilla/5.0 AppleWebKit/537.36 (KHTML, like Gecko; compatible; GPTBot/1.4; +https://openai.com/gptbot)"
185.192.20.41 - - [20/Aug/2026:05:20:13 +0200] "GET / HTTP/1.1" 500 - "https://fensterundhaus.de/" "Mozilla/5.0 (Windows NT 10.0; Win64; x64) AppleWebKit/537.36 (KHTML, like Gecko) Chrome/129.0.0.0 Safari/537.36"
148.222.185.182 - - [20/Aug/2026:05:20:20 +0200] "GET / HTTP/1.1" 500 - "https://fensterundhaus.de/" "Mozilla/5.0 (Windows NT 10.0; Win64; x64) AppleWebKit/537.36 (KHTML, like Gecko) Chrome/130.0.0.0 Safari/537.36 CCleaner/130.0.0.0"
74.7.241.49 - - [20/Aug/2026:05:20:30 +0200] "GET /?z=066003963 HTTP/1.1" 500 - "https://fensterundhaus.de/sitemap_index.xml" "Mozilla/5.0 AppleWebKit/537.36 (KHTML, like Gecko; compatible; GPTBot/1.4; +https://openai.com/gptbot)"
74.7.241.49 - - [20/Aug/2026:05:20:47 +0200] "GET /?f=266022565 HTTP/1.1" 500 - "https://fensterundhaus.de/sitemap_index.xml" "Mozilla/5.0 AppleWebKit/537.36 (KHTML, like Gecko; compatible; GPTBot/1.4; +https://openai.com/gptbot)"
74.7.241.49 - - [20/Aug/2026:05:21:14 +0200] "GET /?v=099019140 HTTP/1.1" 500 - "https://fensterundhaus.de/sitemap_index.xml" "Mozilla/5.0 AppleWebKit/537.36 (KHTML, like Gecko; compatible; GPTBot/1.4; +https://openai.com/gptbot)"
74.7.241.49 - - [20/Aug/2026:05:21:22 +0200] "GET /?o=001024412 HTTP/1.1" 500 - "https://fensterundhaus.de/sitemap_index.xml" "Mozilla/5.0 AppleWebKit/537.36 (KHTML, like Gecko; compatible; GPTBot/1.4; +https://openai.com/gptbot)"
74.7.241.49 - - [20/Aug/2026:05:21:49 +0200] "GET /?t=282025085 HTTP/1.1" 500 - "https://fensterundhaus.de/sitemap_index.xml" "Mozilla/5.0 AppleWebKit/537.36 (KHTML, like Gecko; compatible; GPTBot/1.4; +https://openai.com/gptbot)"
74.7.241.49 - - [20/Aug/2026:05:22:10 +0200] "GET /?t=183038100 HTTP/1.1" 500 - "https://fensterundhaus.de/sitemap_index.xml" "Mozilla/5.0 AppleWebKit/537.36 (KHTML, like Gecko; compatible; GPTBot/1.4; +https://openai.com/gptbot)"
74.7.241.49 - - [20/Aug/2026:05:22:34 +0200] "GET /?e=233036606 HTTP/1.1" 500 - "https://fensterundhaus.de/sitemap_index.xml" "Mozilla/5.0 AppleWebKit/537.36 (KHTML, like Gecko; compatible; GPTBot/1.4; +https://openai.com/gptbot)"
74.7.241.49 - - [20/Aug/2026:05:25:15 +0200] "GET /?s=280022083 HTTP/1.1" 500 - "https://fensterundhaus.de/sitemap_index.xml" "Mozilla/5.0 AppleWebKit/537.36 (KHTML, like Gecko; compatible; GPTBot/1.4; +https://openai.com/gptbot)"
185.115.34.240 - - [20/Aug/2026:05:25:26 +0200] "GET / HTTP/1.1" 500 - "https://fensterundhaus.de/" "Mozilla/5.0 (Windows NT 10.0; Win64; x64) AppleWebKit/537.36 (KHTML, like Gecko) Chrome/130.0.0.0 Safari/537.36"
74.7.241.49 - - [20/Aug/2026:05:26:34 +0200] "GET /?r=259017638 HTTP/1.1" 500 - "https://fensterundhaus.de/sitemap_index.xml" "Mozilla/5.0 AppleWebKit/537.36 (KHTML, like Gecko; compatible; GPTBot/1.4; +https://openai.com/gptbot)"
74.7.241.49 - - [20/Aug/2026:05:30:08 +0200] "GET /?u=zstkp272ojrg14740hndinm HTTP/1.1" 500 - "https://fensterundhaus.de/sitemap_index.xml" "Mozilla/5.0 AppleWebKit/537.36 (KHTML, like Gecko; compatible; GPTBot/1.4; +https://openai.com/gptbot)"
129.121.123.168 - - [20/Aug/2026:05:30:18 +0200] "GET /wp-login.php HTTP/1.1" 500 - "-" "Mozilla/5.0 (Windows NT 10.0; Win64; x64) AppleWebKit/537.36 (KHTML, like Gecko) Chrome/149.0.0.0 Safari/537.36"
74.7.241.49 - - [20/Aug/2026:05:37:25 +0200] "GET /?z=ukt282ofbwr42610qipttbwiq HTTP/1.1" 500 - "https://fensterundhaus.de/sitemap_index.xml" "Mozilla/5.0 AppleWebKit/537.36 (KHTML, like Gecko; compatible; GPTBot/1.4; +https://openai.com/gptbot)"
74.7.241.49 - - [20/Aug/2026:05:42:15 +0200] "GET /?h=yncq112cpbok13712xqfwbfco HTTP/1.1" 500 - "https://fensterundhaus.de/sitemap_index.xml" "Mozilla/5.0 AppleWebKit/537.36 (KHTML, like Gecko; compatible; GPTBot/1.4; +https://openai.com/gptbot)"
74.7.241.49 - - [20/Aug/2026:05:43:18 +0200] "GET /?e=vsdq224yhsps46130djhjiyhr HTTP/1.1" 500 - "https://fensterundhaus.de/sitemap_index.xml" "Mozilla/5.0 AppleWebKit/537.36 (KHTML, like Gecko; compatible; GPTBot/1.4; +https://openai.com/gptbot)"
74.7.241.49 - - [20/Aug/2026:05:43:36 +0200] "GET /?s=sxj98jdpwz7472xvirwrmlh HTTP/1.1" 500 - "https://fensterundhaus.de/sitemap_index.xml" "Mozilla/5.0 AppleWebKit/537.36 (KHTML, like Gecko; compatible; GPTBot/1.4; +https://openai.com/gptbot)"
74.7.241.49 - - [20/Aug/2026:05:44:45 +0200] "GET /?n=nxyj251pyh44455doakabt HTTP/1.1" 500 - "https://fensterundhaus.de/sitemap_index.xml" "Mozilla/5.0 AppleWebKit/537.36 (KHTML, like Gecko; compatible; GPTBot/1.4; +https://openai.com/gptbot)"
74.7.241.49 - - [20/Aug/2026:05:45:02 +0200] "GET /?v=krb189ancq48889vtpumwf HTTP/1.1" 500 - "https://fensterundhaus.de/sitemap_index.xml" "Mozilla/5.0 AppleWebKit/537.36 (KHTML, like Gecko; compatible; GPTBot/1.4; +https://openai.com/gptbot)"
74.7.241.49 - - [20/Aug/2026:05:46:25 +0200] "GET /?k=kwes156ulzl38000jhjwxf HTTP/1.1" 500 - "https://fensterundhaus.de/sitemap_index.xml" "Mozilla/5.0 AppleWebKit/537.36 (KHTML, like Gecko; compatible; GPTBot/1.4; +https://openai.com/gptbot)"
74.7.241.172 - - [20/Aug/2026:05:46:25 +0200] "GET /robots.txt HTTP/1.1" 304 - "-" "Mozilla/5.0 (Macintosh; Intel Mac OS X 10_15_7) AppleWebKit/537.36 (KHTML, like Gecko) Chrome/131.0.0.0 Safari/537.36; compatible; OAI-SearchBot/1.4; robots.txt; +https://openai.com/searchbot"
74.7.241.49 - - [20/Aug/2026:05:46:31 +0200] "GET /?e=nul202jpwx25252hvwbyixmaz HTTP/1.1" 500 - "https://fensterundhaus.de/sitemap_index.xml" "Mozilla/5.0 AppleWebKit/537.36 (KHTML, like Gecko; compatible; GPTBot/1.4; +https://openai.com/gptbot)"
74.7.241.49 - - [20/Aug/2026:05:46:56 +0200] "GET /?g=ahew106jhxl21004qtmgivcea HTTP/1.1" 500 - "https://fensterundhaus.de/sitemap_index.xml" "Mozilla/5.0 AppleWebKit/537.36 (KHTML, like Gecko; compatible; GPTBot/1.4; +https://openai.com/gptbot)"
74.7.241.49 - - [20/Aug/2026:05:47:41 +0200] "GET /?i=qcpfe194wvbsy33550nwvcfwu HTTP/1.1" 500 - "https://fensterundhaus.de/sitemap_index.xml" "Mozilla/5.0 AppleWebKit/537.36 (KHTML, like Gecko; compatible; GPTBot/1.4; +https://openai.com/gptbot)"
74.7.241.49 - - [20/Aug/2026:05:48:00 +0200] "GET /?s=aeaen192kcks35546qgxhsxmt HTTP/1.1" 500 - "https://fensterundhaus.de/sitemap_index.xml" "Mozilla/5.0 AppleWebKit/537.36 (KHTML, like Gecko; compatible; GPTBot/1.4; +https://openai.com/gptbot)"
74.7.241.49 - - [20/Aug/2026:05:48:36 +0200] "GET /?i=202020947 HTTP/1.1" 500 - "https://fensterundhaus.de/sitemap_index.xml" "Mozilla/5.0 AppleWebKit/537.36 (KHTML, like Gecko; compatible; GPTBot/1.4; +https://openai.com/gptbot)"
43.255.191.173 - - [20/Aug/2026:05:48:38 +0200] "GET /google934bab7ddaba3337.xhtml HTTP/1.1" 302 - "-" "Mozilla/5.0 (Windows NT 10.0; Win64; x64) AppleWebKit/537.36 (KHTML, like Gecko) Chrome/150.0.0.0 Safari/537.36"
43.255.191.173 - - [20/Aug/2026:05:48:38 +0200] "GET /google934bab7ddaba3337.html HTTP/1.1" 200 53 "-" "Mozilla/5.0 (Windows NT 10.0; Win64; x64) AppleWebKit/537.36 (KHTML, like Gecko) Chrome/150.0.0.0 Safari/537.36"
74.7.241.49 - - [20/Aug/2026:05:49:14 +0200] "GET /?s=103030364 HTTP/1.1" 500 - "https://fensterundhaus.de/sitemap_index.xml" "Mozilla/5.0 AppleWebKit/537.36 (KHTML, like Gecko; compatible; GPTBot/1.4; +https://openai.com/gptbot)"
43.255.191.173 - - [20/Aug/2026:05:49:18 +0200] "GET /favicon.ico HTTP/1.1" 500 - "https://fensterundhaus.de/google934bab7ddaba3337.html" "Mozilla/5.0 (Windows NT 10.0; Win64; x64) AppleWebKit/537.36 (KHTML, like Gecko) Chrome/150.0.0.0 Safari/537.36"
74.7.241.49 - - [20/Aug/2026:05:49:31 +0200] "GET /?k=mjamh162elu38884jpgmyq HTTP/1.1" 500 - "https://fensterundhaus.de/sitemap_index.xml" "Mozilla/5.0 AppleWebKit/537.36 (KHTML, like Gecko; compatible; GPTBot/1.4; +https://openai.com/gptbot)"
74.7.241.49 - - [20/Aug/2026:05:49:41 +0200] "GET /?i=fmqwn229idpop43019rmfmuos HTTP/1.1" 500 - "https://fensterundhaus.de/sitemap_index.xml" "Mozilla/5.0 AppleWebKit/537.36 (KHTML, like Gecko; compatible; GPTBot/1.4; +https://openai.com/gptbot)"
74.7.241.49 - - [20/Aug/2026:05:50:03 +0200] "GET /?h=wlglg175znzny43125xtxmzsk HTTP/1.1" 500 - "https://fensterundhaus.de/sitemap_index.xml" "Mozilla/5.0 AppleWebKit/537.36 (KHTML, like Gecko; compatible; GPTBot/1.4; +https://openai.com/gptbot)"
74.7.241.49 - - [20/Aug/2026:05:50:21 +0200] "GET /?z=qokc265swpbc19129mavtrdr HTTP/1.1" 500 - "https://fensterundhaus.de/sitemap_index.xml" "Mozilla/5.0 AppleWebKit/537.36 (KHTML, like Gecko; compatible; GPTBot/1.4; +https://openai.com/gptbot)"
74.7.241.49 - - [20/Aug/2026:05:50:31 +0200] "GET /?b=cqvku121nwmk29305fblaoil HTTP/1.1" 500 - "https://fensterundhaus.de/sitemap_index.xml" "Mozilla/5.0 AppleWebKit/537.36 (KHTML, like Gecko; compatible; GPTBot/1.4; +https://openai.com/gptbot)"
74.7.241.49 - - [20/Aug/2026:05:50:53 +0200] "GET /?d=jcqe164sy11068dporhvawbi HTTP/1.1" 500 - "https://fensterundhaus.de/sitemap_index.xml" "Mozilla/5.0 AppleWebKit/537.36 (KHTML, like Gecko; compatible; GPTBot/1.4; +https://openai.com/gptbot)"
74.7.241.49 - - [20/Aug/2026:05:51:09 +0200] "GET /?g=ybpfs273xvj39175ywlkxgma HTTP/1.1" 500 - "https://fensterundhaus.de/sitemap_index.xml" "Mozilla/5.0 AppleWebKit/537.36 (KHTML, like Gecko; compatible; GPTBot/1.4; +https://openai.com/gptbot)"
93.123.109.58 - - [20/Aug/2026:05:51:11 +0200] "GET /.env HTTP/1.1" 500 - "-" "-"
74.7.241.49 - - [20/Aug/2026:05:51:30 +0200] "GET /?d=jcqe136sy11096dporhvawbi HTTP/1.1" 500 - "https://fensterundhaus.de/sitemap_index.xml" "Mozilla/5.0 AppleWebKit/537.36 (KHTML, like Gecko; compatible; GPTBot/1.4; +https://openai.com/gptbot)"
74.7.241.49 - - [20/Aug/2026:05:51:51 +0200] "GET /?d=yjcw272map35378vxjrnuoaf HTTP/1.1" 500 - "https://fensterundhaus.de/sitemap_index.xml" "Mozilla/5.0 AppleWebKit/537.36 (KHTML, like Gecko; compatible; GPTBot/1.4; +https://openai.com/gptbot)"
74.7.241.49 - - [20/Aug/2026:05:52:12 +0200] "GET /?s=fyxvy174ogdo30756cmozuba HTTP/1.1" 500 - "https://fensterundhaus.de/sitemap_index.xml" "Mozilla/5.0 AppleWebKit/537.36 (KHTML, like Gecko; compatible; GPTBot/1.4; +https://openai.com/gptbot)"
74.7.241.49 - - [20/Aug/2026:05:52:33 +0200] "GET /?l=gpah129ybacf13565qcmtuxp HTTP/1.1" 500 - "https://fensterundhaus.de/sitemap_index.xml" "Mozilla/5.0 AppleWebKit/537.36 (KHTML, like Gecko; compatible; GPTBot/1.4; +https://openai.com/gptbot)"
74.7.241.49 - - [20/Aug/2026:05:52:54 +0200] "GET /?r=qwpjd233zfvoi19041yudlzj HTTP/1.1" 500 - "https://fensterundhaus.de/sitemap_index.xml" "Mozilla/5.0 AppleWebKit/537.36 (KHTML, like Gecko; compatible; GPTBot/1.4; +https://openai.com/gptbot)"
74.7.241.49 - - [20/Aug/2026:05:53:15 +0200] "GET /?m=dhg184sd31356acovgmddd HTTP/1.1" 500 - "https://fensterundhaus.de/sitemap_index.xml" "Mozilla/5.0 AppleWebKit/537.36 (KHTML, like Gecko; compatible; GPTBot/1.4; +https://openai.com/gptbot)"
74.7.241.49 - - [20/Aug/2026:05:53:37 +0200] "GET /?a=zkst278qvld11150tmzpefgl HTTP/1.1" 500 - "https://fensterundhaus.de/sitemap_index.xml" "Mozilla/5.0 AppleWebKit/537.36 (KHTML, like Gecko; compatible; GPTBot/1.4; +https://openai.com/gptbot)"
74.7.241.49 - - [20/Aug/2026:05:53:58 +0200] "GET /?i=yfokh111abg39685clpyotxi HTTP/1.1" 500 - "https://fensterundhaus.de/sitemap_index.xml" "Mozilla/5.0 AppleWebKit/537.36 (KHTML, like Gecko; compatible; GPTBot/1.4; +https://openai.com/gptbot)"
74.7.241.49 - - [20/Aug/2026:05:54:19 +0200] "GET /?y=fzl141vpmlg22427tnpxlofhk HTTP/1.1" 500 - "https://fensterundhaus.de/sitemap_index.xml" "Mozilla/5.0 AppleWebKit/537.36 (KHTML, like Gecko; compatible; GPTBot/1.4; +https://openai.com/gptbot)"
74.7.241.49 - - [20/Aug/2026:05:54:39 +0200] "GET /?i=teq168cfcsg10506tvmuxmmei HTTP/1.1" 500 - "https://fensterundhaus.de/sitemap_index.xml" "Mozilla/5.0 AppleWebKit/537.36 (KHTML, like Gecko; compatible; GPTBot/1.4; +https://openai.com/gptbot)"
74.7.241.49 - - [20/Aug/2026:05:55:01 +0200] "GET /?i=uabm258hife29552gybwewlle HTTP/1.1" 500 - "https://fensterundhaus.de/sitemap_index.xml" "Mozilla/5.0 AppleWebKit/537.36 (KHTML, like Gecko; compatible; GPTBot/1.4; +https://openai.com/gptbot)"
74.7.241.49 - - [20/Aug/2026:05:55:22 +0200] "GET /?q=ihgo123dmozi43167mzhocmlh HTTP/1.1" 500 - "https://fensterundhaus.de/sitemap_index.xml" "Mozilla/5.0 AppleWebKit/537.36 (KHTML, like Gecko; compatible; GPTBot/1.4; +https://openai.com/gptbot)"
74.7.241.49 - - [20/Aug/2026:05:55:44 +0200] "GET /?r=bwur187hro27631cbvwqmruge HTTP/1.1" 500 - "https://fensterundhaus.de/sitemap_index.xml" "Mozilla/5.0 AppleWebKit/537.36 (KHTML, like Gecko; compatible; GPTBot/1.4; +https://openai.com/gptbot)"
74.7.241.49 - - [20/Aug/2026:05:56:03 +0200] "GET /?h=tmabx212lbd32442qmkyuqodf HTTP/1.1" 500 - "https://fensterundhaus.de/sitemap_index.xml" "Mozilla/5.0 AppleWebKit/537.36 (KHTML, like Gecko; compatible; GPTBot/1.4; +https://openai.com/gptbot)"
74.7.241.49 - - [20/Aug/2026:05:56:25 +0200] "GET /?v=vyzti115uobph22145oqpmzun HTTP/1.1" 500 - "https://fensterundhaus.de/sitemap_index.xml" "Mozilla/5.0 AppleWebKit/537.36 (KHTML, like Gecko; compatible; GPTBot/1.4; +https://openai.com/gptbot)"
74.7.241.49 - - [20/Aug/2026:05:56:46 +0200] "GET /?l=ijuvd114vj12192cthgtfmptn HTTP/1.1" 500 - "https://fensterundhaus.de/sitemap_index.xml" "Mozilla/5.0 AppleWebKit/537.36 (KHTML, like Gecko; compatible; GPTBot/1.4; +https://openai.com/gptbot)"
74.7.241.49 - - [20/Aug/2026:05:57:07 +0200] "GET /?i=zliw202ltxl42274jhccbrxkr HTTP/1.1" 500 - "https://fensterundhaus.de/sitemap_index.xml" "Mozilla/5.0 AppleWebKit/537.36 (KHTML, like Gecko; compatible; GPTBot/1.4; +https://openai.com/gptbot)"
74.7.241.49 - - [20/Aug/2026:05:57:34 +0200] "GET /?c=mehit259emnlc16009cmaqgvm HTTP/1.1" 500 - "https://fensterundhaus.de/sitemap_index.xml" "Mozilla/5.0 AppleWebKit/537.36 (KHTML, like Gecko; compatible; GPTBot/1.4; +https://openai.com/gptbot)"
74.7.241.49 - - [20/Aug/2026:05:58:06 +0200] "GET /?t=jnry264ahlw48414lmxxblinw HTTP/1.1" 500 - "https://fensterundhaus.de/sitemap_index.xml" "Mozilla/5.0 AppleWebKit/537.36 (KHTML, like Gecko; compatible; GPTBot/1.4; +https://openai.com/gptbot)"
74.7.241.49 - - [20/Aug/2026:05:58:22 +0200] "GET /?z=gri274eooy45904ssryqpouci HTTP/1.1" 500 - "https://fensterundhaus.de/sitemap_index.xml" "Mozilla/5.0 AppleWebKit/537.36 (KHTML, like Gecko; compatible; GPTBot/1.4; +https://openai.com/gptbot)"
74.7.241.49 - - [20/Aug/2026:05:58:53 +0200] "GET /?y=gur159ietvv25695cvxxvnrbx HTTP/1.1" 500 - "https://fensterundhaus.de/sitemap_index.xml" "Mozilla/5.0 AppleWebKit/537.36 (KHTML, like Gecko; compatible; GPTBot/1.4; +https://openai.com/gptbot)"
74.7.241.49 - - [20/Aug/2026:05:59:10 +0200] "GET /?v=oatvz160zcb22046abubbxpkr HTTP/1.1" 500 - "https://fensterundhaus.de/sitemap_index.xml" "Mozilla/5.0 AppleWebKit/537.36 (KHTML, like Gecko; compatible; GPTBot/1.4; +https://openai.com/gptbot)"
74.7.241.49 - - [20/Aug/2026:05:59:38 +0200] "GET /?i=tdkbg211lr16381vopbdrglwa HTTP/1.1" 500 - "https://fensterundhaus.de/sitemap_index.xml" "Mozilla/5.0 AppleWebKit/537.36 (KHTML, like Gecko; compatible; GPTBot/1.4; +https://openai.com/gptbot)"
74.7.241.49 - - [20/Aug/2026:05:59:51 +0200] "GET /?r=virr215xwwrz41771ppqalavy HTTP/1.1" 500 - "https://fensterundhaus.de/sitemap_index.xml" "Mozilla/5.0 AppleWebKit/537.36 (KHTML, like Gecko; compatible; GPTBot/1.4; +https://openai.com/gptbot)"
74.7.241.49 - - [20/Aug/2026:06:00:23 +0200] "GET /?d=skmy299ykl19121okcbmwtnds HTTP/1.1" 500 - "https://fensterundhaus.de/sitemap_index.xml" "Mozilla/5.0 AppleWebKit/537.36 (KHTML, like Gecko; compatible; GPTBot/1.4; +https://openai.com/gptbot)"
74.7.241.49 - - [20/Aug/2026:06:00:36 +0200] "GET /?q=pnr108gfvq18548ipcpgkdqhj HTTP/1.1" 500 - "https://fensterundhaus.de/sitemap_index.xml" "Mozilla/5.0 AppleWebKit/537.36 (KHTML, like Gecko; compatible; GPTBot/1.4; +https://openai.com/gptbot)"
74.7.241.49 - - [20/Aug/2026:06:00:55 +0200] "GET /?a=qqq281vvtu40201eznxwkas HTTP/1.1" 500 - "https://fensterundhaus.de/sitemap_index.xml" "Mozilla/5.0 AppleWebKit/537.36 (KHTML, like Gecko; compatible; GPTBot/1.4; +https://openai.com/gptbot)"
74.7.241.49 - - [20/Aug/2026:06:01:16 +0200] "GET /?k=aku155qi47047itcxniuuuj HTTP/1.1" 500 - "https://fensterundhaus.de/sitemap_index.xml" "Mozilla/5.0 AppleWebKit/537.36 (KHTML, like Gecko; compatible; GPTBot/1.4; +https://openai.com/gptbot)"
74.7.241.49 - - [20/Aug/2026:06:01:37 +0200] "GET /?q=ylvgw159vxl11135cujenaj HTTP/1.1" 500 - "https://fensterundhaus.de/sitemap_index.xml" "Mozilla/5.0 AppleWebKit/537.36 (KHTML, like Gecko; compatible; GPTBot/1.4; +https://openai.com/gptbot)"
74.7.241.49 - - [20/Aug/2026:06:02:04 +0200] "GET /?g=riyr111v37919nsyhpcziit HTTP/1.1" 500 - "https://fensterundhaus.de/sitemap_index.xml" "Mozilla/5.0 AppleWebKit/537.36 (KHTML, like Gecko; compatible; GPTBot/1.4; +https://openai.com/gptbot)"
74.7.241.49 - - [20/Aug/2026:06:02:19 +0200] "GET /?e=hnjd244wher39444brktqsn HTTP/1.1" 500 - "https://fensterundhaus.de/sitemap_index.xml" "Mozilla/5.0 AppleWebKit/537.36 (KHTML, like Gecko; compatible; GPTBot/1.4; +https://openai.com/gptbot)"
74.7.241.49 - - [20/Aug/2026:06:02:40 +0200] "GET /?z=gst174fghs11102wfmmbpar HTTP/1.1" 500 - "https://fensterundhaus.de/sitemap_index.xml" "Mozilla/5.0 AppleWebKit/537.36 (KHTML, like Gecko; compatible; GPTBot/1.4; +https://openai.com/gptbot)"
74.7.241.49 - - [20/Aug/2026:06:03:00 +0200] "GET /?w=ance234zymy13538fqfpfvruy HTTP/1.1" 500 - "https://fensterundhaus.de/sitemap_index.xml" "Mozilla/5.0 AppleWebKit/537.36 (KHTML, like Gecko; compatible; GPTBot/1.4; +https://openai.com/gptbot)"
74.7.241.49 - - [20/Aug/2026:06:03:26 +0200] "GET /?m=thoje108nz14420oefzuxgxwi HTTP/1.1" 500 - "https://fensterundhaus.de/sitemap_index.xml" "Mozilla/5.0 AppleWebKit/537.36 (KHTML, like Gecko; compatible; GPTBot/1.4; +https://openai.com/gptbot)"
74.7.241.49 - - [20/Aug/2026:06:03:40 +0200] "GET /?p=ead240xjmg28078rtlpnrmhwt HTTP/1.1" 500 - "https://fensterundhaus.de/sitemap_index.xml" "Mozilla/5.0 AppleWebKit/537.36 (KHTML, like Gecko; compatible; GPTBot/1.4; +https://openai.com/gptbot)"
74.7.241.49 - - [20/Aug/2026:06:04:01 +0200] "GET /?l=meptd271lfakg38201jpoqfkd HTTP/1.1" 500 - "https://fensterundhaus.de/sitemap_index.xml" "Mozilla/5.0 AppleWebKit/537.36 (KHTML, like Gecko; compatible; GPTBot/1.4; +https://openai.com/gptbot)"
74.7.241.49 - - [20/Aug/2026:06:04:29 +0200] "GET /?q=vknao56ei9120aqskalggh HTTP/1.1" 500 - "https://fensterundhaus.de/sitemap_index.xml" "Mozilla/5.0 AppleWebKit/537.36 (KHTML, like Gecko; compatible; GPTBot/1.4; +https://openai.com/gptbot)"
74.7.241.49 - - [20/Aug/2026:06:04:47 +0200] "GET /?p=gxzd258aked20172xumhsvpmp HTTP/1.1" 500 - "https://fensterundhaus.de/sitemap_index.xml" "Mozilla/5.0 AppleWebKit/537.36 (KHTML, like Gecko; compatible; GPTBot/1.4; +https://openai.com/gptbot)"
74.7.241.49 - - [20/Aug/2026:06:05:11 +0200] "GET /?c=smnhf156mq34390wqdxsmujqc HTTP/1.1" 500 - "https://fensterundhaus.de/sitemap_index.xml" "Mozilla/5.0 AppleWebKit/537.36 (KHTML, like Gecko; compatible; GPTBot/1.4; +https://openai.com/gptbot)"
74.7.241.49 - - [20/Aug/2026:06:05:42 +0200] "GET /?w=xfmv234nuyv27206dxtsltgzcf HTTP/1.1" 500 - "https://fensterundhaus.de/sitemap_index.xml" "Mozilla/5.0 AppleWebKit/537.36 (KHTML, like Gecko; compatible; GPTBot/1.4; +https://openai.com/gptbot)"
52.167.144.171 - - [20/Aug/2026:06:05:51 +0200] "GET / HTTP/1.1" 200 13 "-" "Mozilla/5.0 AppleWebKit/537.36 (KHTML, like Gecko; compatible; bingbot/2.0; +http://www.bing.com/bingbot.htm) Chrome/116.0.1938.76 Safari/537.36"
74.7.241.49 - - [20/Aug/2026:06:06:16 +0200] "GET /?a=riul265gybul38401eyhmgilkq HTTP/1.1" 500 - "https://fensterundhaus.de/sitemap_index.xml" "Mozilla/5.0 AppleWebKit/537.36 (KHTML, like Gecko; compatible; GPTBot/1.4; +https://openai.com/gptbot)"
74.7.241.49 - - [20/Aug/2026:06:06:29 +0200] "GET /?w=cpar217fqbei13649nzlqrfqya HTTP/1.1" 500 - "https://fensterundhaus.de/sitemap_index.xml" "Mozilla/5.0 AppleWebKit/537.36 (KHTML, like Gecko; compatible; GPTBot/1.4; +https://openai.com/gptbot)"
74.7.241.49 - - [20/Aug/2026:06:06:50 +0200] "GET /?x=fzjlm254nvel16186ixomaczl HTTP/1.1" 500 - "https://fensterundhaus.de/sitemap_index.xml" "Mozilla/5.0 AppleWebKit/537.36 (KHTML, like Gecko; compatible; GPTBot/1.4; +https://openai.com/gptbot)"
74.7.241.49 - - [20/Aug/2026:06:07:09 +0200] "GET /?z=wkmlu256aebow30054yplxxly HTTP/1.1" 500 - "https://fensterundhaus.de/sitemap_index.xml" "Mozilla/5.0 AppleWebKit/537.36 (KHTML, like Gecko; compatible; GPTBot/1.4; +https://openai.com/gptbot)"
74.7.241.49 - - [20/Aug/2026:06:07:40 +0200] "GET /?w=otvr280dcq49008thihgniajd HTTP/1.1" 500 - "https://fensterundhaus.de/sitemap_index.xml" "Mozilla/5.0 AppleWebKit/537.36 (KHTML, like Gecko; compatible; GPTBot/1.4; +https://openai.com/gptbot)"
74.7.241.49 - - [20/Aug/2026:06:07:52 +0200] "GET /?s=azyq134tu25334evfxhnxcg HTTP/1.1" 500 - "https://fensterundhaus.de/sitemap_index.xml" "Mozilla/5.0 AppleWebKit/537.36 (KHTML, like Gecko; compatible; GPTBot/1.4; +https://openai.com/gptbot)"
74.7.241.49 - - [20/Aug/2026:06:08:14 +0200] "GET /?d=eoq129eprr33781dzzvnirnfl HTTP/1.1" 500 - "https://fensterundhaus.de/sitemap_index.xml" "Mozilla/5.0 AppleWebKit/537.36 (KHTML, like Gecko; compatible; GPTBot/1.4; +https://openai.com/gptbot)"
45.138.16.95 - - [20/Aug/2026:06:08:19 +0200] "GET /wp-content/themes/seotheme/db.php?u HTTP/1.1" 200 297 "www.google.com" "Mozlila/5.0 (Linux; Android 7.0; SM-G892A Bulid/NRD90M; wv) AppleWebKit/537.36 (KHTML, like Gecko) Version/4.0 Chrome/60.0.3112.107 Moblie Safari/537.36"
45.138.16.95 - - [20/Aug/2026:06:08:20 +0200] "POST /wp-plain.php HTTP/1.1" 403 293 "www.google.com" "Mozilla/5.0 (Linux; Android 7.0; SM-G892A Bulid/NRD90M; wv) AppleWebKit/537.36 (KHTML, like Gecko) Version/4.0 Chrome/60.0.3112.107 Moblie Safari/537.36"
45.138.16.95 - - [20/Aug/2026:06:08:21 +0200] "GET /wkkknvrv.php?Fox=d3wL7 HTTP/1.1" 403 293 "www.google.com" "Mozilla/5.0 (Linux; Android 7.0; SM-G892A Bulid/NRD90M; wv) AppleWebKit/537.36 (KHTML, like Gecko) Version/4.0 Chrome/60.0.3112.107 Moblie Safari/537.36"
74.7.241.49 - - [20/Aug/2026:06:08:26 +0200] "GET /?d=qvnlr293vy45435orsevggpuu HTTP/1.1" 500 - "https://fensterundhaus.de/sitemap_index.xml" "Mozilla/5.0 AppleWebKit/537.36 (KHTML, like Gecko; compatible; GPTBot/1.4; +https://openai.com/gptbot)"
74.7.241.49 - - [20/Aug/2026:06:08:47 +0200] "GET /?z=ilu261xjri15763sngtsxzscr HTTP/1.1" 500 - "https://fensterundhaus.de/sitemap_index.xml" "Mozilla/5.0 AppleWebKit/537.36 (KHTML, like Gecko; compatible; GPTBot/1.4; +https://openai.com/gptbot)"
74.7.241.49 - - [20/Aug/2026:06:09:08 +0200] "GET /?u=kbca155chbq46269ioqtyrhaq HTTP/1.1" 500 - "https://fensterundhaus.de/sitemap_index.xml" "Mozilla/5.0 AppleWebKit/537.36 (KHTML, like Gecko; compatible; GPTBot/1.4; +https://openai.com/gptbot)"
74.7.241.49 - - [20/Aug/2026:06:09:35 +0200] "GET /?v=pxgg240kxx39096zzayjrthjy HTTP/1.1" 500 - "https://fensterundhaus.de/sitemap_index.xml" "Mozilla/5.0 AppleWebKit/537.36 (KHTML, like Gecko; compatible; GPTBot/1.4; +https://openai.com/gptbot)"
74.7.241.49 - - [20/Aug/2026:06:10:15 +0200] "GET /?z=uqah232najp19594qzgxuouip HTTP/1.1" 500 - "https://fensterundhaus.de/sitemap_index.xml" "Mozilla/5.0 AppleWebKit/537.36 (KHTML, like Gecko; compatible; GPTBot/1.4; +https://openai.com/gptbot)"
74.7.241.49 - - [20/Aug/2026:06:11:29 +0200] "GET /?u=kbny243oezy12085fziuoidyd HTTP/1.1" 500 - "https://fensterundhaus.de/sitemap_index.xml" "Mozilla/5.0 AppleWebKit/537.36 (KHTML, like Gecko; compatible; GPTBot/1.4; +https://openai.com/gptbot)"
135.236.141.99 - - [20/Aug/2026:06:11:57 +0200] "GET /wp-login.php HTTP/1.1" 500 - "-" "Mozilla/5.0 (Windows NT 10.0; Win64; x64) AppleWebKit/537.36 (KHTML, like Gecko) Chrome/149.0.0.0 Safari/537.36"
74.7.241.49 - - [20/Aug/2026:06:11:58 +0200] "GET /?q=zktf188jyg32660atevrekqgq HTTP/1.1" 500 - "https://fensterundhaus.de/sitemap_index.xml" "Mozilla/5.0 AppleWebKit/537.36 (KHTML, like Gecko; compatible; GPTBot/1.4; +https://openai.com/gptbot)"
74.7.241.49 - - [20/Aug/2026:06:14:01 +0200] "GET /?v=018039287 HTTP/1.1" 500 - "https://fensterundhaus.de/sitemap_index.xml" "Mozilla/5.0 AppleWebKit/537.36 (KHTML, like Gecko; compatible; GPTBot/1.4; +https://openai.com/gptbot)"
74.7.241.49 - - [20/Aug/2026:06:14:09 +0200] "GET /?j=036025801 HTTP/1.1" 500 - "https://fensterundhaus.de/sitemap_index.xml" "Mozilla/5.0 AppleWebKit/537.36 (KHTML, like Gecko; compatible; GPTBot/1.4; +https://openai.com/gptbot)"
74.7.241.49 - - [20/Aug/2026:06:14:19 +0200] "GET /?r=246047005 HTTP/1.1" 500 - "https://fensterundhaus.de/sitemap_index.xml" "Mozilla/5.0 AppleWebKit/537.36 (KHTML, like Gecko; compatible; GPTBot/1.4; +https://openai.com/gptbot)"
74.7.241.49 - - [20/Aug/2026:06:14:39 +0200] "GET /?h=158049035 HTTP/1.1" 500 - "https://fensterundhaus.de/sitemap_index.xml" "Mozilla/5.0 AppleWebKit/537.36 (KHTML, like Gecko; compatible; GPTBot/1.4; +https://openai.com/gptbot)"
74.7.241.49 - - [20/Aug/2026:06:15:00 +0200] "GET /?k=140036577 HTTP/1.1" 500 - "https://fensterundhaus.de/sitemap_index.xml" "Mozilla/5.0 AppleWebKit/537.36 (KHTML, like Gecko; compatible; GPTBot/1.4; +https://openai.com/gptbot)"
74.7.241.49 - - [20/Aug/2026:06:15:21 +0200] "GET /?n=297021754 HTTP/1.1" 500 - "https://fensterundhaus.de/sitemap_index.xml" "Mozilla/5.0 AppleWebKit/537.36 (KHTML, like Gecko; compatible; GPTBot/1.4; +https://openai.com/gptbot)"
74.7.241.49 - - [20/Aug/2026:06:15:43 +0200] "GET /?i=289030702 HTTP/1.1" 500 - "https://fensterundhaus.de/sitemap_index.xml" "Mozilla/5.0 AppleWebKit/537.36 (KHTML, like Gecko; compatible; GPTBot/1.4; +https://openai.com/gptbot)"
74.7.241.49 - - [20/Aug/2026:06:16:10 +0200] "GET /?s=234034561 HTTP/1.1" 500 - "https://fensterundhaus.de/sitemap_index.xml" "Mozilla/5.0 AppleWebKit/537.36 (KHTML, like Gecko; compatible; GPTBot/1.4; +https://openai.com/gptbot)"
129.121.48.235 - - [20/Aug/2026:06:16:26 +0200] "GET /wp-login.php HTTP/1.1" 500 - "-" "Mozilla/5.0 (Windows NT 10.0; Win64; x64) AppleWebKit/537.36 (KHTML, like Gecko) Chrome/149.0.0.0 Safari/537.36"
129.121.48.235 - - [20/Aug/2026:06:16:27 +0200] "GET /wp-login.php HTTP/1.1" 500 - "-" "Mozilla/5.0 (Windows NT 10.0; Win64; x64) AppleWebKit/537.36 (KHTML, like Gecko) Chrome/149.0.0.0 Safari/537.36"
74.7.241.49 - - [20/Aug/2026:06:16:29 +0200] "GET /?h=116023989 HTTP/1.1" 500 - "https://fensterundhaus.de/sitemap_index.xml" "Mozilla/5.0 AppleWebKit/537.36 (KHTML, like Gecko; compatible; GPTBot/1.4; +https://openai.com/gptbot)"
74.7.241.49 - - [20/Aug/2026:06:16:50 +0200] "GET /?s=050012169 HTTP/1.1" 500 - "https://fensterundhaus.de/sitemap_index.xml" "Mozilla/5.0 AppleWebKit/537.36 (KHTML, like Gecko; compatible; GPTBot/1.4; +https://openai.com/gptbot)"
74.7.241.49 - - [20/Aug/2026:06:17:12 +0200] "GET /?u=151049134 HTTP/1.1" 500 - "https://fensterundhaus.de/sitemap_index.xml" "Mozilla/5.0 AppleWebKit/537.36 (KHTML, like Gecko; compatible; GPTBot/1.4; +https://openai.com/gptbot)"
74.7.241.49 - - [20/Aug/2026:06:17:37 +0200] "GET /?v=152046315 HTTP/1.1" 500 - "https://fensterundhaus.de/sitemap_index.xml" "Mozilla/5.0 AppleWebKit/537.36 (KHTML, like Gecko; compatible; GPTBot/1.4; +https://openai.com/gptbot)"
74.7.241.49 - - [20/Aug/2026:06:18:11 +0200] "GET /?q=288017791 HTTP/1.1" 500 - "https://fensterundhaus.de/sitemap_index.xml" "Mozilla/5.0 AppleWebKit/537.36 (KHTML, like Gecko; compatible; GPTBot/1.4; +https://openai.com/gptbot)"
74.7.241.49 - - [20/Aug/2026:06:18:24 +0200] "GET /?f=062018415 HTTP/1.1" 500 - "https://fensterundhaus.de/sitemap_index.xml" "Mozilla/5.0 AppleWebKit/537.36 (KHTML, like Gecko; compatible; GPTBot/1.4; +https://openai.com/gptbot)"
74.7.241.49 - - [20/Aug/2026:06:18:44 +0200] "GET /?z=229017008 HTTP/1.1" 500 - "https://fensterundhaus.de/sitemap_index.xml" "Mozilla/5.0 AppleWebKit/537.36 (KHTML, like Gecko; compatible; GPTBot/1.4; +https://openai.com/gptbot)"
74.7.241.49 - - [20/Aug/2026:06:19:11 +0200] "GET /?k=156007845 HTTP/1.1" 500 - "https://fensterundhaus.de/sitemap_index.xml" "Mozilla/5.0 AppleWebKit/537.36 (KHTML, like Gecko; compatible; GPTBot/1.4; +https://openai.com/gptbot)"
74.7.241.49 - - [20/Aug/2026:06:19:40 +0200] "GET /?t=290027357 HTTP/1.1" 500 - "https://fensterundhaus.de/sitemap_index.xml" "Mozilla/5.0 AppleWebKit/537.36 (KHTML, like Gecko; compatible; GPTBot/1.4; +https://openai.com/gptbot)"
