74.7.241.49 - - [20/Aug/2026:06:19:57 +0200] "GET /?f=227040568 HTTP/1.1" 500 - "https://fensterundhaus.de/sitemap_index.xml" "Mozilla/5.0 AppleWebKit/537.36 (KHTML, like Gecko; compatible; GPTBot/1.4; +https://openai.com/gptbot)"
74.7.241.49 - - [20/Aug/2026:06:20:17 +0200] "GET /?w=246017547 HTTP/1.1" 500 - "https://fensterundhaus.de/sitemap_index.xml" "Mozilla/5.0 AppleWebKit/537.36 (KHTML, like Gecko; compatible; GPTBot/1.4; +https://openai.com/gptbot)"
74.7.241.49 - - [20/Aug/2026:06:20:37 +0200] "GET /?k=224037605 HTTP/1.1" 500 - "https://fensterundhaus.de/sitemap_index.xml" "Mozilla/5.0 AppleWebKit/537.36 (KHTML, like Gecko; compatible; GPTBot/1.4; +https://openai.com/gptbot)"
74.7.241.49 - - [20/Aug/2026:06:21:57 +0200] "GET /?p=287002746 HTTP/1.1" 500 - "https://fensterundhaus.de/sitemap_index.xml" "Mozilla/5.0 AppleWebKit/537.36 (KHTML, like Gecko; compatible; GPTBot/1.4; +https://openai.com/gptbot)"
74.7.241.49 - - [20/Aug/2026:06:27:59 +0200] "GET /?p=157007448 HTTP/1.1" 500 - "https://fensterundhaus.de/sitemap_index.xml" "Mozilla/5.0 AppleWebKit/537.36 (KHTML, like Gecko; compatible; GPTBot/1.4; +https://openai.com/gptbot)"
74.7.241.49 - - [20/Aug/2026:06:28:41 +0200] "GET /?o=207018338 HTTP/1.1" 500 - "https://fensterundhaus.de/sitemap_index.xml" "Mozilla/5.0 AppleWebKit/537.36 (KHTML, like Gecko; compatible; GPTBot/1.4; +https://openai.com/gptbot)"
72.167.40.62 - - [20/Aug/2026:06:29:13 +0200] "GET /wp-login.php HTTP/1.1" 500 - "-" "Mozilla/5.0 (Windows NT 10.0; Win64; x64) AppleWebKit/537.36 (KHTML, like Gecko) Chrome/149.0.0.0 Safari/537.36"
74.7.241.49 - - [20/Aug/2026:06:29:29 +0200] "GET /?o=105043036 HTTP/1.1" 500 - "https://fensterundhaus.de/sitemap_index.xml" "Mozilla/5.0 AppleWebKit/537.36 (KHTML, like Gecko; compatible; GPTBot/1.4; +https://openai.com/gptbot)"
74.7.241.49 - - [20/Aug/2026:06:29:40 +0200] "GET /?u=053023734 HTTP/1.1" 500 - "https://fensterundhaus.de/sitemap_index.xml" "Mozilla/5.0 AppleWebKit/537.36 (KHTML, like Gecko; compatible; GPTBot/1.4; +https://openai.com/gptbot)"
74.7.241.49 - - [20/Aug/2026:06:29:46 +0200] "GET /?s=248035253 HTTP/1.1" 500 - "https://fensterundhaus.de/sitemap_index.xml" "Mozilla/5.0 AppleWebKit/537.36 (KHTML, like Gecko; compatible; GPTBot/1.4; +https://openai.com/gptbot)"
74.7.241.49 - - [20/Aug/2026:06:30:03 +0200] "GET /?k=146008205 HTTP/1.1" 500 - "https://fensterundhaus.de/sitemap_index.xml" "Mozilla/5.0 AppleWebKit/537.36 (KHTML, like Gecko; compatible; GPTBot/1.4; +https://openai.com/gptbot)"
74.7.241.49 - - [20/Aug/2026:06:30:10 +0200] "GET /?h=142023945 HTTP/1.1" 500 - "https://fensterundhaus.de/sitemap_index.xml" "Mozilla/5.0 AppleWebKit/537.36 (KHTML, like Gecko; compatible; GPTBot/1.4; +https://openai.com/gptbot)"
74.7.241.49 - - [20/Aug/2026:06:30:31 +0200] "GET /?y=054012661 HTTP/1.1" 500 - "https://fensterundhaus.de/sitemap_index.xml" "Mozilla/5.0 AppleWebKit/537.36 (KHTML, like Gecko; compatible; GPTBot/1.4; +https://openai.com/gptbot)"
74.7.241.49 - - [20/Aug/2026:06:30:44 +0200] "GET /?g=270023125 HTTP/1.1" 500 - "https://fensterundhaus.de/sitemap_index.xml" "Mozilla/5.0 AppleWebKit/537.36 (KHTML, like Gecko; compatible; GPTBot/1.4; +https://openai.com/gptbot)"
74.7.241.49 - - [20/Aug/2026:06:31:02 +0200] "GET /?b=067044290 HTTP/1.1" 500 - "https://fensterundhaus.de/sitemap_index.xml" "Mozilla/5.0 AppleWebKit/537.36 (KHTML, like Gecko; compatible; GPTBot/1.4; +https://openai.com/gptbot)"
74.7.241.49 - - [20/Aug/2026:06:31:26 +0200] "GET /?i=149008092 HTTP/1.1" 500 - "https://fensterundhaus.de/sitemap_index.xml" "Mozilla/5.0 AppleWebKit/537.36 (KHTML, like Gecko; compatible; GPTBot/1.4; +https://openai.com/gptbot)"
74.7.241.49 - - [20/Aug/2026:06:31:43 +0200] "GET /?y=285020076 HTTP/1.1" 500 - "https://fensterundhaus.de/sitemap_index.xml" "Mozilla/5.0 AppleWebKit/537.36 (KHTML, like Gecko; compatible; GPTBot/1.4; +https://openai.com/gptbot)"
74.7.241.49 - - [20/Aug/2026:06:32:06 +0200] "GET /?z=129039704 HTTP/1.1" 500 - "https://fensterundhaus.de/sitemap_index.xml" "Mozilla/5.0 AppleWebKit/537.36 (KHTML, like Gecko; compatible; GPTBot/1.4; +https://openai.com/gptbot)"
74.7.241.49 - - [20/Aug/2026:06:32:27 +0200] "GET /?f=123033872 HTTP/1.1" 500 - "https://fensterundhaus.de/sitemap_index.xml" "Mozilla/5.0 AppleWebKit/537.36 (KHTML, like Gecko; compatible; GPTBot/1.4; +https://openai.com/gptbot)"
74.7.241.49 - - [20/Aug/2026:06:32:48 +0200] "GET /?i=084019829 HTTP/1.1" 500 - "https://fensterundhaus.de/sitemap_index.xml" "Mozilla/5.0 AppleWebKit/537.36 (KHTML, like Gecko; compatible; GPTBot/1.4; +https://openai.com/gptbot)"
20.42.19.40 - - [20/Aug/2026:06:32:55 +0200] "GET /cah.php HTTP/1.1" 500 - "-" "Mozilla/5.0 (Windows NT 10.0; Win64; x64) AppleWebKit/537.36 (KHTML, like Gecko) Chrome/120.0.0.0 Safari/537.36"
20.42.19.40 - - [20/Aug/2026:06:32:55 +0200] "GET /files/index.php HTTP/1.1" 500 - "-" "Mozilla/5.0 (Windows NT 10.0; Win64; x64) AppleWebKit/537.36 (KHTML, like Gecko) Chrome/120.0.0.0 Safari/537.36"
20.42.19.40 - - [20/Aug/2026:06:32:56 +0200] "GET /wp-includes/block-supports/ HTTP/1.1" 200 689 "-" "Mozilla/5.0 (Windows NT 10.0; Win64; x64) AppleWebKit/537.36 (KHTML, like Gecko) Chrome/120.0.0.0 Safari/537.36"
20.42.19.40 - - [20/Aug/2026:06:32:56 +0200] "GET /images/images/about.php HTTP/1.1" 500 - "-" "Mozilla/5.0 (Windows NT 10.0; Win64; x64) AppleWebKit/537.36 (KHTML, like Gecko) Chrome/120.0.0.0 Safari/537.36"
20.42.19.40 - - [20/Aug/2026:06:32:56 +0200] "GET /wp-includes/images/ HTTP/1.1" 200 5984 "-" "Mozilla/5.0 (Windows NT 10.0; Win64; x64) AppleWebKit/537.36 (KHTML, like Gecko) Chrome/120.0.0.0 Safari/537.36"
20.42.19.40 - - [20/Aug/2026:06:32:57 +0200] "GET /wp-content/index.php HTTP/1.1" 200 - "-" "Mozilla/5.0 (Windows NT 10.0; Win64; x64) AppleWebKit/537.36 (KHTML, like Gecko) Chrome/120.0.0.0 Safari/537.36"
20.42.19.40 - - [20/Aug/2026:06:32:57 +0200] "GET /wp-includes/images/smilies/ HTTP/1.1" 200 5432 "-" "Mozilla/5.0 (Windows NT 10.0; Win64; x64) AppleWebKit/537.36 (KHTML, like Gecko) Chrome/120.0.0.0 Safari/537.36"
20.42.19.40 - - [20/Aug/2026:06:32:57 +0200] "GET /wp-admin/css/colors/index.php HTTP/1.1" 500 - "-" "Mozilla/5.0 (Windows NT 10.0; Win64; x64) AppleWebKit/537.36 (KHTML, like Gecko) Chrome/120.0.0.0 Safari/537.36"
20.42.19.40 - - [20/Aug/2026:06:32:57 +0200] "GET /222.php HTTP/1.1" 500 - "-" "Mozilla/5.0 (Windows NT 10.0; Win64; x64) AppleWebKit/537.36 (KHTML, like Gecko) Chrome/120.0.0.0 Safari/537.36"
20.42.19.40 - - [20/Aug/2026:06:32:57 +0200] "GET /classwithtostring.php HTTP/1.1" 500 - "-" "Mozilla/5.0 (Windows NT 10.0; Win64; x64) AppleWebKit/537.36 (KHTML, like Gecko) Chrome/120.0.0.0 Safari/537.36"
20.42.19.40 - - [20/Aug/2026:06:32:58 +0200] "GET /wp-admin/network/index.php HTTP/1.1" 500 - "-" "Mozilla/5.0 (Windows NT 10.0; Win64; x64) AppleWebKit/537.36 (KHTML, like Gecko) Chrome/120.0.0.0 Safari/537.36"
20.42.19.40 - - [20/Aug/2026:06:32:58 +0200] "GET /lock360.php HTTP/1.1" 500 - "-" "Mozilla/5.0 (Windows NT 10.0; Win64; x64) AppleWebKit/537.36 (KHTML, like Gecko) Chrome/120.0.0.0 Safari/537.36"
20.42.19.40 - - [20/Aug/2026:06:32:59 +0200] "GET /up.php HTTP/1.1" 500 - "-" "Mozilla/5.0 (Windows NT 10.0; Win64; x64) AppleWebKit/537.36 (KHTML, like Gecko) Chrome/120.0.0.0 Safari/537.36"
20.42.19.40 - - [20/Aug/2026:06:32:59 +0200] "GET /admin.php HTTP/1.1" 500 - "-" "Mozilla/5.0 (Windows NT 10.0; Win64; x64) AppleWebKit/537.36 (KHTML, like Gecko) Chrome/120.0.0.0 Safari/537.36"
20.42.19.40 - - [20/Aug/2026:06:33:00 +0200] "GET /chosen.php HTTP/1.1" 500 - "-" "Mozilla/5.0 (Windows NT 10.0; Win64; x64) AppleWebKit/537.36 (KHTML, like Gecko) Chrome/120.0.0.0 Safari/537.36"
20.42.19.40 - - [20/Aug/2026:06:33:00 +0200] "GET /inputs.php HTTP/1.1" 500 - "-" "Mozilla/5.0 (Windows NT 10.0; Win64; x64) AppleWebKit/537.36 (KHTML, like Gecko) Chrome/120.0.0.0 Safari/537.36"
20.42.19.40 - - [20/Aug/2026:06:33:00 +0200] "GET /o.php HTTP/1.1" 500 - "-" "Mozilla/5.0 (Windows NT 10.0; Win64; x64) AppleWebKit/537.36 (KHTML, like Gecko) Chrome/120.0.0.0 Safari/537.36"
20.42.19.40 - - [20/Aug/2026:06:33:01 +0200] "GET /cc.php HTTP/1.1" 500 - "-" "Mozilla/5.0 (Windows NT 10.0; Win64; x64) AppleWebKit/537.36 (KHTML, like Gecko) Chrome/120.0.0.0 Safari/537.36"
20.42.19.40 - - [20/Aug/2026:06:33:01 +0200] "GET /wp-admin/css/colors/midnight/ HTTP/1.1" 200 1608 "-" "Mozilla/5.0 (Windows NT 10.0; Win64; x64) AppleWebKit/537.36 (KHTML, like Gecko) Chrome/120.0.0.0 Safari/537.36"
20.42.19.40 - - [20/Aug/2026:06:33:02 +0200] "GET /403.php HTTP/1.1" 500 - "-" "Mozilla/5.0 (Windows NT 10.0; Win64; x64) AppleWebKit/537.36 (KHTML, like Gecko) Chrome/120.0.0.0 Safari/537.36"
20.42.19.40 - - [20/Aug/2026:06:33:02 +0200] "GET /file.php HTTP/1.1" 500 - "-" "Mozilla/5.0 (Windows NT 10.0; Win64; x64) AppleWebKit/537.36 (KHTML, like Gecko) Chrome/120.0.0.0 Safari/537.36"
20.42.19.40 - - [20/Aug/2026:06:33:02 +0200] "GET /info.php HTTP/1.1" 500 - "-" "Mozilla/5.0 (Windows NT 10.0; Win64; x64) AppleWebKit/537.36 (KHTML, like Gecko) Chrome/120.0.0.0 Safari/537.36"
20.42.19.40 - - [20/Aug/2026:06:33:03 +0200] "GET /wso.php HTTP/1.1" 500 - "-" "Mozilla/5.0 (Windows NT 10.0; Win64; x64) AppleWebKit/537.36 (KHTML, like Gecko) Chrome/120.0.0.0 Safari/537.36"
20.42.19.40 - - [20/Aug/2026:06:33:03 +0200] "GET /edit.php HTTP/1.1" 500 - "-" "Mozilla/5.0 (Windows NT 10.0; Win64; x64) AppleWebKit/537.36 (KHTML, like Gecko) Chrome/120.0.0.0 Safari/537.36"
20.42.19.40 - - [20/Aug/2026:06:33:04 +0200] "GET /wp-admin/css/ HTTP/1.1" 200 19787 "-" "Mozilla/5.0 (Windows NT 10.0; Win64; x64) AppleWebKit/537.36 (KHTML, like Gecko) Chrome/120.0.0.0 Safari/537.36"
20.42.19.40 - - [20/Aug/2026:06:33:07 +0200] "GET /ioxi-o.php HTTP/1.1" 500 - "-" "Mozilla/5.0 (Windows NT 10.0; Win64; x64) AppleWebKit/537.36 (KHTML, like Gecko) Chrome/120.0.0.0 Safari/537.36"
20.42.19.40 - - [20/Aug/2026:06:33:09 +0200] "GET /wp-includes/IXR/index.php HTTP/1.1" 500 - "-" "Mozilla/5.0 (Windows NT 10.0; Win64; x64) AppleWebKit/537.36 (KHTML, like Gecko) Chrome/120.0.0.0 Safari/537.36"
74.7.241.49 - - [20/Aug/2026:06:33:09 +0200] "GET /?f=142047687 HTTP/1.1" 500 - "https://fensterundhaus.de/sitemap_index.xml" "Mozilla/5.0 AppleWebKit/537.36 (KHTML, like Gecko; compatible; GPTBot/1.4; +https://openai.com/gptbot)"
20.42.19.40 - - [20/Aug/2026:06:33:10 +0200] "GET /as.php HTTP/1.1" 500 - "-" "Mozilla/5.0 (Windows NT 10.0; Win64; x64) AppleWebKit/537.36 (KHTML, like Gecko) Chrome/120.0.0.0 Safari/537.36"
20.42.19.40 - - [20/Aug/2026:06:33:10 +0200] "GET /adminfuns.php HTTP/1.1" 500 - "-" "Mozilla/5.0 (Windows NT 10.0; Win64; x64) AppleWebKit/537.36 (KHTML, like Gecko) Chrome/120.0.0.0 Safari/537.36"
20.42.19.40 - - [20/Aug/2026:06:33:10 +0200] "GET /wp-content/upgrade/index.php HTTP/1.1" 500 - "-" "Mozilla/5.0 (Windows NT 10.0; Win64; x64) AppleWebKit/537.36 (KHTML, like Gecko) Chrome/120.0.0.0 Safari/537.36"
20.42.19.40 - - [20/Aug/2026:06:33:11 +0200] "GET /wp-login.php HTTP/1.1" 500 - "-" "Mozilla/5.0 (Windows NT 10.0; Win64; x64) AppleWebKit/537.36 (KHTML, like Gecko) Chrome/120.0.0.0 Safari/537.36"
20.42.19.40 - - [20/Aug/2026:06:33:14 +0200] "GET /wp-includes/html-api/ HTTP/1.1" 200 677 "-" "Mozilla/5.0 (Windows NT 10.0; Win64; x64) AppleWebKit/537.36 (KHTML, like Gecko) Chrome/120.0.0.0 Safari/537.36"
20.42.19.40 - - [20/Aug/2026:06:33:14 +0200] "GET /wp-includes/js/tinymce/plugins/compat3x/css/ HTTP/1.1" 200 929 "-" "Mozilla/5.0 (Windows NT 10.0; Win64; x64) AppleWebKit/537.36 (KHTML, like Gecko) Chrome/120.0.0.0 Safari/537.36"
20.42.19.40 - - [20/Aug/2026:06:33:14 +0200] "GET /.well-known/ HTTP/1.1" 200 830 "-" "Mozilla/5.0 (Windows NT 10.0; Win64; x64) AppleWebKit/537.36 (KHTML, like Gecko) Chrome/120.0.0.0 Safari/537.36"
20.42.19.40 - - [20/Aug/2026:06:33:14 +0200] "GET /wp-content/index.php?p= HTTP/1.1" 200 - "-" "Mozilla/5.0 (Windows NT 10.0; Win64; x64) AppleWebKit/537.36 (KHTML, like Gecko) Chrome/120.0.0.0 Safari/537.36"
20.42.19.40 - - [20/Aug/2026:06:33:14 +0200] "GET /wp-admin/user/index.php?p= HTTP/1.1" 500 - "-" "Mozilla/5.0 (Windows NT 10.0; Win64; x64) AppleWebKit/537.36 (KHTML, like Gecko) Chrome/120.0.0.0 Safari/537.36"
20.42.19.40 - - [20/Aug/2026:06:33:18 +0200] "GET /wp-mail.php HTTP/1.1" 500 - "-" "Mozilla/5.0 (Windows NT 10.0; Win64; x64) AppleWebKit/537.36 (KHTML, like Gecko) Chrome/120.0.0.0 Safari/537.36"
20.42.19.40 - - [20/Aug/2026:06:33:23 +0200] "GET /wp-admin/js/ HTTP/1.1" 200 18718 "-" "Mozilla/5.0 (Windows NT 10.0; Win64; x64) AppleWebKit/537.36 (KHTML, like Gecko) Chrome/120.0.0.0 Safari/537.36"
20.42.19.40 - - [20/Aug/2026:06:33:23 +0200] "GET /wp-includes/ID3/index.php HTTP/1.1" 500 - "-" "Mozilla/5.0 (Windows NT 10.0; Win64; x64) AppleWebKit/537.36 (KHTML, like Gecko) Chrome/120.0.0.0 Safari/537.36"
20.42.19.40 - - [20/Aug/2026:06:33:37 +0200] "GET /rip.php HTTP/1.1" 500 - "-" "Mozilla/5.0 (Windows NT 10.0; Win64; x64) AppleWebKit/537.36 (KHTML, like Gecko) Chrome/120.0.0.0 Safari/537.36"
74.7.241.49 - - [20/Aug/2026:06:33:51 +0200] "GET /?q=223004784 HTTP/1.1" 500 - "https://fensterundhaus.de/sitemap_index.xml" "Mozilla/5.0 AppleWebKit/537.36 (KHTML, like Gecko; compatible; GPTBot/1.4; +https://openai.com/gptbot)"
74.7.241.49 - - [20/Aug/2026:06:40:32 +0200] "GET /?r=022008675 HTTP/1.1" 500 - "https://fensterundhaus.de/sitemap_index.xml" "Mozilla/5.0 AppleWebKit/537.36 (KHTML, like Gecko; compatible; GPTBot/1.4; +https://openai.com/gptbot)"
74.7.241.49 - - [20/Aug/2026:06:40:39 +0200] "GET /?b=121026928 HTTP/1.1" 500 - "https://fensterundhaus.de/sitemap_index.xml" "Mozilla/5.0 AppleWebKit/537.36 (KHTML, like Gecko; compatible; GPTBot/1.4; +https://openai.com/gptbot)"
74.7.241.49 - - [20/Aug/2026:06:40:50 +0200] "GET /?k=148034339 HTTP/1.1" 500 - "https://fensterundhaus.de/sitemap_index.xml" "Mozilla/5.0 AppleWebKit/537.36 (KHTML, like Gecko; compatible; GPTBot/1.4; +https://openai.com/gptbot)"
74.7.241.49 - - [20/Aug/2026:06:41:00 +0200] "GET /?e=254012347 HTTP/1.1" 500 - "https://fensterundhaus.de/sitemap_index.xml" "Mozilla/5.0 AppleWebKit/537.36 (KHTML, like Gecko; compatible; GPTBot/1.4; +https://openai.com/gptbot)"
209.42.18.204 - - [20/Aug/2026:06:41:13 +0200] "GET /wp-login.php HTTP/1.1" 500 - "-" "Mozilla/5.0 (Windows NT 10.0; Win64; x64) AppleWebKit/537.36 (KHTML, like Gecko) Chrome/149.0.0.0 Safari/537.36"
209.42.18.204 - - [20/Aug/2026:06:41:14 +0200] "GET /wp-login.php HTTP/1.1" 500 - "-" "Mozilla/5.0 (Windows NT 10.0; Win64; x64) AppleWebKit/537.36 (KHTML, like Gecko) Chrome/149.0.0.0 Safari/537.36"
74.7.241.49 - - [20/Aug/2026:06:41:18 +0200] "GET /?z=094001681 HTTP/1.1" 500 - "https://fensterundhaus.de/sitemap_index.xml" "Mozilla/5.0 AppleWebKit/537.36 (KHTML, like Gecko; compatible; GPTBot/1.4; +https://openai.com/gptbot)"
74.7.241.49 - - [20/Aug/2026:06:41:39 +0200] "GET /?z=285049498 HTTP/1.1" 500 - "https://fensterundhaus.de/sitemap_index.xml" "Mozilla/5.0 AppleWebKit/537.36 (KHTML, like Gecko; compatible; GPTBot/1.4; +https://openai.com/gptbot)"
74.7.241.49 - - [20/Aug/2026:06:42:00 +0200] "GET /?t=258039513 HTTP/1.1" 500 - "https://fensterundhaus.de/sitemap_index.xml" "Mozilla/5.0 AppleWebKit/537.36 (KHTML, like Gecko; compatible; GPTBot/1.4; +https://openai.com/gptbot)"
204.12.239.66 - - [20/Aug/2026:06:41:59 +0200] "GET /wp-includes/x14c29f/index.php HTTP/1.1" 200 6 "https://fensterundhaus.de/wp-includes/x14c29f/index.php" "Mozilla/5.0 (Windows NT 10.0; Win64; x64) AppleWebKit/537.36 (KHTML, like Gecko) Chrome/58.0.3029.110 Safari/537.3"
89.185.225.24 - - [20/Aug/2026:06:42:19 +0200] "GET /wp-login.php HTTP/1.1" 500 - "-" "Mozilla/5.0 (Windows NT 10.0; Win64; x64) AppleWebKit/537.36 (KHTML, like Gecko) Chrome/149.0.0.0 Safari/537.36"
89.185.225.24 - - [20/Aug/2026:06:42:20 +0200] "GET /wp-login.php HTTP/1.1" 500 - "-" "Mozilla/5.0 (Windows NT 10.0; Win64; x64) AppleWebKit/537.36 (KHTML, like Gecko) Chrome/149.0.0.0 Safari/537.36"
74.7.241.49 - - [20/Aug/2026:06:42:21 +0200] "GET /?s=016022547 HTTP/1.1" 500 - "https://fensterundhaus.de/sitemap_index.xml" "Mozilla/5.0 AppleWebKit/537.36 (KHTML, like Gecko; compatible; GPTBot/1.4; +https://openai.com/gptbot)"
74.7.241.49 - - [20/Aug/2026:06:42:42 +0200] "GET /?b=221046430 HTTP/1.1" 500 - "https://fensterundhaus.de/sitemap_index.xml" "Mozilla/5.0 AppleWebKit/537.36 (KHTML, like Gecko; compatible; GPTBot/1.4; +https://openai.com/gptbot)"
74.7.241.49 - - [20/Aug/2026:06:43:05 +0200] "GET /?u=107038938 HTTP/1.1" 500 - "https://fensterundhaus.de/sitemap_index.xml" "Mozilla/5.0 AppleWebKit/537.36 (KHTML, like Gecko; compatible; GPTBot/1.4; +https://openai.com/gptbot)"
74.7.241.49 - - [20/Aug/2026:06:43:24 +0200] "GET /?y=027046522 HTTP/1.1" 500 - "https://fensterundhaus.de/sitemap_index.xml" "Mozilla/5.0 AppleWebKit/537.36 (KHTML, like Gecko; compatible; GPTBot/1.4; +https://openai.com/gptbot)"
204.12.239.66 - - [20/Aug/2026:06:41:57 +0200] "GET /wp-includes/x14c29f/index.php HTTP/1.1" 200 - "https://fensterundhaus.de/wp-includes/x14c29f/index.php" "Mozilla/5.0 (Windows NT 10.0; Win64; x64) AppleWebKit/537.36 (KHTML, like Gecko) Chrome/58.0.3029.110 Safari/537.3"
74.7.241.49 - - [20/Aug/2026:06:43:46 +0200] "GET /?b=226011345 HTTP/1.1" 500 - "https://fensterundhaus.de/sitemap_index.xml" "Mozilla/5.0 AppleWebKit/537.36 (KHTML, like Gecko; compatible; GPTBot/1.4; +https://openai.com/gptbot)"
74.7.241.49 - - [20/Aug/2026:06:44:06 +0200] "GET /?u=105038428 HTTP/1.1" 500 - "https://fensterundhaus.de/sitemap_index.xml" "Mozilla/5.0 AppleWebKit/537.36 (KHTML, like Gecko; compatible; GPTBot/1.4; +https://openai.com/gptbot)"
74.7.241.49 - - [20/Aug/2026:06:44:28 +0200] "GET /?z=103019238 HTTP/1.1" 500 - "https://fensterundhaus.de/sitemap_index.xml" "Mozilla/5.0 AppleWebKit/537.36 (KHTML, like Gecko; compatible; GPTBot/1.4; +https://openai.com/gptbot)"
74.7.241.49 - - [20/Aug/2026:06:44:48 +0200] "GET /?u=137034676 HTTP/1.1" 500 - "https://fensterundhaus.de/sitemap_index.xml" "Mozilla/5.0 AppleWebKit/537.36 (KHTML, like Gecko; compatible; GPTBot/1.4; +https://openai.com/gptbot)"
74.7.241.49 - - [20/Aug/2026:06:45:09 +0200] "GET /?d=264026381 HTTP/1.1" 500 - "https://fensterundhaus.de/sitemap_index.xml" "Mozilla/5.0 AppleWebKit/537.36 (KHTML, like Gecko; compatible; GPTBot/1.4; +https://openai.com/gptbot)"
74.7.241.49 - - [20/Aug/2026:06:45:30 +0200] "GET /?e=010043821 HTTP/1.1" 500 - "https://fensterundhaus.de/sitemap_index.xml" "Mozilla/5.0 AppleWebKit/537.36 (KHTML, like Gecko; compatible; GPTBot/1.4; +https://openai.com/gptbot)"
74.7.241.49 - - [20/Aug/2026:06:45:50 +0200] "GET /?g=136041779 HTTP/1.1" 500 - "https://fensterundhaus.de/sitemap_index.xml" "Mozilla/5.0 AppleWebKit/537.36 (KHTML, like Gecko; compatible; GPTBot/1.4; +https://openai.com/gptbot)"
74.7.241.49 - - [20/Aug/2026:06:46:10 +0200] "GET /?d=170022387 HTTP/1.1" 500 - "https://fensterundhaus.de/sitemap_index.xml" "Mozilla/5.0 AppleWebKit/537.36 (KHTML, like Gecko; compatible; GPTBot/1.4; +https://openai.com/gptbot)"
74.7.241.49 - - [20/Aug/2026:06:46:32 +0200] "GET /?c=010018695 HTTP/1.1" 500 - "https://fensterundhaus.de/sitemap_index.xml" "Mozilla/5.0 AppleWebKit/537.36 (KHTML, like Gecko; compatible; GPTBot/1.4; +https://openai.com/gptbot)"
74.7.241.49 - - [20/Aug/2026:06:46:52 +0200] "GET /?q=071039424 HTTP/1.1" 500 - "https://fensterundhaus.de/sitemap_index.xml" "Mozilla/5.0 AppleWebKit/537.36 (KHTML, like Gecko; compatible; GPTBot/1.4; +https://openai.com/gptbot)"
74.7.241.49 - - [20/Aug/2026:06:47:12 +0200] "GET /?a=129016794 HTTP/1.1" 500 - "https://fensterundhaus.de/sitemap_index.xml" "Mozilla/5.0 AppleWebKit/537.36 (KHTML, like Gecko; compatible; GPTBot/1.4; +https://openai.com/gptbot)"
74.7.241.49 - - [20/Aug/2026:06:47:34 +0200] "GET /?z=294018081 HTTP/1.1" 500 - "https://fensterundhaus.de/sitemap_index.xml" "Mozilla/5.0 AppleWebKit/537.36 (KHTML, like Gecko; compatible; GPTBot/1.4; +https://openai.com/gptbot)"
74.7.241.49 - - [20/Aug/2026:06:47:56 +0200] "GET /?s=216006715 HTTP/1.1" 500 - "https://fensterundhaus.de/sitemap_index.xml" "Mozilla/5.0 AppleWebKit/537.36 (KHTML, like Gecko; compatible; GPTBot/1.4; +https://openai.com/gptbot)"
74.7.241.49 - - [20/Aug/2026:06:48:16 +0200] "GET /?r=272004921 HTTP/1.1" 500 - "https://fensterundhaus.de/sitemap_index.xml" "Mozilla/5.0 AppleWebKit/537.36 (KHTML, like Gecko; compatible; GPTBot/1.4; +https://openai.com/gptbot)"
74.7.241.49 - - [20/Aug/2026:06:48:36 +0200] "GET /?k=004022981 HTTP/1.1" 500 - "https://fensterundhaus.de/sitemap_index.xml" "Mozilla/5.0 AppleWebKit/537.36 (KHTML, like Gecko; compatible; GPTBot/1.4; +https://openai.com/gptbot)"
74.7.241.49 - - [20/Aug/2026:06:48:57 +0200] "GET /?m=283047928 HTTP/1.1" 500 - "https://fensterundhaus.de/sitemap_index.xml" "Mozilla/5.0 AppleWebKit/537.36 (KHTML, like Gecko; compatible; GPTBot/1.4; +https://openai.com/gptbot)"
74.7.241.49 - - [20/Aug/2026:06:49:17 +0200] "GET /?f=095019344 HTTP/1.1" 500 - "https://fensterundhaus.de/sitemap_index.xml" "Mozilla/5.0 AppleWebKit/537.36 (KHTML, like Gecko; compatible; GPTBot/1.4; +https://openai.com/gptbot)"
74.7.241.49 - - [20/Aug/2026:06:49:39 +0200] "GET /?k=246045407 HTTP/1.1" 500 - "https://fensterundhaus.de/sitemap_index.xml" "Mozilla/5.0 AppleWebKit/537.36 (KHTML, like Gecko; compatible; GPTBot/1.4; +https://openai.com/gptbot)"
74.7.241.49 - - [20/Aug/2026:06:49:59 +0200] "GET /?d=201046330 HTTP/1.1" 500 - "https://fensterundhaus.de/sitemap_index.xml" "Mozilla/5.0 AppleWebKit/537.36 (KHTML, like Gecko; compatible; GPTBot/1.4; +https://openai.com/gptbot)"
74.7.241.49 - - [20/Aug/2026:06:50:20 +0200] "GET /?w=013045814 HTTP/1.1" 500 - "https://fensterundhaus.de/sitemap_index.xml" "Mozilla/5.0 AppleWebKit/537.36 (KHTML, like Gecko; compatible; GPTBot/1.4; +https://openai.com/gptbot)"
74.7.241.49 - - [20/Aug/2026:06:50:41 +0200] "GET /?n=145018464 HTTP/1.1" 500 - "https://fensterundhaus.de/sitemap_index.xml" "Mozilla/5.0 AppleWebKit/537.36 (KHTML, like Gecko; compatible; GPTBot/1.4; +https://openai.com/gptbot)"
74.7.241.49 - - [20/Aug/2026:06:51:02 +0200] "GET /?k=244019975 HTTP/1.1" 500 - "https://fensterundhaus.de/sitemap_index.xml" "Mozilla/5.0 AppleWebKit/537.36 (KHTML, like Gecko; compatible; GPTBot/1.4; +https://openai.com/gptbot)"
74.7.241.49 - - [20/Aug/2026:06:51:23 +0200] "GET /?l=161014838 HTTP/1.1" 500 - "https://fensterundhaus.de/sitemap_index.xml" "Mozilla/5.0 AppleWebKit/537.36 (KHTML, like Gecko; compatible; GPTBot/1.4; +https://openai.com/gptbot)"
74.7.241.49 - - [20/Aug/2026:06:52:18 +0200] "GET /?n=284003507 HTTP/1.1" 500 - "https://fensterundhaus.de/sitemap_index.xml" "Mozilla/5.0 AppleWebKit/537.36 (KHTML, like Gecko; compatible; GPTBot/1.4; +https://openai.com/gptbot)"
192.250.229.214 - - [20/Aug/2026:06:57:37 +0200] "GET /wp-login.php HTTP/1.1" 500 - "-" "Mozilla/5.0 (Windows NT 10.0; Win64; x64) AppleWebKit/537.36 (KHTML, like Gecko) Chrome/149.0.0.0 Safari/537.36"
74.7.241.49 - - [20/Aug/2026:06:57:47 +0200] "GET /?i=273048426 HTTP/1.1" 500 - "https://fensterundhaus.de/sitemap_index.xml" "Mozilla/5.0 AppleWebKit/537.36 (KHTML, like Gecko; compatible; GPTBot/1.4; +https://openai.com/gptbot)"
74.7.241.49 - - [20/Aug/2026:06:57:56 +0200] "GET /?d=268026243 HTTP/1.1" 500 - "https://fensterundhaus.de/sitemap_index.xml" "Mozilla/5.0 AppleWebKit/537.36 (KHTML, like Gecko; compatible; GPTBot/1.4; +https://openai.com/gptbot)"
74.7.241.49 - - [20/Aug/2026:06:58:06 +0200] "GET /?f=068003497 HTTP/1.1" 500 - "https://fensterundhaus.de/sitemap_index.xml" "Mozilla/5.0 AppleWebKit/537.36 (KHTML, like Gecko; compatible; GPTBot/1.4; +https://openai.com/gptbot)"
129.121.103.155 - - [20/Aug/2026:06:58:07 +0200] "GET /wp-login.php HTTP/1.1" 500 - "-" "Mozilla/5.0 (Windows NT 10.0; Win64; x64) AppleWebKit/537.36 (KHTML, like Gecko) Chrome/149.0.0.0 Safari/537.36"
74.7.241.49 - - [20/Aug/2026:06:58:15 +0200] "GET /?g=147028128 HTTP/1.1" 500 - "https://fensterundhaus.de/sitemap_index.xml" "Mozilla/5.0 AppleWebKit/537.36 (KHTML, like Gecko; compatible; GPTBot/1.4; +https://openai.com/gptbot)"
74.7.241.49 - - [20/Aug/2026:06:58:28 +0200] "GET /?f=297001556 HTTP/1.1" 500 - "https://fensterundhaus.de/sitemap_index.xml" "Mozilla/5.0 AppleWebKit/537.36 (KHTML, like Gecko; compatible; GPTBot/1.4; +https://openai.com/gptbot)"
74.7.241.49 - - [20/Aug/2026:06:58:49 +0200] "GET /?i=215042766 HTTP/1.1" 500 - "https://fensterundhaus.de/sitemap_index.xml" "Mozilla/5.0 AppleWebKit/537.36 (KHTML, like Gecko; compatible; GPTBot/1.4; +https://openai.com/gptbot)"
129.121.103.155 - - [20/Aug/2026:06:59:05 +0200] "GET /wp-login.php HTTP/1.1" 500 - "-" "Mozilla/5.0 (Windows NT 10.0; Win64; x64) AppleWebKit/537.36 (KHTML, like Gecko) Chrome/149.0.0.0 Safari/537.36"
129.121.103.155 - - [20/Aug/2026:06:59:07 +0200] "GET /wp-login.php HTTP/1.1" 500 - "-" "Mozilla/5.0 (Windows NT 10.0; Win64; x64) AppleWebKit/537.36 (KHTML, like Gecko) Chrome/149.0.0.0 Safari/537.36"
74.7.241.49 - - [20/Aug/2026:06:59:11 +0200] "GET /?m=229038906 HTTP/1.1" 500 - "https://fensterundhaus.de/sitemap_index.xml" "Mozilla/5.0 AppleWebKit/537.36 (KHTML, like Gecko; compatible; GPTBot/1.4; +https://openai.com/gptbot)"
74.7.241.49 - - [20/Aug/2026:06:59:32 +0200] "GET /?v=116034027 HTTP/1.1" 500 - "https://fensterundhaus.de/sitemap_index.xml" "Mozilla/5.0 AppleWebKit/537.36 (KHTML, like Gecko; compatible; GPTBot/1.4; +https://openai.com/gptbot)"
74.7.241.49 - - [20/Aug/2026:06:59:52 +0200] "GET /?m=160021377 HTTP/1.1" 500 - "https://fensterundhaus.de/sitemap_index.xml" "Mozilla/5.0 AppleWebKit/537.36 (KHTML, like Gecko; compatible; GPTBot/1.4; +https://openai.com/gptbot)"
74.7.241.49 - - [20/Aug/2026:07:00:13 +0200] "GET /?x=023017682 HTTP/1.1" 500 - "https://fensterundhaus.de/sitemap_index.xml" "Mozilla/5.0 AppleWebKit/537.36 (KHTML, like Gecko; compatible; GPTBot/1.4; +https://openai.com/gptbot)"
50.6.207.27 - - [20/Aug/2026:07:00:33 +0200] "GET /wp-login.php HTTP/1.1" 500 - "-" "Mozilla/5.0 (Windows NT 10.0; Win64; x64) AppleWebKit/537.36 (KHTML, like Gecko) Chrome/149.0.0.0 Safari/537.36"
74.7.241.49 - - [20/Aug/2026:07:00:34 +0200] "GET /?y=292019843 HTTP/1.1" 500 - "https://fensterundhaus.de/sitemap_index.xml" "Mozilla/5.0 AppleWebKit/537.36 (KHTML, like Gecko; compatible; GPTBot/1.4; +https://openai.com/gptbot)"
50.6.207.27 - - [20/Aug/2026:07:00:34 +0200] "GET /wp-login.php HTTP/1.1" 500 - "-" "Mozilla/5.0 (Windows NT 10.0; Win64; x64) AppleWebKit/537.36 (KHTML, like Gecko) Chrome/149.0.0.0 Safari/537.36"
74.7.241.49 - - [20/Aug/2026:07:00:56 +0200] "GET /?r=221005374 HTTP/1.1" 500 - "https://fensterundhaus.de/sitemap_index.xml" "Mozilla/5.0 AppleWebKit/537.36 (KHTML, like Gecko; compatible; GPTBot/1.4; +https://openai.com/gptbot)"
74.7.241.49 - - [20/Aug/2026:07:01:17 +0200] "GET /?d=048022593 HTTP/1.1" 500 - "https://fensterundhaus.de/sitemap_index.xml" "Mozilla/5.0 AppleWebKit/537.36 (KHTML, like Gecko; compatible; GPTBot/1.4; +https://openai.com/gptbot)"
74.7.241.49 - - [20/Aug/2026:07:01:39 +0200] "GET /?r=144037803 HTTP/1.1" 500 - "https://fensterundhaus.de/sitemap_index.xml" "Mozilla/5.0 AppleWebKit/537.36 (KHTML, like Gecko; compatible; GPTBot/1.4; +https://openai.com/gptbot)"
74.7.241.49 - - [20/Aug/2026:07:01:59 +0200] "GET /?r=256026193 HTTP/1.1" 500 - "https://fensterundhaus.de/sitemap_index.xml" "Mozilla/5.0 AppleWebKit/537.36 (KHTML, like Gecko; compatible; GPTBot/1.4; +https://openai.com/gptbot)"
74.7.241.49 - - [20/Aug/2026:07:02:19 +0200] "GET /?t=093045108 HTTP/1.1" 500 - "https://fensterundhaus.de/sitemap_index.xml" "Mozilla/5.0 AppleWebKit/537.36 (KHTML, like Gecko; compatible; GPTBot/1.4; +https://openai.com/gptbot)"
74.7.241.49 - - [20/Aug/2026:07:02:40 +0200] "GET /?u=196009807 HTTP/1.1" 500 - "https://fensterundhaus.de/sitemap_index.xml" "Mozilla/5.0 AppleWebKit/537.36 (KHTML, like Gecko; compatible; GPTBot/1.4; +https://openai.com/gptbot)"
74.7.241.49 - - [20/Aug/2026:07:03:02 +0200] "GET /?y=253024632 HTTP/1.1" 500 - "https://fensterundhaus.de/sitemap_index.xml" "Mozilla/5.0 AppleWebKit/537.36 (KHTML, like Gecko; compatible; GPTBot/1.4; +https://openai.com/gptbot)"
162.214.96.231 - - [20/Aug/2026:07:03:07 +0200] "GET /wp-login.php HTTP/1.1" 500 - "-" "Mozilla/5.0 (Windows NT 10.0; Win64; x64) AppleWebKit/537.36 (KHTML, like Gecko) Chrome/149.0.0.0 Safari/537.36"
162.214.96.231 - - [20/Aug/2026:07:03:10 +0200] "GET /wp-login.php HTTP/1.1" 500 - "-" "Mozilla/5.0 (Windows NT 10.0; Win64; x64) AppleWebKit/537.36 (KHTML, like Gecko) Chrome/149.0.0.0 Safari/537.36"
74.7.241.49 - - [20/Aug/2026:07:03:22 +0200] "GET /?l=239019294 HTTP/1.1" 500 - "https://fensterundhaus.de/sitemap_index.xml" "Mozilla/5.0 AppleWebKit/537.36 (KHTML, like Gecko; compatible; GPTBot/1.4; +https://openai.com/gptbot)"
20.119.58.187 - - [20/Aug/2026:07:03:32 +0200] "GET / HTTP/1.1" 500 - "-" "Mozilla/5.0 (Windows NT 10.0; Win64; x64) AppleWebKit/537.36 (KHTML, like Gecko) Chrome/120.0.0.0 Safari/537.36"
74.7.241.49 - - [20/Aug/2026:07:03:44 +0200] "GET /?m=188033461 HTTP/1.1" 500 - "https://fensterundhaus.de/sitemap_index.xml" "Mozilla/5.0 AppleWebKit/537.36 (KHTML, like Gecko; compatible; GPTBot/1.4; +https://openai.com/gptbot)"
202.51.202.242 - - [20/Aug/2026:07:03:58 +0200] "GET /wp-login.php HTTP/1.1" 500 - "-" "Mozilla/5.0 (Windows NT 10.0; Win64; x64) AppleWebKit/537.36 (KHTML, like Gecko) Chrome/149.0.0.0 Safari/537.36"
202.51.202.242 - - [20/Aug/2026:07:04:00 +0200] "GET /wp-login.php HTTP/1.1" 500 - "-" "Mozilla/5.0 (Windows NT 10.0; Win64; x64) AppleWebKit/537.36 (KHTML, like Gecko) Chrome/149.0.0.0 Safari/537.36"
74.7.241.49 - - [20/Aug/2026:07:04:05 +0200] "GET /?e=058046911 HTTP/1.1" 500 - "https://fensterundhaus.de/sitemap_index.xml" "Mozilla/5.0 AppleWebKit/537.36 (KHTML, like Gecko; compatible; GPTBot/1.4; +https://openai.com/gptbot)"
74.7.241.49 - - [20/Aug/2026:07:04:27 +0200] "GET /?e=191005370 HTTP/1.1" 500 - "https://fensterundhaus.de/sitemap_index.xml" "Mozilla/5.0 AppleWebKit/537.36 (KHTML, like Gecko; compatible; GPTBot/1.4; +https://openai.com/gptbot)"
74.7.241.49 - - [20/Aug/2026:07:04:48 +0200] "GET /?s=014013271 HTTP/1.1" 500 - "https://fensterundhaus.de/sitemap_index.xml" "Mozilla/5.0 AppleWebKit/537.36 (KHTML, like Gecko; compatible; GPTBot/1.4; +https://openai.com/gptbot)"
40.74.68.220 - - [20/Aug/2026:07:04:51 +0200] "GET / HTTP/1.1" 500 - "-" "Mozilla/5.0 (Windows NT 10.0; Win64; x64) AppleWebKit/537.36 (KHTML, like Gecko) Chrome/120.0.0.0 Safari/537.36"
74.7.241.49 - - [20/Aug/2026:07:05:10 +0200] "GET /?y=293006580 HTTP/1.1" 500 - "https://fensterundhaus.de/sitemap_index.xml" "Mozilla/5.0 AppleWebKit/537.36 (KHTML, like Gecko; compatible; GPTBot/1.4; +https://openai.com/gptbot)"
107.150.37.82 - - [20/Aug/2026:07:03:57 +0200] "GET /wp-includes/x14c29f/index.php HTTP/1.1" 200 - "https://fensterundhaus.de/wp-includes/x14c29f/index.php" "Mozilla/5.0 (Windows NT 10.0; Win64; x64) AppleWebKit/537.36 (KHTML, like Gecko) Chrome/58.0.3029.110 Safari/537.3"
74.7.241.49 - - [20/Aug/2026:07:05:31 +0200] "GET /?z=164020165 HTTP/1.1" 500 - "https://fensterundhaus.de/sitemap_index.xml" "Mozilla/5.0 AppleWebKit/537.36 (KHTML, like Gecko; compatible; GPTBot/1.4; +https://openai.com/gptbot)"
74.7.241.49 - - [20/Aug/2026:07:05:52 +0200] "GET /?n=119044078 HTTP/1.1" 500 - "https://fensterundhaus.de/sitemap_index.xml" "Mozilla/5.0 AppleWebKit/537.36 (KHTML, like Gecko; compatible; GPTBot/1.4; +https://openai.com/gptbot)"
74.7.241.49 - - [20/Aug/2026:07:06:13 +0200] "GET /?b=210048469 HTTP/1.1" 500 - "https://fensterundhaus.de/sitemap_index.xml" "Mozilla/5.0 AppleWebKit/537.36 (KHTML, like Gecko; compatible; GPTBot/1.4; +https://openai.com/gptbot)"
74.7.241.49 - - [20/Aug/2026:07:06:34 +0200] "GET /?q=273020884 HTTP/1.1" 500 - "https://fensterundhaus.de/sitemap_index.xml" "Mozilla/5.0 AppleWebKit/537.36 (KHTML, like Gecko; compatible; GPTBot/1.4; +https://openai.com/gptbot)"
74.7.241.49 - - [20/Aug/2026:07:06:55 +0200] "GET /?w=070024563 HTTP/1.1" 500 - "https://fensterundhaus.de/sitemap_index.xml" "Mozilla/5.0 AppleWebKit/537.36 (KHTML, like Gecko; compatible; GPTBot/1.4; +https://openai.com/gptbot)"
74.7.241.49 - - [20/Aug/2026:07:07:16 +0200] "GET /?i=197003920 HTTP/1.1" 500 - "https://fensterundhaus.de/sitemap_index.xml" "Mozilla/5.0 AppleWebKit/537.36 (KHTML, like Gecko; compatible; GPTBot/1.4; +https://openai.com/gptbot)"
74.7.241.49 - - [20/Aug/2026:07:07:37 +0200] "GET /?m=062003795 HTTP/1.1" 500 - "https://fensterundhaus.de/sitemap_index.xml" "Mozilla/5.0 AppleWebKit/537.36 (KHTML, like Gecko; compatible; GPTBot/1.4; +https://openai.com/gptbot)"
74.7.241.49 - - [20/Aug/2026:07:09:16 +0200] "GET /?d=110046895 HTTP/1.1" 500 - "https://fensterundhaus.de/sitemap_index.xml" "Mozilla/5.0 AppleWebKit/537.36 (KHTML, like Gecko; compatible; GPTBot/1.4; +https://openai.com/gptbot)"
74.7.241.49 - - [20/Aug/2026:07:10:50 +0200] "GET /?e=263035274 HTTP/1.1" 500 - "https://fensterundhaus.de/sitemap_index.xml" "Mozilla/5.0 AppleWebKit/537.36 (KHTML, like Gecko; compatible; GPTBot/1.4; +https://openai.com/gptbot)"
129.121.103.155 - - [20/Aug/2026:07:11:33 +0200] "GET /wp-login.php HTTP/1.1" 500 - "-" "Mozilla/5.0 (Windows NT 10.0; Win64; x64) AppleWebKit/537.36 (KHTML, like Gecko) Chrome/149.0.0.0 Safari/537.36"
74.7.241.49 - - [20/Aug/2026:07:11:42 +0200] "GET /?w=119043942 HTTP/1.1" 500 - "https://fensterundhaus.de/sitemap_index.xml" "Mozilla/5.0 AppleWebKit/537.36 (KHTML, like Gecko; compatible; GPTBot/1.4; +https://openai.com/gptbot)"
74.7.241.49 - - [20/Aug/2026:07:11:50 +0200] "GET /?r=226049681 HTTP/1.1" 500 - "https://fensterundhaus.de/sitemap_index.xml" "Mozilla/5.0 AppleWebKit/537.36 (KHTML, like Gecko; compatible; GPTBot/1.4; +https://openai.com/gptbot)"
74.7.241.49 - - [20/Aug/2026:07:11:59 +0200] "GET /?y=187005370 HTTP/1.1" 500 - "https://fensterundhaus.de/sitemap_index.xml" "Mozilla/5.0 AppleWebKit/537.36 (KHTML, like Gecko; compatible; GPTBot/1.4; +https://openai.com/gptbot)"
74.7.241.49 - - [20/Aug/2026:07:12:18 +0200] "GET /?o=038033167 HTTP/1.1" 500 - "https://fensterundhaus.de/sitemap_index.xml" "Mozilla/5.0 AppleWebKit/537.36 (KHTML, like Gecko; compatible; GPTBot/1.4; +https://openai.com/gptbot)"
74.7.241.49 - - [20/Aug/2026:07:12:38 +0200] "GET /?z=039003524 HTTP/1.1" 500 - "https://fensterundhaus.de/sitemap_index.xml" "Mozilla/5.0 AppleWebKit/537.36 (KHTML, like Gecko; compatible; GPTBot/1.4; +https://openai.com/gptbot)"
74.7.241.49 - - [20/Aug/2026:07:12:58 +0200] "GET /?o=067049368 HTTP/1.1" 500 - "https://fensterundhaus.de/sitemap_index.xml" "Mozilla/5.0 AppleWebKit/537.36 (KHTML, like Gecko; compatible; GPTBot/1.4; +https://openai.com/gptbot)"
74.7.241.49 - - [20/Aug/2026:07:13:14 +0200] "GET /?p=067001128 HTTP/1.1" 500 - "https://fensterundhaus.de/sitemap_index.xml" "Mozilla/5.0 AppleWebKit/537.36 (KHTML, like Gecko; compatible; GPTBot/1.4; +https://openai.com/gptbot)"
74.7.241.49 - - [20/Aug/2026:07:13:37 +0200] "GET /?f=089031378 HTTP/1.1" 500 - "https://fensterundhaus.de/sitemap_index.xml" "Mozilla/5.0 AppleWebKit/537.36 (KHTML, like Gecko; compatible; GPTBot/1.4; +https://openai.com/gptbot)"
74.7.241.49 - - [20/Aug/2026:07:14:03 +0200] "GET /?r=057033138 HTTP/1.1" 500 - "https://fensterundhaus.de/sitemap_index.xml" "Mozilla/5.0 AppleWebKit/537.36 (KHTML, like Gecko; compatible; GPTBot/1.4; +https://openai.com/gptbot)"
69.30.231.90 - - [20/Aug/2026:07:14:04 +0200] "GET /wp-login.php HTTP/1.1" 500 - "-" "Mozilla/5.0 (Windows NT 10.0; Win64; x64) AppleWebKit/537.36 (KHTML, like Gecko) Chrome/149.0.0.0 Safari/537.36"
69.30.231.90 - - [20/Aug/2026:07:14:24 +0200] "GET /wp-login.php HTTP/1.1" 500 - "-" "Mozilla/5.0 (Windows NT 10.0; Win64; x64) AppleWebKit/537.36 (KHTML, like Gecko) Chrome/149.0.0.0 Safari/537.36"
74.7.241.49 - - [20/Aug/2026:07:14:29 +0200] "GET /?o=216019813 HTTP/1.1" 500 - "https://fensterundhaus.de/sitemap_index.xml" "Mozilla/5.0 AppleWebKit/537.36 (KHTML, like Gecko; compatible; GPTBot/1.4; +https://openai.com/gptbot)"
74.7.241.49 - - [20/Aug/2026:07:14:38 +0200] "GET /?t=298027509 HTTP/1.1" 500 - "https://fensterundhaus.de/sitemap_index.xml" "Mozilla/5.0 AppleWebKit/537.36 (KHTML, like Gecko; compatible; GPTBot/1.4; +https://openai.com/gptbot)"
148.222.185.49 - - [20/Aug/2026:07:14:40 +0200] "GET / HTTP/1.1" 500 - "https://fensterundhaus.de/" "Mozilla/5.0 (Windows NT 10.0; Win64; x64) AppleWebKit/537.36 (KHTML, like Gecko) Chrome/131.0.0.0 Safari/537.36"
162.55.89.48 - - [20/Aug/2026:07:14:54 +0200] "GET /wp-login.php HTTP/1.1" 500 - "-" "Mozilla/5.0 (Windows NT 10.0; Win64; x64) AppleWebKit/537.36 (KHTML, like Gecko) Chrome/149.0.0.0 Safari/537.36"
162.55.89.48 - - [20/Aug/2026:07:14:55 +0200] "GET /wp-login.php HTTP/1.1" 500 - "-" "Mozilla/5.0 (Windows NT 10.0; Win64; x64) AppleWebKit/537.36 (KHTML, like Gecko) Chrome/149.0.0.0 Safari/537.36"
74.7.241.49 - - [20/Aug/2026:07:14:59 +0200] "GET /?k=220031517 HTTP/1.1" 500 - "https://fensterundhaus.de/sitemap_index.xml" "Mozilla/5.0 AppleWebKit/537.36 (KHTML, like Gecko; compatible; GPTBot/1.4; +https://openai.com/gptbot)"
74.7.241.49 - - [20/Aug/2026:07:15:19 +0200] "GET /?d=291005646 HTTP/1.1" 500 - "https://fensterundhaus.de/sitemap_index.xml" "Mozilla/5.0 AppleWebKit/537.36 (KHTML, like Gecko; compatible; GPTBot/1.4; +https://openai.com/gptbot)"
74.7.241.49 - - [20/Aug/2026:07:15:41 +0200] "GET /?c=170026163 HTTP/1.1" 500 - "https://fensterundhaus.de/sitemap_index.xml" "Mozilla/5.0 AppleWebKit/537.36 (KHTML, like Gecko; compatible; GPTBot/1.4; +https://openai.com/gptbot)"
192.250.229.214 - - [20/Aug/2026:07:15:56 +0200] "GET /wp-login.php HTTP/1.1" 500 - "-" "Mozilla/5.0 (Windows NT 10.0; Win64; x64) AppleWebKit/537.36 (KHTML, like Gecko) Chrome/149.0.0.0 Safari/537.36"
192.250.229.214 - - [20/Aug/2026:07:15:57 +0200] "GET /wp-login.php HTTP/1.1" 500 - "-" "Mozilla/5.0 (Windows NT 10.0; Win64; x64) AppleWebKit/537.36 (KHTML, like Gecko) Chrome/149.0.0.0 Safari/537.36"
74.7.241.49 - - [20/Aug/2026:07:16:01 +0200] "GET /?e=211032856 HTTP/1.1" 500 - "https://fensterundhaus.de/sitemap_index.xml" "Mozilla/5.0 AppleWebKit/537.36 (KHTML, like Gecko; compatible; GPTBot/1.4; +https://openai.com/gptbot)"
74.7.241.49 - - [20/Aug/2026:07:16:23 +0200] "GET /?l=210017875 HTTP/1.1" 500 - "https://fensterundhaus.de/sitemap_index.xml" "Mozilla/5.0 AppleWebKit/537.36 (KHTML, like Gecko; compatible; GPTBot/1.4; +https://openai.com/gptbot)"
74.7.241.49 - - [20/Aug/2026:07:16:44 +0200] "GET /?p=134004539 HTTP/1.1" 500 - "https://fensterundhaus.de/sitemap_index.xml" "Mozilla/5.0 AppleWebKit/537.36 (KHTML, like Gecko; compatible; GPTBot/1.4; +https://openai.com/gptbot)"
74.208.90.100 - - [20/Aug/2026:07:17:01 +0200] "GET /wp-login.php HTTP/1.1" 500 - "-" "Mozilla/5.0 (Windows NT 10.0; Win64; x64) AppleWebKit/537.36 (KHTML, like Gecko) Chrome/149.0.0.0 Safari/537.36"
74.208.90.100 - - [20/Aug/2026:07:17:03 +0200] "GET /wp-login.php HTTP/1.1" 500 - "-" "Mozilla/5.0 (Windows NT 10.0; Win64; x64) AppleWebKit/537.36 (KHTML, like Gecko) Chrome/149.0.0.0 Safari/537.36"
74.7.241.49 - - [20/Aug/2026:07:17:06 +0200] "GET /?w=086035405 HTTP/1.1" 500 - "https://fensterundhaus.de/sitemap_index.xml" "Mozilla/5.0 AppleWebKit/537.36 (KHTML, like Gecko; compatible; GPTBot/1.4; +https://openai.com/gptbot)"
74.7.241.49 - - [20/Aug/2026:07:17:26 +0200] "GET /?t=118034501 HTTP/1.1" 500 - "https://fensterundhaus.de/sitemap_index.xml" "Mozilla/5.0 AppleWebKit/537.36 (KHTML, like Gecko; compatible; GPTBot/1.4; +https://openai.com/gptbot)"
74.7.241.49 - - [20/Aug/2026:07:17:46 +0200] "GET /?z=117005032 HTTP/1.1" 500 - "https://fensterundhaus.de/sitemap_index.xml" "Mozilla/5.0 AppleWebKit/537.36 (KHTML, like Gecko; compatible; GPTBot/1.4; +https://openai.com/gptbot)"
65.181.112.155 - - [20/Aug/2026:07:18:05 +0200] "GET /wp-login.php HTTP/1.1" 500 - "-" "Mozilla/5.0 (Windows NT 10.0; Win64; x64) AppleWebKit/537.36 (KHTML, like Gecko) Chrome/149.0.0.0 Safari/537.36"
74.7.241.49 - - [20/Aug/2026:07:18:07 +0200] "GET /?g=079025178 HTTP/1.1" 500 - "https://fensterundhaus.de/sitemap_index.xml" "Mozilla/5.0 AppleWebKit/537.36 (KHTML, like Gecko; compatible; GPTBot/1.4; +https://openai.com/gptbot)"
65.181.112.155 - - [20/Aug/2026:07:18:07 +0200] "GET /wp-login.php HTTP/1.1" 500 - "-" "Mozilla/5.0 (Windows NT 10.0; Win64; x64) AppleWebKit/537.36 (KHTML, like Gecko) Chrome/149.0.0.0 Safari/537.36"
74.7.241.49 - - [20/Aug/2026:07:18:28 +0200] "GET /?u=231035410 HTTP/1.1" 500 - "https://fensterundhaus.de/sitemap_index.xml" "Mozilla/5.0 AppleWebKit/537.36 (KHTML, like Gecko; compatible; GPTBot/1.4; +https://openai.com/gptbot)"
74.7.241.49 - - [20/Aug/2026:07:18:48 +0200] "GET /?m=167033768 HTTP/1.1" 500 - "https://fensterundhaus.de/sitemap_index.xml" "Mozilla/5.0 AppleWebKit/537.36 (KHTML, like Gecko; compatible; GPTBot/1.4; +https://openai.com/gptbot)"
74.7.241.49 - - [20/Aug/2026:07:19:08 +0200] "GET /?l=271030180 HTTP/1.1" 500 - "https://fensterundhaus.de/sitemap_index.xml" "Mozilla/5.0 AppleWebKit/537.36 (KHTML, like Gecko; compatible; GPTBot/1.4; +https://openai.com/gptbot)"
192.250.229.214 - - [20/Aug/2026:07:19:18 +0200] "GET /wp-login.php HTTP/1.1" 500 - "-" "Mozilla/5.0 (Windows NT 10.0; Win64; x64) AppleWebKit/537.36 (KHTML, like Gecko) Chrome/149.0.0.0 Safari/537.36"
192.250.229.214 - - [20/Aug/2026:07:19:19 +0200] "GET /wp-login.php HTTP/1.1" 500 - "-" "Mozilla/5.0 (Windows NT 10.0; Win64; x64) AppleWebKit/537.36 (KHTML, like Gecko) Chrome/149.0.0.0 Safari/537.36"
74.7.241.49 - - [20/Aug/2026:07:19:29 +0200] "GET /?u=066004271 HTTP/1.1" 500 - "https://fensterundhaus.de/sitemap_index.xml" "Mozilla/5.0 AppleWebKit/537.36 (KHTML, like Gecko; compatible; GPTBot/1.4; +https://openai.com/gptbot)"
74.7.241.49 - - [20/Aug/2026:07:19:50 +0200] "GET /?x=030028569 HTTP/1.1" 500 - "https://fensterundhaus.de/sitemap_index.xml" "Mozilla/5.0 AppleWebKit/537.36 (KHTML, like Gecko; compatible; GPTBot/1.4; +https://openai.com/gptbot)"
74.7.241.49 - - [20/Aug/2026:07:20:12 +0200] "GET /?o=105045234 HTTP/1.1" 500 - "https://fensterundhaus.de/sitemap_index.xml" "Mozilla/5.0 AppleWebKit/537.36 (KHTML, like Gecko; compatible; GPTBot/1.4; +https://openai.com/gptbot)"
74.7.241.49 - - [20/Aug/2026:07:20:33 +0200] "GET /?u=117003848 HTTP/1.1" 500 - "https://fensterundhaus.de/sitemap_index.xml" "Mozilla/5.0 AppleWebKit/537.36 (KHTML, like Gecko; compatible; GPTBot/1.4; +https://openai.com/gptbot)"
74.7.241.49 - - [20/Aug/2026:07:20:54 +0200] "GET /?d=269043116 HTTP/1.1" 500 - "https://fensterundhaus.de/sitemap_index.xml" "Mozilla/5.0 AppleWebKit/537.36 (KHTML, like Gecko; compatible; GPTBot/1.4; +https://openai.com/gptbot)"
74.7.241.49 - - [20/Aug/2026:07:21:15 +0200] "GET /?p=288033687 HTTP/1.1" 500 - "https://fensterundhaus.de/sitemap_index.xml" "Mozilla/5.0 AppleWebKit/537.36 (KHTML, like Gecko; compatible; GPTBot/1.4; +https://openai.com/gptbot)"
74.7.241.49 - - [20/Aug/2026:07:21:36 +0200] "GET /?z=298003927 HTTP/1.1" 500 - "https://fensterundhaus.de/sitemap_index.xml" "Mozilla/5.0 AppleWebKit/537.36 (KHTML, like Gecko; compatible; GPTBot/1.4; +https://openai.com/gptbot)"
74.7.241.49 - - [20/Aug/2026:07:21:57 +0200] "GET /?q=242049335 HTTP/1.1" 500 - "https://fensterundhaus.de/sitemap_index.xml" "Mozilla/5.0 AppleWebKit/537.36 (KHTML, like Gecko; compatible; GPTBot/1.4; +https://openai.com/gptbot)"
74.7.241.49 - - [20/Aug/2026:07:22:18 +0200] "GET /?u=248046303 HTTP/1.1" 500 - "https://fensterundhaus.de/sitemap_index.xml" "Mozilla/5.0 AppleWebKit/537.36 (KHTML, like Gecko; compatible; GPTBot/1.4; +https://openai.com/gptbot)"
74.7.241.49 - - [20/Aug/2026:07:22:38 +0200] "GET /?e=166039435 HTTP/1.1" 500 - "https://fensterundhaus.de/sitemap_index.xml" "Mozilla/5.0 AppleWebKit/537.36 (KHTML, like Gecko; compatible; GPTBot/1.4; +https://openai.com/gptbot)"
185.6.9.128 - - [20/Aug/2026:07:22:58 +0200] "GET /wp-login.php HTTP/1.1" 500 - "-" "Mozilla/5.0 (Windows NT 10.0; Win64; x64) AppleWebKit/537.36 (KHTML, like Gecko) Chrome/149.0.0.0 Safari/537.36"
74.7.241.49 - - [20/Aug/2026:07:22:59 +0200] "GET /?m=155009742 HTTP/1.1" 500 - "https://fensterundhaus.de/sitemap_index.xml" "Mozilla/5.0 AppleWebKit/537.36 (KHTML, like Gecko; compatible; GPTBot/1.4; +https://openai.com/gptbot)"
185.6.9.128 - - [20/Aug/2026:07:23:00 +0200] "GET /wp-login.php HTTP/1.1" 500 - "-" "Mozilla/5.0 (Windows NT 10.0; Win64; x64) AppleWebKit/537.36 (KHTML, like Gecko) Chrome/149.0.0.0 Safari/537.36"
74.7.241.49 - - [20/Aug/2026:07:23:20 +0200] "GET /?u=029012570 HTTP/1.1" 500 - "https://fensterundhaus.de/sitemap_index.xml" "Mozilla/5.0 AppleWebKit/537.36 (KHTML, like Gecko; compatible; GPTBot/1.4; +https://openai.com/gptbot)"
74.7.241.49 - - [20/Aug/2026:07:23:41 +0200] "GET /?k=004031279 HTTP/1.1" 500 - "https://fensterundhaus.de/sitemap_index.xml" "Mozilla/5.0 AppleWebKit/537.36 (KHTML, like Gecko; compatible; GPTBot/1.4; +https://openai.com/gptbot)"
74.7.241.49 - - [20/Aug/2026:07:24:02 +0200] "GET /?p=133025424 HTTP/1.1" 500 - "https://fensterundhaus.de/sitemap_index.xml" "Mozilla/5.0 AppleWebKit/537.36 (KHTML, like Gecko; compatible; GPTBot/1.4; +https://openai.com/gptbot)"
74.7.241.49 - - [20/Aug/2026:07:24:24 +0200] "GET /?g=146024193 HTTP/1.1" 500 - "https://fensterundhaus.de/sitemap_index.xml" "Mozilla/5.0 AppleWebKit/537.36 (KHTML, like Gecko; compatible; GPTBot/1.4; +https://openai.com/gptbot)"
74.7.241.49 - - [20/Aug/2026:07:24:45 +0200] "GET /?d=036040197 HTTP/1.1" 500 - "https://fensterundhaus.de/sitemap_index.xml" "Mozilla/5.0 AppleWebKit/537.36 (KHTML, like Gecko; compatible; GPTBot/1.4; +https://openai.com/gptbot)"
74.7.241.49 - - [20/Aug/2026:07:25:07 +0200] "GET /?g=063014994 HTTP/1.1" 500 - "https://fensterundhaus.de/sitemap_index.xml" "Mozilla/5.0 AppleWebKit/537.36 (KHTML, like Gecko; compatible; GPTBot/1.4; +https://openai.com/gptbot)"
74.7.241.49 - - [20/Aug/2026:07:25:28 +0200] "GET /?w=206047863 HTTP/1.1" 500 - "https://fensterundhaus.de/sitemap_index.xml" "Mozilla/5.0 AppleWebKit/537.36 (KHTML, like Gecko; compatible; GPTBot/1.4; +https://openai.com/gptbot)"
74.7.241.49 - - [20/Aug/2026:07:25:50 +0200] "GET /?g=166043373 HTTP/1.1" 500 - "https://fensterundhaus.de/sitemap_index.xml" "Mozilla/5.0 AppleWebKit/537.36 (KHTML, like Gecko; compatible; GPTBot/1.4; +https://openai.com/gptbot)"
74.7.241.49 - - [20/Aug/2026:07:26:40 +0200] "GET /?z=239008852 HTTP/1.1" 500 - "https://fensterundhaus.de/sitemap_index.xml" "Mozilla/5.0 AppleWebKit/537.36 (KHTML, like Gecko; compatible; GPTBot/1.4; +https://openai.com/gptbot)"
74.7.241.49 - - [20/Aug/2026:07:27:46 +0200] "GET /?n=290048321 HTTP/1.1" 500 - "https://fensterundhaus.de/sitemap_index.xml" "Mozilla/5.0 AppleWebKit/537.36 (KHTML, like Gecko; compatible; GPTBot/1.4; +https://openai.com/gptbot)"
74.7.241.49 - - [20/Aug/2026:07:28:37 +0200] "GET /?p=208015179 HTTP/1.1" 500 - "https://fensterundhaus.de/sitemap_index.xml" "Mozilla/5.0 AppleWebKit/537.36 (KHTML, like Gecko; compatible; GPTBot/1.4; +https://openai.com/gptbot)"
74.7.241.49 - - [20/Aug/2026:07:28:53 +0200] "GET /?y=165047536 HTTP/1.1" 500 - "https://fensterundhaus.de/sitemap_index.xml" "Mozilla/5.0 AppleWebKit/537.36 (KHTML, like Gecko; compatible; GPTBot/1.4; +https://openai.com/gptbot)"
74.7.241.49 - - [20/Aug/2026:07:29:02 +0200] "GET /?f=235041024 HTTP/1.1" 500 - "https://fensterundhaus.de/sitemap_index.xml" "Mozilla/5.0 AppleWebKit/537.36 (KHTML, like Gecko; compatible; GPTBot/1.4; +https://openai.com/gptbot)"
74.7.241.49 - - [20/Aug/2026:07:29:11 +0200] "GET /?c=054027987 HTTP/1.1" 500 - "https://fensterundhaus.de/sitemap_index.xml" "Mozilla/5.0 AppleWebKit/537.36 (KHTML, like Gecko; compatible; GPTBot/1.4; +https://openai.com/gptbot)"
74.7.241.49 - - [20/Aug/2026:07:29:20 +0200] "GET /?b=082035847 HTTP/1.1" 500 - "https://fensterundhaus.de/sitemap_index.xml" "Mozilla/5.0 AppleWebKit/537.36 (KHTML, like Gecko; compatible; GPTBot/1.4; +https://openai.com/gptbot)"
74.7.241.49 - - [20/Aug/2026:07:29:32 +0200] "GET /?p=249041028 HTTP/1.1" 500 - "https://fensterundhaus.de/sitemap_index.xml" "Mozilla/5.0 AppleWebKit/537.36 (KHTML, like Gecko; compatible; GPTBot/1.4; +https://openai.com/gptbot)"
74.7.241.49 - - [20/Aug/2026:07:29:52 +0200] "GET /?s=163005242 HTTP/1.1" 500 - "https://fensterundhaus.de/sitemap_index.xml" "Mozilla/5.0 AppleWebKit/537.36 (KHTML, like Gecko; compatible; GPTBot/1.4; +https://openai.com/gptbot)"
74.7.241.49 - - [20/Aug/2026:07:30:13 +0200] "GET /?v=257032544 HTTP/1.1" 500 - "https://fensterundhaus.de/sitemap_index.xml" "Mozilla/5.0 AppleWebKit/537.36 (KHTML, like Gecko; compatible; GPTBot/1.4; +https://openai.com/gptbot)"
74.7.241.49 - - [20/Aug/2026:07:30:35 +0200] "GET /?w=294047617 HTTP/1.1" 500 - "https://fensterundhaus.de/sitemap_index.xml" "Mozilla/5.0 AppleWebKit/537.36 (KHTML, like Gecko; compatible; GPTBot/1.4; +https://openai.com/gptbot)"
74.7.241.49 - - [20/Aug/2026:07:30:56 +0200] "GET /?k=121029768 HTTP/1.1" 500 - "https://fensterundhaus.de/sitemap_index.xml" "Mozilla/5.0 AppleWebKit/537.36 (KHTML, like Gecko; compatible; GPTBot/1.4; +https://openai.com/gptbot)"
74.7.241.49 - - [20/Aug/2026:07:31:16 +0200] "GET /?z=092038867 HTTP/1.1" 500 - "https://fensterundhaus.de/sitemap_index.xml" "Mozilla/5.0 AppleWebKit/537.36 (KHTML, like Gecko; compatible; GPTBot/1.4; +https://openai.com/gptbot)"
74.7.241.49 - - [20/Aug/2026:07:31:38 +0200] "GET /?w=106039741 HTTP/1.1" 500 - "https://fensterundhaus.de/sitemap_index.xml" "Mozilla/5.0 AppleWebKit/537.36 (KHTML, like Gecko; compatible; GPTBot/1.4; +https://openai.com/gptbot)"
74.7.241.49 - - [20/Aug/2026:07:31:58 +0200] "GET /?u=262031069 HTTP/1.1" 500 - "https://fensterundhaus.de/sitemap_index.xml" "Mozilla/5.0 AppleWebKit/537.36 (KHTML, like Gecko; compatible; GPTBot/1.4; +https://openai.com/gptbot)"
74.7.241.49 - - [20/Aug/2026:07:32:19 +0200] "GET /?o=219003730 HTTP/1.1" 500 - "https://fensterundhaus.de/sitemap_index.xml" "Mozilla/5.0 AppleWebKit/537.36 (KHTML, like Gecko; compatible; GPTBot/1.4; +https://openai.com/gptbot)"
74.7.241.49 - - [20/Aug/2026:07:32:40 +0200] "GET /?q=249012180 HTTP/1.1" 500 - "https://fensterundhaus.de/sitemap_index.xml" "Mozilla/5.0 AppleWebKit/537.36 (KHTML, like Gecko; compatible; GPTBot/1.4; +https://openai.com/gptbot)"
