2a03:2880:f80e:20:: - - [19/Aug/2026:22:17:11 +0200] "GET /?fileloc=/home/tb1/fensterundhaus.de/wp-content/plugins/wordpress-seo/vendor_prefixed/league/oauth2-client/src/Grant/GrantFactory.php&path=/home/tb1/fensterundhaus.de/wp-content/plugins/wordpress-seo/vendor_prefixed/league/oauth2-client/src/Grant HTTP/1.1" 500 - "-" "Mozilla/5.0 (Windows NT 10.0; Win64; x64) AppleWebKit/537.36 (KHTML, like Gecko) Chrome/145.0.0.0 Safari/537.36 (compatible; meta-externalagent/1.1 (+https://developers.facebook.com/docs/sharing/webmasters/crawler))"
2a03:2880:f80e:39:: - - [19/Aug/2026:22:18:14 +0200] "GET /?fileloc=/home/tb1/fensterundhaus.de/wp-content/plugins/wordpress-seo/vendor_prefixed/league/oauth2-client/src/OptionProvider/PostAuthOptionProvider.php&path=/home/tb1/fensterundhaus.de/wp-content/plugins/wordpress-seo/vendor_prefixed/league/oauth2-client/src/OptionProvider HTTP/1.1" 500 - "-" "Mozilla/5.0 (Windows NT 10.0; Win64; x64) AppleWebKit/537.36 (KHTML, like Gecko) Chrome/145.0.0.0 Safari/537.36 (compatible; meta-externalagent/1.1 (+https://developers.facebook.com/docs/sharing/webmasters/crawler))"
2a03:2880:f80e:1f:: - - [19/Aug/2026:22:19:24 +0200] "GET /?fileloc=/home/tb1/fensterundhaus.de/wp-content/plugins/wordpress-seo/vendor_prefixed/league/oauth2-client/src/Grant/ClientCredentials.php&path=/home/tb1/fensterundhaus.de/wp-content/plugins/wordpress-seo/vendor_prefixed/league/oauth2-client/src/Grant HTTP/1.1" 503 - "-" "Mozilla/5.0 (Windows NT 10.0; Win64; x64) AppleWebKit/537.36 (KHTML, like Gecko) Chrome/145.0.0.0 Safari/537.36 Edg/145.0.0.0 (compatible; meta-externalagent/1.1 (+https://developers.facebook.com/docs/sharing/webmasters/crawler))"
103.133.216.219 - - [19/Aug/2026:22:20:27 +0200] "GET /wp-login.php HTTP/1.1" 503 - "-" "Mozilla/5.0 (Windows NT 10.0; Win64; x64) AppleWebKit/537.36 (KHTML, like Gecko) Chrome/149.0.0.0 Safari/537.36"
2a03:2880:f80e:45:: - - [19/Aug/2026:22:21:37 +0200] "GET /?fileloc=/home/tb1/fensterundhaus.de/wp-content/plugins/wordpress-seo/vendor_prefixed/league/oauth2-client/src/Token/wp_luci.php&path=/home/tb1/fensterundhaus.de/wp-content/plugins/wordpress-seo/vendor_prefixed/league/oauth2-client/src/Token HTTP/1.1" 503 - "-" "Mozilla/5.0 (Windows NT 10.0; Win64; x64) AppleWebKit/537.36 (KHTML, like Gecko) Chrome/145.0.0.0 Safari/537.36 (compatible; meta-externalagent/1.1 (+https://developers.facebook.com/docs/sharing/webmasters/crawler))"
2a03:2880:f80e:74:: - - [19/Aug/2026:22:24:22 +0200] "GET /?fileloc=/home/tb1/fensterundhaus.de/wp-content/plugins/wordpress-seo/vendor_prefixed/league/oauth2-client/src/Token/AccessTokenInterface.php&path=/home/tb1/fensterundhaus.de/wp-content/plugins/wordpress-seo/vendor_prefixed/league/oauth2-client/src/Token HTTP/1.1" 503 - "-" "Mozilla/5.0 (Macintosh; Intel Mac OS X 10_15_7) AppleWebKit/537.36 (KHTML, like Gecko) Chrome/145.0.0.0 Safari/537.36 (compatible; meta-externalagent/1.1 (+https://developers.facebook.com/docs/sharing/webmasters/crawler))"
2a03:2880:f80e:60:: - - [19/Aug/2026:22:25:17 +0200] "GET /?fileloc=/home/tb1/fensterundhaus.de/wp-content/plugins/wordpress-seo/vendor_prefixed/league/oauth2-client/src/Tool/ArrayAccessorTrait.php&path=/home/tb1/fensterundhaus.de/wp-content/plugins/wordpress-seo/vendor_prefixed/league/oauth2-client/src/Tool HTTP/1.1" 503 - "-" "Mozilla/5.0 (Windows NT 10.0; Win64; x64) AppleWebKit/537.36 (KHTML, like Gecko) Chrome/145.0.0.0 Safari/537.36 (compatible; meta-externalagent/1.1 (+https://developers.facebook.com/docs/sharing/webmasters/crawler))"
2a03:2880:f80e:16:: - - [19/Aug/2026:22:29:42 +0200] "GET /?fileloc=/home/tb1/fensterundhaus.de/wp-content/plugins/wordpress-seo/vendor_prefixed/league/oauth2-client/src/OptionProvider/HttpBasicAuthOptionProvider.php&path=/home/tb1/fensterundhaus.de/wp-content/plugins/wordpress-seo/vendor_prefixed/league/oauth2-client/src/OptionProvider HTTP/1.1" 503 - "-" "Mozilla/5.0 (Windows NT 10.0; Win64; x64) AppleWebKit/537.36 (KHTML, like Gecko) Chrome/145.0.0.0 Safari/537.36 (compatible; meta-externalagent/1.1 (+https://developers.facebook.com/docs/sharing/webmasters/crawler))"
50.6.169.131 - - [19/Aug/2026:22:30:17 +0200] "GET /wp-login.php HTTP/1.1" 503 - "-" "Mozilla/5.0 (Windows NT 10.0; Win64; x64) AppleWebKit/537.36 (KHTML, like Gecko) Chrome/149.0.0.0 Safari/537.36"
2a03:2880:f80e:2f:: - - [19/Aug/2026:22:31:57 +0200] "GET /?fileloc=/home/tb1/fensterundhaus.de/wp-content/plugins/wordpress-seo/vendor_prefixed/league/oauth2-client/src/Token/AccessToken.php&path=/home/tb1/fensterundhaus.de/wp-content/plugins/wordpress-seo/vendor_prefixed/league/oauth2-client/src/Token HTTP/1.1" 503 - "-" "Mozilla/5.0 (X11; Linux x86_64; rv:146.0) Gecko/20100101 Firefox/146.0 (compatible; meta-externalagent/1.1 (+https://developers.facebook.com/docs/sharing/webmasters/crawler))"
2a03:2880:f80e:35:: - - [19/Aug/2026:23:37:08 +0200] "GET /page-sitemap.xml?fileloc=/home/tb1/fensterundhaus.de/wp-trackback.php&path=/home/tb1/fensterundhaus.de HTTP/1.1" 500 - "-" "Mozilla/5.0 (Windows NT 10.0; Win64; x64) AppleWebKit/537.36 (KHTML, like Gecko) Chrome/145.0.0.0 Safari/537.36 (compatible; meta-externalagent/1.1 (+https://developers.facebook.com/docs/sharing/webmasters/crawler))"
2a03:2880:16ff:2d:: - - [19/Aug/2026:23:38:15 +0200] "GET /robots.txt HTTP/1.1" 206 388 "-" "facebookexternalhit/1.1 (+http://www.facebook.com/externalhit_uatext.php)"
2a03:2880:f80e:2b:: - - [19/Aug/2026:23:38:15 +0200] "GET /page-sitemap.xml?fileloc=/home/tb1/fensterundhaus.de/dex.php&path=/home/tb1/fensterundhaus.de HTTP/1.1" 500 - "-" "Mozilla/5.0 (Windows NT 10.0; Win64; x64) AppleWebKit/537.36 (KHTML, like Gecko) Chrome/145.0.0.0 Safari/537.36 (compatible; meta-externalagent/1.1 (+https://developers.facebook.com/docs/sharing/webmasters/crawler))"
2a03:2880:f80e:69:: - - [19/Aug/2026:23:39:21 +0200] "GET /?fileloc=/home/tb1/fensterundhaus.de/wp-content/plugins/elementor-pro/modules/assets-manager/asset-types/icons/import-export/import-export.php&path=/home/tb1/fensterundhaus.de/wp-content/plugins/elementor-pro/modules/assets-manager/asset-types/icons/import-export HTTP/1.1" 500 - "-" "Mozilla/5.0 (Macintosh; Intel Mac OS X 10_15_7) AppleWebKit/537.36 (KHTML, like Gecko) Chrome/145.0.0.0 Safari/537.36 (compatible; meta-externalagent/1.1 (+https://developers.facebook.com/docs/sharing/webmasters/crawler))"
2a03:2880:f80e:31:: - - [19/Aug/2026:23:40:28 +0200] "GET /?fileloc=/home/tb1/fensterundhaus.de/wp-content/plugins/elementor-pro/modules/assets-manager/asset-types/icons/import-export/wp_luci.php&path=/home/tb1/fensterundhaus.de/wp-content/plugins/elementor-pro/modules/assets-manager/asset-types/icons/import-export HTTP/1.1" 500 - "-" "Mozilla/5.0 (X11; Linux x86_64) AppleWebKit/537.36 (KHTML, like Gecko) Chrome/145.0.0.0 Safari/537.36 (compatible; meta-externalagent/1.1 (+https://developers.facebook.com/docs/sharing/webmasters/crawler))"
2a03:2880:f80e:30:: - - [19/Aug/2026:23:41:35 +0200] "GET /?fileloc=/home/tb1/fensterundhaus.de/wp-content/plugins/elementor-pro/modules/assets-manager/asset-types/icons/import-export/export-runner.php&path=/home/tb1/fensterundhaus.de/wp-content/plugins/elementor-pro/modules/assets-manager/asset-types/icons/import-export HTTP/1.1" 500 - "-" "Mozilla/5.0 (Windows NT 10.0; Win64; x64) AppleWebKit/537.36 (KHTML, like Gecko) Chrome/145.0.0.0 Safari/537.36 (compatible; meta-externalagent/1.1 (+https://developers.facebook.com/docs/sharing/webmasters/crawler))"
2a03:2880:f80e:67:: - - [19/Aug/2026:23:42:42 +0200] "GET /?fileloc=/home/tb1/fensterundhaus.de/wp-content/plugins/elementor-pro/modules/assets-manager/asset-types/icons/icon-sets/wp_luci.php&path=/home/tb1/fensterundhaus.de/wp-content/plugins/elementor-pro/modules/assets-manager/asset-types/icons/icon-sets HTTP/1.1" 500 - "-" "Mozilla/5.0 (Windows NT 10.0; Win64; x64) AppleWebKit/537.36 (KHTML, like Gecko) Chrome/145.0.0.0 Safari/537.36 (compatible; meta-externalagent/1.1 (+https://developers.facebook.com/docs/sharing/webmasters/crawler))"
2a03:2880:f80e:5b:: - - [19/Aug/2026:23:43:48 +0200] "GET /?fileloc=/home/tb1/fensterundhaus.de/wp-content/plugins/elementor-pro/modules/assets-manager/asset-types/icons/icon-sets/icon-set-base.php&path=/home/tb1/fensterundhaus.de/wp-content/plugins/elementor-pro/modules/assets-manager/asset-types/icons/icon-sets HTTP/1.1" 500 - "-" "Mozilla/5.0 (Windows NT 10.0; Win64; x64) AppleWebKit/537.36 (KHTML, like Gecko) Chrome/145.0.0.0 Safari/537.36 (compatible; meta-externalagent/1.1 (+https://developers.facebook.com/docs/sharing/webmasters/crawler))"
74.7.241.172 - - [19/Aug/2026:23:44:41 +0200] "GET /robots.txt HTTP/1.1" 200 388 "-" "Mozilla/5.0 (Macintosh; Intel Mac OS X 10_15_7) AppleWebKit/537.36 (KHTML, like Gecko) Chrome/131.0.0.0 Safari/537.36; compatible; OAI-SearchBot/1.4; robots.txt; +https://openai.com/searchbot"
74.7.227.10 - - [19/Aug/2026:23:44:41 +0200] "GET /sitemap_index.xml HTTP/1.1" 200 514837 "-" "Mozilla/5.0 AppleWebKit/537.36 (KHTML, like Gecko; compatible; GPTBot/1.4; +https://openai.com/gptbot)"
74.7.227.10 - - [19/Aug/2026:23:44:47 +0200] "GET /?x=180009357 HTTP/1.1" 500 - "https://fensterundhaus.de/sitemap_index.xml" "Mozilla/5.0 AppleWebKit/537.36 (KHTML, like Gecko; compatible; GPTBot/1.4; +https://openai.com/gptbot)"
74.7.227.10 - - [19/Aug/2026:23:44:49 +0200] "GET /?q=ntvne46ravp42420poajoroh HTTP/1.1" 500 - "https://fensterundhaus.de/sitemap_index.xml" "Mozilla/5.0 AppleWebKit/537.36 (KHTML, like Gecko; compatible; GPTBot/1.4; +https://openai.com/gptbot)"
74.7.227.10 - - [19/Aug/2026:23:44:53 +0200] "GET /?k=221027404 HTTP/1.1" 500 - "https://fensterundhaus.de/sitemap_index.xml" "Mozilla/5.0 AppleWebKit/537.36 (KHTML, like Gecko; compatible; GPTBot/1.4; +https://openai.com/gptbot)"
2a03:2880:f80e:12:: - - [19/Aug/2026:23:44:54 +0200] "GET /?fileloc=/home/tb1/fensterundhaus.de/wp-content/plugins/elementor-pro/modules/assets-manager/asset-types/icons/import-export/import-runner.php&path=/home/tb1/fensterundhaus.de/wp-content/plugins/elementor-pro/modules/assets-manager/asset-types/icons/import-export HTTP/1.1" 500 - "-" "Mozilla/5.0 (Windows NT 10.0; Win64; x64) AppleWebKit/537.36 (KHTML, like Gecko) Chrome/145.0.0.0 Safari/537.36 (compatible; meta-externalagent/1.1 (+https://developers.facebook.com/docs/sharing/webmasters/crawler))"
74.7.227.10 - - [19/Aug/2026:23:44:58 +0200] "GET /?s=102019841 HTTP/1.1" 500 - "https://fensterundhaus.de/sitemap_index.xml" "Mozilla/5.0 AppleWebKit/537.36 (KHTML, like Gecko; compatible; GPTBot/1.4; +https://openai.com/gptbot)"
74.7.227.10 - - [19/Aug/2026:23:45:06 +0200] "GET /?o=245016814 HTTP/1.1" 500 - "https://fensterundhaus.de/sitemap_index.xml" "Mozilla/5.0 AppleWebKit/537.36 (KHTML, like Gecko; compatible; GPTBot/1.4; +https://openai.com/gptbot)"
74.7.227.10 - - [19/Aug/2026:23:45:20 +0200] "GET /?h=229006848 HTTP/1.1" 500 - "https://fensterundhaus.de/sitemap_index.xml" "Mozilla/5.0 AppleWebKit/537.36 (KHTML, like Gecko; compatible; GPTBot/1.4; +https://openai.com/gptbot)"
74.7.227.10 - - [19/Aug/2026:23:45:38 +0200] "GET /?i=134023751 HTTP/1.1" 500 - "https://fensterundhaus.de/sitemap_index.xml" "Mozilla/5.0 AppleWebKit/537.36 (KHTML, like Gecko; compatible; GPTBot/1.4; +https://openai.com/gptbot)"
74.7.227.10 - - [19/Aug/2026:23:45:59 +0200] "GET /?o=vijw93yzavh12703cqdgmu HTTP/1.1" 500 - "https://fensterundhaus.de/sitemap_index.xml" "Mozilla/5.0 AppleWebKit/537.36 (KHTML, like Gecko; compatible; GPTBot/1.4; +https://openai.com/gptbot)"
2a03:2880:f80e:74:: - - [19/Aug/2026:23:46:03 +0200] "GET /?fileloc=/home/tb1/fensterundhaus.de/wp-content/plugins/elementor-pro/modules/assets-manager/asset-types/icons/icon-sets/fontello.php&path=/home/tb1/fensterundhaus.de/wp-content/plugins/elementor-pro/modules/assets-manager/asset-types/icons/icon-sets HTTP/1.1" 500 - "-" "Mozilla/5.0 (Windows NT 10.0; Win64; x64) AppleWebKit/537.36 (KHTML, like Gecko) Chrome/145.0.0.0 Safari/537.36 (compatible; meta-externalagent/1.1 (+https://developers.facebook.com/docs/sharing/webmasters/crawler))"
74.7.227.10 - - [19/Aug/2026:23:46:20 +0200] "GET /?q=207028198 HTTP/1.1" 500 - "https://fensterundhaus.de/sitemap_index.xml" "Mozilla/5.0 AppleWebKit/537.36 (KHTML, like Gecko; compatible; GPTBot/1.4; +https://openai.com/gptbot)"
74.7.227.10 - - [19/Aug/2026:23:46:41 +0200] "GET /?y=286019017 HTTP/1.1" 500 - "https://fensterundhaus.de/sitemap_index.xml" "Mozilla/5.0 AppleWebKit/537.36 (KHTML, like Gecko; compatible; GPTBot/1.4; +https://openai.com/gptbot)"
74.7.227.10 - - [19/Aug/2026:23:47:02 +0200] "GET /?z=069047650 HTTP/1.1" 500 - "https://fensterundhaus.de/sitemap_index.xml" "Mozilla/5.0 AppleWebKit/537.36 (KHTML, like Gecko; compatible; GPTBot/1.4; +https://openai.com/gptbot)"
2a03:2880:f80e:4b:: - - [19/Aug/2026:23:47:09 +0200] "GET /?fileloc=/home/tb1/fensterundhaus.de/wp-content/plugins/elementor-pro/modules/assets-manager/asset-types/icons/icon-sets/fontastic.php&path=/home/tb1/fensterundhaus.de/wp-content/plugins/elementor-pro/modules/assets-manager/asset-types/icons/icon-sets HTTP/1.1" 500 - "-" "Mozilla/5.0 (Windows NT 10.0; Win64; x64) AppleWebKit/537.36 (KHTML, like Gecko) Chrome/145.0.0.0 Safari/537.36 (compatible; meta-externalagent/1.1 (+https://developers.facebook.com/docs/sharing/webmasters/crawler))"
74.7.227.10 - - [19/Aug/2026:23:47:23 +0200] "GET /?z=178029329 HTTP/1.1" 500 - "https://fensterundhaus.de/sitemap_index.xml" "Mozilla/5.0 AppleWebKit/537.36 (KHTML, like Gecko; compatible; GPTBot/1.4; +https://openai.com/gptbot)"
74.7.227.10 - - [19/Aug/2026:23:47:44 +0200] "GET /?b=271040544 HTTP/1.1" 500 - "https://fensterundhaus.de/sitemap_index.xml" "Mozilla/5.0 AppleWebKit/537.36 (KHTML, like Gecko; compatible; GPTBot/1.4; +https://openai.com/gptbot)"
140.245.34.60 - - [19/Aug/2026:23:47:51 +0200] "GET /wp-content/plugins/pods/readme.txt HTTP/1.1" 500 - "-" "Mozilla/5.0 (Windows NT 10.0; Win64; x64; rv:126.0) Gecko/20100101 Firefox/126.0"
140.245.34.60 - - [19/Aug/2026:23:47:52 +0200] "GET /wp-content/plugins/pods/init.php HTTP/1.1" 500 - "-" "Mozilla/5.0 (Windows NT 10.0; Win64; x64; rv:126.0) Gecko/20100101 Firefox/126.0"
74.7.227.10 - - [19/Aug/2026:23:48:06 +0200] "GET /?l=269032824 HTTP/1.1" 500 - "https://fensterundhaus.de/sitemap_index.xml" "Mozilla/5.0 AppleWebKit/537.36 (KHTML, like Gecko; compatible; GPTBot/1.4; +https://openai.com/gptbot)"
121.200.216.188 - - [19/Aug/2026:23:48:10 +0200] "GET /wp-login.php HTTP/1.1" 500 - "-" "Mozilla/5.0 (Windows NT 10.0; Win64; x64) AppleWebKit/537.36 (KHTML, like Gecko) Chrome/149.0.0.0 Safari/537.36"
121.200.216.188 - - [19/Aug/2026:23:48:11 +0200] "GET /wp-login.php HTTP/1.1" 500 - "-" "Mozilla/5.0 (Windows NT 10.0; Win64; x64) AppleWebKit/537.36 (KHTML, like Gecko) Chrome/149.0.0.0 Safari/537.36"
2a03:2880:f80e:6f:: - - [19/Aug/2026:23:48:15 +0200] "GET /?fileloc=/home/tb1/fensterundhaus.de/wp-content/plugins/elementor-pro/modules/assets-manager/asset-types/icons/import-export/revert-runner.php&path=/home/tb1/fensterundhaus.de/wp-content/plugins/elementor-pro/modules/assets-manager/asset-types/icons/import-export HTTP/1.1" 500 - "-" "Mozilla/5.0 (Windows NT 10.0; Win64; x64) AppleWebKit/537.36 (KHTML, like Gecko) Chrome/145.0.0.0 Safari/537.36 (compatible; meta-externalagent/1.1 (+https://developers.facebook.com/docs/sharing/webmasters/crawler))"
74.7.227.10 - - [19/Aug/2026:23:48:28 +0200] "GET /?m=042023983 HTTP/1.1" 500 - "https://fensterundhaus.de/sitemap_index.xml" "Mozilla/5.0 AppleWebKit/537.36 (KHTML, like Gecko; compatible; GPTBot/1.4; +https://openai.com/gptbot)"
74.7.227.10 - - [19/Aug/2026:23:48:48 +0200] "GET /?h=246015461 HTTP/1.1" 500 - "https://fensterundhaus.de/sitemap_index.xml" "Mozilla/5.0 AppleWebKit/537.36 (KHTML, like Gecko; compatible; GPTBot/1.4; +https://openai.com/gptbot)"
74.7.227.10 - - [19/Aug/2026:23:49:09 +0200] "GET /?o=266014721 HTTP/1.1" 500 - "https://fensterundhaus.de/sitemap_index.xml" "Mozilla/5.0 AppleWebKit/537.36 (KHTML, like Gecko; compatible; GPTBot/1.4; +https://openai.com/gptbot)"
2a03:2880:f80e:20:: - - [19/Aug/2026:23:49:21 +0200] "GET /?fileloc=/home/tb1/fensterundhaus.de/wp-content/plugins/elementor-pro/modules/assets-manager/asset-types/icons/import-export-customization/import-export-customization.php&path=/home/tb1/fensterundhaus.de/wp-content/plugins/elementor-pro/modules/assets-manager/asset-types/icons/import-export-customization HTTP/1.1" 500 - "-" "Mozilla/5.0 (Windows NT 10.0; Win64; x64) AppleWebKit/537.36 (KHTML, like Gecko) Chrome/145.0.0.0 Safari/537.36 Edg/145.0.0.0 (compatible; meta-externalagent/1.1 (+https://developers.facebook.com/docs/sharing/webmasters/crawler))"
74.7.227.10 - - [19/Aug/2026:23:49:30 +0200] "GET /?z=221041136 HTTP/1.1" 500 - "https://fensterundhaus.de/sitemap_index.xml" "Mozilla/5.0 AppleWebKit/537.36 (KHTML, like Gecko; compatible; GPTBot/1.4; +https://openai.com/gptbot)"
74.7.227.10 - - [19/Aug/2026:23:49:51 +0200] "GET /?o=152024661 HTTP/1.1" 500 - "https://fensterundhaus.de/sitemap_index.xml" "Mozilla/5.0 AppleWebKit/537.36 (KHTML, like Gecko; compatible; GPTBot/1.4; +https://openai.com/gptbot)"
74.7.227.10 - - [19/Aug/2026:23:50:12 +0200] "GET /?w=anhb150k39142qtjncn HTTP/1.1" 500 - "https://fensterundhaus.de/sitemap_index.xml" "Mozilla/5.0 AppleWebKit/537.36 (KHTML, like Gecko; compatible; GPTBot/1.4; +https://openai.com/gptbot)"
2a03:2880:f80e:44:: - - [19/Aug/2026:23:50:28 +0200] "GET /?fileloc=/home/tb1/fensterundhaus.de/wp-content/plugins/elementor-pro/modules/assets-manager/asset-types/icons/import-export-customization/revert-runner.php&path=/home/tb1/fensterundhaus.de/wp-content/plugins/elementor-pro/modules/assets-manager/asset-types/icons/import-export-customization HTTP/1.1" 500 - "-" "Mozilla/5.0 (Windows NT 10.0; Win64; x64) AppleWebKit/537.36 (KHTML, like Gecko) Chrome/145.0.0.0 Safari/537.36 (compatible; meta-externalagent/1.1 (+https://developers.facebook.com/docs/sharing/webmasters/crawler))"
74.7.227.10 - - [19/Aug/2026:23:50:34 +0200] "GET /?v=scum71ckw13121gimocog HTTP/1.1" 500 - "https://fensterundhaus.de/sitemap_index.xml" "Mozilla/5.0 AppleWebKit/537.36 (KHTML, like Gecko; compatible; GPTBot/1.4; +https://openai.com/gptbot)"
74.7.227.10 - - [19/Aug/2026:23:51:00 +0200] "GET /?s=bdg214qf3514vrgfjyjqe HTTP/1.1" 500 - "https://fensterundhaus.de/sitemap_index.xml" "Mozilla/5.0 AppleWebKit/537.36 (KHTML, like Gecko; compatible; GPTBot/1.4; +https://openai.com/gptbot)"
66.249.68.161 - - [19/Aug/2026:23:51:09 +0200] "GET /robots.txt HTTP/1.1" 200 388 "-" "Mozilla/5.0 (compatible; Googlebot/2.1; +http://www.google.com/bot.html)"
66.249.68.162 - - [19/Aug/2026:23:51:18 +0200] "GET /wp-content/uploads/2025/01/Fenster-Haus-Pfungstadt-Logo-weiss.png HTTP/1.1" 200 6310 "-" "Googlebot-Image/1.0"
74.7.227.10 - - [19/Aug/2026:23:51:20 +0200] "GET /?y=abwy60yak48650uqnwdkun HTTP/1.1" 500 - "https://fensterundhaus.de/sitemap_index.xml" "Mozilla/5.0 AppleWebKit/537.36 (KHTML, like Gecko; compatible; GPTBot/1.4; +https://openai.com/gptbot)"
104.43.48.106 - - [19/Aug/2026:23:51:20 +0200] "GET /wp-login.php HTTP/1.1" 500 - "-" "Mozilla/5.0 (Windows NT 10.0; Win64; x64) AppleWebKit/537.36 (KHTML, like Gecko) Chrome/149.0.0.0 Safari/537.36"
104.43.48.106 - - [19/Aug/2026:23:51:22 +0200] "GET /wp-login.php HTTP/1.1" 500 - "-" "Mozilla/5.0 (Windows NT 10.0; Win64; x64) AppleWebKit/537.36 (KHTML, like Gecko) Chrome/149.0.0.0 Safari/537.36"
92.4.66.159 - - [19/Aug/2026:23:51:22 +0200] "GET /wp-content/plugins/pods/readme.txt HTTP/1.1" 500 - "-" "Mozilla/5.0 (Macintosh; Intel Mac OS X 10_15_7) AppleWebKit/537.36 (KHTML, like Gecko) Chrome/124.0.0.0 Safari/537.36"
92.4.66.159 - - [19/Aug/2026:23:51:25 +0200] "GET /wp-content/plugins/pods/init.php HTTP/1.1" 500 - "-" "Mozilla/5.0 (Macintosh; Intel Mac OS X 10_15_7) AppleWebKit/537.36 (KHTML, like Gecko) Chrome/124.0.0.0 Safari/537.36"
2a03:2880:f80e:5c:: - - [19/Aug/2026:23:51:41 +0200] "GET /?fileloc=/home/tb1/fensterundhaus.de/wp-content/plugins/elementor-pro/modules/assets-manager/asset-types/icons/import-export-customization/export-runner.php&path=/home/tb1/fensterundhaus.de/wp-content/plugins/elementor-pro/modules/assets-manager/asset-types/icons/import-export-customization HTTP/1.1" 500 - "-" "Mozilla/5.0 (Macintosh; Intel Mac OS X 10_15_7) AppleWebKit/537.36 (KHTML, like Gecko) Chrome/145.0.0.0 Safari/537.36 (compatible; meta-externalagent/1.1 (+https://developers.facebook.com/docs/sharing/webmasters/crawler))"
74.7.227.10 - - [19/Aug/2026:23:51:42 +0200] "GET /?y=213030338 HTTP/1.1" 500 - "https://fensterundhaus.de/sitemap_index.xml" "Mozilla/5.0 AppleWebKit/537.36 (KHTML, like Gecko; compatible; GPTBot/1.4; +https://openai.com/gptbot)"
74.7.227.10 - - [19/Aug/2026:23:51:57 +0200] "GET /?x=eub87jy7969djcuugekvs HTTP/1.1" 500 - "https://fensterundhaus.de/sitemap_index.xml" "Mozilla/5.0 AppleWebKit/537.36 (KHTML, like Gecko; compatible; GPTBot/1.4; +https://openai.com/gptbot)"
74.7.227.10 - - [19/Aug/2026:23:52:17 +0200] "GET /?h=gvw9p49549cxzgub HTTP/1.1" 500 - "https://fensterundhaus.de/sitemap_index.xml" "Mozilla/5.0 AppleWebKit/537.36 (KHTML, like Gecko; compatible; GPTBot/1.4; +https://openai.com/gptbot)"
74.7.227.10 - - [19/Aug/2026:23:52:37 +0200] "GET /?n=223035850 HTTP/1.1" 500 - "https://fensterundhaus.de/sitemap_index.xml" "Mozilla/5.0 AppleWebKit/537.36 (KHTML, like Gecko; compatible; GPTBot/1.4; +https://openai.com/gptbot)"
121.200.216.188 - - [19/Aug/2026:23:52:40 +0200] "GET /wp-login.php HTTP/1.1" 500 - "-" "Mozilla/5.0 (Windows NT 10.0; Win64; x64) AppleWebKit/537.36 (KHTML, like Gecko) Chrome/149.0.0.0 Safari/537.36"
121.200.216.188 - - [19/Aug/2026:23:52:42 +0200] "GET /wp-login.php HTTP/1.1" 500 - "-" "Mozilla/5.0 (Windows NT 10.0; Win64; x64) AppleWebKit/537.36 (KHTML, like Gecko) Chrome/149.0.0.0 Safari/537.36"
2a03:2880:f80e:4b:: - - [19/Aug/2026:23:52:42 +0200] "GET /?fileloc=/home/tb1/fensterundhaus.de/wp-content/plugins/elementor-pro/modules/assets-manager/asset-types/icons/import-export-customization/wp_luci.php&path=/home/tb1/fensterundhaus.de/wp-content/plugins/elementor-pro/modules/assets-manager/asset-types/icons/import-export-customization HTTP/1.1" 500 - "-" "Mozilla/5.0 (Windows NT 10.0; Win64; x64) AppleWebKit/537.36 (KHTML, like Gecko) Chrome/145.0.0.0 Safari/537.36 (compatible; meta-externalagent/1.1 (+https://developers.facebook.com/docs/sharing/webmasters/crawler))"
74.7.227.10 - - [19/Aug/2026:23:52:58 +0200] "GET /?y=285011080 HTTP/1.1" 500 - "https://fensterundhaus.de/sitemap_index.xml" "Mozilla/5.0 AppleWebKit/537.36 (KHTML, like Gecko; compatible; GPTBot/1.4; +https://openai.com/gptbot)"
74.7.227.10 - - [19/Aug/2026:23:53:19 +0200] "GET /?d=121024302 HTTP/1.1" 500 - "https://fensterundhaus.de/sitemap_index.xml" "Mozilla/5.0 AppleWebKit/537.36 (KHTML, like Gecko; compatible; GPTBot/1.4; +https://openai.com/gptbot)"
74.7.227.10 - - [19/Aug/2026:23:53:41 +0200] "GET /?j=emaq13a36083qbdwrh HTTP/1.1" 500 - "https://fensterundhaus.de/sitemap_index.xml" "Mozilla/5.0 AppleWebKit/537.36 (KHTML, like Gecko; compatible; GPTBot/1.4; +https://openai.com/gptbot)"
2a03:2880:f80e:22:: - - [19/Aug/2026:23:53:49 +0200] "GET /?fileloc=/home/tb1/fensterundhaus.de/wp-content/plugins/elementor-pro/modules/assets-manager/asset-types/icons/icon-sets/icomoon.php&path=/home/tb1/fensterundhaus.de/wp-content/plugins/elementor-pro/modules/assets-manager/asset-types/icons/icon-sets HTTP/1.1" 500 - "-" "Mozilla/5.0 (Macintosh; Intel Mac OS X 10_15_7) AppleWebKit/537.36 (KHTML, like Gecko) Chrome/145.0.0.0 Safari/537.36 (compatible; meta-externalagent/1.1 (+https://developers.facebook.com/docs/sharing/webmasters/crawler))"
74.7.227.10 - - [19/Aug/2026:23:54:03 +0200] "GET /?x=nwn31um13307dmjqim HTTP/1.1" 500 - "https://fensterundhaus.de/sitemap_index.xml" "Mozilla/5.0 AppleWebKit/537.36 (KHTML, like Gecko; compatible; GPTBot/1.4; +https://openai.com/gptbot)"
74.7.227.10 - - [19/Aug/2026:23:54:24 +0200] "GET /?p=tiv87mn28479aqnxad HTTP/1.1" 500 - "https://fensterundhaus.de/sitemap_index.xml" "Mozilla/5.0 AppleWebKit/537.36 (KHTML, like Gecko; compatible; GPTBot/1.4; +https://openai.com/gptbot)"
74.7.227.10 - - [19/Aug/2026:23:54:45 +0200] "GET /?i=zsh189fk1103pvdhfp HTTP/1.1" 500 - "https://fensterundhaus.de/sitemap_index.xml" "Mozilla/5.0 AppleWebKit/537.36 (KHTML, like Gecko; compatible; GPTBot/1.4; +https://openai.com/gptbot)"
2a03:2880:f80e:21:: - - [19/Aug/2026:23:54:55 +0200] "GET /?fileloc=/home/tb1/fensterundhaus.de/wp-content/plugins/elementor-pro/modules/assets-manager/asset-types/icons/import-export-customization/import-runner.php&path=/home/tb1/fensterundhaus.de/wp-content/plugins/elementor-pro/modules/assets-manager/asset-types/icons/import-export-customization HTTP/1.1" 500 - "-" "Mozilla/5.0 (Windows NT 10.0; Win64; x64) AppleWebKit/537.36 (KHTML, like Gecko) Chrome/145.0.0.0 Safari/537.36 (compatible; meta-externalagent/1.1 (+https://developers.facebook.com/docs/sharing/webmasters/crawler))"
74.7.227.10 - - [19/Aug/2026:23:55:05 +0200] "GET /?w=hfl40nw17618kwvgle HTTP/1.1" 500 - "https://fensterundhaus.de/sitemap_index.xml" "Mozilla/5.0 AppleWebKit/537.36 (KHTML, like Gecko; compatible; GPTBot/1.4; +https://openai.com/gptbot)"
212.29.237.5 - - [19/Aug/2026:23:55:21 +0200] "GET /wp-login.php HTTP/1.1" 500 - "-" "Mozilla/5.0 (Windows NT 10.0; Win64; x64) AppleWebKit/537.36 (KHTML, like Gecko) Chrome/149.0.0.0 Safari/537.36"
212.29.237.5 - - [19/Aug/2026:23:55:22 +0200] "GET /wp-login.php HTTP/1.1" 500 - "-" "Mozilla/5.0 (Windows NT 10.0; Win64; x64) AppleWebKit/537.36 (KHTML, like Gecko) Chrome/149.0.0.0 Safari/537.36"
74.7.227.10 - - [19/Aug/2026:23:55:27 +0200] "GET /?q=mggy20m17576gyxifk HTTP/1.1" 500 - "https://fensterundhaus.de/sitemap_index.xml" "Mozilla/5.0 AppleWebKit/537.36 (KHTML, like Gecko; compatible; GPTBot/1.4; +https://openai.com/gptbot)"
74.7.227.10 - - [19/Aug/2026:23:55:48 +0200] "GET /?t=zdn11x28709mnxdufe HTTP/1.1" 500 - "https://fensterundhaus.de/sitemap_index.xml" "Mozilla/5.0 AppleWebKit/537.36 (KHTML, like Gecko; compatible; GPTBot/1.4; +https://openai.com/gptbot)"
2a03:2880:f80e:63:: - - [19/Aug/2026:23:56:01 +0200] "GET /?fileloc=/home/tb1/fensterundhaus.de/wp-content/plugins/elementor-pro/modules/forms/submissions/data/responses/query-failed-response.php&path=/home/tb1/fensterundhaus.de/wp-content/plugins/elementor-pro/modules/forms/submissions/data/responses HTTP/1.1" 500 - "-" "Mozilla/5.0 (Windows NT 10.0; Win64; x64) AppleWebKit/537.36 (KHTML, like Gecko) Chrome/145.0.0.0 Safari/537.36 (compatible; meta-externalagent/1.1 (+https://developers.facebook.com/docs/sharing/webmasters/crawler))"
74.7.227.10 - - [19/Aug/2026:23:56:09 +0200] "GET /?c=iqm60n48106iwcdzbr HTTP/1.1" 500 - "https://fensterundhaus.de/sitemap_index.xml" "Mozilla/5.0 AppleWebKit/537.36 (KHTML, like Gecko; compatible; GPTBot/1.4; +https://openai.com/gptbot)"
69.30.231.90 - - [19/Aug/2026:23:56:21 +0200] "GET /wp-login.php HTTP/1.1" 500 - "-" "Mozilla/5.0 (Windows NT 10.0; Win64; x64) AppleWebKit/537.36 (KHTML, like Gecko) Chrome/149.0.0.0 Safari/537.36"
69.30.231.90 - - [19/Aug/2026:23:56:22 +0200] "GET /wp-login.php HTTP/1.1" 500 - "-" "Mozilla/5.0 (Windows NT 10.0; Win64; x64) AppleWebKit/537.36 (KHTML, like Gecko) Chrome/149.0.0.0 Safari/537.36"
74.7.227.10 - - [19/Aug/2026:23:56:30 +0200] "GET /?k=jsb68j21634egwlqmw HTTP/1.1" 500 - "https://fensterundhaus.de/sitemap_index.xml" "Mozilla/5.0 AppleWebKit/537.36 (KHTML, like Gecko; compatible; GPTBot/1.4; +https://openai.com/gptbot)"
74.7.227.10 - - [19/Aug/2026:23:56:52 +0200] "GET /?z=eyy65ee34143pvasps HTTP/1.1" 500 - "https://fensterundhaus.de/sitemap_index.xml" "Mozilla/5.0 AppleWebKit/537.36 (KHTML, like Gecko; compatible; GPTBot/1.4; +https://openai.com/gptbot)"
2a03:2880:f80e:35:: - - [19/Aug/2026:23:57:08 +0200] "GET /?fileloc=/home/tb1/fensterundhaus.de/wp-content/plugins/elementor-pro/modules/forms/submissions/data/responses/wp_luci.php&path=/home/tb1/fensterundhaus.de/wp-content/plugins/elementor-pro/modules/forms/submissions/data/responses HTTP/1.1" 500 - "-" "Mozilla/5.0 (Windows NT 10.0; Win64; x64) AppleWebKit/537.36 (KHTML, like Gecko) Chrome/145.0.0.0 Safari/537.36 (compatible; meta-externalagent/1.1 (+https://developers.facebook.com/docs/sharing/webmasters/crawler))"
74.7.227.10 - - [19/Aug/2026:23:57:12 +0200] "GET /?q=ggka56o28560gqznhe HTTP/1.1" 500 - "https://fensterundhaus.de/sitemap_index.xml" "Mozilla/5.0 AppleWebKit/537.36 (KHTML, like Gecko; compatible; GPTBot/1.4; +https://openai.com/gptbot)"
103.133.216.219 - - [19/Aug/2026:23:57:18 +0200] "GET /wp-login.php HTTP/1.1" 500 - "-" "Mozilla/5.0 (Windows NT 10.0; Win64; x64) AppleWebKit/537.36 (KHTML, like Gecko) Chrome/149.0.0.0 Safari/537.36"
103.133.216.219 - - [19/Aug/2026:23:57:20 +0200] "GET /wp-login.php HTTP/1.1" 500 - "-" "Mozilla/5.0 (Windows NT 10.0; Win64; x64) AppleWebKit/537.36 (KHTML, like Gecko) Chrome/149.0.0.0 Safari/537.36"
74.7.227.10 - - [19/Aug/2026:23:57:34 +0200] "GET /?v=tbr33nv36519absjez HTTP/1.1" 500 - "https://fensterundhaus.de/sitemap_index.xml" "Mozilla/5.0 AppleWebKit/537.36 (KHTML, like Gecko; compatible; GPTBot/1.4; +https://openai.com/gptbot)"
62.197.45.208 - - [19/Aug/2026:23:58:01 +0200] "GET / HTTP/1.1" 503 - "https://fensterundhaus.de/" "Mozilla/5.0 (Windows NT 10.0; Win64; x64) AppleWebKit/537.36 (KHTML, like Gecko) Chrome/131.0.0.0 Safari/537.36"
74.7.227.10 - - [19/Aug/2026:23:58:04 +0200] "GET /?j=uwr94vs33836qboilb HTTP/1.1" 503 - "https://fensterundhaus.de/sitemap_index.xml" "Mozilla/5.0 AppleWebKit/537.36 (KHTML, like Gecko; compatible; GPTBot/1.4; +https://openai.com/gptbot)"
74.7.227.10 - - [20/Aug/2026:00:00:14 +0200] "GET /?u=hbt54k11552kkocygr HTTP/1.1" 503 - "https://fensterundhaus.de/sitemap_index.xml" "Mozilla/5.0 AppleWebKit/537.36 (KHTML, like Gecko; compatible; GPTBot/1.4; +https://openai.com/gptbot)"
69.30.231.90 - - [20/Aug/2026:00:00:14 +0200] "GET /wp-login.php HTTP/1.1" 503 - "-" "Mozilla/5.0 (Windows NT 10.0; Win64; x64) AppleWebKit/537.36 (KHTML, like Gecko) Chrome/149.0.0.0 Safari/537.36"
2a03:2880:f80e:52:: - - [20/Aug/2026:00:00:36 +0200] "GET /?fileloc=/home/tb1/fensterundhaus.de/wp-content/plugins/elementor-pro/modules/forms/submissions/database/migrations/base-migration.php&path=/home/tb1/fensterundhaus.de/wp-content/plugins/elementor-pro/modules/forms/submissions/database/migrations HTTP/1.1" 500 - "-" "Mozilla/5.0 (Windows NT 10.0; Win64; x64) AppleWebKit/537.36 (KHTML, like Gecko) Chrome/145.0.0.0 Safari/537.36 (compatible; meta-externalagent/1.1 (+https://developers.facebook.com/docs/sharing/webmasters/crawler))"
74.7.227.10 - - [20/Aug/2026:00:00:53 +0200] "GET /?h=dcws77x34589zahxud HTTP/1.1" 500 - "https://fensterundhaus.de/sitemap_index.xml" "Mozilla/5.0 AppleWebKit/537.36 (KHTML, like Gecko; compatible; GPTBot/1.4; +https://openai.com/gptbot)"
2a03:2880:f80e:20:: - - [20/Aug/2026:00:02:50 +0200] "GET /?fileloc=/home/tb1/fensterundhaus.de/wp-content/plugins/elementor-pro/modules/forms/submissions/database/migrations/initial.php&path=/home/tb1/fensterundhaus.de/wp-content/plugins/elementor-pro/modules/forms/submissions/database/migrations HTTP/1.1" 500 - "-" "Mozilla/5.0 (X11; Linux x86_64) AppleWebKit/537.36 (KHTML, like Gecko) Chrome/145.0.0.0 Safari/537.36 (compatible; meta-externalagent/1.1 (+https://developers.facebook.com/docs/sharing/webmasters/crawler))"
74.7.227.10 - - [20/Aug/2026:00:04:27 +0200] "GET /?d=ity78l49664glhivtt HTTP/1.1" 500 - "https://fensterundhaus.de/sitemap_index.xml" "Mozilla/5.0 AppleWebKit/537.36 (KHTML, like Gecko; compatible; GPTBot/1.4; +https://openai.com/gptbot)"
74.7.227.10 - - [20/Aug/2026:00:04:28 +0200] "GET /?a=ytk65q16461iaychhb HTTP/1.1" 503 - "https://fensterundhaus.de/sitemap_index.xml" "Mozilla/5.0 AppleWebKit/537.36 (KHTML, like Gecko; compatible; GPTBot/1.4; +https://openai.com/gptbot)"
2a03:2880:f80e:c:: - - [20/Aug/2026:00:04:55 +0200] "GET /?fileloc=/home/tb1/fensterundhaus.de/wp-content/plugins/elementor-pro/modules/forms/submissions/database/migrations/fix-indexes.php&path=/home/tb1/fensterundhaus.de/wp-content/plugins/elementor-pro/modules/forms/submissions/database/migrations HTTP/1.1" 500 - "-" "Mozilla/5.0 (Windows NT 10.0; Win64; x64) AppleWebKit/537.36 (KHTML, like Gecko) Chrome/145.0.0.0 Safari/537.36 (compatible; meta-externalagent/1.1 (+https://developers.facebook.com/docs/sharing/webmasters/crawler))"
2a03:2880:f80e:70:: - - [20/Aug/2026:00:06:01 +0200] "GET /?fileloc=/home/tb1/fensterundhaus.de/wp-content/plugins/elementor-pro/modules/forms/submissions/database/entities/wp_luci.php&path=/home/tb1/fensterundhaus.de/wp-content/plugins/elementor-pro/modules/forms/submissions/database/entities HTTP/1.1" 500 - "-" "Mozilla/5.0 (Macintosh; Intel Mac OS X 10_15_7) AppleWebKit/537.36 (KHTML, like Gecko) Chrome/145.0.0.0 Safari/537.36 (compatible; meta-externalagent/1.1 (+https://developers.facebook.com/docs/sharing/webmasters/crawler))"
74.7.241.49 - - [20/Aug/2026:00:06:13 +0200] "GET /?a=ird289gb7993uknjrts HTTP/1.1" 500 - "https://fensterundhaus.de/sitemap_index.xml" "Mozilla/5.0 AppleWebKit/537.36 (KHTML, like Gecko; compatible; GPTBot/1.4; +https://openai.com/gptbot)"
74.7.241.49 - - [20/Aug/2026:00:06:33 +0200] "GET /?d=hziz237wv7755vcosxm HTTP/1.1" 500 - "https://fensterundhaus.de/sitemap_index.xml" "Mozilla/5.0 AppleWebKit/537.36 (KHTML, like Gecko; compatible; GPTBot/1.4; +https://openai.com/gptbot)"
74.7.241.49 - - [20/Aug/2026:00:06:55 +0200] "GET /?s=exs11fc36941gfsuphm HTTP/1.1" 500 - "https://fensterundhaus.de/sitemap_index.xml" "Mozilla/5.0 AppleWebKit/537.36 (KHTML, like Gecko; compatible; GPTBot/1.4; +https://openai.com/gptbot)"
2a03:2880:f80e:72:: - - [20/Aug/2026:00:07:08 +0200] "GET /?fileloc=/home/tb1/fensterundhaus.de/wp-content/plugins/elementor-pro/modules/forms/submissions/database/entities/form-snapshot.php&path=/home/tb1/fensterundhaus.de/wp-content/plugins/elementor-pro/modules/forms/submissions/database/entities HTTP/1.1" 500 - "-" "Mozilla/5.0 (Macintosh; Intel Mac OS X 10_15_7) AppleWebKit/537.36 (KHTML, like Gecko) Chrome/145.0.0.0 Safari/537.36 (compatible; meta-externalagent/1.1 (+https://developers.facebook.com/docs/sharing/webmasters/crawler))"
74.7.241.49 - - [20/Aug/2026:00:07:16 +0200] "GET /?a=ytk65q16461iaychhb HTTP/1.1" 500 - "https://fensterundhaus.de/sitemap_index.xml" "Mozilla/5.0 AppleWebKit/537.36 (KHTML, like Gecko; compatible; GPTBot/1.4; +https://openai.com/gptbot)"
74.7.241.49 - - [20/Aug/2026:00:07:37 +0200] "GET /?p=kmby46e23264xglcgnv HTTP/1.1" 200 1227 "https://fensterundhaus.de/sitemap_index.xml" "Mozilla/5.0 AppleWebKit/537.36 (KHTML, like Gecko; compatible; GPTBot/1.4; +https://openai.com/gptbot)"
74.7.241.49 - - [20/Aug/2026:00:07:58 +0200] "GET /?v=spvl98o24774vennow HTTP/1.1" 200 1227 "https://fensterundhaus.de/sitemap_index.xml" "Mozilla/5.0 AppleWebKit/537.36 (KHTML, like Gecko; compatible; GPTBot/1.4; +https://openai.com/gptbot)"
2a03:2880:f80e:30:: - - [20/Aug/2026:00:08:15 +0200] "GET /?fileloc=/home/tb1/fensterundhaus.de/wp-content/plugins/elementor-pro/modules/popup/assets/images/timing/browsers.svg&path=/home/tb1/fensterundhaus.de/wp-content/plugins/elementor-pro/modules/popup/assets/images/timing HTTP/1.1" 200 1227 "-" "Mozilla/5.0 (Windows NT 10.0; Win64; x64) AppleWebKit/537.36 (KHTML, like Gecko) Chrome/145.0.0.0 Safari/537.36 (compatible; meta-externalagent/1.1 (+https://developers.facebook.com/docs/sharing/webmasters/crawler))"
74.7.241.49 - - [20/Aug/2026:00:08:15 +0200] "GET /?n=xppc95q31681xoknzs HTTP/1.1" 200 1227 "https://fensterundhaus.de/sitemap_index.xml" "Mozilla/5.0 AppleWebKit/537.36 (KHTML, like Gecko; compatible; GPTBot/1.4; +https://openai.com/gptbot)"
74.7.241.49 - - [20/Aug/2026:00:08:29 +0200] "GET /?y=tsfx34u27986qrpljv HTTP/1.1" 200 1227 "https://fensterundhaus.de/sitemap_index.xml" "Mozilla/5.0 AppleWebKit/537.36 (KHTML, like Gecko; compatible; GPTBot/1.4; +https://openai.com/gptbot)"
74.7.241.49 - - [20/Aug/2026:00:08:39 +0200] "GET /?a=pwe127ph9259hlmopqe HTTP/1.1" 200 1227 "https://fensterundhaus.de/sitemap_index.xml" "Mozilla/5.0 AppleWebKit/537.36 (KHTML, like Gecko; compatible; GPTBot/1.4; +https://openai.com/gptbot)"
74.7.241.49 - - [20/Aug/2026:00:08:48 +0200] "GET /?u=uugb103v4977zluzydw HTTP/1.1" 200 1227 "https://fensterundhaus.de/sitemap_index.xml" "Mozilla/5.0 AppleWebKit/537.36 (KHTML, like Gecko; compatible; GPTBot/1.4; +https://openai.com/gptbot)"
74.7.241.49 - - [20/Aug/2026:00:08:55 +0200] "GET /?m=pgmk184cv8920gxwyig HTTP/1.1" 200 1227 "https://fensterundhaus.de/sitemap_index.xml" "Mozilla/5.0 AppleWebKit/537.36 (KHTML, like Gecko; compatible; GPTBot/1.4; +https://openai.com/gptbot)"
74.7.241.49 - - [20/Aug/2026:00:09:00 +0200] "GET /?i=rlso11e45193mqqvvzi HTTP/1.1" 200 1227 "https://fensterundhaus.de/sitemap_index.xml" "Mozilla/5.0 AppleWebKit/537.36 (KHTML, like Gecko; compatible; GPTBot/1.4; +https://openai.com/gptbot)"
74.7.241.49 - - [20/Aug/2026:00:09:04 +0200] "GET /?t=kqsa23m16413hgvguhb HTTP/1.1" 200 1227 "https://fensterundhaus.de/sitemap_index.xml" "Mozilla/5.0 AppleWebKit/537.36 (KHTML, like Gecko; compatible; GPTBot/1.4; +https://openai.com/gptbot)"
74.7.241.49 - - [20/Aug/2026:00:09:07 +0200] "GET /?i=hxwqw273o3861ikinyi HTTP/1.1" 200 1227 "https://fensterundhaus.de/sitemap_index.xml" "Mozilla/5.0 AppleWebKit/537.36 (KHTML, like Gecko; compatible; GPTBot/1.4; +https://openai.com/gptbot)"
74.7.241.49 - - [20/Aug/2026:00:09:10 +0200] "GET /?v=sfj193icb5345lrclpo HTTP/1.1" 200 1227 "https://fensterundhaus.de/sitemap_index.xml" "Mozilla/5.0 AppleWebKit/537.36 (KHTML, like Gecko; compatible; GPTBot/1.4; +https://openai.com/gptbot)"
74.7.241.49 - - [20/Aug/2026:00:09:12 +0200] "GET /?d=odbvu46m17410jvrxgb HTTP/1.1" 200 1227 "https://fensterundhaus.de/sitemap_index.xml" "Mozilla/5.0 AppleWebKit/537.36 (KHTML, like Gecko; compatible; GPTBot/1.4; +https://openai.com/gptbot)"
74.7.241.49 - - [20/Aug/2026:00:09:14 +0200] "GET /?c=jyqx47wi42497areucv HTTP/1.1" 200 1227 "https://fensterundhaus.de/sitemap_index.xml" "Mozilla/5.0 AppleWebKit/537.36 (KHTML, like Gecko; compatible; GPTBot/1.4; +https://openai.com/gptbot)"
74.7.241.49 - - [20/Aug/2026:00:09:16 +0200] "GET /?z=btku72x28952gnnefrc HTTP/1.1" 200 1227 "https://fensterundhaus.de/sitemap_index.xml" "Mozilla/5.0 AppleWebKit/537.36 (KHTML, like Gecko; compatible; GPTBot/1.4; +https://openai.com/gptbot)"
74.7.241.49 - - [20/Aug/2026:00:09:17 +0200] "GET /?l=mfnv140m2584mqmfheg HTTP/1.1" 200 1227 "https://fensterundhaus.de/sitemap_index.xml" "Mozilla/5.0 AppleWebKit/537.36 (KHTML, like Gecko; compatible; GPTBot/1.4; +https://openai.com/gptbot)"
74.7.241.49 - - [20/Aug/2026:00:09:18 +0200] "GET /?s=nhe234lqv1032otvuuw HTTP/1.1" 200 1227 "https://fensterundhaus.de/sitemap_index.xml" "Mozilla/5.0 AppleWebKit/537.36 (KHTML, like Gecko; compatible; GPTBot/1.4; +https://openai.com/gptbot)"
74.7.241.49 - - [20/Aug/2026:00:09:19 +0200] "GET /?m=txeip234d9344eohjwv HTTP/1.1" 200 1227 "https://fensterundhaus.de/sitemap_index.xml" "Mozilla/5.0 AppleWebKit/537.36 (KHTML, like Gecko; compatible; GPTBot/1.4; +https://openai.com/gptbot)"
74.7.241.49 - - [20/Aug/2026:00:09:19 +0200] "GET /?o=rgz14mf25156xzeflvl HTTP/1.1" 200 1227 "https://fensterundhaus.de/sitemap_index.xml" "Mozilla/5.0 AppleWebKit/537.36 (KHTML, like Gecko; compatible; GPTBot/1.4; +https://openai.com/gptbot)"
74.7.241.49 - - [20/Aug/2026:00:09:20 +0200] "GET /?c=ape31y16529oeoetljm HTTP/1.1" 200 1227 "https://fensterundhaus.de/sitemap_index.xml" "Mozilla/5.0 AppleWebKit/537.36 (KHTML, like Gecko; compatible; GPTBot/1.4; +https://openai.com/gptbot)"
74.7.241.49 - - [20/Aug/2026:00:09:20 +0200] "GET /?j=lhawk166o6702gazgtm HTTP/1.1" 200 1227 "https://fensterundhaus.de/sitemap_index.xml" "Mozilla/5.0 AppleWebKit/537.36 (KHTML, like Gecko; compatible; GPTBot/1.4; +https://openai.com/gptbot)"
74.7.241.49 - - [20/Aug/2026:00:09:21 +0200] "GET /?i=ule296c4644trxqmshg HTTP/1.1" 200 1227 "https://fensterundhaus.de/sitemap_index.xml" "Mozilla/5.0 AppleWebKit/537.36 (KHTML, like Gecko; compatible; GPTBot/1.4; +https://openai.com/gptbot)"
74.7.241.49 - - [20/Aug/2026:00:09:22 +0200] "GET /?t=fxf137zpf3895cabyzh HTTP/1.1" 200 1227 "https://fensterundhaus.de/sitemap_index.xml" "Mozilla/5.0 AppleWebKit/537.36 (KHTML, like Gecko; compatible; GPTBot/1.4; +https://openai.com/gptbot)"
74.7.241.49 - - [20/Aug/2026:00:09:22 +0200] "GET /?i=ipb82kqk10058bqprgv HTTP/1.1" 200 1227 "https://fensterundhaus.de/sitemap_index.xml" "Mozilla/5.0 AppleWebKit/537.36 (KHTML, like Gecko; compatible; GPTBot/1.4; +https://openai.com/gptbot)"
74.7.241.49 - - [20/Aug/2026:00:09:22 +0200] "GET /?j=jwanv16s49182vkfvvw HTTP/1.1" 200 1227 "https://fensterundhaus.de/sitemap_index.xml" "Mozilla/5.0 AppleWebKit/537.36 (KHTML, like Gecko; compatible; GPTBot/1.4; +https://openai.com/gptbot)"
2a03:2880:f80e:63:: - - [20/Aug/2026:00:09:23 +0200] "GET /?fileloc=/home/tb1/fensterundhaus.de/wp-content/plugins/elementor-pro/modules/popup/assets/images/timing/logged_in.svg&path=/home/tb1/fensterundhaus.de/wp-content/plugins/elementor-pro/modules/popup/assets/images/timing HTTP/1.1" 200 1227 "-" "Mozilla/5.0 (Windows NT 10.0; Win64; x64) AppleWebKit/537.36 (KHTML, like Gecko) Chrome/145.0.0.0 Safari/537.36 (compatible; meta-externalagent/1.1 (+https://developers.facebook.com/docs/sharing/webmasters/crawler))"
74.7.241.49 - - [20/Aug/2026:00:09:23 +0200] "GET /?v=bradh45v46549halaos HTTP/1.1" 200 1227 "https://fensterundhaus.de/sitemap_index.xml" "Mozilla/5.0 AppleWebKit/537.36 (KHTML, like Gecko; compatible; GPTBot/1.4; +https://openai.com/gptbot)"
74.7.241.49 - - [20/Aug/2026:00:09:24 +0200] "GET /?m=bfb92v36098bbhjkvwm HTTP/1.1" 200 1227 "https://fensterundhaus.de/sitemap_index.xml" "Mozilla/5.0 AppleWebKit/537.36 (KHTML, like Gecko; compatible; GPTBot/1.4; +https://openai.com/gptbot)"
74.7.241.49 - - [20/Aug/2026:00:09:24 +0200] "GET /?u=wco136z1716ogjgupfw HTTP/1.1" 200 1227 "https://fensterundhaus.de/sitemap_index.xml" "Mozilla/5.0 AppleWebKit/537.36 (KHTML, like Gecko; compatible; GPTBot/1.4; +https://openai.com/gptbot)"
74.7.241.49 - - [20/Aug/2026:00:09:25 +0200] "GET /?d=lhvl48o49882xdttqkl HTTP/1.1" 200 1227 "https://fensterundhaus.de/sitemap_index.xml" "Mozilla/5.0 AppleWebKit/537.36 (KHTML, like Gecko; compatible; GPTBot/1.4; +https://openai.com/gptbot)"
74.7.241.49 - - [20/Aug/2026:00:09:25 +0200] "GET /?u=uugb171v4909zluzydw HTTP/1.1" 200 1227 "https://fensterundhaus.de/sitemap_index.xml" "Mozilla/5.0 AppleWebKit/537.36 (KHTML, like Gecko; compatible; GPTBot/1.4; +https://openai.com/gptbot)"
74.7.241.49 - - [20/Aug/2026:00:09:26 +0200] "GET /?v=ahw39ak40905qjhxrhh HTTP/1.1" 200 1227 "https://fensterundhaus.de/sitemap_index.xml" "Mozilla/5.0 AppleWebKit/537.36 (KHTML, like Gecko; compatible; GPTBot/1.4; +https://openai.com/gptbot)"
74.7.241.49 - - [20/Aug/2026:00:09:26 +0200] "GET /?s=cnh165k7319jkdemo HTTP/1.1" 200 1227 "https://fensterundhaus.de/sitemap_index.xml" "Mozilla/5.0 AppleWebKit/537.36 (KHTML, like Gecko; compatible; GPTBot/1.4; +https://openai.com/gptbot)"
74.7.241.49 - - [20/Aug/2026:00:09:27 +0200] "GET /?t=ilf78y19200xhjjhu HTTP/1.1" 200 1227 "https://fensterundhaus.de/sitemap_index.xml" "Mozilla/5.0 AppleWebKit/537.36 (KHTML, like Gecko; compatible; GPTBot/1.4; +https://openai.com/gptbot)"
74.7.241.49 - - [20/Aug/2026:00:09:27 +0200] "GET /?m=cbe236n3938ifeagl HTTP/1.1" 200 1227 "https://fensterundhaus.de/sitemap_index.xml" "Mozilla/5.0 AppleWebKit/537.36 (KHTML, like Gecko; compatible; GPTBot/1.4; +https://openai.com/gptbot)"
74.7.241.49 - - [20/Aug/2026:00:09:28 +0200] "GET /?l=dwu85y17557mkgazx HTTP/1.1" 200 1227 "https://fensterundhaus.de/sitemap_index.xml" "Mozilla/5.0 AppleWebKit/537.36 (KHTML, like Gecko; compatible; GPTBot/1.4; +https://openai.com/gptbot)"
74.7.241.49 - - [20/Aug/2026:00:09:28 +0200] "GET /?z=mfh294e1596wxbjjw HTTP/1.1" 200 1227 "https://fensterundhaus.de/sitemap_index.xml" "Mozilla/5.0 AppleWebKit/537.36 (KHTML, like Gecko; compatible; GPTBot/1.4; +https://openai.com/gptbot)"
74.7.241.49 - - [20/Aug/2026:00:09:29 +0200] "GET /?k=fsj176n3012xllayd HTTP/1.1" 200 1227 "https://fensterundhaus.de/sitemap_index.xml" "Mozilla/5.0 AppleWebKit/537.36 (KHTML, like Gecko; compatible; GPTBot/1.4; +https://openai.com/gptbot)"
74.7.241.49 - - [20/Aug/2026:00:09:29 +0200] "GET /?x=otm15d44413xxlwldmx HTTP/1.1" 200 1227 "https://fensterundhaus.de/sitemap_index.xml" "Mozilla/5.0 AppleWebKit/537.36 (KHTML, like Gecko; compatible; GPTBot/1.4; +https://openai.com/gptbot)"
74.7.241.49 - - [20/Aug/2026:00:09:30 +0200] "GET /?o=oxw32n7826vngwqga HTTP/1.1" 200 1227 "https://fensterundhaus.de/sitemap_index.xml" "Mozilla/5.0 AppleWebKit/537.36 (KHTML, like Gecko; compatible; GPTBot/1.4; +https://openai.com/gptbot)"
74.7.241.49 - - [20/Aug/2026:00:09:31 +0200] "GET /?g=ykoo5v34635rrdppc HTTP/1.1" 200 1227 "https://fensterundhaus.de/sitemap_index.xml" "Mozilla/5.0 AppleWebKit/537.36 (KHTML, like Gecko; compatible; GPTBot/1.4; +https://openai.com/gptbot)"
74.7.241.49 - - [20/Aug/2026:00:09:31 +0200] "GET /?o=fyct173k4789dgqtuv HTTP/1.1" 200 1227 "https://fensterundhaus.de/sitemap_index.xml" "Mozilla/5.0 AppleWebKit/537.36 (KHTML, like Gecko; compatible; GPTBot/1.4; +https://openai.com/gptbot)"
74.7.241.49 - - [20/Aug/2026:00:09:32 +0200] "GET /?o=fyct162k4800dgqtuv HTTP/1.1" 200 1227 "https://fensterundhaus.de/sitemap_index.xml" "Mozilla/5.0 AppleWebKit/537.36 (KHTML, like Gecko; compatible; GPTBot/1.4; +https://openai.com/gptbot)"
74.7.241.49 - - [20/Aug/2026:00:09:32 +0200] "GET /?c=itv95y21427woifjsa HTTP/1.1" 200 1227 "https://fensterundhaus.de/sitemap_index.xml" "Mozilla/5.0 AppleWebKit/537.36 (KHTML, like Gecko; compatible; GPTBot/1.4; +https://openai.com/gptbot)"
74.7.241.49 - - [20/Aug/2026:00:09:33 +0200] "GET /?m=tkf90k13892dlorcqv HTTP/1.1" 200 1227 "https://fensterundhaus.de/sitemap_index.xml" "Mozilla/5.0 AppleWebKit/537.36 (KHTML, like Gecko; compatible; GPTBot/1.4; +https://openai.com/gptbot)"
74.7.241.49 - - [20/Aug/2026:00:09:33 +0200] "GET /?j=123011138 HTTP/1.1" 200 1227 "https://fensterundhaus.de/sitemap_index.xml" "Mozilla/5.0 AppleWebKit/537.36 (KHTML, like Gecko; compatible; GPTBot/1.4; +https://openai.com/gptbot)"
74.7.241.49 - - [20/Aug/2026:00:09:34 +0200] "GET /?v=cfjl120vp6038mbxtip HTTP/1.1" 200 1227 "https://fensterundhaus.de/sitemap_index.xml" "Mozilla/5.0 AppleWebKit/537.36 (KHTML, like Gecko; compatible; GPTBot/1.4; +https://openai.com/gptbot)"
74.7.241.49 - - [20/Aug/2026:00:09:34 +0200] "GET /?m=xhgkp35z12307rteguh HTTP/1.1" 200 1227 "https://fensterundhaus.de/sitemap_index.xml" "Mozilla/5.0 AppleWebKit/537.36 (KHTML, like Gecko; compatible; GPTBot/1.4; +https://openai.com/gptbot)"
74.7.241.49 - - [20/Aug/2026:00:09:35 +0200] "GET /?e=lpy28tx49418mgqnhwh HTTP/1.1" 200 1227 "https://fensterundhaus.de/sitemap_index.xml" "Mozilla/5.0 AppleWebKit/537.36 (KHTML, like Gecko; compatible; GPTBot/1.4; +https://openai.com/gptbot)"
74.7.241.49 - - [20/Aug/2026:00:09:35 +0200] "GET /?u=ptdb96an21062moqshh HTTP/1.1" 200 1227 "https://fensterundhaus.de/sitemap_index.xml" "Mozilla/5.0 AppleWebKit/537.36 (KHTML, like Gecko; compatible; GPTBot/1.4; +https://openai.com/gptbot)"
74.7.241.49 - - [20/Aug/2026:00:09:36 +0200] "GET /?v=sfj191icb5347lrclpo HTTP/1.1" 200 1227 "https://fensterundhaus.de/sitemap_index.xml" "Mozilla/5.0 AppleWebKit/537.36 (KHTML, like Gecko; compatible; GPTBot/1.4; +https://openai.com/gptbot)"
74.7.241.49 - - [20/Aug/2026:00:09:36 +0200] "GET /?g=usrl21pg47045jvddwe HTTP/1.1" 200 1227 "https://fensterundhaus.de/sitemap_index.xml" "Mozilla/5.0 AppleWebKit/537.36 (KHTML, like Gecko; compatible; GPTBot/1.4; +https://openai.com/gptbot)"
74.7.241.49 - - [20/Aug/2026:00:09:37 +0200] "GET /?m=wjk78ew35602bpnohkp HTTP/1.1" 200 1227 "https://fensterundhaus.de/sitemap_index.xml" "Mozilla/5.0 AppleWebKit/537.36 (KHTML, like Gecko; compatible; GPTBot/1.4; +https://openai.com/gptbot)"
74.7.241.49 - - [20/Aug/2026:00:09:37 +0200] "GET /?g=vhum131j7493xejlnrw HTTP/1.1" 200 1227 "https://fensterundhaus.de/sitemap_index.xml" "Mozilla/5.0 AppleWebKit/537.36 (KHTML, like Gecko; compatible; GPTBot/1.4; +https://openai.com/gptbot)"
74.7.241.49 - - [20/Aug/2026:00:09:38 +0200] "GET /?z=bhvrh40e25456ycajil HTTP/1.1" 200 1227 "https://fensterundhaus.de/sitemap_index.xml" "Mozilla/5.0 AppleWebKit/537.36 (KHTML, like Gecko; compatible; GPTBot/1.4; +https://openai.com/gptbot)"
74.7.241.49 - - [20/Aug/2026:00:09:38 +0200] "GET /?n=raqw295h1729fpizxqg HTTP/1.1" 200 1227 "https://fensterundhaus.de/sitemap_index.xml" "Mozilla/5.0 AppleWebKit/537.36 (KHTML, like Gecko; compatible; GPTBot/1.4; +https://openai.com/gptbot)"
74.7.241.49 - - [20/Aug/2026:00:09:39 +0200] "GET /?e=cqfv134f5962mxjjokk HTTP/1.1" 200 1227 "https://fensterundhaus.de/sitemap_index.xml" "Mozilla/5.0 AppleWebKit/537.36 (KHTML, like Gecko; compatible; GPTBot/1.4; +https://openai.com/gptbot)"
74.7.241.49 - - [20/Aug/2026:00:09:40 +0200] "GET /?v=pwb198z4962masdcwux HTTP/1.1" 200 1227 "https://fensterundhaus.de/sitemap_index.xml" "Mozilla/5.0 AppleWebKit/537.36 (KHTML, like Gecko; compatible; GPTBot/1.4; +https://openai.com/gptbot)"
74.7.241.49 - - [20/Aug/2026:00:09:40 +0200] "GET /?b=rbzj280s572ejpqmjf HTTP/1.1" 200 1227 "https://fensterundhaus.de/sitemap_index.xml" "Mozilla/5.0 AppleWebKit/537.36 (KHTML, like Gecko; compatible; GPTBot/1.4; +https://openai.com/gptbot)"
74.7.241.49 - - [20/Aug/2026:00:09:41 +0200] "GET /?s=ehnw93j3265iptqkte HTTP/1.1" 200 1227 "https://fensterundhaus.de/sitemap_index.xml" "Mozilla/5.0 AppleWebKit/537.36 (KHTML, like Gecko; compatible; GPTBot/1.4; +https://openai.com/gptbot)"
74.7.241.49 - - [20/Aug/2026:00:09:41 +0200] "GET /?v=zun84j4850zycztfwo HTTP/1.1" 200 1227 "https://fensterundhaus.de/sitemap_index.xml" "Mozilla/5.0 AppleWebKit/537.36 (KHTML, like Gecko; compatible; GPTBot/1.4; +https://openai.com/gptbot)"
74.7.241.49 - - [20/Aug/2026:00:09:42 +0200] "GET /?j=cysh15cz5241fqzkng HTTP/1.1" 200 1227 "https://fensterundhaus.de/sitemap_index.xml" "Mozilla/5.0 AppleWebKit/537.36 (KHTML, like Gecko; compatible; GPTBot/1.4; +https://openai.com/gptbot)"
