74.7.241.49 - - [20/Aug/2026:01:45:05 +0200] "GET /?u=jgp93ypu2979efmtbpyljg HTTP/1.1" 500 - "https://fensterundhaus.de/sitemap_index.xml" "Mozilla/5.0 AppleWebKit/537.36 (KHTML, like Gecko; compatible; GPTBot/1.4; +https://openai.com/gptbot)"
74.7.241.49 - - [20/Aug/2026:01:45:26 +0200] "GET /?n=augeh6wp26924jkageynqy HTTP/1.1" 500 - "https://fensterundhaus.de/sitemap_index.xml" "Mozilla/5.0 AppleWebKit/537.36 (KHTML, like Gecko; compatible; GPTBot/1.4; +https://openai.com/gptbot)"
74.7.241.49 - - [20/Aug/2026:01:45:46 +0200] "GET /?z=utwx3evu18971xnpicnxnu HTTP/1.1" 500 - "https://fensterundhaus.de/sitemap_index.xml" "Mozilla/5.0 AppleWebKit/537.36 (KHTML, like Gecko; compatible; GPTBot/1.4; +https://openai.com/gptbot)"
74.7.241.49 - - [20/Aug/2026:01:46:06 +0200] "GET /?m=qgb91ehhhh35597rrrrksm HTTP/1.1" 500 - "https://fensterundhaus.de/sitemap_index.xml" "Mozilla/5.0 AppleWebKit/537.36 (KHTML, like Gecko; compatible; GPTBot/1.4; +https://openai.com/gptbot)"
74.7.241.49 - - [20/Aug/2026:01:46:27 +0200] "GET /?p=awf24epkne37258vskloy HTTP/1.1" 500 - "https://fensterundhaus.de/sitemap_index.xml" "Mozilla/5.0 AppleWebKit/537.36 (KHTML, like Gecko; compatible; GPTBot/1.4; +https://openai.com/gptbot)"
74.7.241.49 - - [20/Aug/2026:01:46:47 +0200] "GET /?k=bqhlj90vzw30914tkbnag HTTP/1.1" 500 - "https://fensterundhaus.de/sitemap_index.xml" "Mozilla/5.0 AppleWebKit/537.36 (KHTML, like Gecko; compatible; GPTBot/1.4; +https://openai.com/gptbot)"
95.111.251.70 - - [20/Aug/2026:01:47:04 +0200] "GET /wp-login.php HTTP/1.1" 500 - "-" "Mozilla/5.0 (Windows NT 10.0; Win64; x64) AppleWebKit/537.36 (KHTML, like Gecko) Chrome/149.0.0.0 Safari/537.36"
95.111.251.70 - - [20/Aug/2026:01:47:05 +0200] "GET /wp-login.php HTTP/1.1" 500 - "-" "Mozilla/5.0 (Windows NT 10.0; Win64; x64) AppleWebKit/537.36 (KHTML, like Gecko) Chrome/149.0.0.0 Safari/537.36"
74.7.241.49 - - [20/Aug/2026:01:47:07 +0200] "GET /?m=zsm53ikuy40397atwujct HTTP/1.1" 500 - "https://fensterundhaus.de/sitemap_index.xml" "Mozilla/5.0 AppleWebKit/537.36 (KHTML, like Gecko; compatible; GPTBot/1.4; +https://openai.com/gptbot)"
74.7.241.49 - - [20/Aug/2026:01:47:27 +0200] "GET /?c=nku14qgv46632zessdxxi HTTP/1.1" 500 - "https://fensterundhaus.de/sitemap_index.xml" "Mozilla/5.0 AppleWebKit/537.36 (KHTML, like Gecko; compatible; GPTBot/1.4; +https://openai.com/gptbot)"
74.7.241.49 - - [20/Aug/2026:01:47:49 +0200] "GET /?e=bft62w17792ybdhsoutci HTTP/1.1" 500 - "https://fensterundhaus.de/sitemap_index.xml" "Mozilla/5.0 AppleWebKit/537.36 (KHTML, like Gecko; compatible; GPTBot/1.4; +https://openai.com/gptbot)"
74.7.241.49 - - [20/Aug/2026:01:48:10 +0200] "GET /?l=zly49ng22539ztrifhobk HTTP/1.1" 500 - "https://fensterundhaus.de/sitemap_index.xml" "Mozilla/5.0 AppleWebKit/537.36 (KHTML, like Gecko; compatible; GPTBot/1.4; +https://openai.com/gptbot)"
74.7.241.49 - - [20/Aug/2026:01:48:30 +0200] "GET /?s=eatek34wq39212drcwynb HTTP/1.1" 500 - "https://fensterundhaus.de/sitemap_index.xml" "Mozilla/5.0 AppleWebKit/537.36 (KHTML, like Gecko; compatible; GPTBot/1.4; +https://openai.com/gptbot)"
74.7.241.49 - - [20/Aug/2026:01:48:51 +0200] "GET /?p=fpbk93j25907yobqyznmg HTTP/1.1" 500 - "https://fensterundhaus.de/sitemap_index.xml" "Mozilla/5.0 AppleWebKit/537.36 (KHTML, like Gecko; compatible; GPTBot/1.4; +https://openai.com/gptbot)"
74.7.241.49 - - [20/Aug/2026:01:49:12 +0200] "GET /?j=ncj86apba49580lfesmbx HTTP/1.1" 500 - "https://fensterundhaus.de/sitemap_index.xml" "Mozilla/5.0 AppleWebKit/537.36 (KHTML, like Gecko; compatible; GPTBot/1.4; +https://openai.com/gptbot)"
74.7.241.49 - - [20/Aug/2026:01:49:33 +0200] "GET /?j=jwo58kzbto23206rbhxpn HTTP/1.1" 500 - "https://fensterundhaus.de/sitemap_index.xml" "Mozilla/5.0 AppleWebKit/537.36 (KHTML, like Gecko; compatible; GPTBot/1.4; +https://openai.com/gptbot)"
74.7.241.49 - - [20/Aug/2026:01:49:53 +0200] "GET /?u=qal126y2794rbfyqolmdi HTTP/1.1" 500 - "https://fensterundhaus.de/sitemap_index.xml" "Mozilla/5.0 AppleWebKit/537.36 (KHTML, like Gecko; compatible; GPTBot/1.4; +https://openai.com/gptbot)"
74.7.241.49 - - [20/Aug/2026:01:50:14 +0200] "GET /?a=krwd6koz2442niaoezwgpq HTTP/1.1" 500 - "https://fensterundhaus.de/sitemap_index.xml" "Mozilla/5.0 AppleWebKit/537.36 (KHTML, like Gecko; compatible; GPTBot/1.4; +https://openai.com/gptbot)"
74.7.241.49 - - [20/Aug/2026:01:50:35 +0200] "GET /?c=cdyd4upul3976cnizwkdfc HTTP/1.1" 500 - "https://fensterundhaus.de/sitemap_index.xml" "Mozilla/5.0 AppleWebKit/537.36 (KHTML, like Gecko; compatible; GPTBot/1.4; +https://openai.com/gptbot)"
74.7.241.49 - - [20/Aug/2026:01:50:56 +0200] "GET /?z=cyt2jmvq5090orhwmotbvv HTTP/1.1" 500 - "https://fensterundhaus.de/sitemap_index.xml" "Mozilla/5.0 AppleWebKit/537.36 (KHTML, like Gecko; compatible; GPTBot/1.4; +https://openai.com/gptbot)"
74.7.241.49 - - [20/Aug/2026:01:51:17 +0200] "GET /?j=qaog18cwkau588msntdwnxn HTTP/1.1" 500 - "https://fensterundhaus.de/sitemap_index.xml" "Mozilla/5.0 AppleWebKit/537.36 (KHTML, like Gecko; compatible; GPTBot/1.4; +https://openai.com/gptbot)"
74.7.241.49 - - [20/Aug/2026:01:51:37 +0200] "GET /?s=usrkd34zhy388wrqehxweei HTTP/1.1" 500 - "https://fensterundhaus.de/sitemap_index.xml" "Mozilla/5.0 AppleWebKit/537.36 (KHTML, like Gecko; compatible; GPTBot/1.4; +https://openai.com/gptbot)"
74.7.241.49 - - [20/Aug/2026:01:51:58 +0200] "GET /?t=zubuo30w25274hgisasse HTTP/1.1" 500 - "https://fensterundhaus.de/sitemap_index.xml" "Mozilla/5.0 AppleWebKit/537.36 (KHTML, like Gecko; compatible; GPTBot/1.4; +https://openai.com/gptbot)"
74.7.241.49 - - [20/Aug/2026:01:52:19 +0200] "GET /?e=tckk21z16971qqvaopfid HTTP/1.1" 500 - "https://fensterundhaus.de/sitemap_index.xml" "Mozilla/5.0 AppleWebKit/537.36 (KHTML, like Gecko; compatible; GPTBot/1.4; +https://openai.com/gptbot)"
74.7.241.49 - - [20/Aug/2026:01:52:40 +0200] "GET /?v=fpsae26m20938mwtiomvd HTTP/1.1" 500 - "https://fensterundhaus.de/sitemap_index.xml" "Mozilla/5.0 AppleWebKit/537.36 (KHTML, like Gecko; compatible; GPTBot/1.4; +https://openai.com/gptbot)"
74.7.241.49 - - [20/Aug/2026:01:53:01 +0200] "GET /?m=dbl28fkg21724vsmwtngj HTTP/1.1" 500 - "https://fensterundhaus.de/sitemap_index.xml" "Mozilla/5.0 AppleWebKit/537.36 (KHTML, like Gecko; compatible; GPTBot/1.4; +https://openai.com/gptbot)"
74.7.241.49 - - [20/Aug/2026:01:53:21 +0200] "GET /?v=jctcv73kr10219dqbfcsg HTTP/1.1" 500 - "https://fensterundhaus.de/sitemap_index.xml" "Mozilla/5.0 AppleWebKit/537.36 (KHTML, like Gecko; compatible; GPTBot/1.4; +https://openai.com/gptbot)"
74.7.241.49 - - [20/Aug/2026:01:53:42 +0200] "GET /?b=qthm133yx3895pcwiwqgv HTTP/1.1" 500 - "https://fensterundhaus.de/sitemap_index.xml" "Mozilla/5.0 AppleWebKit/537.36 (KHTML, like Gecko; compatible; GPTBot/1.4; +https://openai.com/gptbot)"
43.134.29.26 - - [20/Aug/2026:01:54:02 +0200] "GET /wp-login.php HTTP/1.1" 500 - "-" "Mozilla/5.0 (Windows NT 10.0; Win64; x64) AppleWebKit/537.36 (KHTML, like Gecko) Chrome/149.0.0.0 Safari/537.36"
74.7.241.49 - - [20/Aug/2026:01:54:02 +0200] "GET /?m=secb117iv8249rhirzrkp HTTP/1.1" 500 - "https://fensterundhaus.de/sitemap_index.xml" "Mozilla/5.0 AppleWebKit/537.36 (KHTML, like Gecko; compatible; GPTBot/1.4; +https://openai.com/gptbot)"
43.134.29.26 - - [20/Aug/2026:01:54:03 +0200] "GET /wp-login.php HTTP/1.1" 500 - "-" "Mozilla/5.0 (Windows NT 10.0; Win64; x64) AppleWebKit/537.36 (KHTML, like Gecko) Chrome/149.0.0.0 Safari/537.36"
74.7.241.49 - - [20/Aug/2026:01:54:23 +0200] "GET /?k=arqo33qyzd35261tmfzwh HTTP/1.1" 500 - "https://fensterundhaus.de/sitemap_index.xml" "Mozilla/5.0 AppleWebKit/537.36 (KHTML, like Gecko; compatible; GPTBot/1.4; +https://openai.com/gptbot)"
74.7.241.49 - - [20/Aug/2026:01:54:45 +0200] "GET /?b=enc85vcdea7637fsexdqjn HTTP/1.1" 500 - "https://fensterundhaus.de/sitemap_index.xml" "Mozilla/5.0 AppleWebKit/537.36 (KHTML, like Gecko; compatible; GPTBot/1.4; +https://openai.com/gptbot)"
74.7.241.49 - - [20/Aug/2026:01:55:07 +0200] "GET /?k=ubrb70ryrn1460ltblzdkh HTTP/1.1" 500 - "https://fensterundhaus.de/sitemap_index.xml" "Mozilla/5.0 AppleWebKit/537.36 (KHTML, like Gecko; compatible; GPTBot/1.4; +https://openai.com/gptbot)"
74.7.241.49 - - [20/Aug/2026:01:55:27 +0200] "GET /?z=cpivi6vbmbo38442xcxnem HTTP/1.1" 500 - "https://fensterundhaus.de/sitemap_index.xml" "Mozilla/5.0 AppleWebKit/537.36 (KHTML, like Gecko; compatible; GPTBot/1.4; +https://openai.com/gptbot)"
65.111.10.86 - - [20/Aug/2026:01:55:47 +0200] "GET / HTTP/1.1" 500 - "-" "Mozilla/5.0 (compatible; LeadHubBranchEnrichment/1.0; +https://www.drei-tage-woche.de/codex)"
74.7.241.49 - - [20/Aug/2026:01:55:48 +0200] "GET /?o=egn203xocx259znhicgclg HTTP/1.1" 500 - "https://fensterundhaus.de/sitemap_index.xml" "Mozilla/5.0 AppleWebKit/537.36 (KHTML, like Gecko; compatible; GPTBot/1.4; +https://openai.com/gptbot)"
74.7.241.49 - - [20/Aug/2026:01:56:09 +0200] "GET /?c=mda59fispc4937smkuedeq HTTP/1.1" 500 - "https://fensterundhaus.de/sitemap_index.xml" "Mozilla/5.0 AppleWebKit/537.36 (KHTML, like Gecko; compatible; GPTBot/1.4; +https://openai.com/gptbot)"
74.7.241.49 - - [20/Aug/2026:01:56:30 +0200] "GET /?s=nqmxx40vxaa4714fggejfn HTTP/1.1" 500 - "https://fensterundhaus.de/sitemap_index.xml" "Mozilla/5.0 AppleWebKit/537.36 (KHTML, like Gecko; compatible; GPTBot/1.4; +https://openai.com/gptbot)"
107.150.61.58 - - [20/Aug/2026:01:56:35 +0200] "GET /wp-includes/x14c29f/index.php HTTP/1.1" 200 6 "https://fensterundhaus.de/wp-includes/x14c29f/index.php" "Mozilla/5.0 (Windows NT 10.0; Win64; x64) AppleWebKit/537.36 (KHTML, like Gecko) Chrome/58.0.3029.110 Safari/537.3"
74.7.241.49 - - [20/Aug/2026:01:56:50 +0200] "GET /?r=xdsda32ege9420abwdlggm HTTP/1.1" 500 - "https://fensterundhaus.de/sitemap_index.xml" "Mozilla/5.0 AppleWebKit/537.36 (KHTML, like Gecko; compatible; GPTBot/1.4; +https://openai.com/gptbot)"
16.22.108.225 - - [20/Aug/2026:01:56:59 +0200] "GET /wp-admin/admin-ajax.php HTTP/1.1" 500 - "-" "Mozilla/5.0 (X11; Linux x86_64) AppleWebKit/537.36 (KHTML, like Gecko) Chrome/125.0.0.0 Safari/537.36"
16.22.108.225 - - [20/Aug/2026:01:56:59 +0200] "POST /wp-admin/admin-ajax.php?meta-box-loader=1 HTTP/1.1" 500 - "-" "Mozilla/5.0 (Windows NT 10.0; Win64; x64) AppleWebKit/537.36 (KHTML, like Gecko) Chrome/126.0.0.0 Safari/537.36"
74.7.241.49 - - [20/Aug/2026:01:57:11 +0200] "GET /?b=acfvb268bzwu7768bdfidk HTTP/1.1" 500 - "https://fensterundhaus.de/sitemap_index.xml" "Mozilla/5.0 AppleWebKit/537.36 (KHTML, like Gecko; compatible; GPTBot/1.4; +https://openai.com/gptbot)"
74.7.241.49 - - [20/Aug/2026:01:57:31 +0200] "GET /?e=peh8xuvbp9286sqytbxbclr HTTP/1.1" 500 - "https://fensterundhaus.de/sitemap_index.xml" "Mozilla/5.0 AppleWebKit/537.36 (KHTML, like Gecko; compatible; GPTBot/1.4; +https://openai.com/gptbot)"
107.150.61.58 - - [20/Aug/2026:01:56:22 +0200] "GET /wp-includes/x14c29f/index.php HTTP/1.1" 200 - "https://fensterundhaus.de/wp-includes/x14c29f/index.php" "Mozilla/5.0 (Windows NT 10.0; Win64; x64) AppleWebKit/537.36 (KHTML, like Gecko) Chrome/58.0.3029.110 Safari/537.3"
74.7.241.49 - - [20/Aug/2026:01:57:53 +0200] "GET /?w=giud140ay49268asfemh HTTP/1.1" 500 - "https://fensterundhaus.de/sitemap_index.xml" "Mozilla/5.0 AppleWebKit/537.36 (KHTML, like Gecko; compatible; GPTBot/1.4; +https://openai.com/gptbot)"
74.7.241.49 - - [20/Aug/2026:01:58:13 +0200] "GET /?q=lkdb161e48295vmtwooi HTTP/1.1" 500 - "https://fensterundhaus.de/sitemap_index.xml" "Mozilla/5.0 AppleWebKit/537.36 (KHTML, like Gecko; compatible; GPTBot/1.4; +https://openai.com/gptbot)"
74.7.241.49 - - [20/Aug/2026:01:58:35 +0200] "GET /?t=glipo297b44631evzwdr HTTP/1.1" 500 - "https://fensterundhaus.de/sitemap_index.xml" "Mozilla/5.0 AppleWebKit/537.36 (KHTML, like Gecko; compatible; GPTBot/1.4; +https://openai.com/gptbot)"
74.7.241.49 - - [20/Aug/2026:01:58:56 +0200] "GET /?b=wqran98hrz43222vfqwjfs HTTP/1.1" 500 - "https://fensterundhaus.de/sitemap_index.xml" "Mozilla/5.0 AppleWebKit/537.36 (KHTML, like Gecko; compatible; GPTBot/1.4; +https://openai.com/gptbot)"
74.7.241.49 - - [20/Aug/2026:01:59:17 +0200] "GET /?h=sblp43knizb951qszddxygvu HTTP/1.1" 500 - "https://fensterundhaus.de/sitemap_index.xml" "Mozilla/5.0 AppleWebKit/537.36 (KHTML, like Gecko; compatible; GPTBot/1.4; +https://openai.com/gptbot)"
74.7.241.49 - - [20/Aug/2026:01:59:38 +0200] "GET /?v=wuo295wme8795nuxioibwb HTTP/1.1" 500 - "https://fensterundhaus.de/sitemap_index.xml" "Mozilla/5.0 AppleWebKit/537.36 (KHTML, like Gecko; compatible; GPTBot/1.4; +https://openai.com/gptbot)"
74.7.241.49 - - [20/Aug/2026:01:59:59 +0200] "GET /?i=htsw240sedpn5624fopdnj HTTP/1.1" 500 - "https://fensterundhaus.de/sitemap_index.xml" "Mozilla/5.0 AppleWebKit/537.36 (KHTML, like Gecko; compatible; GPTBot/1.4; +https://openai.com/gptbot)"
74.7.241.49 - - [20/Aug/2026:02:00:20 +0200] "GET /?d=kuxip97jm27651mwcpwcww HTTP/1.1" 500 - "https://fensterundhaus.de/sitemap_index.xml" "Mozilla/5.0 AppleWebKit/537.36 (KHTML, like Gecko; compatible; GPTBot/1.4; +https://openai.com/gptbot)"
66.116.199.98 - - [20/Aug/2026:02:00:25 +0200] "GET /wp-login.php HTTP/1.1" 500 - "-" "Mozilla/5.0 (Windows NT 10.0; Win64; x64) AppleWebKit/537.36 (KHTML, like Gecko) Chrome/149.0.0.0 Safari/537.36"
66.116.199.98 - - [20/Aug/2026:02:00:27 +0200] "GET /wp-login.php HTTP/1.1" 500 - "-" "Mozilla/5.0 (Windows NT 10.0; Win64; x64) AppleWebKit/537.36 (KHTML, like Gecko) Chrome/149.0.0.0 Safari/537.36"
74.7.241.49 - - [20/Aug/2026:02:00:41 +0200] "GET /?m=bltsq252elj5752bopuzzd HTTP/1.1" 500 - "https://fensterundhaus.de/sitemap_index.xml" "Mozilla/5.0 AppleWebKit/537.36 (KHTML, like Gecko; compatible; GPTBot/1.4; +https://openai.com/gptbot)"
74.7.241.49 - - [20/Aug/2026:02:01:02 +0200] "GET /?u=kdd59ddibj25051abkmjdv HTTP/1.1" 500 - "https://fensterundhaus.de/sitemap_index.xml" "Mozilla/5.0 AppleWebKit/537.36 (KHTML, like Gecko; compatible; GPTBot/1.4; +https://openai.com/gptbot)"
162.241.153.188 - - [20/Aug/2026:02:01:17 +0200] "GET /wp-login.php HTTP/1.1" 500 - "-" "Mozilla/5.0 (Windows NT 10.0; Win64; x64) AppleWebKit/537.36 (KHTML, like Gecko) Chrome/149.0.0.0 Safari/537.36"
162.241.153.188 - - [20/Aug/2026:02:01:18 +0200] "GET /wp-login.php HTTP/1.1" 500 - "-" "Mozilla/5.0 (Windows NT 10.0; Win64; x64) AppleWebKit/537.36 (KHTML, like Gecko) Chrome/149.0.0.0 Safari/537.36"
74.7.241.49 - - [20/Aug/2026:02:01:22 +0200] "GET /?b=cacap75qv45983rbolsypl HTTP/1.1" 500 - "https://fensterundhaus.de/sitemap_index.xml" "Mozilla/5.0 AppleWebKit/537.36 (KHTML, like Gecko; compatible; GPTBot/1.4; +https://openai.com/gptbot)"
74.7.241.49 - - [20/Aug/2026:02:01:43 +0200] "GET /?z=hjzte84cf48148xsvowlfi HTTP/1.1" 500 - "https://fensterundhaus.de/sitemap_index.xml" "Mozilla/5.0 AppleWebKit/537.36 (KHTML, like Gecko; compatible; GPTBot/1.4; +https://openai.com/gptbot)"
74.7.241.49 - - [20/Aug/2026:02:02:03 +0200] "GET /?a=sqcha40nhsq25604rkitpn HTTP/1.1" 500 - "https://fensterundhaus.de/sitemap_index.xml" "Mozilla/5.0 AppleWebKit/537.36 (KHTML, like Gecko; compatible; GPTBot/1.4; +https://openai.com/gptbot)"
202.51.202.242 - - [20/Aug/2026:02:02:15 +0200] "GET /wp-login.php HTTP/1.1" 500 - "-" "Mozilla/5.0 (Windows NT 10.0; Win64; x64) AppleWebKit/537.36 (KHTML, like Gecko) Chrome/149.0.0.0 Safari/537.36"
74.7.241.49 - - [20/Aug/2026:02:02:25 +0200] "GET /?z=carxo97xofm33045uxbscx HTTP/1.1" 500 - "https://fensterundhaus.de/sitemap_index.xml" "Mozilla/5.0 AppleWebKit/537.36 (KHTML, like Gecko; compatible; GPTBot/1.4; +https://openai.com/gptbot)"
74.7.241.49 - - [20/Aug/2026:02:02:45 +0200] "GET /?q=cev250tu1192qoibemccen HTTP/1.1" 500 - "https://fensterundhaus.de/sitemap_index.xml" "Mozilla/5.0 AppleWebKit/537.36 (KHTML, like Gecko; compatible; GPTBot/1.4; +https://openai.com/gptbot)"
8.29.155.129 - - [20/Aug/2026:02:02:56 +0200] "GET /wp-login.php HTTP/1.1" 500 - "-" "Mozilla/5.0 (Windows NT 10.0; Win64; x64) AppleWebKit/537.36 (KHTML, like Gecko) Chrome/149.0.0.0 Safari/537.36"
8.29.155.129 - - [20/Aug/2026:02:02:57 +0200] "GET /wp-login.php HTTP/1.1" 500 - "-" "Mozilla/5.0 (Windows NT 10.0; Win64; x64) AppleWebKit/537.36 (KHTML, like Gecko) Chrome/149.0.0.0 Safari/537.36"
74.7.241.49 - - [20/Aug/2026:02:03:06 +0200] "GET /?m=skwab264mc5640icqjkuah HTTP/1.1" 500 - "https://fensterundhaus.de/sitemap_index.xml" "Mozilla/5.0 AppleWebKit/537.36 (KHTML, like Gecko; compatible; GPTBot/1.4; +https://openai.com/gptbot)"
74.7.241.49 - - [20/Aug/2026:02:03:26 +0200] "GET /?m=mpvk225cmw1767vdnwmwju HTTP/1.1" 500 - "https://fensterundhaus.de/sitemap_index.xml" "Mozilla/5.0 AppleWebKit/537.36 (KHTML, like Gecko; compatible; GPTBot/1.4; +https://openai.com/gptbot)"
89.185.225.24 - - [20/Aug/2026:02:03:46 +0200] "GET /wp-login.php HTTP/1.1" 500 - "-" "Mozilla/5.0 (Windows NT 10.0; Win64; x64) AppleWebKit/537.36 (KHTML, like Gecko) Chrome/149.0.0.0 Safari/537.36"
74.7.241.49 - - [20/Aug/2026:02:03:47 +0200] "GET /?y=pby243ftyk6439chyohvab HTTP/1.1" 500 - "https://fensterundhaus.de/sitemap_index.xml" "Mozilla/5.0 AppleWebKit/537.36 (KHTML, like Gecko; compatible; GPTBot/1.4; +https://openai.com/gptbot)"
89.185.225.24 - - [20/Aug/2026:02:03:47 +0200] "GET /wp-login.php HTTP/1.1" 500 - "-" "Mozilla/5.0 (Windows NT 10.0; Win64; x64) AppleWebKit/537.36 (KHTML, like Gecko) Chrome/149.0.0.0 Safari/537.36"
74.7.241.49 - - [20/Aug/2026:02:04:07 +0200] "GET /?q=vqsu20b44530aycruyaywn HTTP/1.1" 500 - "https://fensterundhaus.de/sitemap_index.xml" "Mozilla/5.0 AppleWebKit/537.36 (KHTML, like Gecko; compatible; GPTBot/1.4; +https://openai.com/gptbot)"
74.7.241.49 - - [20/Aug/2026:02:04:27 +0200] "GET /?q=cev120tu1322qoibemccen HTTP/1.1" 500 - "https://fensterundhaus.de/sitemap_index.xml" "Mozilla/5.0 AppleWebKit/537.36 (KHTML, like Gecko; compatible; GPTBot/1.4; +https://openai.com/gptbot)"
8.29.155.129 - - [20/Aug/2026:02:04:36 +0200] "GET /wp-login.php HTTP/1.1" 500 - "-" "Mozilla/5.0 (Windows NT 10.0; Win64; x64) AppleWebKit/537.36 (KHTML, like Gecko) Chrome/149.0.0.0 Safari/537.36"
8.29.155.129 - - [20/Aug/2026:02:04:38 +0200] "GET /wp-login.php HTTP/1.1" 500 - "-" "Mozilla/5.0 (Windows NT 10.0; Win64; x64) AppleWebKit/537.36 (KHTML, like Gecko) Chrome/149.0.0.0 Safari/537.36"
74.7.241.49 - - [20/Aug/2026:02:04:49 +0200] "GET /?t=athoe12ovinq6898fyzkupap HTTP/1.1" 500 - "https://fensterundhaus.de/sitemap_index.xml" "Mozilla/5.0 AppleWebKit/537.36 (KHTML, like Gecko; compatible; GPTBot/1.4; +https://openai.com/gptbot)"
74.7.241.49 - - [20/Aug/2026:02:05:09 +0200] "GET /?m=xun10cgcrd14020cthzyaq HTTP/1.1" 500 - "https://fensterundhaus.de/sitemap_index.xml" "Mozilla/5.0 AppleWebKit/537.36 (KHTML, like Gecko; compatible; GPTBot/1.4; +https://openai.com/gptbot)"
103.133.216.219 - - [20/Aug/2026:02:05:28 +0200] "GET /wp-login.php HTTP/1.1" 500 - "-" "Mozilla/5.0 (Windows NT 10.0; Win64; x64) AppleWebKit/537.36 (KHTML, like Gecko) Chrome/149.0.0.0 Safari/537.36"
103.133.216.219 - - [20/Aug/2026:02:05:30 +0200] "GET /wp-login.php HTTP/1.1" 500 - "-" "Mozilla/5.0 (Windows NT 10.0; Win64; x64) AppleWebKit/537.36 (KHTML, like Gecko) Chrome/149.0.0.0 Safari/537.36"
74.7.241.49 - - [20/Aug/2026:02:05:30 +0200] "GET /?w=oue153khelo3209ektjmipfdq HTTP/1.1" 500 - "https://fensterundhaus.de/sitemap_index.xml" "Mozilla/5.0 AppleWebKit/537.36 (KHTML, like Gecko; compatible; GPTBot/1.4; +https://openai.com/gptbot)"
74.7.241.49 - - [20/Aug/2026:02:05:51 +0200] "GET /?a=ufsv212mua2468lazjlfkk HTTP/1.1" 500 - "https://fensterundhaus.de/sitemap_index.xml" "Mozilla/5.0 AppleWebKit/537.36 (KHTML, like Gecko; compatible; GPTBot/1.4; +https://openai.com/gptbot)"
74.7.241.49 - - [20/Aug/2026:02:06:12 +0200] "GET /?s=nrsl144vmyb6280ashmlwa HTTP/1.1" 500 - "https://fensterundhaus.de/sitemap_index.xml" "Mozilla/5.0 AppleWebKit/537.36 (KHTML, like Gecko; compatible; GPTBot/1.4; +https://openai.com/gptbot)"
8.29.155.129 - - [20/Aug/2026:02:06:19 +0200] "GET /wp-login.php HTTP/1.1" 500 - "-" "Mozilla/5.0 (Windows NT 10.0; Win64; x64) AppleWebKit/537.36 (KHTML, like Gecko) Chrome/149.0.0.0 Safari/537.36"
8.29.155.129 - - [20/Aug/2026:02:06:20 +0200] "GET /wp-login.php HTTP/1.1" 500 - "-" "Mozilla/5.0 (Windows NT 10.0; Win64; x64) AppleWebKit/537.36 (KHTML, like Gecko) Chrome/149.0.0.0 Safari/537.36"
74.7.241.49 - - [20/Aug/2026:02:06:33 +0200] "GET /?n=nnb38hrtc42488mhdciwpk HTTP/1.1" 500 - "https://fensterundhaus.de/sitemap_index.xml" "Mozilla/5.0 AppleWebKit/537.36 (KHTML, like Gecko; compatible; GPTBot/1.4; +https://openai.com/gptbot)"
74.7.241.49 - - [20/Aug/2026:02:06:54 +0200] "GET /?r=grta235ayi7703ntiikpqx HTTP/1.1" 500 - "https://fensterundhaus.de/sitemap_index.xml" "Mozilla/5.0 AppleWebKit/537.36 (KHTML, like Gecko; compatible; GPTBot/1.4; +https://openai.com/gptbot)"
69.30.231.90 - - [20/Aug/2026:02:07:09 +0200] "GET /wp-login.php HTTP/1.1" 500 - "-" "Mozilla/5.0 (Windows NT 10.0; Win64; x64) AppleWebKit/537.36 (KHTML, like Gecko) Chrome/149.0.0.0 Safari/537.36"
69.30.231.90 - - [20/Aug/2026:02:07:11 +0200] "GET /wp-login.php HTTP/1.1" 500 - "-" "Mozilla/5.0 (Windows NT 10.0; Win64; x64) AppleWebKit/537.36 (KHTML, like Gecko) Chrome/149.0.0.0 Safari/537.36"
74.7.241.49 - - [20/Aug/2026:02:07:15 +0200] "GET /?w=heqed94w32212daogazzas HTTP/1.1" 500 - "https://fensterundhaus.de/sitemap_index.xml" "Mozilla/5.0 AppleWebKit/537.36 (KHTML, like Gecko; compatible; GPTBot/1.4; +https://openai.com/gptbot)"
74.7.241.49 - - [20/Aug/2026:02:07:36 +0200] "GET /?v=qey68iah30816lqphaevjr HTTP/1.1" 500 - "https://fensterundhaus.de/sitemap_index.xml" "Mozilla/5.0 AppleWebKit/537.36 (KHTML, like Gecko; compatible; GPTBot/1.4; +https://openai.com/gptbot)"
74.7.241.49 - - [20/Aug/2026:02:07:57 +0200] "GET /?x=dwpk166lvd5912xhnfmpom HTTP/1.1" 500 - "https://fensterundhaus.de/sitemap_index.xml" "Mozilla/5.0 AppleWebKit/537.36 (KHTML, like Gecko; compatible; GPTBot/1.4; +https://openai.com/gptbot)"
129.121.123.168 - - [20/Aug/2026:02:08:01 +0200] "GET /wp-login.php HTTP/1.1" 500 - "-" "Mozilla/5.0 (Windows NT 10.0; Win64; x64) AppleWebKit/537.36 (KHTML, like Gecko) Chrome/149.0.0.0 Safari/537.36"
129.121.123.168 - - [20/Aug/2026:02:08:02 +0200] "GET /wp-login.php HTTP/1.1" 500 - "-" "Mozilla/5.0 (Windows NT 10.0; Win64; x64) AppleWebKit/537.36 (KHTML, like Gecko) Chrome/149.0.0.0 Safari/537.36"
74.7.241.49 - - [20/Aug/2026:02:08:17 +0200] "GET /?m=bfh67sos26913yzyscmbth HTTP/1.1" 500 - "https://fensterundhaus.de/sitemap_index.xml" "Mozilla/5.0 AppleWebKit/537.36 (KHTML, like Gecko; compatible; GPTBot/1.4; +https://openai.com/gptbot)"
74.7.241.49 - - [20/Aug/2026:02:08:38 +0200] "GET /?k=opehn30ta46654fpuylpon HTTP/1.1" 500 - "https://fensterundhaus.de/sitemap_index.xml" "Mozilla/5.0 AppleWebKit/537.36 (KHTML, like Gecko; compatible; GPTBot/1.4; +https://openai.com/gptbot)"
129.121.48.235 - - [20/Aug/2026:02:08:55 +0200] "GET /wp-login.php HTTP/1.1" 500 - "-" "Mozilla/5.0 (Windows NT 10.0; Win64; x64) AppleWebKit/537.36 (KHTML, like Gecko) Chrome/149.0.0.0 Safari/537.36"
129.121.48.235 - - [20/Aug/2026:02:08:59 +0200] "GET /wp-login.php HTTP/1.1" 500 - "-" "Mozilla/5.0 (Windows NT 10.0; Win64; x64) AppleWebKit/537.36 (KHTML, like Gecko) Chrome/149.0.0.0 Safari/537.36"
74.7.241.49 - - [20/Aug/2026:02:08:59 +0200] "GET /?m=quz57gtc11491zaazdftvw HTTP/1.1" 500 - "https://fensterundhaus.de/sitemap_index.xml" "Mozilla/5.0 AppleWebKit/537.36 (KHTML, like Gecko; compatible; GPTBot/1.4; +https://openai.com/gptbot)"
74.7.241.49 - - [20/Aug/2026:02:09:20 +0200] "GET /?l=iffq45aaq30649heveumlv HTTP/1.1" 500 - "https://fensterundhaus.de/sitemap_index.xml" "Mozilla/5.0 AppleWebKit/537.36 (KHTML, like Gecko; compatible; GPTBot/1.4; +https://openai.com/gptbot)"
74.7.241.49 - - [20/Aug/2026:02:09:41 +0200] "GET /?q=hqq143ppz1751zvayefmxy HTTP/1.1" 500 - "https://fensterundhaus.de/sitemap_index.xml" "Mozilla/5.0 AppleWebKit/537.36 (KHTML, like Gecko; compatible; GPTBot/1.4; +https://openai.com/gptbot)"
95.111.251.70 - - [20/Aug/2026:02:09:44 +0200] "GET /wp-login.php HTTP/1.1" 500 - "-" "Mozilla/5.0 (Windows NT 10.0; Win64; x64) AppleWebKit/537.36 (KHTML, like Gecko) Chrome/149.0.0.0 Safari/537.36"
95.111.251.70 - - [20/Aug/2026:02:09:45 +0200] "GET /wp-login.php HTTP/1.1" 500 - "-" "Mozilla/5.0 (Windows NT 10.0; Win64; x64) AppleWebKit/537.36 (KHTML, like Gecko) Chrome/149.0.0.0 Safari/537.36"
74.7.241.49 - - [20/Aug/2026:02:10:01 +0200] "GET /?q=uxmmu36j28392ddvmzrzoo HTTP/1.1" 500 - "https://fensterundhaus.de/sitemap_index.xml" "Mozilla/5.0 AppleWebKit/537.36 (KHTML, like Gecko; compatible; GPTBot/1.4; +https://openai.com/gptbot)"
74.7.241.49 - - [20/Aug/2026:02:10:22 +0200] "GET /?w=vzp63pufef36569pbubslz HTTP/1.1" 500 - "https://fensterundhaus.de/sitemap_index.xml" "Mozilla/5.0 AppleWebKit/537.36 (KHTML, like Gecko; compatible; GPTBot/1.4; +https://openai.com/gptbot)"
74.7.241.49 - - [20/Aug/2026:02:10:43 +0200] "GET /?o=bndv37vaoer48817xpbaji HTTP/1.1" 500 - "https://fensterundhaus.de/sitemap_index.xml" "Mozilla/5.0 AppleWebKit/537.36 (KHTML, like Gecko; compatible; GPTBot/1.4; +https://openai.com/gptbot)"
74.7.241.49 - - [20/Aug/2026:02:11:03 +0200] "GET /?t=aynd12dym27206ujxgtcwu HTTP/1.1" 500 - "https://fensterundhaus.de/sitemap_index.xml" "Mozilla/5.0 AppleWebKit/537.36 (KHTML, like Gecko; compatible; GPTBot/1.4; +https://openai.com/gptbot)"
74.7.241.49 - - [20/Aug/2026:02:11:23 +0200] "GET /?h=mpy49vnip34455kuossgju HTTP/1.1" 500 - "https://fensterundhaus.de/sitemap_index.xml" "Mozilla/5.0 AppleWebKit/537.36 (KHTML, like Gecko; compatible; GPTBot/1.4; +https://openai.com/gptbot)"
74.7.241.49 - - [20/Aug/2026:02:11:44 +0200] "GET /?x=mmw230msa8324floaxuvpn HTTP/1.1" 500 - "https://fensterundhaus.de/sitemap_index.xml" "Mozilla/5.0 AppleWebKit/537.36 (KHTML, like Gecko; compatible; GPTBot/1.4; +https://openai.com/gptbot)"
74.7.241.49 - - [20/Aug/2026:02:12:05 +0200] "GET /?k=alsxb289lx1963tusjcssn HTTP/1.1" 500 - "https://fensterundhaus.de/sitemap_index.xml" "Mozilla/5.0 AppleWebKit/537.36 (KHTML, like Gecko; compatible; GPTBot/1.4; +https://openai.com/gptbot)"
74.7.241.49 - - [20/Aug/2026:02:12:26 +0200] "GET /?t=tkm84yzcd31518jnkezpnm HTTP/1.1" 500 - "https://fensterundhaus.de/sitemap_index.xml" "Mozilla/5.0 AppleWebKit/537.36 (KHTML, like Gecko; compatible; GPTBot/1.4; +https://openai.com/gptbot)"
74.7.241.49 - - [20/Aug/2026:02:12:48 +0200] "GET /?w=hzmie44h39740itzvkkdok HTTP/1.1" 500 - "https://fensterundhaus.de/sitemap_index.xml" "Mozilla/5.0 AppleWebKit/537.36 (KHTML, like Gecko; compatible; GPTBot/1.4; +https://openai.com/gptbot)"
74.7.241.49 - - [20/Aug/2026:02:13:08 +0200] "GET /?z=mlv27iee35975ffrahvmyo HTTP/1.1" 500 - "https://fensterundhaus.de/sitemap_index.xml" "Mozilla/5.0 AppleWebKit/537.36 (KHTML, like Gecko; compatible; GPTBot/1.4; +https://openai.com/gptbot)"
74.7.241.49 - - [20/Aug/2026:02:13:29 +0200] "GET /?b=qps30qgzxd41672jtpyztble HTTP/1.1" 500 - "https://fensterundhaus.de/sitemap_index.xml" "Mozilla/5.0 AppleWebKit/537.36 (KHTML, like Gecko; compatible; GPTBot/1.4; +https://openai.com/gptbot)"
74.7.241.49 - - [20/Aug/2026:02:13:50 +0200] "GET /?u=rfqb68jvqv10890gmgeizyph HTTP/1.1" 500 - "https://fensterundhaus.de/sitemap_index.xml" "Mozilla/5.0 AppleWebKit/537.36 (KHTML, like Gecko; compatible; GPTBot/1.4; +https://openai.com/gptbot)"
172.239.162.52 - - [20/Aug/2026:02:13:57 +0200] "POST /?rest_route=/batch/v1 HTTP/1.1" 500 - "-" "Mozilla/5.0"
172.239.162.52 - - [20/Aug/2026:02:13:57 +0200] "POST /wp-json/batch/v1 HTTP/1.1" 500 - "-" "Mozilla/5.0"
74.7.241.49 - - [20/Aug/2026:02:14:10 +0200] "GET /?l=urp137chbk9261cemosufjlr HTTP/1.1" 500 - "https://fensterundhaus.de/sitemap_index.xml" "Mozilla/5.0 AppleWebKit/537.36 (KHTML, like Gecko; compatible; GPTBot/1.4; +https://openai.com/gptbot)"
74.7.241.49 - - [20/Aug/2026:02:14:31 +0200] "GET /?x=rdq42bhxo21690atwehgogsu HTTP/1.1" 500 - "https://fensterundhaus.de/sitemap_index.xml" "Mozilla/5.0 AppleWebKit/537.36 (KHTML, like Gecko; compatible; GPTBot/1.4; +https://openai.com/gptbot)"
74.7.241.49 - - [20/Aug/2026:02:14:51 +0200] "GET /?x=mqr290zdhz5128huwtqjjybo HTTP/1.1" 500 - "https://fensterundhaus.de/sitemap_index.xml" "Mozilla/5.0 AppleWebKit/537.36 (KHTML, like Gecko; compatible; GPTBot/1.4; +https://openai.com/gptbot)"
74.7.241.49 - - [20/Aug/2026:02:15:12 +0200] "GET /?g=ytuw95xhuv31069xqomlqyec HTTP/1.1" 500 - "https://fensterundhaus.de/sitemap_index.xml" "Mozilla/5.0 AppleWebKit/537.36 (KHTML, like Gecko; compatible; GPTBot/1.4; +https://openai.com/gptbot)"
74.7.241.49 - - [20/Aug/2026:02:15:33 +0200] "GET /?h=gokd239wo46705rzdfss HTTP/1.1" 500 - "https://fensterundhaus.de/sitemap_index.xml" "Mozilla/5.0 AppleWebKit/537.36 (KHTML, like Gecko; compatible; GPTBot/1.4; +https://openai.com/gptbot)"
74.7.241.49 - - [20/Aug/2026:02:15:53 +0200] "GET /?q=mwed233e47187iuoyjgl HTTP/1.1" 500 - "https://fensterundhaus.de/sitemap_index.xml" "Mozilla/5.0 AppleWebKit/537.36 (KHTML, like Gecko; compatible; GPTBot/1.4; +https://openai.com/gptbot)"
74.7.241.49 - - [20/Aug/2026:02:16:15 +0200] "GET /?x=kilv173wi25219ezcjgu HTTP/1.1" 500 - "https://fensterundhaus.de/sitemap_index.xml" "Mozilla/5.0 AppleWebKit/537.36 (KHTML, like Gecko; compatible; GPTBot/1.4; +https://openai.com/gptbot)"
74.7.241.49 - - [20/Aug/2026:02:16:37 +0200] "GET /?o=cdx127tba47629rwrpny HTTP/1.1" 500 - "https://fensterundhaus.de/sitemap_index.xml" "Mozilla/5.0 AppleWebKit/537.36 (KHTML, like Gecko; compatible; GPTBot/1.4; +https://openai.com/gptbot)"
74.7.241.49 - - [20/Aug/2026:02:16:58 +0200] "GET /?l=utq249s11255xayidhnf HTTP/1.1" 500 - "https://fensterundhaus.de/sitemap_index.xml" "Mozilla/5.0 AppleWebKit/537.36 (KHTML, like Gecko; compatible; GPTBot/1.4; +https://openai.com/gptbot)"
74.7.241.49 - - [20/Aug/2026:02:17:19 +0200] "GET /?e=rle296cl39718xkbshwf HTTP/1.1" 500 - "https://fensterundhaus.de/sitemap_index.xml" "Mozilla/5.0 AppleWebKit/537.36 (KHTML, like Gecko; compatible; GPTBot/1.4; +https://openai.com/gptbot)"
74.7.241.49 - - [20/Aug/2026:02:17:40 +0200] "GET /?i=ltrsc292f10766gwacuz HTTP/1.1" 500 - "https://fensterundhaus.de/sitemap_index.xml" "Mozilla/5.0 AppleWebKit/537.36 (KHTML, like Gecko; compatible; GPTBot/1.4; +https://openai.com/gptbot)"
74.7.241.49 - - [20/Aug/2026:02:18:01 +0200] "GET /?v=tbykz52cdnor34194iadnzuiear HTTP/1.1" 500 - "https://fensterundhaus.de/sitemap_index.xml" "Mozilla/5.0 AppleWebKit/537.36 (KHTML, like Gecko; compatible; GPTBot/1.4; +https://openai.com/gptbot)"
74.7.241.49 - - [20/Aug/2026:02:18:22 +0200] "GET /?w=xehi79ykeer42605ohhuyf HTTP/1.1" 500 - "https://fensterundhaus.de/sitemap_index.xml" "Mozilla/5.0 AppleWebKit/537.36 (KHTML, like Gecko; compatible; GPTBot/1.4; +https://openai.com/gptbot)"
74.7.241.49 - - [20/Aug/2026:02:18:44 +0200] "GET /?j=rigeu79rampj3573yjgxdjgk HTTP/1.1" 500 - "https://fensterundhaus.de/sitemap_index.xml" "Mozilla/5.0 AppleWebKit/537.36 (KHTML, like Gecko; compatible; GPTBot/1.4; +https://openai.com/gptbot)"
74.7.241.49 - - [20/Aug/2026:02:19:05 +0200] "GET /?x=xscpd45nojxr2927ihsnnnjwi HTTP/1.1" 500 - "https://fensterundhaus.de/sitemap_index.xml" "Mozilla/5.0 AppleWebKit/537.36 (KHTML, like Gecko; compatible; GPTBot/1.4; +https://openai.com/gptbot)"
74.7.241.49 - - [20/Aug/2026:02:19:26 +0200] "GET /?u=bkg138fj36872ptwptwkd HTTP/1.1" 500 - "https://fensterundhaus.de/sitemap_index.xml" "Mozilla/5.0 AppleWebKit/537.36 (KHTML, like Gecko; compatible; GPTBot/1.4; +https://openai.com/gptbot)"
74.7.241.49 - - [20/Aug/2026:02:19:46 +0200] "GET /?m=hjnkm264y15976trsmzu HTTP/1.1" 500 - "https://fensterundhaus.de/sitemap_index.xml" "Mozilla/5.0 AppleWebKit/537.36 (KHTML, like Gecko; compatible; GPTBot/1.4; +https://openai.com/gptbot)"
35.171.41.249 - - [20/Aug/2026:02:19:56 +0200] "GET /robots.txt HTTP/1.1" 304 - "-" "Mozilla/5.0 (Macintosh; Intel Mac OS X 10_10_1) AppleWebKit/600.2.5 (KHTML, like Gecko) Version/8.0.2 Safari/600.2.5 (Gort)"
74.7.241.49 - - [20/Aug/2026:02:20:08 +0200] "GET /?r=ibz15tfmsr9331duklfvxoc HTTP/1.1" 500 - "https://fensterundhaus.de/sitemap_index.xml" "Mozilla/5.0 AppleWebKit/537.36 (KHTML, like Gecko; compatible; GPTBot/1.4; +https://openai.com/gptbot)"
74.7.241.49 - - [20/Aug/2026:02:20:30 +0200] "GET /?g=vraf194vmzfx6406qxgnafape HTTP/1.1" 500 - "https://fensterundhaus.de/sitemap_index.xml" "Mozilla/5.0 AppleWebKit/537.36 (KHTML, like Gecko; compatible; GPTBot/1.4; +https://openai.com/gptbot)"
74.7.241.49 - - [20/Aug/2026:02:20:51 +0200] "GET /?x=bhe10xtwdg10120jmctuwyjfe HTTP/1.1" 500 - "https://fensterundhaus.de/sitemap_index.xml" "Mozilla/5.0 AppleWebKit/537.36 (KHTML, like Gecko; compatible; GPTBot/1.4; +https://openai.com/gptbot)"
74.7.241.49 - - [20/Aug/2026:02:21:11 +0200] "GET /?r=jzvcw73lfnv27423fdtkjnfnm HTTP/1.1" 500 - "https://fensterundhaus.de/sitemap_index.xml" "Mozilla/5.0 AppleWebKit/537.36 (KHTML, like Gecko; compatible; GPTBot/1.4; +https://openai.com/gptbot)"
74.7.241.49 - - [20/Aug/2026:02:21:32 +0200] "GET /?l=kfylc10wpq10106jvopnkixep HTTP/1.1" 500 - "https://fensterundhaus.de/sitemap_index.xml" "Mozilla/5.0 AppleWebKit/537.36 (KHTML, like Gecko; compatible; GPTBot/1.4; +https://openai.com/gptbot)"
74.7.241.49 - - [20/Aug/2026:02:21:52 +0200] "GET /?s=cbwv78lhbx17878dxflsmcwzz HTTP/1.1" 500 - "https://fensterundhaus.de/sitemap_index.xml" "Mozilla/5.0 AppleWebKit/537.36 (KHTML, like Gecko; compatible; GPTBot/1.4; +https://openai.com/gptbot)"
74.7.241.49 - - [20/Aug/2026:02:22:12 +0200] "GET /?c=ditei14wtrw44428eainviuyq HTTP/1.1" 500 - "https://fensterundhaus.de/sitemap_index.xml" "Mozilla/5.0 AppleWebKit/537.36 (KHTML, like Gecko; compatible; GPTBot/1.4; +https://openai.com/gptbot)"
74.7.241.49 - - [20/Aug/2026:02:22:33 +0200] "GET /?u=eydzf272teich4566nxtljuzsgj HTTP/1.1" 500 - "https://fensterundhaus.de/sitemap_index.xml" "Mozilla/5.0 AppleWebKit/537.36 (KHTML, like Gecko; compatible; GPTBot/1.4; +https://openai.com/gptbot)"
74.7.241.49 - - [20/Aug/2026:02:22:55 +0200] "GET /?k=hehzq47xnbzp13359lkxgseddmr HTTP/1.1" 500 - "https://fensterundhaus.de/sitemap_index.xml" "Mozilla/5.0 AppleWebKit/537.36 (KHTML, like Gecko; compatible; GPTBot/1.4; +https://openai.com/gptbot)"
74.7.241.49 - - [20/Aug/2026:02:23:15 +0200] "GET /?f=ogjgu164kckt1690mdtwrviyu HTTP/1.1" 500 - "https://fensterundhaus.de/sitemap_index.xml" "Mozilla/5.0 AppleWebKit/537.36 (KHTML, like Gecko; compatible; GPTBot/1.4; +https://openai.com/gptbot)"
74.7.241.49 - - [20/Aug/2026:02:23:36 +0200] "GET /?l=sbmjr26dpax14738sbvwrqbbt HTTP/1.1" 500 - "https://fensterundhaus.de/sitemap_index.xml" "Mozilla/5.0 AppleWebKit/537.36 (KHTML, like Gecko; compatible; GPTBot/1.4; +https://openai.com/gptbot)"
74.7.241.49 - - [20/Aug/2026:02:23:56 +0200] "GET /?a=fopdn43vtmeo5823bwlskcah HTTP/1.1" 500 - "https://fensterundhaus.de/sitemap_index.xml" "Mozilla/5.0 AppleWebKit/537.36 (KHTML, like Gecko; compatible; GPTBot/1.4; +https://openai.com/gptbot)"
74.7.241.49 - - [20/Aug/2026:02:24:17 +0200] "GET /?k=dzal80qsvcl5136oysrtxfbjo HTTP/1.1" 500 - "https://fensterundhaus.de/sitemap_index.xml" "Mozilla/5.0 AppleWebKit/537.36 (KHTML, like Gecko; compatible; GPTBot/1.4; +https://openai.com/gptbot)"
74.7.241.49 - - [20/Aug/2026:02:24:37 +0200] "GET /?d=uibce92gfxc2552hivpkfcpco HTTP/1.1" 500 - "https://fensterundhaus.de/sitemap_index.xml" "Mozilla/5.0 AppleWebKit/537.36 (KHTML, like Gecko; compatible; GPTBot/1.4; +https://openai.com/gptbot)"
74.7.241.49 - - [20/Aug/2026:02:24:57 +0200] "GET /?a=czc26shxtl2722vjtyevtovn HTTP/1.1" 500 - "https://fensterundhaus.de/sitemap_index.xml" "Mozilla/5.0 AppleWebKit/537.36 (KHTML, like Gecko; compatible; GPTBot/1.4; +https://openai.com/gptbot)"
74.7.241.49 - - [20/Aug/2026:02:25:18 +0200] "GET /?e=ujoau8ifem18228ncmrslhjc HTTP/1.1" 500 - "https://fensterundhaus.de/sitemap_index.xml" "Mozilla/5.0 AppleWebKit/537.36 (KHTML, like Gecko; compatible; GPTBot/1.4; +https://openai.com/gptbot)"
74.7.241.49 - - [20/Aug/2026:02:25:44 +0200] "GET /?z=owg59mfeuc8687hgkyhianqy HTTP/1.1" 500 - "https://fensterundhaus.de/sitemap_index.xml" "Mozilla/5.0 AppleWebKit/537.36 (KHTML, like Gecko; compatible; GPTBot/1.4; +https://openai.com/gptbot)"
74.7.241.49 - - [20/Aug/2026:02:26:00 +0200] "GET /?z=gicf76dkohl27656zqupfgxg HTTP/1.1" 500 - "https://fensterundhaus.de/sitemap_index.xml" "Mozilla/5.0 AppleWebKit/537.36 (KHTML, like Gecko; compatible; GPTBot/1.4; +https://openai.com/gptbot)"
74.7.241.49 - - [20/Aug/2026:02:26:21 +0200] "GET /?l=keplh13aih14891quzmyziri HTTP/1.1" 500 - "https://fensterundhaus.de/sitemap_index.xml" "Mozilla/5.0 AppleWebKit/537.36 (KHTML, like Gecko; compatible; GPTBot/1.4; +https://openai.com/gptbot)"
74.7.241.49 - - [20/Aug/2026:02:26:43 +0200] "GET /?n=zts49iqgq42421vevrzjuqjj HTTP/1.1" 500 - "https://fensterundhaus.de/sitemap_index.xml" "Mozilla/5.0 AppleWebKit/537.36 (KHTML, like Gecko; compatible; GPTBot/1.4; +https://openai.com/gptbot)"
74.7.241.49 - - [20/Aug/2026:02:27:03 +0200] "GET /?h=tjqvk11ns12999usiywoyrwa HTTP/1.1" 500 - "https://fensterundhaus.de/sitemap_index.xml" "Mozilla/5.0 AppleWebKit/537.36 (KHTML, like Gecko; compatible; GPTBot/1.4; +https://openai.com/gptbot)"
74.7.241.49 - - [20/Aug/2026:02:27:25 +0200] "GET /?z=fnas52fcw22218iwewyebauc HTTP/1.1" 500 - "https://fensterundhaus.de/sitemap_index.xml" "Mozilla/5.0 AppleWebKit/537.36 (KHTML, like Gecko; compatible; GPTBot/1.4; +https://openai.com/gptbot)"
74.7.241.49 - - [20/Aug/2026:02:27:46 +0200] "GET /?q=gqro222sk35846woqzncj HTTP/1.1" 500 - "https://fensterundhaus.de/sitemap_index.xml" "Mozilla/5.0 AppleWebKit/537.36 (KHTML, like Gecko; compatible; GPTBot/1.4; +https://openai.com/gptbot)"
74.7.241.49 - - [20/Aug/2026:02:28:07 +0200] "GET /?k=cbt136tam10650looogsx HTTP/1.1" 500 - "https://fensterundhaus.de/sitemap_index.xml" "Mozilla/5.0 AppleWebKit/537.36 (KHTML, like Gecko; compatible; GPTBot/1.4; +https://openai.com/gptbot)"
74.7.241.49 - - [20/Aug/2026:02:28:28 +0200] "GET /?w=vyco107hcx11163noyyck HTTP/1.1" 500 - "https://fensterundhaus.de/sitemap_index.xml" "Mozilla/5.0 AppleWebKit/537.36 (KHTML, like Gecko; compatible; GPTBot/1.4; +https://openai.com/gptbot)"
74.7.241.49 - - [20/Aug/2026:02:28:50 +0200] "GET /?n=qxdlc15bqa47727beyueujdlz HTTP/1.1" 500 - "https://fensterundhaus.de/sitemap_index.xml" "Mozilla/5.0 AppleWebKit/537.36 (KHTML, like Gecko; compatible; GPTBot/1.4; +https://openai.com/gptbot)"
45.137.215.48 - - [20/Aug/2026:02:29:03 +0200] "GET / HTTP/1.1" 500 - "https://fensterundhaus.de/" "Mozilla/5.0 (Windows NT 10.0; Win64; x64) AppleWebKit/537.36 (KHTML, like Gecko) Chrome/130.0.0.0 Safari/537.36 CCleaner/130.0.0.0"
74.7.241.49 - - [20/Aug/2026:02:29:11 +0200] "GET /?y=soma93vrq13625jbzyntxzo HTTP/1.1" 500 - "https://fensterundhaus.de/sitemap_index.xml" "Mozilla/5.0 AppleWebKit/537.36 (KHTML, like Gecko; compatible; GPTBot/1.4; +https://openai.com/gptbot)"
74.7.241.49 - - [20/Aug/2026:02:29:31 +0200] "GET /?t=qdofn86jwpg17080dahxkrx HTTP/1.1" 500 - "https://fensterundhaus.de/sitemap_index.xml" "Mozilla/5.0 AppleWebKit/537.36 (KHTML, like Gecko; compatible; GPTBot/1.4; +https://openai.com/gptbot)"
74.7.241.49 - - [20/Aug/2026:02:29:51 +0200] "GET /?j=mdrv59ikqen45817mxejuhc HTTP/1.1" 500 - "https://fensterundhaus.de/sitemap_index.xml" "Mozilla/5.0 AppleWebKit/537.36 (KHTML, like Gecko; compatible; GPTBot/1.4; +https://openai.com/gptbot)"
74.7.241.49 - - [20/Aug/2026:02:30:12 +0200] "GET /?d=xjsre61lzmqt6955upfoyfuzx HTTP/1.1" 500 - "https://fensterundhaus.de/sitemap_index.xml" "Mozilla/5.0 AppleWebKit/537.36 (KHTML, like Gecko; compatible; GPTBot/1.4; +https://openai.com/gptbot)"
74.7.241.49 - - [20/Aug/2026:02:30:34 +0200] "GET /?d=nfwlm106uzqhb172cxphpopdo HTTP/1.1" 500 - "https://fensterundhaus.de/sitemap_index.xml" "Mozilla/5.0 AppleWebKit/537.36 (KHTML, like Gecko; compatible; GPTBot/1.4; +https://openai.com/gptbot)"
74.7.241.49 - - [20/Aug/2026:02:30:55 +0200] "GET /?y=dlqzg91uspeo22991mirkkvc HTTP/1.1" 500 - "https://fensterundhaus.de/sitemap_index.xml" "Mozilla/5.0 AppleWebKit/537.36 (KHTML, like Gecko; compatible; GPTBot/1.4; +https://openai.com/gptbot)"
74.7.241.49 - - [20/Aug/2026:02:31:16 +0200] "GET /?u=xqrd247zsqjh8201crvxbktpg HTTP/1.1" 500 - "https://fensterundhaus.de/sitemap_index.xml" "Mozilla/5.0 AppleWebKit/537.36 (KHTML, like Gecko; compatible; GPTBot/1.4; +https://openai.com/gptbot)"
74.7.241.49 - - [20/Aug/2026:02:31:37 +0200] "GET /?z=okmuo165wil4803acwpvendjh HTTP/1.1" 500 - "https://fensterundhaus.de/sitemap_index.xml" "Mozilla/5.0 AppleWebKit/537.36 (KHTML, like Gecko; compatible; GPTBot/1.4; +https://openai.com/gptbot)"
74.7.241.49 - - [20/Aug/2026:02:31:58 +0200] "GET /?m=pxzut82jwgr14854fkonzdhsy HTTP/1.1" 500 - "https://fensterundhaus.de/sitemap_index.xml" "Mozilla/5.0 AppleWebKit/537.36 (KHTML, like Gecko; compatible; GPTBot/1.4; +https://openai.com/gptbot)"
74.7.241.49 - - [20/Aug/2026:02:32:20 +0200] "GET /?z=blyiu136lgoyb7056gmquzihi HTTP/1.1" 500 - "https://fensterundhaus.de/sitemap_index.xml" "Mozilla/5.0 AppleWebKit/537.36 (KHTML, like Gecko; compatible; GPTBot/1.4; +https://openai.com/gptbot)"
74.7.241.49 - - [20/Aug/2026:02:32:41 +0200] "GET /?o=vele44esem19114fiprheqmnm HTTP/1.1" 500 - "https://fensterundhaus.de/sitemap_index.xml" "Mozilla/5.0 AppleWebKit/537.36 (KHTML, like Gecko; compatible; GPTBot/1.4; +https://openai.com/gptbot)"
74.7.241.49 - - [20/Aug/2026:02:33:03 +0200] "GET /?u=xxke258flye6964vwddeiffje HTTP/1.1" 500 - "https://fensterundhaus.de/sitemap_index.xml" "Mozilla/5.0 AppleWebKit/537.36 (KHTML, like Gecko; compatible; GPTBot/1.4; +https://openai.com/gptbot)"
74.7.241.49 - - [20/Aug/2026:02:33:24 +0200] "GET /?z=thi99cguec49839lsqbcymuil HTTP/1.1" 500 - "https://fensterundhaus.de/sitemap_index.xml" "Mozilla/5.0 AppleWebKit/537.36 (KHTML, like Gecko; compatible; GPTBot/1.4; +https://openai.com/gptbot)"
74.7.241.49 - - [20/Aug/2026:02:33:44 +0200] "GET /?d=gaejo171odyfm6199wqoziqvz HTTP/1.1" 500 - "https://fensterundhaus.de/sitemap_index.xml" "Mozilla/5.0 AppleWebKit/537.36 (KHTML, like Gecko; compatible; GPTBot/1.4; +https://openai.com/gptbot)"
74.7.241.49 - - [20/Aug/2026:02:34:05 +0200] "GET /?c=hgisa26ugmvm25280ptuttssy HTTP/1.1" 500 - "https://fensterundhaus.de/sitemap_index.xml" "Mozilla/5.0 AppleWebKit/537.36 (KHTML, like Gecko; compatible; GPTBot/1.4; +https://openai.com/gptbot)"
74.7.241.49 - - [20/Aug/2026:02:34:26 +0200] "GET /?o=kece297abay3709copubqaoal HTTP/1.1" 500 - "https://fensterundhaus.de/sitemap_index.xml" "Mozilla/5.0 AppleWebKit/537.36 (KHTML, like Gecko; compatible; GPTBot/1.4; +https://openai.com/gptbot)"
74.7.241.49 - - [20/Aug/2026:02:34:48 +0200] "GET /?f=yjpfo11egoum49617metgdfnu HTTP/1.1" 500 - "https://fensterundhaus.de/sitemap_index.xml" "Mozilla/5.0 AppleWebKit/537.36 (KHTML, like Gecko; compatible; GPTBot/1.4; +https://openai.com/gptbot)"
74.7.241.49 - - [20/Aug/2026:02:35:14 +0200] "GET /?z=oene157pkpz3451syzaersfxc HTTP/1.1" 500 - "https://fensterundhaus.de/sitemap_index.xml" "Mozilla/5.0 AppleWebKit/537.36 (KHTML, like Gecko; compatible; GPTBot/1.4; +https://openai.com/gptbot)"
74.7.241.49 - - [20/Aug/2026:02:35:35 +0200] "GET /?j=mqvn64tunm48366nhpxeykewn HTTP/1.1" 500 - "https://fensterundhaus.de/sitemap_index.xml" "Mozilla/5.0 AppleWebKit/537.36 (KHTML, like Gecko; compatible; GPTBot/1.4; +https://openai.com/gptbot)"
74.7.241.49 - - [20/Aug/2026:02:35:59 +0200] "GET /?w=vxqpv205guh405yheseidwzj HTTP/1.1" 500 - "https://fensterundhaus.de/sitemap_index.xml" "Mozilla/5.0 AppleWebKit/537.36 (KHTML, like Gecko; compatible; GPTBot/1.4; +https://openai.com/gptbot)"
74.7.241.49 - - [20/Aug/2026:02:36:17 +0200] "GET /?l=zla80bznsj17254epvcosbdue HTTP/1.1" 500 - "https://fensterundhaus.de/sitemap_index.xml" "Mozilla/5.0 AppleWebKit/537.36 (KHTML, like Gecko; compatible; GPTBot/1.4; +https://openai.com/gptbot)"
74.7.241.49 - - [20/Aug/2026:02:36:40 +0200] "GET /?e=tul44urrkv10936ooynxhkbsm HTTP/1.1" 500 - "https://fensterundhaus.de/sitemap_index.xml" "Mozilla/5.0 AppleWebKit/537.36 (KHTML, like Gecko; compatible; GPTBot/1.4; +https://openai.com/gptbot)"
74.7.241.49 - - [20/Aug/2026:02:37:00 +0200] "GET /?z=anwop87sgvj42059ohvqmofeo HTTP/1.1" 500 - "https://fensterundhaus.de/sitemap_index.xml" "Mozilla/5.0 AppleWebKit/537.36 (KHTML, like Gecko; compatible; GPTBot/1.4; +https://openai.com/gptbot)"
74.7.241.49 - - [20/Aug/2026:02:37:18 +0200] "GET /?l=bachj28usenv16422zkexygrv HTTP/1.1" 500 - "https://fensterundhaus.de/sitemap_index.xml" "Mozilla/5.0 AppleWebKit/537.36 (KHTML, like Gecko; compatible; GPTBot/1.4; +https://openai.com/gptbot)"
74.7.241.49 - - [20/Aug/2026:02:37:41 +0200] "GET /?g=vbosq54trzw30820txsmjbgcd HTTP/1.1" 500 - "https://fensterundhaus.de/sitemap_index.xml" "Mozilla/5.0 AppleWebKit/537.36 (KHTML, like Gecko; compatible; GPTBot/1.4; +https://openai.com/gptbot)"
74.7.241.49 - - [20/Aug/2026:02:38:04 +0200] "GET /?j=ugi2akprx47500teyiqesl HTTP/1.1" 500 - "https://fensterundhaus.de/sitemap_index.xml" "Mozilla/5.0 AppleWebKit/537.36 (KHTML, like Gecko; compatible; GPTBot/1.4; +https://openai.com/gptbot)"
74.7.241.49 - - [20/Aug/2026:02:38:22 +0200] "GET /?s=xytfi7odfs37819ismdycgwn HTTP/1.1" 500 - "https://fensterundhaus.de/sitemap_index.xml" "Mozilla/5.0 AppleWebKit/537.36 (KHTML, like Gecko; compatible; GPTBot/1.4; +https://openai.com/gptbot)"
74.7.241.49 - - [20/Aug/2026:02:38:53 +0200] "GET /?g=phibg75vox5857brtajpfwrc HTTP/1.1" 500 - "https://fensterundhaus.de/sitemap_index.xml" "Mozilla/5.0 AppleWebKit/537.36 (KHTML, like Gecko; compatible; GPTBot/1.4; +https://openai.com/gptbot)"
74.7.241.49 - - [20/Aug/2026:02:39:15 +0200] "GET /?b=oqri254kjn4194rizgmakwaw HTTP/1.1" 500 - "https://fensterundhaus.de/sitemap_index.xml" "Mozilla/5.0 AppleWebKit/537.36 (KHTML, like Gecko; compatible; GPTBot/1.4; +https://openai.com/gptbot)"
74.7.241.49 - - [20/Aug/2026:02:39:34 +0200] "GET /?q=zmzmc13ljlxj9847dezdvknks HTTP/1.1" 500 - "https://fensterundhaus.de/sitemap_index.xml" "Mozilla/5.0 AppleWebKit/537.36 (KHTML, like Gecko; compatible; GPTBot/1.4; +https://openai.com/gptbot)"
74.7.241.49 - - [20/Aug/2026:02:40:08 +0200] "GET /?o=yvj67flghq1673clqgyokzn HTTP/1.1" 500 - "https://fensterundhaus.de/sitemap_index.xml" "Mozilla/5.0 AppleWebKit/537.36 (KHTML, like Gecko; compatible; GPTBot/1.4; +https://openai.com/gptbot)"
74.7.241.49 - - [20/Aug/2026:02:40:26 +0200] "GET /?s=vfnk184gylu4202idofwodnpz HTTP/1.1" 500 - "https://fensterundhaus.de/sitemap_index.xml" "Mozilla/5.0 AppleWebKit/537.36 (KHTML, like Gecko; compatible; GPTBot/1.4; +https://openai.com/gptbot)"
74.7.241.49 - - [20/Aug/2026:02:40:42 +0200] "GET /?t=cgzte45nvhd15379jivduvolz HTTP/1.1" 500 - "https://fensterundhaus.de/sitemap_index.xml" "Mozilla/5.0 AppleWebKit/537.36 (KHTML, like Gecko; compatible; GPTBot/1.4; +https://openai.com/gptbot)"
74.7.241.49 - - [20/Aug/2026:02:40:57 +0200] "GET /?h=yfctr55kihec44169ifsmgqow HTTP/1.1" 500 - "https://fensterundhaus.de/sitemap_index.xml" "Mozilla/5.0 AppleWebKit/537.36 (KHTML, like Gecko; compatible; GPTBot/1.4; +https://openai.com/gptbot)"
20.40.208.6 - - [20/Aug/2026:02:41:03 +0200] "GET /wp-content/plugins/hellopress/wp_filemanager.php HTTP/1.1" 404 5750 "-" "-"
20.40.208.6 - - [20/Aug/2026:02:41:03 +0200] "GET /this_is_a_new_hello_world.php HTTP/1.1" 404 5750 "-" "-"
20.40.208.6 - - [20/Aug/2026:02:41:04 +0200] "GET /doti.php HTTP/1.1" 404 5750 "-" "-"
20.40.208.6 - - [20/Aug/2026:02:41:04 +0200] "GET /ton.php HTTP/1.1" 404 5750 "-" "-"
20.40.208.6 - - [20/Aug/2026:02:41:04 +0200] "GET /nfile.php HTTP/1.1" 404 5750 "-" "-"
20.40.208.6 - - [20/Aug/2026:02:41:04 +0200] "GET /wfile.php HTTP/1.1" 404 5750 "-" "-"
20.40.208.6 - - [20/Aug/2026:02:41:05 +0200] "GET /acp.php HTTP/1.1" 404 5750 "-" "-"
20.40.208.6 - - [20/Aug/2026:02:41:05 +0200] "GET /asas.php HTTP/1.1" 404 5750 "-" "-"
20.40.208.6 - - [20/Aug/2026:02:41:05 +0200] "GET /222.php HTTP/1.1" 404 5750 "-" "-"
20.40.208.6 - - [20/Aug/2026:02:41:05 +0200] "GET /wp-configs.php HTTP/1.1" 404 5750 "-" "-"
20.40.208.6 - - [20/Aug/2026:02:41:05 +0200] "GET /33.php HTTP/1.1" 404 5750 "-" "-"
20.40.208.6 - - [20/Aug/2026:02:41:06 +0200] "GET /555.php HTTP/1.1" 404 5750 "-" "-"
20.40.208.6 - - [20/Aug/2026:02:41:06 +0200] "GET /ppp.php HTTP/1.1" 404 5750 "-" "-"
20.40.208.6 - - [20/Aug/2026:02:41:06 +0200] "GET /file88.php HTTP/1.1" 404 5750 "-" "-"
20.40.208.6 - - [20/Aug/2026:02:41:06 +0200] "GET /file5.php HTTP/1.1" 404 5750 "-" "-"
20.40.208.6 - - [20/Aug/2026:02:41:07 +0200] "GET /ava.php HTTP/1.1" 404 5750 "-" "-"
20.40.208.6 - - [20/Aug/2026:02:41:07 +0200] "GET /403.php HTTP/1.1" 404 5750 "-" "-"
20.40.208.6 - - [20/Aug/2026:02:41:07 +0200] "GET /geck.php HTTP/1.1" 404 5750 "-" "-"
20.40.208.6 - - [20/Aug/2026:02:41:07 +0200] "GET /build.php HTTP/1.1" 404 5750 "-" "-"
20.40.208.6 - - [20/Aug/2026:02:41:08 +0200] "GET /p.php HTTP/1.1" 404 5750 "-" "-"
20.40.208.6 - - [20/Aug/2026:02:41:08 +0200] "GET /cc.php HTTP/1.1" 404 5750 "-" "-"
20.40.208.6 - - [20/Aug/2026:02:41:08 +0200] "GET /v1.php HTTP/1.1" 404 5750 "-" "-"
20.40.208.6 - - [20/Aug/2026:02:41:08 +0200] "GET /0x.php HTTP/1.1" 404 5750 "-" "-"
20.40.208.6 - - [20/Aug/2026:02:41:09 +0200] "GET /class629.php HTTP/1.1" 404 5750 "-" "-"
20.40.208.6 - - [20/Aug/2026:02:41:09 +0200] "GET /file21.php HTTP/1.1" 404 5750 "-" "-"
20.40.208.6 - - [20/Aug/2026:02:41:09 +0200] "GET /yellow.php HTTP/1.1" 404 5750 "-" "-"
20.40.208.6 - - [20/Aug/2026:02:41:09 +0200] "GET /777.php HTTP/1.1" 404 5750 "-" "-"
20.40.208.6 - - [20/Aug/2026:02:41:10 +0200] "GET /030.php HTTP/1.1" 404 5750 "-" "-"
20.40.208.6 - - [20/Aug/2026:02:41:10 +0200] "GET /cfile.php HTTP/1.1" 404 5750 "-" "-"
20.40.208.6 - - [20/Aug/2026:02:41:10 +0200] "GET /aaa.php HTTP/1.1" 404 5750 "-" "-"
20.40.208.6 - - [20/Aug/2026:02:41:10 +0200] "GET /class.php HTTP/1.1" 404 5750 "-" "-"
20.40.208.6 - - [20/Aug/2026:02:41:11 +0200] "GET /vee.php HTTP/1.1" 404 5750 "-" "-"
20.40.208.6 - - [20/Aug/2026:02:41:11 +0200] "GET /ws33.php HTTP/1.1" 404 5750 "-" "-"
20.40.208.6 - - [20/Aug/2026:02:41:11 +0200] "GET /menu.php HTTP/1.1" 404 5750 "-" "-"
20.40.208.6 - - [20/Aug/2026:02:41:11 +0200] "GET /1.php HTTP/1.1" 404 5750 "-" "-"
20.40.208.6 - - [20/Aug/2026:02:41:12 +0200] "GET /aa.php HTTP/1.1" 404 5750 "-" "-"
20.40.208.6 - - [20/Aug/2026:02:41:12 +0200] "GET /bolt.php HTTP/1.1" 404 5750 "-" "-"
20.40.208.6 - - [20/Aug/2026:02:41:12 +0200] "GET /v2.php HTTP/1.1" 404 5750 "-" "-"
