47.86.33.52 - - [20/Aug/2026:00:42:26 +0200] "GET /wp-login.php HTTP/1.1" 500 - "-" "Mozilla/5.0 (Windows NT 10.0; Win64; x64) AppleWebKit/537.36 (KHTML, like Gecko) Chrome/149.0.0.0 Safari/537.36"
74.7.241.49 - - [20/Aug/2026:00:42:36 +0200] "GET /?z=stj3ibyph1575xkgdwvp HTTP/1.1" 500 - "https://fensterundhaus.de/sitemap_index.xml" "Mozilla/5.0 AppleWebKit/537.36 (KHTML, like Gecko; compatible; GPTBot/1.4; +https://openai.com/gptbot)"
74.7.241.49 - - [20/Aug/2026:00:42:58 +0200] "GET /?i=div290s10010deimpt HTTP/1.1" 500 - "https://fensterundhaus.de/sitemap_index.xml" "Mozilla/5.0 AppleWebKit/537.36 (KHTML, like Gecko; compatible; GPTBot/1.4; +https://openai.com/gptbot)"
74.7.241.49 - - [20/Aug/2026:00:43:19 +0200] "GET /?o=sxm180k42084hbwkkn HTTP/1.1" 500 - "https://fensterundhaus.de/sitemap_index.xml" "Mozilla/5.0 AppleWebKit/537.36 (KHTML, like Gecko; compatible; GPTBot/1.4; +https://openai.com/gptbot)"
103.133.216.219 - - [20/Aug/2026:00:43:24 +0200] "GET /wp-login.php HTTP/1.1" 500 - "-" "Mozilla/5.0 (Windows NT 10.0; Win64; x64) AppleWebKit/537.36 (KHTML, like Gecko) Chrome/149.0.0.0 Safari/537.36"
74.7.241.49 - - [20/Aug/2026:00:43:39 +0200] "GET /?c=szm206f32200erychv HTTP/1.1" 500 - "https://fensterundhaus.de/sitemap_index.xml" "Mozilla/5.0 AppleWebKit/537.36 (KHTML, like Gecko; compatible; GPTBot/1.4; +https://openai.com/gptbot)"
74.7.241.49 - - [20/Aug/2026:00:44:01 +0200] "GET /?e=vmt128m46782jstlxd HTTP/1.1" 500 - "https://fensterundhaus.de/sitemap_index.xml" "Mozilla/5.0 AppleWebKit/537.36 (KHTML, like Gecko; compatible; GPTBot/1.4; +https://openai.com/gptbot)"
74.7.241.49 - - [20/Aug/2026:00:44:21 +0200] "GET /?m=yln272p11296wmgblb HTTP/1.1" 500 - "https://fensterundhaus.de/sitemap_index.xml" "Mozilla/5.0 AppleWebKit/537.36 (KHTML, like Gecko; compatible; GPTBot/1.4; +https://openai.com/gptbot)"
66.116.199.98 - - [20/Aug/2026:00:44:26 +0200] "GET /wp-login.php HTTP/1.1" 500 - "-" "Mozilla/5.0 (Windows NT 10.0; Win64; x64) AppleWebKit/537.36 (KHTML, like Gecko) Chrome/149.0.0.0 Safari/537.36"
66.116.199.98 - - [20/Aug/2026:00:44:29 +0200] "GET /wp-login.php HTTP/1.1" 500 - "-" "Mozilla/5.0 (Windows NT 10.0; Win64; x64) AppleWebKit/537.36 (KHTML, like Gecko) Chrome/149.0.0.0 Safari/537.36"
74.7.241.49 - - [20/Aug/2026:00:44:42 +0200] "GET /?o=efi203y19943lvgwem HTTP/1.1" 500 - "https://fensterundhaus.de/sitemap_index.xml" "Mozilla/5.0 AppleWebKit/537.36 (KHTML, like Gecko; compatible; GPTBot/1.4; +https://openai.com/gptbot)"
74.7.241.49 - - [20/Aug/2026:00:45:04 +0200] "GET /?s=xzruy65wsg1905khfael HTTP/1.1" 500 - "https://fensterundhaus.de/sitemap_index.xml" "Mozilla/5.0 AppleWebKit/537.36 (KHTML, like Gecko; compatible; GPTBot/1.4; +https://openai.com/gptbot)"
74.7.241.49 - - [20/Aug/2026:00:45:25 +0200] "GET /?u=prqah24e7350ukdfizgx HTTP/1.1" 500 - "https://fensterundhaus.de/sitemap_index.xml" "Mozilla/5.0 AppleWebKit/537.36 (KHTML, like Gecko; compatible; GPTBot/1.4; +https://openai.com/gptbot)"
66.116.199.98 - - [20/Aug/2026:00:45:28 +0200] "GET /wp-login.php HTTP/1.1" 500 - "-" "Mozilla/5.0 (Windows NT 10.0; Win64; x64) AppleWebKit/537.36 (KHTML, like Gecko) Chrome/149.0.0.0 Safari/537.36"
66.116.199.98 - - [20/Aug/2026:00:45:34 +0200] "GET /wp-login.php HTTP/1.1" 500 - "-" "Mozilla/5.0 (Windows NT 10.0; Win64; x64) AppleWebKit/537.36 (KHTML, like Gecko) Chrome/149.0.0.0 Safari/537.36"
74.7.241.49 - - [20/Aug/2026:00:45:46 +0200] "GET /?r=jyv8z39280tgqceuskxk HTTP/1.1" 500 - "https://fensterundhaus.de/sitemap_index.xml" "Mozilla/5.0 AppleWebKit/537.36 (KHTML, like Gecko; compatible; GPTBot/1.4; +https://openai.com/gptbot)"
74.7.241.49 - - [20/Aug/2026:00:46:06 +0200] "GET /?z=ufl269l24141nnckjhphfn HTTP/1.1" 500 - "https://fensterundhaus.de/sitemap_index.xml" "Mozilla/5.0 AppleWebKit/537.36 (KHTML, like Gecko; compatible; GPTBot/1.4; +https://openai.com/gptbot)"
74.7.241.49 - - [20/Aug/2026:00:46:27 +0200] "GET /?v=grp188fm15930kwybsa HTTP/1.1" 500 - "https://fensterundhaus.de/sitemap_index.xml" "Mozilla/5.0 AppleWebKit/537.36 (KHTML, like Gecko; compatible; GPTBot/1.4; +https://openai.com/gptbot)"
74.7.241.49 - - [20/Aug/2026:00:46:47 +0200] "GET /?g=bey268ik40750lavqov HTTP/1.1" 500 - "https://fensterundhaus.de/sitemap_index.xml" "Mozilla/5.0 AppleWebKit/537.36 (KHTML, like Gecko; compatible; GPTBot/1.4; +https://openai.com/gptbot)"
74.7.241.49 - - [20/Aug/2026:00:47:08 +0200] "GET /?u=aky183x13409jtzpovr HTTP/1.1" 500 - "https://fensterundhaus.de/sitemap_index.xml" "Mozilla/5.0 AppleWebKit/537.36 (KHTML, like Gecko; compatible; GPTBot/1.4; +https://openai.com/gptbot)"
74.7.241.49 - - [20/Aug/2026:00:47:29 +0200] "GET /?j=ngqi268s29474eozukg HTTP/1.1" 500 - "https://fensterundhaus.de/sitemap_index.xml" "Mozilla/5.0 AppleWebKit/537.36 (KHTML, like Gecko; compatible; GPTBot/1.4; +https://openai.com/gptbot)"
74.7.241.49 - - [20/Aug/2026:00:47:50 +0200] "GET /?z=par277i35539ufwdkcx HTTP/1.1" 500 - "https://fensterundhaus.de/sitemap_index.xml" "Mozilla/5.0 AppleWebKit/537.36 (KHTML, like Gecko; compatible; GPTBot/1.4; +https://openai.com/gptbot)"
74.7.241.49 - - [20/Aug/2026:00:48:12 +0200] "GET /?q=veq260cs45158ajcxlw HTTP/1.1" 500 - "https://fensterundhaus.de/sitemap_index.xml" "Mozilla/5.0 AppleWebKit/537.36 (KHTML, like Gecko; compatible; GPTBot/1.4; +https://openai.com/gptbot)"
74.7.241.49 - - [20/Aug/2026:00:48:34 +0200] "GET /?i=jlf143us12509labscz HTTP/1.1" 500 - "https://fensterundhaus.de/sitemap_index.xml" "Mozilla/5.0 AppleWebKit/537.36 (KHTML, like Gecko; compatible; GPTBot/1.4; +https://openai.com/gptbot)"
74.7.241.49 - - [20/Aug/2026:00:48:54 +0200] "GET /?s=emr296l13850bvnsekv HTTP/1.1" 500 - "https://fensterundhaus.de/sitemap_index.xml" "Mozilla/5.0 AppleWebKit/537.36 (KHTML, like Gecko; compatible; GPTBot/1.4; +https://openai.com/gptbot)"
74.7.241.49 - - [20/Aug/2026:00:49:14 +0200] "GET /?n=igb197d29883flirsxh HTTP/1.1" 500 - "https://fensterundhaus.de/sitemap_index.xml" "Mozilla/5.0 AppleWebKit/537.36 (KHTML, like Gecko; compatible; GPTBot/1.4; +https://openai.com/gptbot)"
74.7.241.49 - - [20/Aug/2026:00:49:35 +0200] "GET /?z=uqx256o32086qvfrsbt HTTP/1.1" 500 - "https://fensterundhaus.de/sitemap_index.xml" "Mozilla/5.0 AppleWebKit/537.36 (KHTML, like Gecko; compatible; GPTBot/1.4; +https://openai.com/gptbot)"
74.7.241.49 - - [20/Aug/2026:00:49:56 +0200] "GET /?l=xvc109qd22693ywnumn HTTP/1.1" 500 - "https://fensterundhaus.de/sitemap_index.xml" "Mozilla/5.0 AppleWebKit/537.36 (KHTML, like Gecko; compatible; GPTBot/1.4; +https://openai.com/gptbot)"
74.7.241.49 - - [20/Aug/2026:00:50:17 +0200] "GET /?j=rul263a26327wiapana HTTP/1.1" 500 - "https://fensterundhaus.de/sitemap_index.xml" "Mozilla/5.0 AppleWebKit/537.36 (KHTML, like Gecko; compatible; GPTBot/1.4; +https://openai.com/gptbot)"
74.7.241.49 - - [20/Aug/2026:00:50:37 +0200] "GET /?r=xqezw142zv704kdeghaj HTTP/1.1" 500 - "https://fensterundhaus.de/sitemap_index.xml" "Mozilla/5.0 AppleWebKit/537.36 (KHTML, like Gecko; compatible; GPTBot/1.4; +https://openai.com/gptbot)"
74.7.241.49 - - [20/Aug/2026:00:50:58 +0200] "GET /?z=cghv46zuro6488ndpdnri HTTP/1.1" 500 - "https://fensterundhaus.de/sitemap_index.xml" "Mozilla/5.0 AppleWebKit/537.36 (KHTML, like Gecko; compatible; GPTBot/1.4; +https://openai.com/gptbot)"
74.7.241.49 - - [20/Aug/2026:00:51:19 +0200] "GET /?s=yqwg7lc43377sfufqvpcu HTTP/1.1" 500 - "https://fensterundhaus.de/sitemap_index.xml" "Mozilla/5.0 AppleWebKit/537.36 (KHTML, like Gecko; compatible; GPTBot/1.4; +https://openai.com/gptbot)"
74.7.241.49 - - [20/Aug/2026:00:51:39 +0200] "GET /?h=vgxqa255vm577zuclazca HTTP/1.1" 500 - "https://fensterundhaus.de/sitemap_index.xml" "Mozilla/5.0 AppleWebKit/537.36 (KHTML, like Gecko; compatible; GPTBot/1.4; +https://openai.com/gptbot)"
74.7.241.49 - - [20/Aug/2026:00:51:59 +0200] "GET /?w=lie81ns8715tugskbuidv HTTP/1.1" 500 - "https://fensterundhaus.de/sitemap_index.xml" "Mozilla/5.0 AppleWebKit/537.36 (KHTML, like Gecko; compatible; GPTBot/1.4; +https://openai.com/gptbot)"
74.7.241.49 - - [20/Aug/2026:00:52:21 +0200] "GET /?a=fcm247mj101gbyrmptxim HTTP/1.1" 500 - "https://fensterundhaus.de/sitemap_index.xml" "Mozilla/5.0 AppleWebKit/537.36 (KHTML, like Gecko; compatible; GPTBot/1.4; +https://openai.com/gptbot)"
74.7.241.49 - - [20/Aug/2026:00:52:42 +0200] "GET /?e=ywnxt9xe13753gtnlzlfm HTTP/1.1" 500 - "https://fensterundhaus.de/sitemap_index.xml" "Mozilla/5.0 AppleWebKit/537.36 (KHTML, like Gecko; compatible; GPTBot/1.4; +https://openai.com/gptbot)"
74.7.241.49 - - [20/Aug/2026:00:53:04 +0200] "GET /?j=uooyu5vv25287hmuqbwad HTTP/1.1" 500 - "https://fensterundhaus.de/sitemap_index.xml" "Mozilla/5.0 AppleWebKit/537.36 (KHTML, like Gecko; compatible; GPTBot/1.4; +https://openai.com/gptbot)"
74.7.241.49 - - [20/Aug/2026:00:53:25 +0200] "GET /?r=frf4yvh19828gcioowqby HTTP/1.1" 500 - "https://fensterundhaus.de/sitemap_index.xml" "Mozilla/5.0 AppleWebKit/537.36 (KHTML, like Gecko; compatible; GPTBot/1.4; +https://openai.com/gptbot)"
74.7.241.49 - - [20/Aug/2026:00:53:47 +0200] "GET /?n=rbl2rb16046sesvbksdly HTTP/1.1" 500 - "https://fensterundhaus.de/sitemap_index.xml" "Mozilla/5.0 AppleWebKit/537.36 (KHTML, like Gecko; compatible; GPTBot/1.4; +https://openai.com/gptbot)"
74.7.241.49 - - [20/Aug/2026:00:54:07 +0200] "GET /?v=suvrk97cmh4121nczmawm HTTP/1.1" 500 - "https://fensterundhaus.de/sitemap_index.xml" "Mozilla/5.0 AppleWebKit/537.36 (KHTML, like Gecko; compatible; GPTBot/1.4; +https://openai.com/gptbot)"
74.7.241.49 - - [20/Aug/2026:00:54:27 +0200] "GET /?i=flnps38rg6816indqwrvy HTTP/1.1" 500 - "https://fensterundhaus.de/sitemap_index.xml" "Mozilla/5.0 AppleWebKit/537.36 (KHTML, like Gecko; compatible; GPTBot/1.4; +https://openai.com/gptbot)"
74.7.241.49 - - [20/Aug/2026:00:54:48 +0200] "GET /?v=loli64gjn9366verldivf HTTP/1.1" 500 - "https://fensterundhaus.de/sitemap_index.xml" "Mozilla/5.0 AppleWebKit/537.36 (KHTML, like Gecko; compatible; GPTBot/1.4; +https://openai.com/gptbot)"
74.7.241.49 - - [20/Aug/2026:00:55:09 +0200] "GET /?q=qgov97t7969pvvdpjgupi HTTP/1.1" 500 - "https://fensterundhaus.de/sitemap_index.xml" "Mozilla/5.0 AppleWebKit/537.36 (KHTML, like Gecko; compatible; GPTBot/1.4; +https://openai.com/gptbot)"
74.7.241.49 - - [20/Aug/2026:00:55:31 +0200] "GET /?u=vmtg8ry18334khefehazr HTTP/1.1" 500 - "https://fensterundhaus.de/sitemap_index.xml" "Mozilla/5.0 AppleWebKit/537.36 (KHTML, like Gecko; compatible; GPTBot/1.4; +https://openai.com/gptbot)"
20.237.250.71 - - [20/Aug/2026:00:55:39 +0200] "GET /wp-login.php HTTP/1.1" 500 - "-" "Mozilla/5.0 (Windows NT 10.0; Win64; x64) AppleWebKit/537.36 (KHTML, like Gecko) Chrome/149.0.0.0 Safari/537.36"
20.237.250.71 - - [20/Aug/2026:00:55:40 +0200] "GET /wp-login.php HTTP/1.1" 500 - "-" "Mozilla/5.0 (Windows NT 10.0; Win64; x64) AppleWebKit/537.36 (KHTML, like Gecko) Chrome/149.0.0.0 Safari/537.36"
74.7.241.49 - - [20/Aug/2026:00:55:51 +0200] "GET /?g=gmpf169jk965qvmdvmxpt HTTP/1.1" 500 - "https://fensterundhaus.de/sitemap_index.xml" "Mozilla/5.0 AppleWebKit/537.36 (KHTML, like Gecko; compatible; GPTBot/1.4; +https://openai.com/gptbot)"
74.7.241.49 - - [20/Aug/2026:00:56:11 +0200] "GET /?n=gjv5he25757wbphwtdsjl HTTP/1.1" 500 - "https://fensterundhaus.de/sitemap_index.xml" "Mozilla/5.0 AppleWebKit/537.36 (KHTML, like Gecko; compatible; GPTBot/1.4; +https://openai.com/gptbot)"
74.7.241.49 - - [20/Aug/2026:00:56:31 +0200] "GET /?f=cwx18cyjo2772kszkmsaw HTTP/1.1" 500 - "https://fensterundhaus.de/sitemap_index.xml" "Mozilla/5.0 AppleWebKit/537.36 (KHTML, like Gecko; compatible; GPTBot/1.4; +https://openai.com/gptbot)"
74.7.241.49 - - [20/Aug/2026:00:56:52 +0200] "GET /?f=kjkd211knd235fuzayzkk HTTP/1.1" 500 - "https://fensterundhaus.de/sitemap_index.xml" "Mozilla/5.0 AppleWebKit/537.36 (KHTML, like Gecko; compatible; GPTBot/1.4; +https://openai.com/gptbot)"
74.7.241.49 - - [20/Aug/2026:00:57:13 +0200] "GET /?j=iaw25fwt5303nuohiesuc HTTP/1.1" 500 - "https://fensterundhaus.de/sitemap_index.xml" "Mozilla/5.0 AppleWebKit/537.36 (KHTML, like Gecko; compatible; GPTBot/1.4; +https://openai.com/gptbot)"
74.7.241.49 - - [20/Aug/2026:00:57:33 +0200] "GET /?n=ydh6qwy47624euflllezy HTTP/1.1" 500 - "https://fensterundhaus.de/sitemap_index.xml" "Mozilla/5.0 AppleWebKit/537.36 (KHTML, like Gecko; compatible; GPTBot/1.4; +https://openai.com/gptbot)"
74.7.241.49 - - [20/Aug/2026:00:57:53 +0200] "GET /?v=gdih40qu8650ewqpppvlx HTTP/1.1" 500 - "https://fensterundhaus.de/sitemap_index.xml" "Mozilla/5.0 AppleWebKit/537.36 (KHTML, like Gecko; compatible; GPTBot/1.4; +https://openai.com/gptbot)"
74.7.241.49 - - [20/Aug/2026:00:58:15 +0200] "GET /?v=gdih92qu8598ewqpppvlx HTTP/1.1" 500 - "https://fensterundhaus.de/sitemap_index.xml" "Mozilla/5.0 AppleWebKit/537.36 (KHTML, like Gecko; compatible; GPTBot/1.4; +https://openai.com/gptbot)"
74.7.241.49 - - [20/Aug/2026:00:58:37 +0200] "GET /?h=udtle7a6791tjaxylupnf HTTP/1.1" 500 - "https://fensterundhaus.de/sitemap_index.xml" "Mozilla/5.0 AppleWebKit/537.36 (KHTML, like Gecko; compatible; GPTBot/1.4; +https://openai.com/gptbot)"
74.7.241.49 - - [20/Aug/2026:00:58:58 +0200] "GET /?n=gyod67ju961wxjbftkfwx HTTP/1.1" 500 - "https://fensterundhaus.de/sitemap_index.xml" "Mozilla/5.0 AppleWebKit/537.36 (KHTML, like Gecko; compatible; GPTBot/1.4; +https://openai.com/gptbot)"
74.7.241.49 - - [20/Aug/2026:00:59:20 +0200] "GET /?a=hkf36ehhi504hhspioysf HTTP/1.1" 500 - "https://fensterundhaus.de/sitemap_index.xml" "Mozilla/5.0 AppleWebKit/537.36 (KHTML, like Gecko; compatible; GPTBot/1.4; +https://openai.com/gptbot)"
74.7.241.49 - - [20/Aug/2026:00:59:41 +0200] "GET /?i=hhb84wtshv4444hvjdxcs HTTP/1.1" 500 - "https://fensterundhaus.de/sitemap_index.xml" "Mozilla/5.0 AppleWebKit/537.36 (KHTML, like Gecko; compatible; GPTBot/1.4; +https://openai.com/gptbot)"
74.7.241.49 - - [20/Aug/2026:01:00:02 +0200] "GET /?x=eil50y17006jkfmtuuudi HTTP/1.1" 500 - "https://fensterundhaus.de/sitemap_index.xml" "Mozilla/5.0 AppleWebKit/537.36 (KHTML, like Gecko; compatible; GPTBot/1.4; +https://openai.com/gptbot)"
74.7.241.49 - - [20/Aug/2026:01:00:24 +0200] "GET /?l=yoj202powkb5558kndraz HTTP/1.1" 500 - "https://fensterundhaus.de/sitemap_index.xml" "Mozilla/5.0 AppleWebKit/537.36 (KHTML, like Gecko; compatible; GPTBot/1.4; +https://openai.com/gptbot)"
74.7.241.49 - - [20/Aug/2026:01:00:45 +0200] "GET /?b=xxx266xxq5008tdavhlpy HTTP/1.1" 500 - "https://fensterundhaus.de/sitemap_index.xml" "Mozilla/5.0 AppleWebKit/537.36 (KHTML, like Gecko; compatible; GPTBot/1.4; +https://openai.com/gptbot)"
162.240.150.172 - - [20/Aug/2026:01:00:52 +0200] "GET /wp-login.php HTTP/1.1" 500 - "-" "Mozilla/5.0 (Windows NT 10.0; Win64; x64) AppleWebKit/537.36 (KHTML, like Gecko) Chrome/149.0.0.0 Safari/537.36"
162.240.150.172 - - [20/Aug/2026:01:00:53 +0200] "GET /wp-login.php HTTP/1.1" 500 - "-" "Mozilla/5.0 (Windows NT 10.0; Win64; x64) AppleWebKit/537.36 (KHTML, like Gecko) Chrome/149.0.0.0 Safari/537.36"
74.7.241.49 - - [20/Aug/2026:01:01:06 +0200] "GET /?w=aid232jx8884fweaetlfr HTTP/1.1" 500 - "https://fensterundhaus.de/sitemap_index.xml" "Mozilla/5.0 AppleWebKit/537.36 (KHTML, like Gecko; compatible; GPTBot/1.4; +https://openai.com/gptbot)"
74.7.241.49 - - [20/Aug/2026:01:01:28 +0200] "GET /?c=pbyxe47m45551vixtkxff HTTP/1.1" 500 - "https://fensterundhaus.de/sitemap_index.xml" "Mozilla/5.0 AppleWebKit/537.36 (KHTML, like Gecko; compatible; GPTBot/1.4; +https://openai.com/gptbot)"
74.7.241.49 - - [20/Aug/2026:01:01:49 +0200] "GET /?m=bpo74nbxe36532ldipivlioe HTTP/1.1" 500 - "https://fensterundhaus.de/sitemap_index.xml" "Mozilla/5.0 AppleWebKit/537.36 (KHTML, like Gecko; compatible; GPTBot/1.4; +https://openai.com/gptbot)"
74.7.241.49 - - [20/Aug/2026:01:02:11 +0200] "GET /?k=qwwtn180ggf38634bwjioej HTTP/1.1" 500 - "https://fensterundhaus.de/sitemap_index.xml" "Mozilla/5.0 AppleWebKit/537.36 (KHTML, like Gecko; compatible; GPTBot/1.4; +https://openai.com/gptbot)"
74.7.241.49 - - [20/Aug/2026:01:02:33 +0200] "GET /?n=kpkjn251x6747wfjizmcc HTTP/1.1" 500 - "https://fensterundhaus.de/sitemap_index.xml" "Mozilla/5.0 AppleWebKit/537.36 (KHTML, like Gecko; compatible; GPTBot/1.4; +https://openai.com/gptbot)"
74.7.241.49 - - [20/Aug/2026:01:02:53 +0200] "GET /?c=iphp27rz36389pfnitnju HTTP/1.1" 500 - "https://fensterundhaus.de/sitemap_index.xml" "Mozilla/5.0 AppleWebKit/537.36 (KHTML, like Gecko; compatible; GPTBot/1.4; +https://openai.com/gptbot)"
74.7.241.49 - - [20/Aug/2026:01:03:14 +0200] "GET /?q=cluh43x18455zhpolpfux HTTP/1.1" 500 - "https://fensterundhaus.de/sitemap_index.xml" "Mozilla/5.0 AppleWebKit/537.36 (KHTML, like Gecko; compatible; GPTBot/1.4; +https://openai.com/gptbot)"
74.7.241.49 - - [20/Aug/2026:01:03:35 +0200] "GET /?y=tltqo32s13028oxypeqxa HTTP/1.1" 500 - "https://fensterundhaus.de/sitemap_index.xml" "Mozilla/5.0 AppleWebKit/537.36 (KHTML, like Gecko; compatible; GPTBot/1.4; +https://openai.com/gptbot)"
74.7.241.49 - - [20/Aug/2026:01:03:56 +0200] "GET /?j=jsvba61aok49601ihrhug HTTP/1.1" 500 - "https://fensterundhaus.de/sitemap_index.xml" "Mozilla/5.0 AppleWebKit/537.36 (KHTML, like Gecko; compatible; GPTBot/1.4; +https://openai.com/gptbot)"
74.7.241.49 - - [20/Aug/2026:01:04:16 +0200] "GET /?b=zjo53cp13217wbzuzaany HTTP/1.1" 500 - "https://fensterundhaus.de/sitemap_index.xml" "Mozilla/5.0 AppleWebKit/537.36 (KHTML, like Gecko; compatible; GPTBot/1.4; +https://openai.com/gptbot)"
74.7.241.49 - - [20/Aug/2026:01:04:37 +0200] "GET /?y=vteqc96iy32884hckzkqr HTTP/1.1" 500 - "https://fensterundhaus.de/sitemap_index.xml" "Mozilla/5.0 AppleWebKit/537.36 (KHTML, like Gecko; compatible; GPTBot/1.4; +https://openai.com/gptbot)"
74.7.241.49 - - [20/Aug/2026:01:04:57 +0200] "GET /?d=ztt80hhog41548fbnsmzb HTTP/1.1" 500 - "https://fensterundhaus.de/sitemap_index.xml" "Mozilla/5.0 AppleWebKit/537.36 (KHTML, like Gecko; compatible; GPTBot/1.4; +https://openai.com/gptbot)"
74.7.241.49 - - [20/Aug/2026:01:05:17 +0200] "GET /?t=iewm74smzh19464enbrxx HTTP/1.1" 500 - "https://fensterundhaus.de/sitemap_index.xml" "Mozilla/5.0 AppleWebKit/537.36 (KHTML, like Gecko; compatible; GPTBot/1.4; +https://openai.com/gptbot)"
74.7.241.49 - - [20/Aug/2026:01:05:38 +0200] "GET /?x=itvsm38hs47314eyxfgvu HTTP/1.1" 500 - "https://fensterundhaus.de/sitemap_index.xml" "Mozilla/5.0 AppleWebKit/537.36 (KHTML, like Gecko; compatible; GPTBot/1.4; +https://openai.com/gptbot)"
74.7.241.49 - - [20/Aug/2026:01:06:00 +0200] "GET /?r=jznqw168k9846mzfxfwyl HTTP/1.1" 500 - "https://fensterundhaus.de/sitemap_index.xml" "Mozilla/5.0 AppleWebKit/537.36 (KHTML, like Gecko; compatible; GPTBot/1.4; +https://openai.com/gptbot)"
69.30.231.90 - - [20/Aug/2026:01:06:06 +0200] "GET /wp-login.php HTTP/1.1" 500 - "-" "Mozilla/5.0 (Windows NT 10.0; Win64; x64) AppleWebKit/537.36 (KHTML, like Gecko) Chrome/149.0.0.0 Safari/537.36"
69.30.231.90 - - [20/Aug/2026:01:06:08 +0200] "GET /wp-login.php HTTP/1.1" 500 - "-" "Mozilla/5.0 (Windows NT 10.0; Win64; x64) AppleWebKit/537.36 (KHTML, like Gecko) Chrome/149.0.0.0 Safari/537.36"
74.7.241.49 - - [20/Aug/2026:01:06:22 +0200] "GET /?v=iddp207aa9669souczpud HTTP/1.1" 500 - "https://fensterundhaus.de/sitemap_index.xml" "Mozilla/5.0 AppleWebKit/537.36 (KHTML, like Gecko; compatible; GPTBot/1.4; +https://openai.com/gptbot)"
74.7.241.49 - - [20/Aug/2026:01:06:42 +0200] "GET /?c=hmj54bjpp25054kddrczk HTTP/1.1" 500 - "https://fensterundhaus.de/sitemap_index.xml" "Mozilla/5.0 AppleWebKit/537.36 (KHTML, like Gecko; compatible; GPTBot/1.4; +https://openai.com/gptbot)"
89.185.225.24 - - [20/Aug/2026:01:07:09 +0200] "GET /wp-login.php HTTP/1.1" 500 - "-" "Mozilla/5.0 (Windows NT 10.0; Win64; x64) AppleWebKit/537.36 (KHTML, like Gecko) Chrome/149.0.0.0 Safari/537.36"
89.185.225.24 - - [20/Aug/2026:01:07:10 +0200] "GET /wp-login.php HTTP/1.1" 500 - "-" "Mozilla/5.0 (Windows NT 10.0; Win64; x64) AppleWebKit/537.36 (KHTML, like Gecko) Chrome/149.0.0.0 Safari/537.36"
74.7.241.49 - - [20/Aug/2026:01:07:02 +0200] "GET /?j=wyqmq173cjl3287lsldor HTTP/1.1" 500 - "https://fensterundhaus.de/sitemap_index.xml" "Mozilla/5.0 AppleWebKit/537.36 (KHTML, like Gecko; compatible; GPTBot/1.4; +https://openai.com/gptbot)"
74.7.241.49 - - [20/Aug/2026:01:07:23 +0200] "GET /?t=cdwrg229vuw4993zuejnj HTTP/1.1" 500 - "https://fensterundhaus.de/sitemap_index.xml" "Mozilla/5.0 AppleWebKit/537.36 (KHTML, like Gecko; compatible; GPTBot/1.4; +https://openai.com/gptbot)"
74.7.241.49 - - [20/Aug/2026:01:07:44 +0200] "GET /?a=qqhyz29zfd34335notqaw HTTP/1.1" 500 - "https://fensterundhaus.de/sitemap_index.xml" "Mozilla/5.0 AppleWebKit/537.36 (KHTML, like Gecko; compatible; GPTBot/1.4; +https://openai.com/gptbot)"
74.7.241.49 - - [20/Aug/2026:01:08:05 +0200] "GET /?t=ffxy30obxb14226lnlpyo HTTP/1.1" 500 - "https://fensterundhaus.de/sitemap_index.xml" "Mozilla/5.0 AppleWebKit/537.36 (KHTML, like Gecko; compatible; GPTBot/1.4; +https://openai.com/gptbot)"
196.245.53.229 - - [20/Aug/2026:01:08:15 +0200] "GET /wp-login.php HTTP/1.1" 500 - "-" "Mozilla/5.0 (Windows NT 10.0; Win64; x64) AppleWebKit/537.36 (KHTML, like Gecko) Chrome/149.0.0.0 Safari/537.36"
196.245.53.229 - - [20/Aug/2026:01:08:16 +0200] "GET /wp-login.php HTTP/1.1" 500 - "-" "Mozilla/5.0 (Windows NT 10.0; Win64; x64) AppleWebKit/537.36 (KHTML, like Gecko) Chrome/149.0.0.0 Safari/537.36"
74.7.241.49 - - [20/Aug/2026:01:08:26 +0200] "GET /?v=ckzj86ve15952oyaxeouo HTTP/1.1" 500 - "https://fensterundhaus.de/sitemap_index.xml" "Mozilla/5.0 AppleWebKit/537.36 (KHTML, like Gecko; compatible; GPTBot/1.4; +https://openai.com/gptbot)"
74.7.241.49 - - [20/Aug/2026:01:08:48 +0200] "GET /?d=ixvdp59ce38029ezpigua HTTP/1.1" 500 - "https://fensterundhaus.de/sitemap_index.xml" "Mozilla/5.0 AppleWebKit/537.36 (KHTML, like Gecko; compatible; GPTBot/1.4; +https://openai.com/gptbot)"
74.7.241.49 - - [20/Aug/2026:01:09:09 +0200] "GET /?w=pvd147c7819zaeapoewly HTTP/1.1" 500 - "https://fensterundhaus.de/sitemap_index.xml" "Mozilla/5.0 AppleWebKit/537.36 (KHTML, like Gecko; compatible; GPTBot/1.4; +https://openai.com/gptbot)"
74.7.241.49 - - [20/Aug/2026:01:09:31 +0200] "GET /?u=ime117r7879siviokgzwf HTTP/1.1" 500 - "https://fensterundhaus.de/sitemap_index.xml" "Mozilla/5.0 AppleWebKit/537.36 (KHTML, like Gecko; compatible; GPTBot/1.4; +https://openai.com/gptbot)"
74.7.241.49 - - [20/Aug/2026:01:09:52 +0200] "GET /?m=ipfa227wmg4825dsifcay HTTP/1.1" 500 - "https://fensterundhaus.de/sitemap_index.xml" "Mozilla/5.0 AppleWebKit/537.36 (KHTML, like Gecko; compatible; GPTBot/1.4; +https://openai.com/gptbot)"
74.7.241.49 - - [20/Aug/2026:01:10:14 +0200] "GET /?y=avga254u4552spqoiubkq HTTP/1.1" 500 - "https://fensterundhaus.de/sitemap_index.xml" "Mozilla/5.0 AppleWebKit/537.36 (KHTML, like Gecko; compatible; GPTBot/1.4; +https://openai.com/gptbot)"
50.6.6.8 - - [20/Aug/2026:01:10:22 +0200] "GET /wp-login.php HTTP/1.1" 500 - "-" "Mozilla/5.0 (Windows NT 10.0; Win64; x64) AppleWebKit/537.36 (KHTML, like Gecko) Chrome/149.0.0.0 Safari/537.36"
50.6.6.8 - - [20/Aug/2026:01:10:23 +0200] "GET /wp-login.php HTTP/1.1" 500 - "-" "Mozilla/5.0 (Windows NT 10.0; Win64; x64) AppleWebKit/537.36 (KHTML, like Gecko) Chrome/149.0.0.0 Safari/537.36"
74.7.241.49 - - [20/Aug/2026:01:10:35 +0200] "GET /?p=sfbb30pn30146ddhmcubt HTTP/1.1" 500 - "https://fensterundhaus.de/sitemap_index.xml" "Mozilla/5.0 AppleWebKit/537.36 (KHTML, like Gecko; compatible; GPTBot/1.4; +https://openai.com/gptbot)"
74.7.241.49 - - [20/Aug/2026:01:10:56 +0200] "GET /?c=qfdhi44ouc20642otsznt HTTP/1.1" 500 - "https://fensterundhaus.de/sitemap_index.xml" "Mozilla/5.0 AppleWebKit/537.36 (KHTML, like Gecko; compatible; GPTBot/1.4; +https://openai.com/gptbot)"
74.7.241.49 - - [20/Aug/2026:01:11:17 +0200] "GET /?c=fows151ab6409jcycncow HTTP/1.1" 500 - "https://fensterundhaus.de/sitemap_index.xml" "Mozilla/5.0 AppleWebKit/537.36 (KHTML, like Gecko; compatible; GPTBot/1.4; +https://openai.com/gptbot)"
89.185.225.24 - - [20/Aug/2026:01:11:24 +0200] "GET /wp-login.php HTTP/1.1" 500 - "-" "Mozilla/5.0 (Windows NT 10.0; Win64; x64) AppleWebKit/537.36 (KHTML, like Gecko) Chrome/149.0.0.0 Safari/537.36"
89.185.225.24 - - [20/Aug/2026:01:11:25 +0200] "GET /wp-login.php HTTP/1.1" 500 - "-" "Mozilla/5.0 (Windows NT 10.0; Win64; x64) AppleWebKit/537.36 (KHTML, like Gecko) Chrome/149.0.0.0 Safari/537.36"
74.7.241.49 - - [20/Aug/2026:01:11:37 +0200] "GET /?l=xjjg282xxo8638nuuzfum HTTP/1.1" 500 - "https://fensterundhaus.de/sitemap_index.xml" "Mozilla/5.0 AppleWebKit/537.36 (KHTML, like Gecko; compatible; GPTBot/1.4; +https://openai.com/gptbot)"
74.7.241.49 - - [20/Aug/2026:01:11:57 +0200] "GET /?s=grhe233i7831qgovvnohu HTTP/1.1" 500 - "https://fensterundhaus.de/sitemap_index.xml" "Mozilla/5.0 AppleWebKit/537.36 (KHTML, like Gecko; compatible; GPTBot/1.4; +https://openai.com/gptbot)"
74.7.241.49 - - [20/Aug/2026:01:12:18 +0200] "GET /?c=cyp199ptbu2315xnocvbt HTTP/1.1" 500 - "https://fensterundhaus.de/sitemap_index.xml" "Mozilla/5.0 AppleWebKit/537.36 (KHTML, like Gecko; compatible; GPTBot/1.4; +https://openai.com/gptbot)"
135.236.141.8 - - [20/Aug/2026:01:12:29 +0200] "GET /wp-login.php HTTP/1.1" 500 - "-" "Mozilla/5.0 (Windows NT 10.0; Win64; x64) AppleWebKit/537.36 (KHTML, like Gecko) Chrome/149.0.0.0 Safari/537.36"
135.236.141.8 - - [20/Aug/2026:01:12:30 +0200] "GET /wp-login.php HTTP/1.1" 500 - "-" "Mozilla/5.0 (Windows NT 10.0; Win64; x64) AppleWebKit/537.36 (KHTML, like Gecko) Chrome/149.0.0.0 Safari/537.36"
74.7.241.49 - - [20/Aug/2026:01:12:40 +0200] "GET /?q=ehql216b7066duczybyaa HTTP/1.1" 500 - "https://fensterundhaus.de/sitemap_index.xml" "Mozilla/5.0 AppleWebKit/537.36 (KHTML, like Gecko; compatible; GPTBot/1.4; +https://openai.com/gptbot)"
74.7.241.49 - - [20/Aug/2026:01:13:01 +0200] "GET /?m=mrgd43jvq18413mtcnope HTTP/1.1" 500 - "https://fensterundhaus.de/sitemap_index.xml" "Mozilla/5.0 AppleWebKit/537.36 (KHTML, like Gecko; compatible; GPTBot/1.4; +https://openai.com/gptbot)"
74.7.241.49 - - [20/Aug/2026:01:13:21 +0200] "GET /?g=kis41za24379hhplhesri HTTP/1.1" 500 - "https://fensterundhaus.de/sitemap_index.xml" "Mozilla/5.0 AppleWebKit/537.36 (KHTML, like Gecko; compatible; GPTBot/1.4; +https://openai.com/gptbot)"
74.7.241.49 - - [20/Aug/2026:01:13:41 +0200] "GET /?e=gyzbv55nsj30533erzctc HTTP/1.1" 500 - "https://fensterundhaus.de/sitemap_index.xml" "Mozilla/5.0 AppleWebKit/537.36 (KHTML, like Gecko; compatible; GPTBot/1.4; +https://openai.com/gptbot)"
124.40.251.131 - - [20/Aug/2026:01:13:43 +0200] "GET /wp-login.php HTTP/1.1" 500 - "-" "Mozilla/5.0 (Windows NT 10.0; Win64; x64) AppleWebKit/537.36 (KHTML, like Gecko) Chrome/149.0.0.0 Safari/537.36"
74.7.241.49 - - [20/Aug/2026:01:14:01 +0200] "GET /?s=esddw145h8253ggbdwxct HTTP/1.1" 500 - "https://fensterundhaus.de/sitemap_index.xml" "Mozilla/5.0 AppleWebKit/537.36 (KHTML, like Gecko; compatible; GPTBot/1.4; +https://openai.com/gptbot)"
74.7.241.49 - - [20/Aug/2026:01:14:22 +0200] "GET /?j=wvqz23jcee42991zhhppb HTTP/1.1" 500 - "https://fensterundhaus.de/sitemap_index.xml" "Mozilla/5.0 AppleWebKit/537.36 (KHTML, like Gecko; compatible; GPTBot/1.4; +https://openai.com/gptbot)"
65.181.111.19 - - [20/Aug/2026:01:14:39 +0200] "GET /wp-login.php HTTP/1.1" 500 - "-" "Mozilla/5.0 (Windows NT 10.0; Win64; x64) AppleWebKit/537.36 (KHTML, like Gecko) Chrome/149.0.0.0 Safari/537.36"
74.7.241.49 - - [20/Aug/2026:01:14:43 +0200] "GET /?r=nnu73ohob24121vbqwugy HTTP/1.1" 500 - "https://fensterundhaus.de/sitemap_index.xml" "Mozilla/5.0 AppleWebKit/537.36 (KHTML, like Gecko; compatible; GPTBot/1.4; +https://openai.com/gptbot)"
65.181.111.19 - - [20/Aug/2026:01:14:40 +0200] "GET /wp-login.php HTTP/1.1" 500 - "-" "Mozilla/5.0 (Windows NT 10.0; Win64; x64) AppleWebKit/537.36 (KHTML, like Gecko) Chrome/149.0.0.0 Safari/537.36"
74.7.241.49 - - [20/Aug/2026:01:15:04 +0200] "GET /?f=htx19b12393enlwvtliho HTTP/1.1" 500 - "https://fensterundhaus.de/sitemap_index.xml" "Mozilla/5.0 AppleWebKit/537.36 (KHTML, like Gecko; compatible; GPTBot/1.4; +https://openai.com/gptbot)"
74.7.241.49 - - [20/Aug/2026:01:15:26 +0200] "GET /?r=wuyr91ab21617dwjoeahy HTTP/1.1" 500 - "https://fensterundhaus.de/sitemap_index.xml" "Mozilla/5.0 AppleWebKit/537.36 (KHTML, like Gecko; compatible; GPTBot/1.4; +https://openai.com/gptbot)"
74.7.241.49 - - [20/Aug/2026:01:15:46 +0200] "GET /?h=pnil59nf24949euamayxw HTTP/1.1" 500 - "https://fensterundhaus.de/sitemap_index.xml" "Mozilla/5.0 AppleWebKit/537.36 (KHTML, like Gecko; compatible; GPTBot/1.4; +https://openai.com/gptbot)"
74.7.241.49 - - [20/Aug/2026:01:16:06 +0200] "GET /?y=tjb29tyv27887fjtubupp HTTP/1.1" 500 - "https://fensterundhaus.de/sitemap_index.xml" "Mozilla/5.0 AppleWebKit/537.36 (KHTML, like Gecko; compatible; GPTBot/1.4; +https://openai.com/gptbot)"
74.7.241.49 - - [20/Aug/2026:01:16:27 +0200] "GET /?k=qnpc53rs26277pygnpphs HTTP/1.1" 500 - "https://fensterundhaus.de/sitemap_index.xml" "Mozilla/5.0 AppleWebKit/537.36 (KHTML, like Gecko; compatible; GPTBot/1.4; +https://openai.com/gptbot)"
62.197.45.179 - - [20/Aug/2026:01:16:37 +0200] "GET / HTTP/1.1" 500 - "https://fensterundhaus.de/" "Mozilla/5.0 (Windows NT 10.0; Win64; x64) AppleWebKit/537.36 (KHTML, like Gecko) Chrome/130.0.0.0 Safari/537.36 CCleaner/130.0.0.0"
74.7.241.49 - - [20/Aug/2026:01:16:48 +0200] "GET /?l=wykgj219brd6011bfzrqg HTTP/1.1" 500 - "https://fensterundhaus.de/sitemap_index.xml" "Mozilla/5.0 AppleWebKit/537.36 (KHTML, like Gecko; compatible; GPTBot/1.4; +https://openai.com/gptbot)"
74.7.241.49 - - [20/Aug/2026:01:17:09 +0200] "GET /?j=qlt81i11719eujivzdahl HTTP/1.1" 500 - "https://fensterundhaus.de/sitemap_index.xml" "Mozilla/5.0 AppleWebKit/537.36 (KHTML, like Gecko; compatible; GPTBot/1.4; +https://openai.com/gptbot)"
74.7.241.49 - - [20/Aug/2026:01:17:29 +0200] "GET /?z=jxpmp58c12276txtzjlfm HTTP/1.1" 500 - "https://fensterundhaus.de/sitemap_index.xml" "Mozilla/5.0 AppleWebKit/537.36 (KHTML, like Gecko; compatible; GPTBot/1.4; +https://openai.com/gptbot)"
74.7.241.49 - - [20/Aug/2026:01:17:50 +0200] "GET /?k=kwes90ulzl38066jhjwxf HTTP/1.1" 500 - "https://fensterundhaus.de/sitemap_index.xml" "Mozilla/5.0 AppleWebKit/537.36 (KHTML, like Gecko; compatible; GPTBot/1.4; +https://openai.com/gptbot)"
74.7.241.49 - - [20/Aug/2026:01:18:11 +0200] "GET /?c=rkm82p26560larwhbmbqi HTTP/1.1" 500 - "https://fensterundhaus.de/sitemap_index.xml" "Mozilla/5.0 AppleWebKit/537.36 (KHTML, like Gecko; compatible; GPTBot/1.4; +https://openai.com/gptbot)"
74.7.241.49 - - [20/Aug/2026:01:18:33 +0200] "GET /?q=zzg209jzoqc1629zldrcb HTTP/1.1" 500 - "https://fensterundhaus.de/sitemap_index.xml" "Mozilla/5.0 AppleWebKit/537.36 (KHTML, like Gecko; compatible; GPTBot/1.4; +https://openai.com/gptbot)"
74.7.241.49 - - [20/Aug/2026:01:18:54 +0200] "GET /?p=cvho42fyb43606gyyxrir HTTP/1.1" 500 - "https://fensterundhaus.de/sitemap_index.xml" "Mozilla/5.0 AppleWebKit/537.36 (KHTML, like Gecko; compatible; GPTBot/1.4; +https://openai.com/gptbot)"
74.7.241.49 - - [20/Aug/2026:01:19:16 +0200] "GET /?t=tmubf46rq14006lyjhaxr HTTP/1.1" 500 - "https://fensterundhaus.de/sitemap_index.xml" "Mozilla/5.0 AppleWebKit/537.36 (KHTML, like Gecko; compatible; GPTBot/1.4; +https://openai.com/gptbot)"
74.7.241.49 - - [20/Aug/2026:01:19:36 +0200] "GET /?g=rxk83nyqcp31773dgiqdz HTTP/1.1" 500 - "https://fensterundhaus.de/sitemap_index.xml" "Mozilla/5.0 AppleWebKit/537.36 (KHTML, like Gecko; compatible; GPTBot/1.4; +https://openai.com/gptbot)"
74.7.241.49 - - [20/Aug/2026:01:19:57 +0200] "GET /?w=aavjw78k20856sxbkrtsy HTTP/1.1" 500 - "https://fensterundhaus.de/sitemap_index.xml" "Mozilla/5.0 AppleWebKit/537.36 (KHTML, like Gecko; compatible; GPTBot/1.4; +https://openai.com/gptbot)"
74.7.241.49 - - [20/Aug/2026:01:20:19 +0200] "GET /?e=pryn262xn2876nxghuyjc HTTP/1.1" 500 - "https://fensterundhaus.de/sitemap_index.xml" "Mozilla/5.0 AppleWebKit/537.36 (KHTML, like Gecko; compatible; GPTBot/1.4; +https://openai.com/gptbot)"
74.7.241.49 - - [20/Aug/2026:01:20:40 +0200] "GET /?y=xao86zioy44554npukuma HTTP/1.1" 500 - "https://fensterundhaus.de/sitemap_index.xml" "Mozilla/5.0 AppleWebKit/537.36 (KHTML, like Gecko; compatible; GPTBot/1.4; +https://openai.com/gptbot)"
74.7.241.49 - - [20/Aug/2026:01:21:02 +0200] "GET /?u=qdrv138f4104ivnkfpjvb HTTP/1.1" 500 - "https://fensterundhaus.de/sitemap_index.xml" "Mozilla/5.0 AppleWebKit/537.36 (KHTML, like Gecko; compatible; GPTBot/1.4; +https://openai.com/gptbot)"
74.7.241.49 - - [20/Aug/2026:01:21:24 +0200] "GET /?r=wfbag282f4782fzjjeivr HTTP/1.1" 500 - "https://fensterundhaus.de/sitemap_index.xml" "Mozilla/5.0 AppleWebKit/537.36 (KHTML, like Gecko; compatible; GPTBot/1.4; +https://openai.com/gptbot)"
74.7.241.49 - - [20/Aug/2026:01:21:44 +0200] "GET /?f=vqha82ze1900pcxrttsyl HTTP/1.1" 500 - "https://fensterundhaus.de/sitemap_index.xml" "Mozilla/5.0 AppleWebKit/537.36 (KHTML, like Gecko; compatible; GPTBot/1.4; +https://openai.com/gptbot)"
74.7.241.49 - - [20/Aug/2026:01:22:05 +0200] "GET /?t=mdq20ewaf33498ozhkyjz HTTP/1.1" 500 - "https://fensterundhaus.de/sitemap_index.xml" "Mozilla/5.0 AppleWebKit/537.36 (KHTML, like Gecko; compatible; GPTBot/1.4; +https://openai.com/gptbot)"
74.7.241.49 - - [20/Aug/2026:01:22:27 +0200] "GET /?d=bvn85t14063rupzeyohdv HTTP/1.1" 500 - "https://fensterundhaus.de/sitemap_index.xml" "Mozilla/5.0 AppleWebKit/537.36 (KHTML, like Gecko; compatible; GPTBot/1.4; +https://openai.com/gptbot)"
74.7.241.49 - - [20/Aug/2026:01:22:47 +0200] "GET /?k=wnm167yuex9357zpfhjed HTTP/1.1" 500 - "https://fensterundhaus.de/sitemap_index.xml" "Mozilla/5.0 AppleWebKit/537.36 (KHTML, like Gecko; compatible; GPTBot/1.4; +https://openai.com/gptbot)"
74.7.241.49 - - [20/Aug/2026:01:23:07 +0200] "GET /?i=hyq261a22097aktttdql HTTP/1.1" 500 - "https://fensterundhaus.de/sitemap_index.xml" "Mozilla/5.0 AppleWebKit/537.36 (KHTML, like Gecko; compatible; GPTBot/1.4; +https://openai.com/gptbot)"
74.7.241.49 - - [20/Aug/2026:01:23:28 +0200] "GET /?o=fwc163zy36333oyasljp HTTP/1.1" 500 - "https://fensterundhaus.de/sitemap_index.xml" "Mozilla/5.0 AppleWebKit/537.36 (KHTML, like Gecko; compatible; GPTBot/1.4; +https://openai.com/gptbot)"
74.7.241.49 - - [20/Aug/2026:01:23:50 +0200] "GET /?i=adj130szj14446yxvnxe HTTP/1.1" 500 - "https://fensterundhaus.de/sitemap_index.xml" "Mozilla/5.0 AppleWebKit/537.36 (KHTML, like Gecko; compatible; GPTBot/1.4; +https://openai.com/gptbot)"
74.7.241.49 - - [20/Aug/2026:01:24:12 +0200] "GET /?w=eyd114sii44492nnmarl HTTP/1.1" 500 - "https://fensterundhaus.de/sitemap_index.xml" "Mozilla/5.0 AppleWebKit/537.36 (KHTML, like Gecko; compatible; GPTBot/1.4; +https://openai.com/gptbot)"
74.7.241.49 - - [20/Aug/2026:01:24:33 +0200] "GET /?y=hvi88fgnl740mybxkqhcn HTTP/1.1" 500 - "https://fensterundhaus.de/sitemap_index.xml" "Mozilla/5.0 AppleWebKit/537.36 (KHTML, like Gecko; compatible; GPTBot/1.4; +https://openai.com/gptbot)"
74.7.241.49 - - [20/Aug/2026:01:24:54 +0200] "GET /?u=qhu143shq17747reumqm HTTP/1.1" 500 - "https://fensterundhaus.de/sitemap_index.xml" "Mozilla/5.0 AppleWebKit/537.36 (KHTML, like Gecko; compatible; GPTBot/1.4; +https://openai.com/gptbot)"
74.7.241.49 - - [20/Aug/2026:01:25:15 +0200] "GET /?l=bbcqs161pkgqs11qtbcfyo HTTP/1.1" 500 - "https://fensterundhaus.de/sitemap_index.xml" "Mozilla/5.0 AppleWebKit/537.36 (KHTML, like Gecko; compatible; GPTBot/1.4; +https://openai.com/gptbot)"
74.7.241.49 - - [20/Aug/2026:01:25:36 +0200] "GET /?f=vdx162jtc25508pcpraj HTTP/1.1" 500 - "https://fensterundhaus.de/sitemap_index.xml" "Mozilla/5.0 AppleWebKit/537.36 (KHTML, like Gecko; compatible; GPTBot/1.4; +https://openai.com/gptbot)"
74.7.241.49 - - [20/Aug/2026:01:25:58 +0200] "GET /?g=qtmgi269b20843ufitlk HTTP/1.1" 500 - "https://fensterundhaus.de/sitemap_index.xml" "Mozilla/5.0 AppleWebKit/537.36 (KHTML, like Gecko; compatible; GPTBot/1.4; +https://openai.com/gptbot)"
74.7.241.49 - - [20/Aug/2026:01:26:18 +0200] "GET /?f=mvdo237tn10751wrxrvt HTTP/1.1" 500 - "https://fensterundhaus.de/sitemap_index.xml" "Mozilla/5.0 AppleWebKit/537.36 (KHTML, like Gecko; compatible; GPTBot/1.4; +https://openai.com/gptbot)"
74.7.241.49 - - [20/Aug/2026:01:26:38 +0200] "GET /?r=pie160t30426gyzbvgfg HTTP/1.1" 500 - "https://fensterundhaus.de/sitemap_index.xml" "Mozilla/5.0 AppleWebKit/537.36 (KHTML, like Gecko; compatible; GPTBot/1.4; +https://openai.com/gptbot)"
74.7.241.49 - - [20/Aug/2026:01:26:59 +0200] "GET /?z=pxt197ht30041jwawrsg HTTP/1.1" 500 - "https://fensterundhaus.de/sitemap_index.xml" "Mozilla/5.0 AppleWebKit/537.36 (KHTML, like Gecko; compatible; GPTBot/1.4; +https://openai.com/gptbot)"
74.7.241.49 - - [20/Aug/2026:01:27:20 +0200] "GET /?l=zow296hs38146gebdzwg HTTP/1.1" 500 - "https://fensterundhaus.de/sitemap_index.xml" "Mozilla/5.0 AppleWebKit/537.36 (KHTML, like Gecko; compatible; GPTBot/1.4; +https://openai.com/gptbot)"
74.7.241.49 - - [20/Aug/2026:01:27:40 +0200] "GET /?x=bej227di27049vlybkqt HTTP/1.1" 500 - "https://fensterundhaus.de/sitemap_index.xml" "Mozilla/5.0 AppleWebKit/537.36 (KHTML, like Gecko; compatible; GPTBot/1.4; +https://openai.com/gptbot)"
74.7.241.49 - - [20/Aug/2026:01:28:02 +0200] "GET /?k=xbhq154ux24620skvdak HTTP/1.1" 500 - "https://fensterundhaus.de/sitemap_index.xml" "Mozilla/5.0 AppleWebKit/537.36 (KHTML, like Gecko; compatible; GPTBot/1.4; +https://openai.com/gptbot)"
74.7.241.49 - - [20/Aug/2026:01:28:22 +0200] "GET /?b=yij175q36157robemcxw HTTP/1.1" 500 - "https://fensterundhaus.de/sitemap_index.xml" "Mozilla/5.0 AppleWebKit/537.36 (KHTML, like Gecko; compatible; GPTBot/1.4; +https://openai.com/gptbot)"
74.7.241.49 - - [20/Aug/2026:01:28:43 +0200] "GET /?r=tebv272v31196vflekpt HTTP/1.1" 500 - "https://fensterundhaus.de/sitemap_index.xml" "Mozilla/5.0 AppleWebKit/537.36 (KHTML, like Gecko; compatible; GPTBot/1.4; +https://openai.com/gptbot)"
74.7.241.49 - - [20/Aug/2026:01:29:04 +0200] "GET /?g=tmnr172c11528mrehutq HTTP/1.1" 500 - "https://fensterundhaus.de/sitemap_index.xml" "Mozilla/5.0 AppleWebKit/537.36 (KHTML, like Gecko; compatible; GPTBot/1.4; +https://openai.com/gptbot)"
74.7.241.49 - - [20/Aug/2026:01:29:25 +0200] "GET /?w=vikd147w31571xtsimno HTTP/1.1" 500 - "https://fensterundhaus.de/sitemap_index.xml" "Mozilla/5.0 AppleWebKit/537.36 (KHTML, like Gecko; compatible; GPTBot/1.4; +https://openai.com/gptbot)"
74.7.241.49 - - [20/Aug/2026:01:29:46 +0200] "GET /?p=vtpb164k40626gznbkib HTTP/1.1" 500 - "https://fensterundhaus.de/sitemap_index.xml" "Mozilla/5.0 AppleWebKit/537.36 (KHTML, like Gecko; compatible; GPTBot/1.4; +https://openai.com/gptbot)"
74.7.241.49 - - [20/Aug/2026:01:30:06 +0200] "GET /?v=pfbm168i38952ilcfdfe HTTP/1.1" 500 - "https://fensterundhaus.de/sitemap_index.xml" "Mozilla/5.0 AppleWebKit/537.36 (KHTML, like Gecko; compatible; GPTBot/1.4; +https://openai.com/gptbot)"
74.7.241.49 - - [20/Aug/2026:01:30:27 +0200] "GET /?w=sqekd178b36966pvadwy HTTP/1.1" 500 - "https://fensterundhaus.de/sitemap_index.xml" "Mozilla/5.0 AppleWebKit/537.36 (KHTML, like Gecko; compatible; GPTBot/1.4; +https://openai.com/gptbot)"
74.7.241.49 - - [20/Aug/2026:01:30:48 +0200] "GET /?z=cob115h23081mfkqqezp HTTP/1.1" 500 - "https://fensterundhaus.de/sitemap_index.xml" "Mozilla/5.0 AppleWebKit/537.36 (KHTML, like Gecko; compatible; GPTBot/1.4; +https://openai.com/gptbot)"
107.150.61.58 - - [20/Aug/2026:01:30:54 +0200] "GET /wp-includes/x14c29f/index.php HTTP/1.1" 200 6 "https://fensterundhaus.de/wp-includes/x14c29f/index.php" "Mozilla/5.0 (Windows NT 10.0; Win64; x64) AppleWebKit/537.36 (KHTML, like Gecko) Chrome/58.0.3029.110 Safari/537.3"
74.7.241.49 - - [20/Aug/2026:01:31:15 +0200] "GET /?k=duohp170y11736drcjgm HTTP/1.1" 500 - "https://fensterundhaus.de/sitemap_index.xml" "Mozilla/5.0 AppleWebKit/537.36 (KHTML, like Gecko; compatible; GPTBot/1.4; +https://openai.com/gptbot)"
74.7.241.49 - - [20/Aug/2026:01:31:38 +0200] "GET /?q=rzju174i15862ckzjwum HTTP/1.1" 500 - "https://fensterundhaus.de/sitemap_index.xml" "Mozilla/5.0 AppleWebKit/537.36 (KHTML, like Gecko; compatible; GPTBot/1.4; +https://openai.com/gptbot)"
74.7.241.49 - - [20/Aug/2026:01:31:59 +0200] "GET /?y=vpgql299l14175gveyed HTTP/1.1" 500 - "https://fensterundhaus.de/sitemap_index.xml" "Mozilla/5.0 AppleWebKit/537.36 (KHTML, like Gecko; compatible; GPTBot/1.4; +https://openai.com/gptbot)"
107.150.61.58 - - [20/Aug/2026:01:30:52 +0200] "GET /wp-includes/x14c29f/index.php HTTP/1.1" 200 - "https://fensterundhaus.de/wp-includes/x14c29f/index.php" "Mozilla/5.0 (Windows NT 10.0; Win64; x64) AppleWebKit/537.36 (KHTML, like Gecko) Chrome/58.0.3029.110 Safari/537.3"
74.7.241.49 - - [20/Aug/2026:01:32:20 +0200] "GET /?x=pzs185uep15539nzhdfq HTTP/1.1" 500 - "https://fensterundhaus.de/sitemap_index.xml" "Mozilla/5.0 AppleWebKit/537.36 (KHTML, like Gecko; compatible; GPTBot/1.4; +https://openai.com/gptbot)"
74.7.241.49 - - [20/Aug/2026:01:32:34 +0200] "GET /?p=kbbhm260r32140bwivxq HTTP/1.1" 500 - "https://fensterundhaus.de/sitemap_index.xml" "Mozilla/5.0 AppleWebKit/537.36 (KHTML, like Gecko; compatible; GPTBot/1.4; +https://openai.com/gptbot)"
74.7.241.49 - - [20/Aug/2026:01:32:56 +0200] "GET /?y=bgxa199jn48611xmjlxi HTTP/1.1" 500 - "https://fensterundhaus.de/sitemap_index.xml" "Mozilla/5.0 AppleWebKit/537.36 (KHTML, like Gecko; compatible; GPTBot/1.4; +https://openai.com/gptbot)"
74.7.241.49 - - [20/Aug/2026:01:33:16 +0200] "GET /?w=snaac198t41322zzxtbs HTTP/1.1" 500 - "https://fensterundhaus.de/sitemap_index.xml" "Mozilla/5.0 AppleWebKit/537.36 (KHTML, like Gecko; compatible; GPTBot/1.4; +https://openai.com/gptbot)"
74.7.241.49 - - [20/Aug/2026:01:33:37 +0200] "GET /?c=jhpqa110l30790neulal HTTP/1.1" 500 - "https://fensterundhaus.de/sitemap_index.xml" "Mozilla/5.0 AppleWebKit/537.36 (KHTML, like Gecko; compatible; GPTBot/1.4; +https://openai.com/gptbot)"
74.7.241.49 - - [20/Aug/2026:01:33:57 +0200] "GET /?r=wuks261q30201legqrlz HTTP/1.1" 500 - "https://fensterundhaus.de/sitemap_index.xml" "Mozilla/5.0 AppleWebKit/537.36 (KHTML, like Gecko; compatible; GPTBot/1.4; +https://openai.com/gptbot)"
74.7.241.49 - - [20/Aug/2026:01:34:18 +0200] "GET /?r=qmk226g12446qvrowbtn HTTP/1.1" 500 - "https://fensterundhaus.de/sitemap_index.xml" "Mozilla/5.0 AppleWebKit/537.36 (KHTML, like Gecko; compatible; GPTBot/1.4; +https://openai.com/gptbot)"
74.7.241.49 - - [20/Aug/2026:01:34:39 +0200] "GET /?j=rpj279m32993mlkirqsh HTTP/1.1" 500 - "https://fensterundhaus.de/sitemap_index.xml" "Mozilla/5.0 AppleWebKit/537.36 (KHTML, like Gecko; compatible; GPTBot/1.4; +https://openai.com/gptbot)"
74.7.241.49 - - [20/Aug/2026:01:34:59 +0200] "GET /?v=naxi260a47562pmhhcej HTTP/1.1" 500 - "https://fensterundhaus.de/sitemap_index.xml" "Mozilla/5.0 AppleWebKit/537.36 (KHTML, like Gecko; compatible; GPTBot/1.4; +https://openai.com/gptbot)"
74.7.241.49 - - [20/Aug/2026:01:35:20 +0200] "GET /?j=okk170gg44008fdmwfhb HTTP/1.1" 500 - "https://fensterundhaus.de/sitemap_index.xml" "Mozilla/5.0 AppleWebKit/537.36 (KHTML, like Gecko; compatible; GPTBot/1.4; +https://openai.com/gptbot)"
74.7.241.49 - - [20/Aug/2026:01:35:41 +0200] "GET /?s=cvx116lji35510dxozzw HTTP/1.1" 500 - "https://fensterundhaus.de/sitemap_index.xml" "Mozilla/5.0 AppleWebKit/537.36 (KHTML, like Gecko; compatible; GPTBot/1.4; +https://openai.com/gptbot)"
74.7.241.49 - - [20/Aug/2026:01:36:02 +0200] "GET /?i=ucv265y12711vnqespwi HTTP/1.1" 500 - "https://fensterundhaus.de/sitemap_index.xml" "Mozilla/5.0 AppleWebKit/537.36 (KHTML, like Gecko; compatible; GPTBot/1.4; +https://openai.com/gptbot)"
74.7.241.49 - - [20/Aug/2026:01:36:23 +0200] "GET /?q=bth134kvt35530lmjtrs HTTP/1.1" 500 - "https://fensterundhaus.de/sitemap_index.xml" "Mozilla/5.0 AppleWebKit/537.36 (KHTML, like Gecko; compatible; GPTBot/1.4; +https://openai.com/gptbot)"
74.7.241.49 - - [20/Aug/2026:01:36:43 +0200] "GET /?a=mhn234l40294ambqmcff HTTP/1.1" 500 - "https://fensterundhaus.de/sitemap_index.xml" "Mozilla/5.0 AppleWebKit/537.36 (KHTML, like Gecko; compatible; GPTBot/1.4; +https://openai.com/gptbot)"
74.7.241.49 - - [20/Aug/2026:01:37:03 +0200] "GET /?n=ylv244pjz48182zsaoxq HTTP/1.1" 500 - "https://fensterundhaus.de/sitemap_index.xml" "Mozilla/5.0 AppleWebKit/537.36 (KHTML, like Gecko; compatible; GPTBot/1.4; +https://openai.com/gptbot)"
74.7.241.49 - - [20/Aug/2026:01:37:23 +0200] "GET /?z=zudm215sk22163mcjlrw HTTP/1.1" 500 - "https://fensterundhaus.de/sitemap_index.xml" "Mozilla/5.0 AppleWebKit/537.36 (KHTML, like Gecko; compatible; GPTBot/1.4; +https://openai.com/gptbot)"
74.7.241.49 - - [20/Aug/2026:01:37:44 +0200] "GET /?p=anz190awl29150lgqneo HTTP/1.1" 500 - "https://fensterundhaus.de/sitemap_index.xml" "Mozilla/5.0 AppleWebKit/537.36 (KHTML, like Gecko; compatible; GPTBot/1.4; +https://openai.com/gptbot)"
74.7.241.49 - - [20/Aug/2026:01:38:06 +0200] "GET /?u=dwq166txg29476nqzdje HTTP/1.1" 500 - "https://fensterundhaus.de/sitemap_index.xml" "Mozilla/5.0 AppleWebKit/537.36 (KHTML, like Gecko; compatible; GPTBot/1.4; +https://openai.com/gptbot)"
74.7.241.49 - - [20/Aug/2026:01:38:28 +0200] "GET /?z=luryy102p12618uiiopx HTTP/1.1" 500 - "https://fensterundhaus.de/sitemap_index.xml" "Mozilla/5.0 AppleWebKit/537.36 (KHTML, like Gecko; compatible; GPTBot/1.4; +https://openai.com/gptbot)"
74.7.241.49 - - [20/Aug/2026:01:38:48 +0200] "GET /?e=jwttw274t32544vvybzo HTTP/1.1" 500 - "https://fensterundhaus.de/sitemap_index.xml" "Mozilla/5.0 AppleWebKit/537.36 (KHTML, like Gecko; compatible; GPTBot/1.4; +https://openai.com/gptbot)"
74.7.241.49 - - [20/Aug/2026:01:39:08 +0200] "GET /?x=idl287fs37003dadorcj HTTP/1.1" 500 - "https://fensterundhaus.de/sitemap_index.xml" "Mozilla/5.0 AppleWebKit/537.36 (KHTML, like Gecko; compatible; GPTBot/1.4; +https://openai.com/gptbot)"
74.7.241.49 - - [20/Aug/2026:01:39:30 +0200] "GET /?z=ind258ria45344cxjjza HTTP/1.1" 500 - "https://fensterundhaus.de/sitemap_index.xml" "Mozilla/5.0 AppleWebKit/537.36 (KHTML, like Gecko; compatible; GPTBot/1.4; +https://openai.com/gptbot)"
74.7.241.49 - - [20/Aug/2026:01:39:50 +0200] "GET /?t=pai231htx10035eyrbvd HTTP/1.1" 500 - "https://fensterundhaus.de/sitemap_index.xml" "Mozilla/5.0 AppleWebKit/537.36 (KHTML, like Gecko; compatible; GPTBot/1.4; +https://openai.com/gptbot)"
74.7.241.49 - - [20/Aug/2026:01:40:11 +0200] "GET /?f=nps271h2041ivxfgdabot HTTP/1.1" 500 - "https://fensterundhaus.de/sitemap_index.xml" "Mozilla/5.0 AppleWebKit/537.36 (KHTML, like Gecko; compatible; GPTBot/1.4; +https://openai.com/gptbot)"
74.7.241.49 - - [20/Aug/2026:01:40:32 +0200] "GET /?a=yhmg216swp7640oxwvkbo HTTP/1.1" 500 - "https://fensterundhaus.de/sitemap_index.xml" "Mozilla/5.0 AppleWebKit/537.36 (KHTML, like Gecko; compatible; GPTBot/1.4; +https://openai.com/gptbot)"
74.7.241.49 - - [20/Aug/2026:01:40:53 +0200] "GET /?f=gti69xyzh25815hqaesev HTTP/1.1" 500 - "https://fensterundhaus.de/sitemap_index.xml" "Mozilla/5.0 AppleWebKit/537.36 (KHTML, like Gecko; compatible; GPTBot/1.4; +https://openai.com/gptbot)"
62.60.130.198 - - [20/Aug/2026:01:40:59 +0200] "GET / HTTP/1.1" 500 - "-" "Mozilla/5.0 (Windows NT 10.0; Win64; x64) Gecko/20100101 Firefox/122.0"
62.60.130.198 - - [20/Aug/2026:01:40:59 +0200] "GET / HTTP/1.1" 500 - "-" "Mozilla/5.0 (X11; Ubuntu; Linux x86_64) AppleWebKit/537.36 (KHTML, like Gecko) Chrome/122.0.6261.57 Safari/537.36"
74.7.241.49 - - [20/Aug/2026:01:41:15 +0200] "GET /?q=imb209ow4917ejhubfrid HTTP/1.1" 500 - "https://fensterundhaus.de/sitemap_index.xml" "Mozilla/5.0 AppleWebKit/537.36 (KHTML, like Gecko; compatible; GPTBot/1.4; +https://openai.com/gptbot)"
129.121.103.155 - - [20/Aug/2026:01:41:32 +0200] "GET /wp-login.php HTTP/1.1" 500 - "-" "Mozilla/5.0 (Windows NT 10.0; Win64; x64) AppleWebKit/537.36 (KHTML, like Gecko) Chrome/149.0.0.0 Safari/537.36"
129.121.103.155 - - [20/Aug/2026:01:41:33 +0200] "GET /wp-login.php HTTP/1.1" 500 - "-" "Mozilla/5.0 (Windows NT 10.0; Win64; x64) AppleWebKit/537.36 (KHTML, like Gecko) Chrome/149.0.0.0 Safari/537.36"
74.7.241.49 - - [20/Aug/2026:01:41:36 +0200] "GET /?v=gsno36cez26304dlwblum HTTP/1.1" 500 - "https://fensterundhaus.de/sitemap_index.xml" "Mozilla/5.0 AppleWebKit/537.36 (KHTML, like Gecko; compatible; GPTBot/1.4; +https://openai.com/gptbot)"
74.7.241.49 - - [20/Aug/2026:01:41:57 +0200] "GET /?x=xpvqw227ts5361ghcfias HTTP/1.1" 500 - "https://fensterundhaus.de/sitemap_index.xml" "Mozilla/5.0 AppleWebKit/537.36 (KHTML, like Gecko; compatible; GPTBot/1.4; +https://openai.com/gptbot)"
74.7.241.49 - - [20/Aug/2026:01:42:19 +0200] "GET /?o=vao51g14621qsedmpzthk HTTP/1.1" 500 - "https://fensterundhaus.de/sitemap_index.xml" "Mozilla/5.0 AppleWebKit/537.36 (KHTML, like Gecko; compatible; GPTBot/1.4; +https://openai.com/gptbot)"
74.7.241.49 - - [20/Aug/2026:01:42:39 +0200] "GET /?l=bhi9mu28207bwnuaddzog HTTP/1.1" 500 - "https://fensterundhaus.de/sitemap_index.xml" "Mozilla/5.0 AppleWebKit/537.36 (KHTML, like Gecko; compatible; GPTBot/1.4; +https://openai.com/gptbot)"
74.7.241.49 - - [20/Aug/2026:01:42:59 +0200] "GET /?d=zhyp60qcjn9740hxrjnow HTTP/1.1" 500 - "https://fensterundhaus.de/sitemap_index.xml" "Mozilla/5.0 AppleWebKit/537.36 (KHTML, like Gecko; compatible; GPTBot/1.4; +https://openai.com/gptbot)"
74.7.241.49 - - [20/Aug/2026:01:43:20 +0200] "GET /?e=ntk68oxcdn7358vrwlpkd HTTP/1.1" 500 - "https://fensterundhaus.de/sitemap_index.xml" "Mozilla/5.0 AppleWebKit/537.36 (KHTML, like Gecko; compatible; GPTBot/1.4; +https://openai.com/gptbot)"
74.7.241.49 - - [20/Aug/2026:01:43:42 +0200] "GET /?o=orism35w4861wghjsczlg HTTP/1.1" 500 - "https://fensterundhaus.de/sitemap_index.xml" "Mozilla/5.0 AppleWebKit/537.36 (KHTML, like Gecko; compatible; GPTBot/1.4; +https://openai.com/gptbot)"
74.7.241.49 - - [20/Aug/2026:01:44:04 +0200] "GET /?m=nbw84plqgn8356djrtqgk HTTP/1.1" 500 - "https://fensterundhaus.de/sitemap_index.xml" "Mozilla/5.0 AppleWebKit/537.36 (KHTML, like Gecko; compatible; GPTBot/1.4; +https://openai.com/gptbot)"
74.7.241.49 - - [20/Aug/2026:01:44:25 +0200] "GET /?g=jkhi50p7404zrlhbsebvu HTTP/1.1" 500 - "https://fensterundhaus.de/sitemap_index.xml" "Mozilla/5.0 AppleWebKit/537.36 (KHTML, like Gecko; compatible; GPTBot/1.4; +https://openai.com/gptbot)"
74.7.241.49 - - [20/Aug/2026:01:44:45 +0200] "GET /?s=oxm35nono6941vgvcegugu HTTP/1.1" 500 - "https://fensterundhaus.de/sitemap_index.xml" "Mozilla/5.0 AppleWebKit/537.36 (KHTML, like Gecko; compatible; GPTBot/1.4; +https://openai.com/gptbot)"
