74.7.243.193 - - [20/Aug/2026:06:10:36 +0200] "GET /008037394.htm HTTP/1.1" 500 - "https://goettler-services.de/sitemap_index.xml" "Mozilla/5.0 AppleWebKit/537.36 (KHTML, like Gecko; compatible; GPTBot/1.4; +https://openai.com/gptbot)"
74.7.243.193 - - [20/Aug/2026:06:11:37 +0200] "GET /075023097.htm HTTP/1.1" 500 - "https://goettler-services.de/sitemap_index.xml" "Mozilla/5.0 AppleWebKit/537.36 (KHTML, like Gecko; compatible; GPTBot/1.4; +https://openai.com/gptbot)"
74.7.243.193 - - [20/Aug/2026:06:12:15 +0200] "GET /015030499.htm HTTP/1.1" 500 - "https://goettler-services.de/sitemap_index.xml" "Mozilla/5.0 AppleWebKit/537.36 (KHTML, like Gecko; compatible; GPTBot/1.4; +https://openai.com/gptbot)"
66.249.66.42 - - [20/Aug/2026:06:13:49 +0200] "GET /outlet/069000688 HTTP/1.1" 200 164401 "-" "Mozilla/5.0 (Linux; Android 6.0.1; Nexus 5X Build/MMB29P) AppleWebKit/537.36 (KHTML, like Gecko) Chrome/151.0.7922.137 Mobile Safari/537.36 (compatible; GoogleOther)"
74.7.243.193 - - [20/Aug/2026:06:14:02 +0200] "GET /277045567.htm HTTP/1.1" 500 - "https://goettler-services.de/sitemap_index.xml" "Mozilla/5.0 AppleWebKit/537.36 (KHTML, like Gecko; compatible; GPTBot/1.4; +https://openai.com/gptbot)"
74.7.243.193 - - [20/Aug/2026:06:14:09 +0200] "GET /254024238.htm HTTP/1.1" 500 - "https://goettler-services.de/sitemap_index.xml" "Mozilla/5.0 AppleWebKit/537.36 (KHTML, like Gecko; compatible; GPTBot/1.4; +https://openai.com/gptbot)"
74.7.243.193 - - [20/Aug/2026:06:14:24 +0200] "GET /280035860.htm HTTP/1.1" 500 - "https://goettler-services.de/sitemap_index.xml" "Mozilla/5.0 AppleWebKit/537.36 (KHTML, like Gecko; compatible; GPTBot/1.4; +https://openai.com/gptbot)"
74.7.243.193 - - [20/Aug/2026:06:14:41 +0200] "GET /143039395.htm HTTP/1.1" 500 - "https://goettler-services.de/sitemap_index.xml" "Mozilla/5.0 AppleWebKit/537.36 (KHTML, like Gecko; compatible; GPTBot/1.4; +https://openai.com/gptbot)"
74.7.243.193 - - [20/Aug/2026:06:15:02 +0200] "GET /118013056.htm HTTP/1.1" 500 - "https://goettler-services.de/sitemap_index.xml" "Mozilla/5.0 AppleWebKit/537.36 (KHTML, like Gecko; compatible; GPTBot/1.4; +https://openai.com/gptbot)"
74.7.243.193 - - [20/Aug/2026:06:15:24 +0200] "GET /268002724.htm HTTP/1.1" 500 - "https://goettler-services.de/sitemap_index.xml" "Mozilla/5.0 AppleWebKit/537.36 (KHTML, like Gecko; compatible; GPTBot/1.4; +https://openai.com/gptbot)"
74.7.243.193 - - [20/Aug/2026:06:15:46 +0200] "GET /048043072.htm HTTP/1.1" 500 - "https://goettler-services.de/sitemap_index.xml" "Mozilla/5.0 AppleWebKit/537.36 (KHTML, like Gecko; compatible; GPTBot/1.4; +https://openai.com/gptbot)"
66.249.66.41 - - [20/Aug/2026:06:16:02 +0200] "GET /737245364 HTTP/1.1" 200 155394 "-" "Mozilla/5.0 (Linux; Android 6.0.1; Nexus 5X Build/MMB29P) AppleWebKit/537.36 (KHTML, like Gecko) Chrome/151.0.7922.137 Mobile Safari/537.36 (compatible; GoogleOther)"
74.7.243.193 - - [20/Aug/2026:06:16:10 +0200] "GET /189033693.htm HTTP/1.1" 500 - "https://goettler-services.de/sitemap_index.xml" "Mozilla/5.0 AppleWebKit/537.36 (KHTML, like Gecko; compatible; GPTBot/1.4; +https://openai.com/gptbot)"
74.7.243.193 - - [20/Aug/2026:06:16:29 +0200] "GET /143012155.htm HTTP/1.1" 500 - "https://goettler-services.de/sitemap_index.xml" "Mozilla/5.0 AppleWebKit/537.36 (KHTML, like Gecko; compatible; GPTBot/1.4; +https://openai.com/gptbot)"
74.7.243.193 - - [20/Aug/2026:06:16:50 +0200] "GET /188034378.htm HTTP/1.1" 500 - "https://goettler-services.de/sitemap_index.xml" "Mozilla/5.0 AppleWebKit/537.36 (KHTML, like Gecko; compatible; GPTBot/1.4; +https://openai.com/gptbot)"
74.7.243.193 - - [20/Aug/2026:06:17:11 +0200] "GET /298003884.htm HTTP/1.1" 500 - "https://goettler-services.de/sitemap_index.xml" "Mozilla/5.0 AppleWebKit/537.36 (KHTML, like Gecko; compatible; GPTBot/1.4; +https://openai.com/gptbot)"
74.7.243.193 - - [20/Aug/2026:06:17:36 +0200] "GET /231036643.htm HTTP/1.1" 500 - "https://goettler-services.de/sitemap_index.xml" "Mozilla/5.0 AppleWebKit/537.36 (KHTML, like Gecko; compatible; GPTBot/1.4; +https://openai.com/gptbot)"
74.7.243.193 - - [20/Aug/2026:06:17:56 +0200] "GET /013039357.htm HTTP/1.1" 500 - "https://goettler-services.de/sitemap_index.xml" "Mozilla/5.0 AppleWebKit/537.36 (KHTML, like Gecko; compatible; GPTBot/1.4; +https://openai.com/gptbot)"
74.7.243.193 - - [20/Aug/2026:06:18:16 +0200] "GET /157045911.htm HTTP/1.1" 500 - "https://goettler-services.de/sitemap_index.xml" "Mozilla/5.0 AppleWebKit/537.36 (KHTML, like Gecko; compatible; GPTBot/1.4; +https://openai.com/gptbot)"
74.7.243.193 - - [20/Aug/2026:06:18:36 +0200] "GET /038004476.htm HTTP/1.1" 500 - "https://goettler-services.de/sitemap_index.xml" "Mozilla/5.0 AppleWebKit/537.36 (KHTML, like Gecko; compatible; GPTBot/1.4; +https://openai.com/gptbot)"
74.7.243.193 - - [20/Aug/2026:06:18:58 +0200] "GET /162005114.htm HTTP/1.1" 500 - "https://goettler-services.de/sitemap_index.xml" "Mozilla/5.0 AppleWebKit/537.36 (KHTML, like Gecko; compatible; GPTBot/1.4; +https://openai.com/gptbot)"
66.249.66.42 - - [20/Aug/2026:06:19:21 +0200] "GET /317930200 HTTP/1.1" 200 181266 "-" "Mozilla/5.0 (Linux; Android 6.0.1; Nexus 5X Build/MMB29P) AppleWebKit/537.36 (KHTML, like Gecko) Chrome/151.0.7922.137 Mobile Safari/537.36 (compatible; GoogleOther)"
74.7.243.193 - - [20/Aug/2026:06:19:28 +0200] "GET /112045600.htm HTTP/1.1" 500 - "https://goettler-services.de/sitemap_index.xml" "Mozilla/5.0 AppleWebKit/537.36 (KHTML, like Gecko; compatible; GPTBot/1.4; +https://openai.com/gptbot)"
74.7.243.193 - - [20/Aug/2026:06:19:41 +0200] "GET /159029169.htm HTTP/1.1" 500 - "https://goettler-services.de/sitemap_index.xml" "Mozilla/5.0 AppleWebKit/537.36 (KHTML, like Gecko; compatible; GPTBot/1.4; +https://openai.com/gptbot)"
74.7.243.193 - - [20/Aug/2026:06:19:59 +0200] "GET /299040597.htm HTTP/1.1" 500 - "https://goettler-services.de/sitemap_index.xml" "Mozilla/5.0 AppleWebKit/537.36 (KHTML, like Gecko; compatible; GPTBot/1.4; +https://openai.com/gptbot)"
74.7.243.193 - - [20/Aug/2026:06:20:19 +0200] "GET /227033245.htm HTTP/1.1" 500 - "https://goettler-services.de/sitemap_index.xml" "Mozilla/5.0 AppleWebKit/537.36 (KHTML, like Gecko; compatible; GPTBot/1.4; +https://openai.com/gptbot)"
66.249.66.199 - - [20/Aug/2026:06:20:29 +0200] "GET /375974116 HTTP/1.1" 200 172665 "-" "Mozilla/5.0 (Linux; Android 6.0.1; Nexus 5X Build/MMB29P) AppleWebKit/537.36 (KHTML, like Gecko) Chrome/151.0.7922.137 Mobile Safari/537.36 (compatible; Googlebot/2.1; +http://www.google.com/bot.html)"
74.7.243.193 - - [20/Aug/2026:06:20:45 +0200] "GET /164002408.htm HTTP/1.1" 500 - "https://goettler-services.de/sitemap_index.xml" "Mozilla/5.0 AppleWebKit/537.36 (KHTML, like Gecko; compatible; GPTBot/1.4; +https://openai.com/gptbot)"
74.7.243.193 - - [20/Aug/2026:06:22:10 +0200] "GET /031009579.htm HTTP/1.1" 500 - "https://goettler-services.de/sitemap_index.xml" "Mozilla/5.0 AppleWebKit/537.36 (KHTML, like Gecko; compatible; GPTBot/1.4; +https://openai.com/gptbot)"
74.7.243.193 - - [20/Aug/2026:06:27:54 +0200] "GET /034028806.htm HTTP/1.1" 500 - "https://goettler-services.de/sitemap_index.xml" "Mozilla/5.0 AppleWebKit/537.36 (KHTML, like Gecko; compatible; GPTBot/1.4; +https://openai.com/gptbot)"
66.249.66.38 - - [20/Aug/2026:06:28:09 +0200] "GET /outlet/135047414 HTTP/1.1" 200 164711 "-" "Mozilla/5.0 (Linux; Android 6.0.1; Nexus 5X Build/MMB29P) AppleWebKit/537.36 (KHTML, like Gecko) Chrome/151.0.7922.137 Mobile Safari/537.36 (compatible; GoogleOther)"
74.7.243.193 - - [20/Aug/2026:06:29:39 +0200] "GET /271001513.htm HTTP/1.1" 500 - "https://goettler-services.de/sitemap_index.xml" "Mozilla/5.0 AppleWebKit/537.36 (KHTML, like Gecko; compatible; GPTBot/1.4; +https://openai.com/gptbot)"
74.7.243.193 - - [20/Aug/2026:06:29:45 +0200] "GET /038027884.htm HTTP/1.1" 500 - "https://goettler-services.de/sitemap_index.xml" "Mozilla/5.0 AppleWebKit/537.36 (KHTML, like Gecko; compatible; GPTBot/1.4; +https://openai.com/gptbot)"
74.7.243.193 - - [20/Aug/2026:06:30:08 +0200] "GET /106037032.htm HTTP/1.1" 500 - "https://goettler-services.de/sitemap_index.xml" "Mozilla/5.0 AppleWebKit/537.36 (KHTML, like Gecko; compatible; GPTBot/1.4; +https://openai.com/gptbot)"
66.249.66.32 - - [20/Aug/2026:06:30:20 +0200] "GET /934555905 HTTP/1.1" 200 169282 "-" "Mozilla/5.0 (Linux; Android 6.0.1; Nexus 5X Build/MMB29P) AppleWebKit/537.36 (KHTML, like Gecko) Chrome/151.0.7922.137 Mobile Safari/537.36 (compatible; GoogleOther)"
74.7.243.193 - - [20/Aug/2026:06:30:22 +0200] "GET /220016952.htm HTTP/1.1" 500 - "https://goettler-services.de/sitemap_index.xml" "Mozilla/5.0 AppleWebKit/537.36 (KHTML, like Gecko; compatible; GPTBot/1.4; +https://openai.com/gptbot)"
74.7.243.193 - - [20/Aug/2026:06:30:44 +0200] "GET /258025642.htm HTTP/1.1" 500 - "https://goettler-services.de/sitemap_index.xml" "Mozilla/5.0 AppleWebKit/537.36 (KHTML, like Gecko; compatible; GPTBot/1.4; +https://openai.com/gptbot)"
74.7.243.193 - - [20/Aug/2026:06:31:02 +0200] "GET /082049052.htm HTTP/1.1" 500 - "https://goettler-services.de/sitemap_index.xml" "Mozilla/5.0 AppleWebKit/537.36 (KHTML, like Gecko; compatible; GPTBot/1.4; +https://openai.com/gptbot)"
74.7.243.193 - - [20/Aug/2026:06:31:25 +0200] "GET /120019840.htm HTTP/1.1" 500 - "https://goettler-services.de/sitemap_index.xml" "Mozilla/5.0 AppleWebKit/537.36 (KHTML, like Gecko; compatible; GPTBot/1.4; +https://openai.com/gptbot)"
74.7.243.193 - - [20/Aug/2026:06:31:42 +0200] "GET /053012017.htm HTTP/1.1" 500 - "https://goettler-services.de/sitemap_index.xml" "Mozilla/5.0 AppleWebKit/537.36 (KHTML, like Gecko; compatible; GPTBot/1.4; +https://openai.com/gptbot)"
74.7.243.193 - - [20/Aug/2026:06:32:03 +0200] "GET /115008049.htm HTTP/1.1" 500 - "https://goettler-services.de/sitemap_index.xml" "Mozilla/5.0 AppleWebKit/537.36 (KHTML, like Gecko; compatible; GPTBot/1.4; +https://openai.com/gptbot)"
74.7.243.193 - - [20/Aug/2026:06:32:25 +0200] "GET /017009815.htm HTTP/1.1" 500 - "https://goettler-services.de/sitemap_index.xml" "Mozilla/5.0 AppleWebKit/537.36 (KHTML, like Gecko; compatible; GPTBot/1.4; +https://openai.com/gptbot)"
74.7.243.193 - - [20/Aug/2026:06:32:47 +0200] "GET /097030525.htm HTTP/1.1" 500 - "https://goettler-services.de/sitemap_index.xml" "Mozilla/5.0 AppleWebKit/537.36 (KHTML, like Gecko; compatible; GPTBot/1.4; +https://openai.com/gptbot)"
66.249.66.41 - - [20/Aug/2026:06:32:52 +0200] "GET /outlet/014000957 HTTP/1.1" 200 155112 "-" "Mozilla/5.0 (Linux; Android 6.0.1; Nexus 5X Build/MMB29P) AppleWebKit/537.36 (KHTML, like Gecko) Chrome/151.0.7922.137 Mobile Safari/537.36 (compatible; GoogleOther)"
74.7.243.193 - - [20/Aug/2026:06:33:09 +0200] "GET /223021561.htm HTTP/1.1" 500 - "https://goettler-services.de/sitemap_index.xml" "Mozilla/5.0 AppleWebKit/537.36 (KHTML, like Gecko; compatible; GPTBot/1.4; +https://openai.com/gptbot)"
74.7.243.193 - - [20/Aug/2026:06:34:21 +0200] "GET /007023867.htm HTTP/1.1" 500 - "https://goettler-services.de/sitemap_index.xml" "Mozilla/5.0 AppleWebKit/537.36 (KHTML, like Gecko; compatible; GPTBot/1.4; +https://openai.com/gptbot)"
74.7.243.193 - - [20/Aug/2026:06:40:32 +0200] "GET /030001894.htm HTTP/1.1" 500 - "https://goettler-services.de/sitemap_index.xml" "Mozilla/5.0 AppleWebKit/537.36 (KHTML, like Gecko; compatible; GPTBot/1.4; +https://openai.com/gptbot)"
74.7.243.193 - - [20/Aug/2026:06:40:38 +0200] "GET /290006790.htm HTTP/1.1" 500 - "https://goettler-services.de/sitemap_index.xml" "Mozilla/5.0 AppleWebKit/537.36 (KHTML, like Gecko; compatible; GPTBot/1.4; +https://openai.com/gptbot)"
74.7.243.193 - - [20/Aug/2026:06:40:49 +0200] "GET /201007771.htm HTTP/1.1" 500 - "https://goettler-services.de/sitemap_index.xml" "Mozilla/5.0 AppleWebKit/537.36 (KHTML, like Gecko; compatible; GPTBot/1.4; +https://openai.com/gptbot)"
74.7.243.193 - - [20/Aug/2026:06:40:58 +0200] "GET /130003186.htm HTTP/1.1" 500 - "https://goettler-services.de/sitemap_index.xml" "Mozilla/5.0 AppleWebKit/537.36 (KHTML, like Gecko; compatible; GPTBot/1.4; +https://openai.com/gptbot)"
66.249.66.69 - - [20/Aug/2026:06:41:03 +0200] "GET /149038731 HTTP/1.1" 200 162118 "-" "Mozilla/5.0 (Linux; Android 6.0.1; Nexus 5X Build/MMB29P) AppleWebKit/537.36 (KHTML, like Gecko) Chrome/151.0.7922.137 Mobile Safari/537.36 (compatible; Googlebot/2.1; +http://www.google.com/bot.html)"
74.7.243.193 - - [20/Aug/2026:06:41:16 +0200] "GET /111036665.htm HTTP/1.1" 500 - "https://goettler-services.de/sitemap_index.xml" "Mozilla/5.0 AppleWebKit/537.36 (KHTML, like Gecko; compatible; GPTBot/1.4; +https://openai.com/gptbot)"
74.7.243.193 - - [20/Aug/2026:06:41:38 +0200] "GET /300016220.htm HTTP/1.1" 500 - "https://goettler-services.de/sitemap_index.xml" "Mozilla/5.0 AppleWebKit/537.36 (KHTML, like Gecko; compatible; GPTBot/1.4; +https://openai.com/gptbot)"
66.249.66.38 - - [20/Aug/2026:06:41:33 +0200] "GET /38842114 HTTP/1.1" 200 158020 "-" "Mozilla/5.0 (Linux; Android 6.0.1; Nexus 5X Build/MMB29P) AppleWebKit/537.36 (KHTML, like Gecko) Chrome/151.0.7922.137 Mobile Safari/537.36 (compatible; GoogleOther)"
74.7.243.193 - - [20/Aug/2026:06:41:59 +0200] "GET /090007560.htm HTTP/1.1" 500 - "https://goettler-services.de/sitemap_index.xml" "Mozilla/5.0 AppleWebKit/537.36 (KHTML, like Gecko; compatible; GPTBot/1.4; +https://openai.com/gptbot)"
74.7.243.193 - - [20/Aug/2026:06:42:20 +0200] "GET /125000807.htm HTTP/1.1" 500 - "https://goettler-services.de/sitemap_index.xml" "Mozilla/5.0 AppleWebKit/537.36 (KHTML, like Gecko; compatible; GPTBot/1.4; +https://openai.com/gptbot)"
74.7.243.193 - - [20/Aug/2026:06:42:41 +0200] "GET /215000151.htm HTTP/1.1" 500 - "https://goettler-services.de/sitemap_index.xml" "Mozilla/5.0 AppleWebKit/537.36 (KHTML, like Gecko; compatible; GPTBot/1.4; +https://openai.com/gptbot)"
74.7.243.193 - - [20/Aug/2026:06:43:02 +0200] "GET /251005553.htm HTTP/1.1" 500 - "https://goettler-services.de/sitemap_index.xml" "Mozilla/5.0 AppleWebKit/537.36 (KHTML, like Gecko; compatible; GPTBot/1.4; +https://openai.com/gptbot)"
74.7.243.193 - - [20/Aug/2026:06:43:22 +0200] "GET /054000784.htm HTTP/1.1" 500 - "https://goettler-services.de/sitemap_index.xml" "Mozilla/5.0 AppleWebKit/537.36 (KHTML, like Gecko; compatible; GPTBot/1.4; +https://openai.com/gptbot)"
204.12.239.66 - - [20/Aug/2026:06:42:03 +0200] "GET /wp-content/ad50988e/index.php HTTP/1.1" 200 - "https://goettler-services.de/wp-content/ad50988e/index.php" "Mozilla/5.0 (Windows NT 10.0; Win64; x64) AppleWebKit/537.36 (KHTML, like Gecko) Chrome/58.0.3029.110 Safari/537.3"
74.7.243.193 - - [20/Aug/2026:06:43:43 +0200] "GET /200017610.htm HTTP/1.1" 500 - "https://goettler-services.de/sitemap_index.xml" "Mozilla/5.0 AppleWebKit/537.36 (KHTML, like Gecko; compatible; GPTBot/1.4; +https://openai.com/gptbot)"
74.7.243.193 - - [20/Aug/2026:06:44:05 +0200] "GET /200024590.htm HTTP/1.1" 500 - "https://goettler-services.de/sitemap_index.xml" "Mozilla/5.0 AppleWebKit/537.36 (KHTML, like Gecko; compatible; GPTBot/1.4; +https://openai.com/gptbot)"
66.249.66.197 - - [20/Aug/2026:06:44:14 +0200] "GET /tss-shop-xnd1037sbry9 HTTP/1.1" 200 156739 "-" "Mozilla/5.0 (Linux; Android 6.0.1; Nexus 5X Build/MMB29P) AppleWebKit/537.36 (KHTML, like Gecko) Chrome/151.0.7922.137 Mobile Safari/537.36 (compatible; GoogleOther)"
74.7.243.193 - - [20/Aug/2026:06:44:25 +0200] "GET /200010832.htm HTTP/1.1" 500 - "https://goettler-services.de/sitemap_index.xml" "Mozilla/5.0 AppleWebKit/537.36 (KHTML, like Gecko; compatible; GPTBot/1.4; +https://openai.com/gptbot)"
74.7.243.193 - - [20/Aug/2026:06:44:46 +0200] "GET /266041000.htm HTTP/1.1" 500 - "https://goettler-services.de/sitemap_index.xml" "Mozilla/5.0 AppleWebKit/537.36 (KHTML, like Gecko; compatible; GPTBot/1.4; +https://openai.com/gptbot)"
74.7.243.193 - - [20/Aug/2026:06:45:06 +0200] "GET /028040006.htm HTTP/1.1" 500 - "https://goettler-services.de/sitemap_index.xml" "Mozilla/5.0 AppleWebKit/537.36 (KHTML, like Gecko; compatible; GPTBot/1.4; +https://openai.com/gptbot)"
74.7.243.193 - - [20/Aug/2026:06:45:27 +0200] "GET /065022251.htm HTTP/1.1" 500 - "https://goettler-services.de/sitemap_index.xml" "Mozilla/5.0 AppleWebKit/537.36 (KHTML, like Gecko; compatible; GPTBot/1.4; +https://openai.com/gptbot)"
74.7.243.193 - - [20/Aug/2026:06:45:47 +0200] "GET /177002225.htm HTTP/1.1" 500 - "https://goettler-services.de/sitemap_index.xml" "Mozilla/5.0 AppleWebKit/537.36 (KHTML, like Gecko; compatible; GPTBot/1.4; +https://openai.com/gptbot)"
74.7.243.193 - - [20/Aug/2026:06:46:08 +0200] "GET /063023331.htm HTTP/1.1" 500 - "https://goettler-services.de/sitemap_index.xml" "Mozilla/5.0 AppleWebKit/537.36 (KHTML, like Gecko; compatible; GPTBot/1.4; +https://openai.com/gptbot)"
74.7.243.193 - - [20/Aug/2026:06:46:28 +0200] "GET /070003576.htm HTTP/1.1" 500 - "https://goettler-services.de/sitemap_index.xml" "Mozilla/5.0 AppleWebKit/537.36 (KHTML, like Gecko; compatible; GPTBot/1.4; +https://openai.com/gptbot)"
66.249.66.40 - - [20/Aug/2026:06:46:30 +0200] "GET /outlet/062003313 HTTP/1.1" 200 153497 "-" "Mozilla/5.0 (Linux; Android 6.0.1; Nexus 5X Build/MMB29P) AppleWebKit/537.36 (KHTML, like Gecko) Chrome/151.0.7922.137 Mobile Safari/537.36 (compatible; GoogleOther)"
74.7.243.193 - - [20/Aug/2026:06:46:49 +0200] "GET /020007156.htm HTTP/1.1" 500 - "https://goettler-services.de/sitemap_index.xml" "Mozilla/5.0 AppleWebKit/537.36 (KHTML, like Gecko; compatible; GPTBot/1.4; +https://openai.com/gptbot)"
74.7.243.193 - - [20/Aug/2026:06:47:10 +0200] "GET /266000580.htm HTTP/1.1" 500 - "https://goettler-services.de/sitemap_index.xml" "Mozilla/5.0 AppleWebKit/537.36 (KHTML, like Gecko; compatible; GPTBot/1.4; +https://openai.com/gptbot)"
74.7.243.193 - - [20/Aug/2026:06:47:32 +0200] "GET /237000401.htm HTTP/1.1" 500 - "https://goettler-services.de/sitemap_index.xml" "Mozilla/5.0 AppleWebKit/537.36 (KHTML, like Gecko; compatible; GPTBot/1.4; +https://openai.com/gptbot)"
74.7.243.193 - - [20/Aug/2026:06:47:53 +0200] "GET /150003390.htm HTTP/1.1" 500 - "https://goettler-services.de/sitemap_index.xml" "Mozilla/5.0 AppleWebKit/537.36 (KHTML, like Gecko; compatible; GPTBot/1.4; +https://openai.com/gptbot)"
74.7.243.193 - - [20/Aug/2026:06:48:14 +0200] "GET /222001416.htm HTTP/1.1" 500 - "https://goettler-services.de/sitemap_index.xml" "Mozilla/5.0 AppleWebKit/537.36 (KHTML, like Gecko; compatible; GPTBot/1.4; +https://openai.com/gptbot)"
66.249.66.41 - - [20/Aug/2026:06:48:28 +0200] "GET /972461228 HTTP/1.1" 200 153873 "-" "Mozilla/5.0 (Linux; Android 6.0.1; Nexus 5X Build/MMB29P) AppleWebKit/537.36 (KHTML, like Gecko) Chrome/151.0.7922.137 Mobile Safari/537.36 (compatible; GoogleOther)"
74.7.243.193 - - [20/Aug/2026:06:48:35 +0200] "GET /039044407.htm HTTP/1.1" 500 - "https://goettler-services.de/sitemap_index.xml" "Mozilla/5.0 AppleWebKit/537.36 (KHTML, like Gecko; compatible; GPTBot/1.4; +https://openai.com/gptbot)"
74.7.243.193 - - [20/Aug/2026:06:48:56 +0200] "GET /168011142.htm HTTP/1.1" 500 - "https://goettler-services.de/sitemap_index.xml" "Mozilla/5.0 AppleWebKit/537.36 (KHTML, like Gecko; compatible; GPTBot/1.4; +https://openai.com/gptbot)"
74.7.243.193 - - [20/Aug/2026:06:49:17 +0200] "GET /134027000.htm HTTP/1.1" 500 - "https://goettler-services.de/sitemap_index.xml" "Mozilla/5.0 AppleWebKit/537.36 (KHTML, like Gecko; compatible; GPTBot/1.4; +https://openai.com/gptbot)"
74.7.243.193 - - [20/Aug/2026:06:49:39 +0200] "GET /242000264.htm HTTP/1.1" 500 - "https://goettler-services.de/sitemap_index.xml" "Mozilla/5.0 AppleWebKit/537.36 (KHTML, like Gecko; compatible; GPTBot/1.4; +https://openai.com/gptbot)"
74.7.243.193 - - [20/Aug/2026:06:50:00 +0200] "GET /087022281.htm HTTP/1.1" 500 - "https://goettler-services.de/sitemap_index.xml" "Mozilla/5.0 AppleWebKit/537.36 (KHTML, like Gecko; compatible; GPTBot/1.4; +https://openai.com/gptbot)"
66.249.66.41 - - [20/Aug/2026:06:50:11 +0200] "GET /?detail/0140009462388 HTTP/1.1" 200 155875 "-" "Mozilla/5.0 (Linux; Android 6.0.1; Nexus 5X Build/MMB29P) AppleWebKit/537.36 (KHTML, like Gecko) Chrome/151.0.7922.137 Mobile Safari/537.36 (compatible; GoogleOther)"
74.7.243.193 - - [20/Aug/2026:06:50:20 +0200] "GET /018044468.htm HTTP/1.1" 500 - "https://goettler-services.de/sitemap_index.xml" "Mozilla/5.0 AppleWebKit/537.36 (KHTML, like Gecko; compatible; GPTBot/1.4; +https://openai.com/gptbot)"
74.7.243.193 - - [20/Aug/2026:06:50:41 +0200] "GET /020005512.htm HTTP/1.1" 500 - "https://goettler-services.de/sitemap_index.xml" "Mozilla/5.0 AppleWebKit/537.36 (KHTML, like Gecko; compatible; GPTBot/1.4; +https://openai.com/gptbot)"
74.7.243.193 - - [20/Aug/2026:06:51:01 +0200] "GET /268000570.htm HTTP/1.1" 500 - "https://goettler-services.de/sitemap_index.xml" "Mozilla/5.0 AppleWebKit/537.36 (KHTML, like Gecko; compatible; GPTBot/1.4; +https://openai.com/gptbot)"
74.7.243.193 - - [20/Aug/2026:06:51:23 +0200] "GET /188032220.htm HTTP/1.1" 500 - "https://goettler-services.de/sitemap_index.xml" "Mozilla/5.0 AppleWebKit/537.36 (KHTML, like Gecko; compatible; GPTBot/1.4; +https://openai.com/gptbot)"
66.249.66.41 - - [20/Aug/2026:06:52:11 +0200] "GET /?jp/234011979.html HTTP/1.1" 200 182783 "-" "Mozilla/5.0 (Linux; Android 6.0.1; Nexus 5X Build/MMB29P) AppleWebKit/537.36 (KHTML, like Gecko) Chrome/151.0.7922.137 Mobile Safari/537.36 (compatible; GoogleOther)"
74.7.243.193 - - [20/Aug/2026:06:52:18 +0200] "GET /132000182.htm HTTP/1.1" 500 - "https://goettler-services.de/sitemap_index.xml" "Mozilla/5.0 AppleWebKit/537.36 (KHTML, like Gecko; compatible; GPTBot/1.4; +https://openai.com/gptbot)"
74.7.243.193 - - [20/Aug/2026:06:57:39 +0200] "GET /127000617.htm HTTP/1.1" 500 - "https://goettler-services.de/sitemap_index.xml" "Mozilla/5.0 AppleWebKit/537.36 (KHTML, like Gecko; compatible; GPTBot/1.4; +https://openai.com/gptbot)"
66.249.66.38 - - [20/Aug/2026:06:57:45 +0200] "GET /shop/pg/1005024010/ HTTP/1.1" 200 169344 "-" "Mozilla/5.0 (Linux; Android 6.0.1; Nexus 5X Build/MMB29P) AppleWebKit/537.36 (KHTML, like Gecko) Chrome/151.0.7922.137 Mobile Safari/537.36 (compatible; Googlebot/2.1; +http://www.google.com/bot.html)"
66.249.66.38 - - [20/Aug/2026:06:57:47 +0200] "GET /618280875 HTTP/1.1" 200 177158 "-" "Mozilla/5.0 (Linux; Android 6.0.1; Nexus 5X Build/MMB29P) AppleWebKit/537.36 (KHTML, like Gecko) Chrome/151.0.7922.137 Mobile Safari/537.36 (compatible; GoogleOther)"
74.7.243.193 - - [20/Aug/2026:06:58:12 +0200] "GET /067022207.htm HTTP/1.1" 500 - "https://goettler-services.de/sitemap_index.xml" "Mozilla/5.0 AppleWebKit/537.36 (KHTML, like Gecko; compatible; GPTBot/1.4; +https://openai.com/gptbot)"
74.7.243.193 - - [20/Aug/2026:06:58:19 +0200] "GET /221000169.htm HTTP/1.1" 500 - "https://goettler-services.de/sitemap_index.xml" "Mozilla/5.0 AppleWebKit/537.36 (KHTML, like Gecko; compatible; GPTBot/1.4; +https://openai.com/gptbot)"
74.7.243.193 - - [20/Aug/2026:06:58:40 +0200] "GET /045038555.htm HTTP/1.1" 500 - "https://goettler-services.de/sitemap_index.xml" "Mozilla/5.0 AppleWebKit/537.36 (KHTML, like Gecko; compatible; GPTBot/1.4; +https://openai.com/gptbot)"
74.7.243.193 - - [20/Aug/2026:06:59:01 +0200] "GET /060009988.htm HTTP/1.1" 500 - "https://goettler-services.de/sitemap_index.xml" "Mozilla/5.0 AppleWebKit/537.36 (KHTML, like Gecko; compatible; GPTBot/1.4; +https://openai.com/gptbot)"
74.7.243.193 - - [20/Aug/2026:06:59:23 +0200] "GET /027000775.htm HTTP/1.1" 500 - "https://goettler-services.de/sitemap_index.xml" "Mozilla/5.0 AppleWebKit/537.36 (KHTML, like Gecko; compatible; GPTBot/1.4; +https://openai.com/gptbot)"
74.7.243.193 - - [20/Aug/2026:06:59:45 +0200] "GET /117008111.htm HTTP/1.1" 500 - "https://goettler-services.de/sitemap_index.xml" "Mozilla/5.0 AppleWebKit/537.36 (KHTML, like Gecko; compatible; GPTBot/1.4; +https://openai.com/gptbot)"
74.7.243.193 - - [20/Aug/2026:07:00:07 +0200] "GET /115000501.htm HTTP/1.1" 500 - "https://goettler-services.de/sitemap_index.xml" "Mozilla/5.0 AppleWebKit/537.36 (KHTML, like Gecko; compatible; GPTBot/1.4; +https://openai.com/gptbot)"
66.249.66.68 - - [20/Aug/2026:07:00:07 +0200] "GET /692632758 HTTP/1.1" 200 160375 "-" "Mozilla/5.0 (Linux; Android 6.0.1; Nexus 5X Build/MMB29P) AppleWebKit/537.36 (KHTML, like Gecko) Chrome/151.0.7922.137 Mobile Safari/537.36 (compatible; GoogleOther)"
74.7.243.193 - - [20/Aug/2026:07:00:27 +0200] "GET /133003331.htm HTTP/1.1" 500 - "https://goettler-services.de/sitemap_index.xml" "Mozilla/5.0 AppleWebKit/537.36 (KHTML, like Gecko; compatible; GPTBot/1.4; +https://openai.com/gptbot)"
74.7.243.193 - - [20/Aug/2026:07:00:47 +0200] "GET /052022252.htm HTTP/1.1" 500 - "https://goettler-services.de/sitemap_index.xml" "Mozilla/5.0 AppleWebKit/537.36 (KHTML, like Gecko; compatible; GPTBot/1.4; +https://openai.com/gptbot)"
74.7.243.193 - - [20/Aug/2026:07:01:08 +0200] "GET /220002824.htm HTTP/1.1" 500 - "https://goettler-services.de/sitemap_index.xml" "Mozilla/5.0 AppleWebKit/537.36 (KHTML, like Gecko; compatible; GPTBot/1.4; +https://openai.com/gptbot)"
74.7.243.193 - - [20/Aug/2026:07:01:29 +0200] "GET /077000927.htm HTTP/1.1" 500 - "https://goettler-services.de/sitemap_index.xml" "Mozilla/5.0 AppleWebKit/537.36 (KHTML, like Gecko; compatible; GPTBot/1.4; +https://openai.com/gptbot)"
104.210.140.132 - - [20/Aug/2026:07:01:38 +0200] "GET /robots.txt HTTP/1.1" 304 - "-" "Mozilla/5.0 (Macintosh; Intel Mac OS X 10_15_7) AppleWebKit/537.36 (KHTML, like Gecko) Chrome/131.0.0.0 Safari/537.36; compatible; OAI-SearchBot/1.0; +https://openai.com/searchbot"
74.7.243.193 - - [20/Aug/2026:07:01:50 +0200] "GET /180001070.htm HTTP/1.1" 500 - "https://goettler-services.de/sitemap_index.xml" "Mozilla/5.0 AppleWebKit/537.36 (KHTML, like Gecko; compatible; GPTBot/1.4; +https://openai.com/gptbot)"
66.249.66.40 - - [20/Aug/2026:07:02:08 +0200] "GET /?detail/077004997532 HTTP/1.1" 200 153825 "-" "Mozilla/5.0 (Linux; Android 6.0.1; Nexus 5X Build/MMB29P) AppleWebKit/537.36 (KHTML, like Gecko) Chrome/151.0.7922.137 Mobile Safari/537.36 (compatible; GoogleOther)"
74.7.243.193 - - [20/Aug/2026:07:02:10 +0200] "GET /220040008.htm HTTP/1.1" 500 - "https://goettler-services.de/sitemap_index.xml" "Mozilla/5.0 AppleWebKit/537.36 (KHTML, like Gecko; compatible; GPTBot/1.4; +https://openai.com/gptbot)"
74.7.243.193 - - [20/Aug/2026:07:02:31 +0200] "GET /222000526.htm HTTP/1.1" 500 - "https://goettler-services.de/sitemap_index.xml" "Mozilla/5.0 AppleWebKit/537.36 (KHTML, like Gecko; compatible; GPTBot/1.4; +https://openai.com/gptbot)"
74.7.243.193 - - [20/Aug/2026:07:02:51 +0200] "GET /222024482.htm HTTP/1.1" 500 - "https://goettler-services.de/sitemap_index.xml" "Mozilla/5.0 AppleWebKit/537.36 (KHTML, like Gecko; compatible; GPTBot/1.4; +https://openai.com/gptbot)"
74.7.243.193 - - [20/Aug/2026:07:03:12 +0200] "GET /222026424.htm HTTP/1.1" 500 - "https://goettler-services.de/sitemap_index.xml" "Mozilla/5.0 AppleWebKit/537.36 (KHTML, like Gecko; compatible; GPTBot/1.4; +https://openai.com/gptbot)"
74.7.243.193 - - [20/Aug/2026:07:03:33 +0200] "GET /202000722.htm HTTP/1.1" 500 - "https://goettler-services.de/sitemap_index.xml" "Mozilla/5.0 AppleWebKit/537.36 (KHTML, like Gecko; compatible; GPTBot/1.4; +https://openai.com/gptbot)"
66.249.66.39 - - [20/Aug/2026:07:03:38 +0200] "GET /236586844 HTTP/1.1" 200 155023 "-" "Mozilla/5.0 (Linux; Android 6.0.1; Nexus 5X Build/MMB29P) AppleWebKit/537.36 (KHTML, like Gecko) Chrome/151.0.7922.137 Mobile Safari/537.36 (compatible; Googlebot/2.1; +http://www.google.com/bot.html)"
74.7.243.193 - - [20/Aug/2026:07:03:53 +0200] "GET /221022201.htm HTTP/1.1" 500 - "https://goettler-services.de/sitemap_index.xml" "Mozilla/5.0 AppleWebKit/537.36 (KHTML, like Gecko; compatible; GPTBot/1.4; +https://openai.com/gptbot)"
66.249.66.39 - - [20/Aug/2026:07:03:58 +0200] "GET /outlet/165007832 HTTP/1.1" 200 154028 "-" "Mozilla/5.0 (Linux; Android 6.0.1; Nexus 5X Build/MMB29P) AppleWebKit/537.36 (KHTML, like Gecko) Chrome/151.0.7922.137 Mobile Safari/537.36 (compatible; GoogleOther)"
74.7.243.193 - - [20/Aug/2026:07:04:14 +0200] "GET /150000298.htm HTTP/1.1" 500 - "https://goettler-services.de/sitemap_index.xml" "Mozilla/5.0 AppleWebKit/537.36 (KHTML, like Gecko; compatible; GPTBot/1.4; +https://openai.com/gptbot)"
74.7.243.193 - - [20/Aug/2026:07:04:35 +0200] "GET /150000382.htm HTTP/1.1" 500 - "https://goettler-services.de/sitemap_index.xml" "Mozilla/5.0 AppleWebKit/537.36 (KHTML, like Gecko; compatible; GPTBot/1.4; +https://openai.com/gptbot)"
107.150.37.82 - - [20/Aug/2026:07:03:28 +0200] "GET /wp-content/ad50988e/index.php HTTP/1.1" 200 - "https://goettler-services.de/wp-content/ad50988e/index.php" "Mozilla/5.0 (Windows NT 10.0; Win64; x64) AppleWebKit/537.36 (KHTML, like Gecko) Chrome/58.0.3029.110 Safari/537.3"
74.7.243.193 - - [20/Aug/2026:07:04:55 +0200] "GET /010000452.htm HTTP/1.1" 500 - "https://goettler-services.de/sitemap_index.xml" "Mozilla/5.0 AppleWebKit/537.36 (KHTML, like Gecko; compatible; GPTBot/1.4; +https://openai.com/gptbot)"
74.7.243.193 - - [20/Aug/2026:07:05:16 +0200] "GET /016018888.htm HTTP/1.1" 500 - "https://goettler-services.de/sitemap_index.xml" "Mozilla/5.0 AppleWebKit/537.36 (KHTML, like Gecko; compatible; GPTBot/1.4; +https://openai.com/gptbot)"
66.249.66.40 - - [20/Aug/2026:07:05:29 +0200] "GET /category/5_1289_1717/1 HTTP/1.1" 200 152798 "-" "Mozilla/5.0 (Linux; Android 6.0.1; Nexus 5X Build/MMB29P) AppleWebKit/537.36 (KHTML, like Gecko) Chrome/151.0.7922.137 Mobile Safari/537.36 (compatible; GoogleOther)"
74.7.243.193 - - [20/Aug/2026:07:05:37 +0200] "GET /012049888.htm HTTP/1.1" 500 - "https://goettler-services.de/sitemap_index.xml" "Mozilla/5.0 AppleWebKit/537.36 (KHTML, like Gecko; compatible; GPTBot/1.4; +https://openai.com/gptbot)"
66.249.66.39 - - [20/Aug/2026:07:05:45 +0200] "GET /17961876 HTTP/1.1" 200 161581 "-" "Mozilla/5.0 (Linux; Android 6.0.1; Nexus 5X Build/MMB29P) AppleWebKit/537.36 (KHTML, like Gecko) Chrome/151.0.7922.137 Mobile Safari/537.36 (compatible; Googlebot/2.1; +http://www.google.com/bot.html)"
74.7.243.193 - - [20/Aug/2026:07:05:59 +0200] "GET /265000673.htm HTTP/1.1" 500 - "https://goettler-services.de/sitemap_index.xml" "Mozilla/5.0 AppleWebKit/537.36 (KHTML, like Gecko; compatible; GPTBot/1.4; +https://openai.com/gptbot)"
74.7.243.193 - - [20/Aug/2026:07:06:20 +0200] "GET /111044839.htm HTTP/1.1" 500 - "https://goettler-services.de/sitemap_index.xml" "Mozilla/5.0 AppleWebKit/537.36 (KHTML, like Gecko; compatible; GPTBot/1.4; +https://openai.com/gptbot)"
74.7.243.193 - - [20/Aug/2026:07:06:41 +0200] "GET /297000869.htm HTTP/1.1" 500 - "https://goettler-services.de/sitemap_index.xml" "Mozilla/5.0 AppleWebKit/537.36 (KHTML, like Gecko; compatible; GPTBot/1.4; +https://openai.com/gptbot)"
66.249.66.39 - - [20/Aug/2026:07:06:49 +0200] "GET /category/215/1 HTTP/1.1" 200 153436 "-" "Mozilla/5.0 (Linux; Android 6.0.1; Nexus 5X Build/MMB29P) AppleWebKit/537.36 (KHTML, like Gecko) Chrome/151.0.7922.137 Mobile Safari/537.36 (compatible; GoogleOther)"
74.7.243.193 - - [20/Aug/2026:07:07:01 +0200] "GET /135000299.htm HTTP/1.1" 500 - "https://goettler-services.de/sitemap_index.xml" "Mozilla/5.0 AppleWebKit/537.36 (KHTML, like Gecko; compatible; GPTBot/1.4; +https://openai.com/gptbot)"
66.249.66.96 - - [20/Aug/2026:07:07:09 +0200] "GET /8536455 HTTP/1.1" 200 151808 "-" "Mozilla/5.0 (Linux; Android 6.0.1; Nexus 5X Build/MMB29P) AppleWebKit/537.36 (KHTML, like Gecko) Chrome/151.0.7922.137 Mobile Safari/537.36 (compatible; Googlebot/2.1; +http://www.google.com/bot.html)"
74.7.243.193 - - [20/Aug/2026:07:07:22 +0200] "GET /182000434.htm HTTP/1.1" 500 - "https://goettler-services.de/sitemap_index.xml" "Mozilla/5.0 AppleWebKit/537.36 (KHTML, like Gecko; compatible; GPTBot/1.4; +https://openai.com/gptbot)"
74.7.243.193 - - [20/Aug/2026:07:07:42 +0200] "GET /298003336.htm HTTP/1.1" 500 - "https://goettler-services.de/sitemap_index.xml" "Mozilla/5.0 AppleWebKit/537.36 (KHTML, like Gecko; compatible; GPTBot/1.4; +https://openai.com/gptbot)"
66.249.66.38 - - [20/Aug/2026:07:09:13 +0200] "GET /?detail/2370124524458 HTTP/1.1" 200 161659 "-" "Mozilla/5.0 (Linux; Android 6.0.1; Nexus 5X Build/MMB29P) AppleWebKit/537.36 (KHTML, like Gecko) Chrome/151.0.7922.137 Mobile Safari/537.36 (compatible; GoogleOther)"
74.7.243.193 - - [20/Aug/2026:07:09:27 +0200] "GET /245000659.htm HTTP/1.1" 500 - "https://goettler-services.de/sitemap_index.xml" "Mozilla/5.0 AppleWebKit/537.36 (KHTML, like Gecko; compatible; GPTBot/1.4; +https://openai.com/gptbot)"
74.7.243.193 - - [20/Aug/2026:07:10:02 +0200] "GET /100018476.htm HTTP/1.1" 500 - "https://goettler-services.de/sitemap_index.xml" "Mozilla/5.0 AppleWebKit/537.36 (KHTML, like Gecko; compatible; GPTBot/1.4; +https://openai.com/gptbot)"
74.7.243.193 - - [20/Aug/2026:07:10:57 +0200] "GET /261004777.htm HTTP/1.1" 500 - "https://goettler-services.de/sitemap_index.xml" "Mozilla/5.0 AppleWebKit/537.36 (KHTML, like Gecko; compatible; GPTBot/1.4; +https://openai.com/gptbot)"
74.7.243.193 - - [20/Aug/2026:07:11:12 +0200] "GET /173044409.htm HTTP/1.1" 500 - "https://goettler-services.de/sitemap_index.xml" "Mozilla/5.0 AppleWebKit/537.36 (KHTML, like Gecko; compatible; GPTBot/1.4; +https://openai.com/gptbot)"
66.249.66.198 - - [20/Aug/2026:07:11:12 +0200] "GET /category/5_611_1260/1 HTTP/1.1" 200 186198 "-" "Mozilla/5.0 (Linux; Android 6.0.1; Nexus 5X Build/MMB29P) AppleWebKit/537.36 (KHTML, like Gecko) Chrome/151.0.7922.137 Mobile Safari/537.36 (compatible; GoogleOther)"
74.7.243.193 - - [20/Aug/2026:07:11:33 +0200] "GET /176000898.htm HTTP/1.1" 500 - "https://goettler-services.de/sitemap_index.xml" "Mozilla/5.0 AppleWebKit/537.36 (KHTML, like Gecko; compatible; GPTBot/1.4; +https://openai.com/gptbot)"
74.7.243.193 - - [20/Aug/2026:07:11:43 +0200] "GET /218014446.htm HTTP/1.1" 500 - "https://goettler-services.de/sitemap_index.xml" "Mozilla/5.0 AppleWebKit/537.36 (KHTML, like Gecko; compatible; GPTBot/1.4; +https://openai.com/gptbot)"
74.7.243.193 - - [20/Aug/2026:07:11:51 +0200] "GET /249000695.htm HTTP/1.1" 500 - "https://goettler-services.de/sitemap_index.xml" "Mozilla/5.0 AppleWebKit/537.36 (KHTML, like Gecko; compatible; GPTBot/1.4; +https://openai.com/gptbot)"
66.249.66.38 - - [20/Aug/2026:07:11:53 +0200] "GET /shop/customer/menu.aspx HTTP/1.1" 200 167851 "-" "Mozilla/5.0 (Linux; Android 6.0.1; Nexus 5X Build/MMB29P) AppleWebKit/537.36 (KHTML, like Gecko) Chrome/151.0.7922.137 Mobile Safari/537.36 (compatible; Googlebot/2.1; +http://www.google.com/bot.html)"
74.7.243.193 - - [20/Aug/2026:07:11:59 +0200] "GET /222016474.htm HTTP/1.1" 500 - "https://goettler-services.de/sitemap_index.xml" "Mozilla/5.0 AppleWebKit/537.36 (KHTML, like Gecko; compatible; GPTBot/1.4; +https://openai.com/gptbot)"
74.7.243.193 - - [20/Aug/2026:07:12:23 +0200] "GET /125014449.htm HTTP/1.1" 500 - "https://goettler-services.de/sitemap_index.xml" "Mozilla/5.0 AppleWebKit/537.36 (KHTML, like Gecko; compatible; GPTBot/1.4; +https://openai.com/gptbot)"
74.7.243.193 - - [20/Aug/2026:07:12:41 +0200] "GET /147000361.htm HTTP/1.1" 500 - "https://goettler-services.de/sitemap_index.xml" "Mozilla/5.0 AppleWebKit/537.36 (KHTML, like Gecko; compatible; GPTBot/1.4; +https://openai.com/gptbot)"
66.249.66.38 - - [20/Aug/2026:07:12:54 +0200] "GET /9753351 HTTP/1.1" 200 163659 "-" "Mozilla/5.0 (Linux; Android 6.0.1; Nexus 5X Build/MMB29P) AppleWebKit/537.36 (KHTML, like Gecko) Chrome/151.0.7922.137 Mobile Safari/537.36 (compatible; GoogleOther)"
74.7.243.193 - - [20/Aug/2026:07:12:59 +0200] "GET /111044375.htm HTTP/1.1" 500 - "https://goettler-services.de/sitemap_index.xml" "Mozilla/5.0 AppleWebKit/537.36 (KHTML, like Gecko; compatible; GPTBot/1.4; +https://openai.com/gptbot)"
74.7.243.193 - - [20/Aug/2026:07:13:19 +0200] "GET /130000306.htm HTTP/1.1" 500 - "https://goettler-services.de/sitemap_index.xml" "Mozilla/5.0 AppleWebKit/537.36 (KHTML, like Gecko; compatible; GPTBot/1.4; +https://openai.com/gptbot)"
74.7.243.193 - - [20/Aug/2026:07:13:39 +0200] "GET /111011021.htm HTTP/1.1" 500 - "https://goettler-services.de/sitemap_index.xml" "Mozilla/5.0 AppleWebKit/537.36 (KHTML, like Gecko; compatible; GPTBot/1.4; +https://openai.com/gptbot)"
74.7.243.193 - - [20/Aug/2026:07:14:06 +0200] "GET /063000099.htm HTTP/1.1" 500 - "https://goettler-services.de/sitemap_index.xml" "Mozilla/5.0 AppleWebKit/537.36 (KHTML, like Gecko; compatible; GPTBot/1.4; +https://openai.com/gptbot)"
74.7.243.193 - - [20/Aug/2026:07:14:30 +0200] "GET /113000019.htm HTTP/1.1" 500 - "https://goettler-services.de/sitemap_index.xml" "Mozilla/5.0 AppleWebKit/537.36 (KHTML, like Gecko; compatible; GPTBot/1.4; +https://openai.com/gptbot)"
66.249.66.39 - - [20/Aug/2026:07:14:39 +0200] "GET /9339274 HTTP/1.1" 200 157360 "-" "Mozilla/5.0 (Linux; Android 6.0.1; Nexus 5X Build/MMB29P) AppleWebKit/537.36 (KHTML, like Gecko) Chrome/151.0.7922.137 Mobile Safari/537.36 (compatible; Googlebot/2.1; +http://www.google.com/bot.html)"
74.7.243.193 - - [20/Aug/2026:07:14:41 +0200] "GET /050012222.htm HTTP/1.1" 500 - "https://goettler-services.de/sitemap_index.xml" "Mozilla/5.0 AppleWebKit/537.36 (KHTML, like Gecko; compatible; GPTBot/1.4; +https://openai.com/gptbot)"
74.7.243.193 - - [20/Aug/2026:07:15:03 +0200] "GET /080000770.htm HTTP/1.1" 500 - "https://goettler-services.de/sitemap_index.xml" "Mozilla/5.0 AppleWebKit/537.36 (KHTML, like Gecko; compatible; GPTBot/1.4; +https://openai.com/gptbot)"
66.249.66.197 - - [20/Aug/2026:07:15:12 +0200] "GET /10336710 HTTP/1.1" 200 165047 "-" "Mozilla/5.0 (Linux; Android 6.0.1; Nexus 5X Build/MMB29P) AppleWebKit/537.36 (KHTML, like Gecko) Chrome/151.0.7922.137 Mobile Safari/537.36 (compatible; Googlebot/2.1; +http://www.google.com/bot.html)"
74.7.243.193 - - [20/Aug/2026:07:15:25 +0200] "GET /299029997.htm HTTP/1.1" 500 - "https://goettler-services.de/sitemap_index.xml" "Mozilla/5.0 AppleWebKit/537.36 (KHTML, like Gecko; compatible; GPTBot/1.4; +https://openai.com/gptbot)"
66.249.66.197 - - [20/Aug/2026:07:15:31 +0200] "GET /057000633.htm HTTP/1.1" 200 156640 "-" "Mozilla/5.0 (Linux; Android 6.0.1; Nexus 5X Build/MMB29P) AppleWebKit/537.36 (KHTML, like Gecko) Chrome/151.0.7922.137 Mobile Safari/537.36 (compatible; GoogleOther)"
74.7.243.193 - - [20/Aug/2026:07:15:45 +0200] "GET /200022002.htm HTTP/1.1" 500 - "https://goettler-services.de/sitemap_index.xml" "Mozilla/5.0 AppleWebKit/537.36 (KHTML, like Gecko; compatible; GPTBot/1.4; +https://openai.com/gptbot)"
74.7.243.193 - - [20/Aug/2026:07:16:06 +0200] "GET /255000053.htm HTTP/1.1" 500 - "https://goettler-services.de/sitemap_index.xml" "Mozilla/5.0 AppleWebKit/537.36 (KHTML, like Gecko; compatible; GPTBot/1.4; +https://openai.com/gptbot)"
74.7.243.193 - - [20/Aug/2026:07:16:28 +0200] "GET /outlet/110005051 HTTP/1.1" 500 - "https://goettler-services.de/sitemap_index.xml" "Mozilla/5.0 AppleWebKit/537.36 (KHTML, like Gecko; compatible; GPTBot/1.4; +https://openai.com/gptbot)"
74.7.243.193 - - [20/Aug/2026:07:16:48 +0200] "GET /outlet/006000205 HTTP/1.1" 500 - "https://goettler-services.de/sitemap_index.xml" "Mozilla/5.0 AppleWebKit/537.36 (KHTML, like Gecko; compatible; GPTBot/1.4; +https://openai.com/gptbot)"
74.7.243.193 - - [20/Aug/2026:07:17:10 +0200] "GET /outlet/055002522 HTTP/1.1" 500 - "https://goettler-services.de/sitemap_index.xml" "Mozilla/5.0 AppleWebKit/537.36 (KHTML, like Gecko; compatible; GPTBot/1.4; +https://openai.com/gptbot)"
74.7.243.193 - - [20/Aug/2026:07:17:30 +0200] "GET /outlet/071010010 HTTP/1.1" 500 - "https://goettler-services.de/sitemap_index.xml" "Mozilla/5.0 AppleWebKit/537.36 (KHTML, like Gecko; compatible; GPTBot/1.4; +https://openai.com/gptbot)"
66.249.66.69 - - [20/Aug/2026:07:17:38 +0200] "GET /outlet/183036442 HTTP/1.1" 200 156672 "-" "Mozilla/5.0 (Linux; Android 6.0.1; Nexus 5X Build/MMB29P) AppleWebKit/537.36 (KHTML, like Gecko) Chrome/151.0.7922.137 Mobile Safari/537.36 (compatible; GoogleOther)"
74.7.243.193 - - [20/Aug/2026:07:17:52 +0200] "GET /outlet/030030363 HTTP/1.1" 500 - "https://goettler-services.de/sitemap_index.xml" "Mozilla/5.0 AppleWebKit/537.36 (KHTML, like Gecko; compatible; GPTBot/1.4; +https://openai.com/gptbot)"
74.7.243.193 - - [20/Aug/2026:07:18:12 +0200] "GET /outlet/124035697 HTTP/1.1" 500 - "https://goettler-services.de/sitemap_index.xml" "Mozilla/5.0 AppleWebKit/537.36 (KHTML, like Gecko; compatible; GPTBot/1.4; +https://openai.com/gptbot)"
66.249.66.38 - - [20/Aug/2026:07:18:11 +0200] "GET /category/48/1 HTTP/1.1" 200 170173 "-" "Mozilla/5.0 (Linux; Android 6.0.1; Nexus 5X Build/MMB29P) AppleWebKit/537.36 (KHTML, like Gecko) Chrome/151.0.7922.137 Mobile Safari/537.36 (compatible; Googlebot/2.1; +http://www.google.com/bot.html)"
74.7.243.193 - - [20/Aug/2026:07:18:33 +0200] "GET /outlet/294017683 HTTP/1.1" 500 - "https://goettler-services.de/sitemap_index.xml" "Mozilla/5.0 AppleWebKit/537.36 (KHTML, like Gecko; compatible; GPTBot/1.4; +https://openai.com/gptbot)"
66.249.66.39 - - [20/Aug/2026:07:18:43 +0200] "GET /7517760 HTTP/1.1" 200 151887 "-" "Mozilla/5.0 (Linux; Android 6.0.1; Nexus 5X Build/MMB29P) AppleWebKit/537.36 (KHTML, like Gecko) Chrome/151.0.7922.137 Mobile Safari/537.36 (compatible; Googlebot/2.1; +http://www.google.com/bot.html)"
74.7.243.193 - - [20/Aug/2026:07:18:55 +0200] "GET /outlet/294036871 HTTP/1.1" 500 - "https://goettler-services.de/sitemap_index.xml" "Mozilla/5.0 AppleWebKit/537.36 (KHTML, like Gecko; compatible; GPTBot/1.4; +https://openai.com/gptbot)"
74.7.243.193 - - [20/Aug/2026:07:19:15 +0200] "GET /outlet/234019657 HTTP/1.1" 500 - "https://goettler-services.de/sitemap_index.xml" "Mozilla/5.0 AppleWebKit/537.36 (KHTML, like Gecko; compatible; GPTBot/1.4; +https://openai.com/gptbot)"
66.249.66.39 - - [20/Aug/2026:07:19:27 +0200] "GET /outlet/010000669 HTTP/1.1" 200 154960 "-" "Mozilla/5.0 (Linux; Android 6.0.1; Nexus 5X Build/MMB29P) AppleWebKit/537.36 (KHTML, like Gecko) Chrome/151.0.7922.137 Mobile Safari/537.36 (compatible; GoogleOther)"
74.7.243.193 - - [20/Aug/2026:07:19:35 +0200] "GET /outlet/263015798 HTTP/1.1" 500 - "https://goettler-services.de/sitemap_index.xml" "Mozilla/5.0 AppleWebKit/537.36 (KHTML, like Gecko; compatible; GPTBot/1.4; +https://openai.com/gptbot)"
74.7.243.193 - - [20/Aug/2026:07:19:56 +0200] "GET /outlet/268045791 HTTP/1.1" 500 - "https://goettler-services.de/sitemap_index.xml" "Mozilla/5.0 AppleWebKit/537.36 (KHTML, like Gecko; compatible; GPTBot/1.4; +https://openai.com/gptbot)"
74.7.243.193 - - [20/Aug/2026:07:20:18 +0200] "GET /outlet/274036859 HTTP/1.1" 500 - "https://goettler-services.de/sitemap_index.xml" "Mozilla/5.0 AppleWebKit/537.36 (KHTML, like Gecko; compatible; GPTBot/1.4; +https://openai.com/gptbot)"
66.249.66.40 - - [20/Aug/2026:07:20:27 +0200] "GET /?jp/111027861.html HTTP/1.1" 200 168802 "-" "Mozilla/5.0 (Linux; Android 6.0.1; Nexus 5X Build/MMB29P) AppleWebKit/537.36 (KHTML, like Gecko) Chrome/151.0.7922.137 Mobile Safari/537.36 (compatible; GoogleOther)"
74.7.243.193 - - [20/Aug/2026:07:20:39 +0200] "GET /174016246.htm HTTP/1.1" 500 - "https://goettler-services.de/sitemap_index.xml" "Mozilla/5.0 AppleWebKit/537.36 (KHTML, like Gecko; compatible; GPTBot/1.4; +https://openai.com/gptbot)"
66.249.66.39 - - [20/Aug/2026:07:20:56 +0200] "GET /outlet/078006335 HTTP/1.1" 200 155118 "-" "Mozilla/5.0 (Linux; Android 6.0.1; Nexus 5X Build/MMB29P) AppleWebKit/537.36 (KHTML, like Gecko) Chrome/151.0.7922.137 Mobile Safari/537.36 (compatible; GoogleOther)"
74.7.243.193 - - [20/Aug/2026:07:20:59 +0200] "GET /133049723.htm HTTP/1.1" 500 - "https://goettler-services.de/sitemap_index.xml" "Mozilla/5.0 AppleWebKit/537.36 (KHTML, like Gecko; compatible; GPTBot/1.4; +https://openai.com/gptbot)"
74.7.243.193 - - [20/Aug/2026:07:21:20 +0200] "GET /188043258.htm HTTP/1.1" 500 - "https://goettler-services.de/sitemap_index.xml" "Mozilla/5.0 AppleWebKit/537.36 (KHTML, like Gecko; compatible; GPTBot/1.4; +https://openai.com/gptbot)"
74.7.243.193 - - [20/Aug/2026:07:21:42 +0200] "GET /271025597.htm HTTP/1.1" 500 - "https://goettler-services.de/sitemap_index.xml" "Mozilla/5.0 AppleWebKit/537.36 (KHTML, like Gecko; compatible; GPTBot/1.4; +https://openai.com/gptbot)"
74.7.243.193 - - [20/Aug/2026:07:22:04 +0200] "GET /258034238.htm HTTP/1.1" 500 - "https://goettler-services.de/sitemap_index.xml" "Mozilla/5.0 AppleWebKit/537.36 (KHTML, like Gecko; compatible; GPTBot/1.4; +https://openai.com/gptbot)"
66.249.66.40 - - [20/Aug/2026:07:22:15 +0200] "GET /tuecher/?fileloc=/home/tb1/goettler-services.de/index.php&path=/home/tb1/goettler-services.de HTTP/1.1" 200 154852 "-" "Mozilla/5.0 (Linux; Android 6.0.1; Nexus 5X Build/MMB29P) AppleWebKit/537.36 (KHTML, like Gecko) Chrome/151.0.7922.137 Mobile Safari/537.36 (compatible; Googlebot/2.1; +http://www.google.com/bot.html)"
74.7.243.193 - - [20/Aug/2026:07:22:25 +0200] "GET /213032951.htm HTTP/1.1" 500 - "https://goettler-services.de/sitemap_index.xml" "Mozilla/5.0 AppleWebKit/537.36 (KHTML, like Gecko; compatible; GPTBot/1.4; +https://openai.com/gptbot)"
74.7.243.193 - - [20/Aug/2026:07:22:47 +0200] "GET /264045762.htm HTTP/1.1" 500 - "https://goettler-services.de/sitemap_index.xml" "Mozilla/5.0 AppleWebKit/537.36 (KHTML, like Gecko; compatible; GPTBot/1.4; +https://openai.com/gptbot)"
66.249.66.40 - - [20/Aug/2026:07:23:03 +0200] "GET /?detail/117031739926 HTTP/1.1" 200 169159 "-" "Mozilla/5.0 (Linux; Android 6.0.1; Nexus 5X Build/MMB29P) AppleWebKit/537.36 (KHTML, like Gecko) Chrome/151.0.7922.137 Mobile Safari/537.36 (compatible; GoogleOther)"
74.7.243.193 - - [20/Aug/2026:07:23:07 +0200] "GET /060018534.htm HTTP/1.1" 500 - "https://goettler-services.de/sitemap_index.xml" "Mozilla/5.0 AppleWebKit/537.36 (KHTML, like Gecko; compatible; GPTBot/1.4; +https://openai.com/gptbot)"
74.7.243.193 - - [20/Aug/2026:07:23:27 +0200] "GET /293047249.htm HTTP/1.1" 500 - "https://goettler-services.de/sitemap_index.xml" "Mozilla/5.0 AppleWebKit/537.36 (KHTML, like Gecko; compatible; GPTBot/1.4; +https://openai.com/gptbot)"
66.249.66.38 - - [20/Aug/2026:07:23:31 +0200] "GET /category/5_460_1086/1 HTTP/1.1" 200 153066 "-" "Mozilla/5.0 (Linux; Android 6.0.1; Nexus 5X Build/MMB29P) AppleWebKit/537.36 (KHTML, like Gecko) Chrome/151.0.7922.137 Mobile Safari/537.36 (compatible; GoogleOther)"
74.7.243.193 - - [20/Aug/2026:07:23:48 +0200] "GET /291020879.htm HTTP/1.1" 500 - "https://goettler-services.de/sitemap_index.xml" "Mozilla/5.0 AppleWebKit/537.36 (KHTML, like Gecko; compatible; GPTBot/1.4; +https://openai.com/gptbot)"
74.7.243.193 - - [20/Aug/2026:07:24:09 +0200] "GET /171048789.htm HTTP/1.1" 500 - "https://goettler-services.de/sitemap_index.xml" "Mozilla/5.0 AppleWebKit/537.36 (KHTML, like Gecko; compatible; GPTBot/1.4; +https://openai.com/gptbot)"
74.7.243.193 - - [20/Aug/2026:07:24:30 +0200] "GET /157034047.htm HTTP/1.1" 500 - "https://goettler-services.de/sitemap_index.xml" "Mozilla/5.0 AppleWebKit/537.36 (KHTML, like Gecko; compatible; GPTBot/1.4; +https://openai.com/gptbot)"
74.7.243.193 - - [20/Aug/2026:07:24:51 +0200] "GET /072042614.htm HTTP/1.1" 500 - "https://goettler-services.de/sitemap_index.xml" "Mozilla/5.0 AppleWebKit/537.36 (KHTML, like Gecko; compatible; GPTBot/1.4; +https://openai.com/gptbot)"
74.7.243.193 - - [20/Aug/2026:07:25:13 +0200] "GET /069045757.htm HTTP/1.1" 500 - "https://goettler-services.de/sitemap_index.xml" "Mozilla/5.0 AppleWebKit/537.36 (KHTML, like Gecko; compatible; GPTBot/1.4; +https://openai.com/gptbot)"
74.7.243.193 - - [20/Aug/2026:07:25:35 +0200] "GET /043038789.htm HTTP/1.1" 500 - "https://goettler-services.de/sitemap_index.xml" "Mozilla/5.0 AppleWebKit/537.36 (KHTML, like Gecko; compatible; GPTBot/1.4; +https://openai.com/gptbot)"
66.249.66.39 - - [20/Aug/2026:07:25:46 +0200] "GET /674401466 HTTP/1.1" 200 155551 "-" "Mozilla/5.0 (Linux; Android 6.0.1; Nexus 5X Build/MMB29P) AppleWebKit/537.36 (KHTML, like Gecko) Chrome/151.0.7922.137 Mobile Safari/537.36 (compatible; GoogleOther)"
74.7.243.193 - - [20/Aug/2026:07:25:56 +0200] "GET /051034737.htm HTTP/1.1" 500 - "https://goettler-services.de/sitemap_index.xml" "Mozilla/5.0 AppleWebKit/537.36 (KHTML, like Gecko; compatible; GPTBot/1.4; +https://openai.com/gptbot)"
74.7.243.193 - - [20/Aug/2026:07:26:59 +0200] "GET /229036593.htm HTTP/1.1" 500 - "https://goettler-services.de/sitemap_index.xml" "Mozilla/5.0 AppleWebKit/537.36 (KHTML, like Gecko; compatible; GPTBot/1.4; +https://openai.com/gptbot)"
74.7.243.193 - - [20/Aug/2026:07:28:06 +0200] "GET /264028384.htm HTTP/1.1" 500 - "https://goettler-services.de/sitemap_index.xml" "Mozilla/5.0 AppleWebKit/537.36 (KHTML, like Gecko; compatible; GPTBot/1.4; +https://openai.com/gptbot)"
74.7.243.193 - - [20/Aug/2026:07:28:41 +0200] "GET /204035328.htm HTTP/1.1" 500 - "https://goettler-services.de/sitemap_index.xml" "Mozilla/5.0 AppleWebKit/537.36 (KHTML, like Gecko; compatible; GPTBot/1.4; +https://openai.com/gptbot)"
74.7.243.193 - - [20/Aug/2026:07:28:56 +0200] "GET /143020941.htm HTTP/1.1" 500 - "https://goettler-services.de/sitemap_index.xml" "Mozilla/5.0 AppleWebKit/537.36 (KHTML, like Gecko; compatible; GPTBot/1.4; +https://openai.com/gptbot)"
66.249.66.39 - - [20/Aug/2026:07:28:56 +0200] "GET /tuecher/?fileloc=/home/tb1/goettler-services.de/wp_luci.php&path=/home/tb1/goettler-services.de HTTP/1.1" 200 157296 "-" "Mozilla/5.0 (Linux; Android 6.0.1; Nexus 5X Build/MMB29P) AppleWebKit/537.36 (KHTML, like Gecko) Chrome/151.0.7922.137 Mobile Safari/537.36 (compatible; Googlebot/2.1; +http://www.google.com/bot.html)"
74.7.243.193 - - [20/Aug/2026:07:29:05 +0200] "GET /063027127.htm HTTP/1.1" 500 - "https://goettler-services.de/sitemap_index.xml" "Mozilla/5.0 AppleWebKit/537.36 (KHTML, like Gecko; compatible; GPTBot/1.4; +https://openai.com/gptbot)"
74.7.243.193 - - [20/Aug/2026:07:29:14 +0200] "GET /092033624.htm HTTP/1.1" 500 - "https://goettler-services.de/sitemap_index.xml" "Mozilla/5.0 AppleWebKit/537.36 (KHTML, like Gecko; compatible; GPTBot/1.4; +https://openai.com/gptbot)"
74.7.243.193 - - [20/Aug/2026:07:29:27 +0200] "GET /153009713.htm HTTP/1.1" 500 - "https://goettler-services.de/sitemap_index.xml" "Mozilla/5.0 AppleWebKit/537.36 (KHTML, like Gecko; compatible; GPTBot/1.4; +https://openai.com/gptbot)"
