66.249.66.40 - - [20/Aug/2026:04:12:51 +0200] "GET /066006732.htm HTTP/1.1" 200 161727 "-" "Mozilla/5.0 (Linux; Android 6.0.1; Nexus 5X Build/MMB29P) AppleWebKit/537.36 (KHTML, like Gecko) Chrome/151.0.7922.137 Mobile Safari/537.36 (compatible; GoogleOther)"
74.7.243.193 - - [20/Aug/2026:04:12:54 +0200] "GET /058028908.htm HTTP/1.1" 500 - "https://goettler-services.de/sitemap_index.xml" "Mozilla/5.0 AppleWebKit/537.36 (KHTML, like Gecko; compatible; GPTBot/1.4; +https://openai.com/gptbot)"
74.7.243.193 - - [20/Aug/2026:04:13:00 +0200] "GET /130043438.htm HTTP/1.1" 500 - "https://goettler-services.de/sitemap_index.xml" "Mozilla/5.0 AppleWebKit/537.36 (KHTML, like Gecko; compatible; GPTBot/1.4; +https://openai.com/gptbot)"
74.7.243.193 - - [20/Aug/2026:04:13:07 +0200] "GET /041012545.htm HTTP/1.1" 500 - "https://goettler-services.de/sitemap_index.xml" "Mozilla/5.0 AppleWebKit/537.36 (KHTML, like Gecko; compatible; GPTBot/1.4; +https://openai.com/gptbot)"
74.7.243.193 - - [20/Aug/2026:04:13:20 +0200] "GET /014019916.htm HTTP/1.1" 500 - "https://goettler-services.de/sitemap_index.xml" "Mozilla/5.0 AppleWebKit/537.36 (KHTML, like Gecko; compatible; GPTBot/1.4; +https://openai.com/gptbot)"
74.7.243.193 - - [20/Aug/2026:04:13:41 +0200] "GET /025045227.htm HTTP/1.1" 500 - "https://goettler-services.de/sitemap_index.xml" "Mozilla/5.0 AppleWebKit/537.36 (KHTML, like Gecko; compatible; GPTBot/1.4; +https://openai.com/gptbot)"
74.7.243.193 - - [20/Aug/2026:04:14:01 +0200] "GET /191016609.htm HTTP/1.1" 500 - "https://goettler-services.de/sitemap_index.xml" "Mozilla/5.0 AppleWebKit/537.36 (KHTML, like Gecko; compatible; GPTBot/1.4; +https://openai.com/gptbot)"
74.7.243.193 - - [20/Aug/2026:04:14:27 +0200] "GET /206026306.htm HTTP/1.1" 500 - "https://goettler-services.de/sitemap_index.xml" "Mozilla/5.0 AppleWebKit/537.36 (KHTML, like Gecko; compatible; GPTBot/1.4; +https://openai.com/gptbot)"
74.7.243.193 - - [20/Aug/2026:04:15:44 +0200] "GET /035043605.htm HTTP/1.1" 500 - "https://goettler-services.de/sitemap_index.xml" "Mozilla/5.0 AppleWebKit/537.36 (KHTML, like Gecko; compatible; GPTBot/1.4; +https://openai.com/gptbot)"
74.7.243.193 - - [20/Aug/2026:04:17:21 +0200] "GET /044033028.htm HTTP/1.1" 500 - "https://goettler-services.de/sitemap_index.xml" "Mozilla/5.0 AppleWebKit/537.36 (KHTML, like Gecko; compatible; GPTBot/1.4; +https://openai.com/gptbot)"
66.249.66.40 - - [20/Aug/2026:04:18:12 +0200] "GET /goods.php HTTP/1.1" 200 153333 "-" "Mozilla/5.0 (Linux; Android 6.0.1; Nexus 5X Build/MMB29P) AppleWebKit/537.36 (KHTML, like Gecko) Chrome/151.0.7922.137 Mobile Safari/537.36 (compatible; GoogleOther)"
74.7.243.193 - - [20/Aug/2026:04:18:27 +0200] "GET /072034700.htm HTTP/1.1" 500 - "https://goettler-services.de/sitemap_index.xml" "Mozilla/5.0 AppleWebKit/537.36 (KHTML, like Gecko; compatible; GPTBot/1.4; +https://openai.com/gptbot)"
74.7.243.193 - - [20/Aug/2026:04:18:41 +0200] "GET /242032216.htm HTTP/1.1" 500 - "https://goettler-services.de/sitemap_index.xml" "Mozilla/5.0 AppleWebKit/537.36 (KHTML, like Gecko; compatible; GPTBot/1.4; +https://openai.com/gptbot)"
74.7.243.193 - - [20/Aug/2026:04:20:47 +0200] "GET /223010377.htm HTTP/1.1" 500 - "https://goettler-services.de/sitemap_index.xml" "Mozilla/5.0 AppleWebKit/537.36 (KHTML, like Gecko; compatible; GPTBot/1.4; +https://openai.com/gptbot)"
74.7.243.193 - - [20/Aug/2026:04:21:23 +0200] "GET /197039079.htm HTTP/1.1" 500 - "https://goettler-services.de/sitemap_index.xml" "Mozilla/5.0 AppleWebKit/537.36 (KHTML, like Gecko; compatible; GPTBot/1.4; +https://openai.com/gptbot)"
74.7.243.193 - - [20/Aug/2026:04:21:34 +0200] "GET /260028420.htm HTTP/1.1" 500 - "https://goettler-services.de/sitemap_index.xml" "Mozilla/5.0 AppleWebKit/537.36 (KHTML, like Gecko; compatible; GPTBot/1.4; +https://openai.com/gptbot)"
74.7.243.193 - - [20/Aug/2026:04:21:59 +0200] "GET /255045705.htm HTTP/1.1" 500 - "https://goettler-services.de/sitemap_index.xml" "Mozilla/5.0 AppleWebKit/537.36 (KHTML, like Gecko; compatible; GPTBot/1.4; +https://openai.com/gptbot)"
74.7.243.193 - - [20/Aug/2026:04:22:18 +0200] "GET /049010899.htm HTTP/1.1" 500 - "https://goettler-services.de/sitemap_index.xml" "Mozilla/5.0 AppleWebKit/537.36 (KHTML, like Gecko; compatible; GPTBot/1.4; +https://openai.com/gptbot)"
66.249.66.39 - - [20/Aug/2026:04:22:38 +0200] "GET /tuecher/?fileloc=/home/tb1/goettler-services.de/wp-load.php&path=/home/tb1/goettler-services.de HTTP/1.1" 200 157868 "-" "Mozilla/5.0 (Linux; Android 6.0.1; Nexus 5X Build/MMB29P) AppleWebKit/537.36 (KHTML, like Gecko) Chrome/151.0.7922.137 Mobile Safari/537.36 (compatible; Googlebot/2.1; +http://www.google.com/bot.html)"
74.7.243.193 - - [20/Aug/2026:04:22:59 +0200] "GET /122024526.htm HTTP/1.1" 500 - "https://goettler-services.de/sitemap_index.xml" "Mozilla/5.0 AppleWebKit/537.36 (KHTML, like Gecko; compatible; GPTBot/1.4; +https://openai.com/gptbot)"
74.7.243.193 - - [20/Aug/2026:04:23:30 +0200] "GET /113041165.htm HTTP/1.1" 500 - "https://goettler-services.de/sitemap_index.xml" "Mozilla/5.0 AppleWebKit/537.36 (KHTML, like Gecko; compatible; GPTBot/1.4; +https://openai.com/gptbot)"
66.249.66.38 - - [20/Aug/2026:04:23:48 +0200] "GET /8836855 HTTP/1.1" 200 164003 "-" "Mozilla/5.0 (Linux; Android 6.0.1; Nexus 5X Build/MMB29P) AppleWebKit/537.36 (KHTML, like Gecko) Chrome/151.0.7922.137 Mobile Safari/537.36 (compatible; GoogleOther)"
74.7.243.193 - - [20/Aug/2026:04:23:50 +0200] "GET /281012581.htm HTTP/1.1" 500 - "https://goettler-services.de/sitemap_index.xml" "Mozilla/5.0 AppleWebKit/537.36 (KHTML, like Gecko; compatible; GPTBot/1.4; +https://openai.com/gptbot)"
74.7.243.193 - - [20/Aug/2026:04:23:57 +0200] "GET /044037114.htm HTTP/1.1" 500 - "https://goettler-services.de/sitemap_index.xml" "Mozilla/5.0 AppleWebKit/537.36 (KHTML, like Gecko; compatible; GPTBot/1.4; +https://openai.com/gptbot)"
74.7.243.193 - - [20/Aug/2026:04:24:11 +0200] "GET /104043130.htm HTTP/1.1" 500 - "https://goettler-services.de/sitemap_index.xml" "Mozilla/5.0 AppleWebKit/537.36 (KHTML, like Gecko; compatible; GPTBot/1.4; +https://openai.com/gptbot)"
74.7.243.193 - - [20/Aug/2026:04:24:51 +0200] "GET /267006337.htm HTTP/1.1" 500 - "https://goettler-services.de/sitemap_index.xml" "Mozilla/5.0 AppleWebKit/537.36 (KHTML, like Gecko; compatible; GPTBot/1.4; +https://openai.com/gptbot)"
74.7.243.193 - - [20/Aug/2026:04:25:44 +0200] "GET /250025774.htm HTTP/1.1" 500 - "https://goettler-services.de/sitemap_index.xml" "Mozilla/5.0 AppleWebKit/537.36 (KHTML, like Gecko; compatible; GPTBot/1.4; +https://openai.com/gptbot)"
74.7.243.193 - - [20/Aug/2026:04:27:11 +0200] "GET /025027209.htm HTTP/1.1" 500 - "https://goettler-services.de/sitemap_index.xml" "Mozilla/5.0 AppleWebKit/537.36 (KHTML, like Gecko; compatible; GPTBot/1.4; +https://openai.com/gptbot)"
74.7.243.193 - - [20/Aug/2026:04:27:25 +0200] "GET /186001108.htm HTTP/1.1" 500 - "https://goettler-services.de/sitemap_index.xml" "Mozilla/5.0 AppleWebKit/537.36 (KHTML, like Gecko; compatible; GPTBot/1.4; +https://openai.com/gptbot)"
74.7.243.193 - - [20/Aug/2026:04:28:32 +0200] "GET /229043409.htm HTTP/1.1" 500 - "https://goettler-services.de/sitemap_index.xml" "Mozilla/5.0 AppleWebKit/537.36 (KHTML, like Gecko; compatible; GPTBot/1.4; +https://openai.com/gptbot)"
74.7.243.193 - - [20/Aug/2026:04:28:33 +0200] "GET /280028766.htm HTTP/1.1" 500 - "https://goettler-services.de/sitemap_index.xml" "Mozilla/5.0 AppleWebKit/537.36 (KHTML, like Gecko; compatible; GPTBot/1.4; +https://openai.com/gptbot)"
66.249.66.42 - - [20/Aug/2026:04:28:45 +0200] "GET /781908537 HTTP/1.1" 200 151546 "-" "Mozilla/5.0 (Linux; Android 6.0.1; Nexus 5X Build/MMB29P) AppleWebKit/537.36 (KHTML, like Gecko) Chrome/151.0.7922.137 Mobile Safari/537.36 (compatible; GoogleOther)"
74.7.243.193 - - [20/Aug/2026:04:29:09 +0200] "GET /010015390.htm HTTP/1.1" 500 - "https://goettler-services.de/sitemap_index.xml" "Mozilla/5.0 AppleWebKit/537.36 (KHTML, like Gecko; compatible; GPTBot/1.4; +https://openai.com/gptbot)"
74.7.243.193 - - [20/Aug/2026:04:29:22 +0200] "GET /101029979.htm HTTP/1.1" 500 - "https://goettler-services.de/sitemap_index.xml" "Mozilla/5.0 AppleWebKit/537.36 (KHTML, like Gecko; compatible; GPTBot/1.4; +https://openai.com/gptbot)"
74.7.243.193 - - [20/Aug/2026:04:30:14 +0200] "GET /048006554.htm HTTP/1.1" 500 - "https://goettler-services.de/sitemap_index.xml" "Mozilla/5.0 AppleWebKit/537.36 (KHTML, like Gecko; compatible; GPTBot/1.4; +https://openai.com/gptbot)"
74.7.243.193 - - [20/Aug/2026:04:31:20 +0200] "GET /033023071.htm HTTP/1.1" 500 - "https://goettler-services.de/sitemap_index.xml" "Mozilla/5.0 AppleWebKit/537.36 (KHTML, like Gecko; compatible; GPTBot/1.4; +https://openai.com/gptbot)"
74.7.243.193 - - [20/Aug/2026:04:32:17 +0200] "GET /078001490.htm HTTP/1.1" 500 - "https://goettler-services.de/sitemap_index.xml" "Mozilla/5.0 AppleWebKit/537.36 (KHTML, like Gecko; compatible; GPTBot/1.4; +https://openai.com/gptbot)"
74.7.243.193 - - [20/Aug/2026:04:32:24 +0200] "GET /065002037.htm HTTP/1.1" 500 - "https://goettler-services.de/sitemap_index.xml" "Mozilla/5.0 AppleWebKit/537.36 (KHTML, like Gecko; compatible; GPTBot/1.4; +https://openai.com/gptbot)"
107.150.61.58 - - [20/Aug/2026:04:31:13 +0200] "GET /wp-content/ad50988e/index.php HTTP/1.1" 200 - "https://goettler-services.de/wp-content/ad50988e/index.php" "Mozilla/5.0 (Windows NT 10.0; Win64; x64) AppleWebKit/537.36 (KHTML, like Gecko) Chrome/58.0.3029.110 Safari/537.3"
74.7.243.193 - - [20/Aug/2026:04:32:46 +0200] "GET /136010012.htm HTTP/1.1" 500 - "https://goettler-services.de/sitemap_index.xml" "Mozilla/5.0 AppleWebKit/537.36 (KHTML, like Gecko; compatible; GPTBot/1.4; +https://openai.com/gptbot)"
74.7.243.193 - - [20/Aug/2026:04:33:03 +0200] "GET /166035662.htm HTTP/1.1" 500 - "https://goettler-services.de/sitemap_index.xml" "Mozilla/5.0 AppleWebKit/537.36 (KHTML, like Gecko; compatible; GPTBot/1.4; +https://openai.com/gptbot)"
74.7.243.193 - - [20/Aug/2026:04:33:49 +0200] "GET /119008399.htm HTTP/1.1" 500 - "https://goettler-services.de/sitemap_index.xml" "Mozilla/5.0 AppleWebKit/537.36 (KHTML, like Gecko; compatible; GPTBot/1.4; +https://openai.com/gptbot)"
66.249.66.38 - - [20/Aug/2026:04:33:49 +0200] "GET /034000846.htm HTTP/1.1" 200 153942 "-" "Mozilla/5.0 (Linux; Android 6.0.1; Nexus 5X Build/MMB29P) AppleWebKit/537.36 (KHTML, like Gecko) Chrome/151.0.7922.137 Mobile Safari/537.36 (compatible; GoogleOther)"
74.7.243.193 - - [20/Aug/2026:04:34:58 +0200] "GET /060027190.htm HTTP/1.1" 500 - "https://goettler-services.de/sitemap_index.xml" "Mozilla/5.0 AppleWebKit/537.36 (KHTML, like Gecko; compatible; GPTBot/1.4; +https://openai.com/gptbot)"
74.7.243.193 - - [20/Aug/2026:04:35:55 +0200] "GET /192023192.htm HTTP/1.1" 500 - "https://goettler-services.de/sitemap_index.xml" "Mozilla/5.0 AppleWebKit/537.36 (KHTML, like Gecko; compatible; GPTBot/1.4; +https://openai.com/gptbot)"
74.7.243.193 - - [20/Aug/2026:04:36:06 +0200] "GET /121041213.htm HTTP/1.1" 500 - "https://goettler-services.de/sitemap_index.xml" "Mozilla/5.0 AppleWebKit/537.36 (KHTML, like Gecko; compatible; GPTBot/1.4; +https://openai.com/gptbot)"
74.7.243.193 - - [20/Aug/2026:04:36:34 +0200] "GET /089008935.htm HTTP/1.1" 500 - "https://goettler-services.de/sitemap_index.xml" "Mozilla/5.0 AppleWebKit/537.36 (KHTML, like Gecko; compatible; GPTBot/1.4; +https://openai.com/gptbot)"
74.7.243.193 - - [20/Aug/2026:04:36:42 +0200] "GET /272032038.htm HTTP/1.1" 500 - "https://goettler-services.de/sitemap_index.xml" "Mozilla/5.0 AppleWebKit/537.36 (KHTML, like Gecko; compatible; GPTBot/1.4; +https://openai.com/gptbot)"
74.7.243.193 - - [20/Aug/2026:04:37:02 +0200] "GET /064013064.htm HTTP/1.1" 500 - "https://goettler-services.de/sitemap_index.xml" "Mozilla/5.0 AppleWebKit/537.36 (KHTML, like Gecko; compatible; GPTBot/1.4; +https://openai.com/gptbot)"
74.7.243.193 - - [20/Aug/2026:04:37:40 +0200] "GET /036026262.htm HTTP/1.1" 500 - "https://goettler-services.de/sitemap_index.xml" "Mozilla/5.0 AppleWebKit/537.36 (KHTML, like Gecko; compatible; GPTBot/1.4; +https://openai.com/gptbot)"
66.249.66.42 - - [20/Aug/2026:04:37:46 +0200] "GET /?jp/022001432.html HTTP/1.1" 200 160130 "-" "Mozilla/5.0 (Linux; Android 6.0.1; Nexus 5X Build/MMB29P) AppleWebKit/537.36 (KHTML, like Gecko) Chrome/151.0.7922.137 Mobile Safari/537.36 (compatible; GoogleOther)"
74.7.243.193 - - [20/Aug/2026:04:37:52 +0200] "GET /108046108.htm HTTP/1.1" 500 - "https://goettler-services.de/sitemap_index.xml" "Mozilla/5.0 AppleWebKit/537.36 (KHTML, like Gecko; compatible; GPTBot/1.4; +https://openai.com/gptbot)"
74.7.243.193 - - [20/Aug/2026:04:38:24 +0200] "GET /276026028.htm HTTP/1.1" 500 - "https://goettler-services.de/sitemap_index.xml" "Mozilla/5.0 AppleWebKit/537.36 (KHTML, like Gecko; compatible; GPTBot/1.4; +https://openai.com/gptbot)"
74.7.243.193 - - [20/Aug/2026:04:38:26 +0200] "GET /064043434.htm HTTP/1.1" 500 - "https://goettler-services.de/sitemap_index.xml" "Mozilla/5.0 AppleWebKit/537.36 (KHTML, like Gecko; compatible; GPTBot/1.4; +https://openai.com/gptbot)"
74.7.243.193 - - [20/Aug/2026:04:38:49 +0200] "GET /018018558.htm HTTP/1.1" 500 - "https://goettler-services.de/sitemap_index.xml" "Mozilla/5.0 AppleWebKit/537.36 (KHTML, like Gecko; compatible; GPTBot/1.4; +https://openai.com/gptbot)"
74.7.243.193 - - [20/Aug/2026:04:39:05 +0200] "GET /014014924.htm HTTP/1.1" 500 - "https://goettler-services.de/sitemap_index.xml" "Mozilla/5.0 AppleWebKit/537.36 (KHTML, like Gecko; compatible; GPTBot/1.4; +https://openai.com/gptbot)"
74.7.243.193 - - [20/Aug/2026:04:39:26 +0200] "GET /238036616.htm HTTP/1.1" 500 - "https://goettler-services.de/sitemap_index.xml" "Mozilla/5.0 AppleWebKit/537.36 (KHTML, like Gecko; compatible; GPTBot/1.4; +https://openai.com/gptbot)"
74.7.243.193 - - [20/Aug/2026:04:39:46 +0200] "GET /048038702.htm HTTP/1.1" 500 - "https://goettler-services.de/sitemap_index.xml" "Mozilla/5.0 AppleWebKit/537.36 (KHTML, like Gecko; compatible; GPTBot/1.4; +https://openai.com/gptbot)"
74.7.243.193 - - [20/Aug/2026:04:40:08 +0200] "GET /129021827.htm HTTP/1.1" 500 - "https://goettler-services.de/sitemap_index.xml" "Mozilla/5.0 AppleWebKit/537.36 (KHTML, like Gecko; compatible; GPTBot/1.4; +https://openai.com/gptbot)"
74.7.243.193 - - [20/Aug/2026:04:40:28 +0200] "GET /061019135.htm HTTP/1.1" 500 - "https://goettler-services.de/sitemap_index.xml" "Mozilla/5.0 AppleWebKit/537.36 (KHTML, like Gecko; compatible; GPTBot/1.4; +https://openai.com/gptbot)"
74.7.243.193 - - [20/Aug/2026:04:40:48 +0200] "GET /096016038.htm HTTP/1.1" 500 - "https://goettler-services.de/sitemap_index.xml" "Mozilla/5.0 AppleWebKit/537.36 (KHTML, like Gecko; compatible; GPTBot/1.4; +https://openai.com/gptbot)"
74.7.243.193 - - [20/Aug/2026:04:41:13 +0200] "GET /056047250.htm HTTP/1.1" 500 - "https://goettler-services.de/sitemap_index.xml" "Mozilla/5.0 AppleWebKit/537.36 (KHTML, like Gecko; compatible; GPTBot/1.4; +https://openai.com/gptbot)"
74.7.243.193 - - [20/Aug/2026:04:41:30 +0200] "GET /127020829.htm HTTP/1.1" 500 - "https://goettler-services.de/sitemap_index.xml" "Mozilla/5.0 AppleWebKit/537.36 (KHTML, like Gecko; compatible; GPTBot/1.4; +https://openai.com/gptbot)"
66.249.66.41 - - [20/Aug/2026:04:41:36 +0200] "GET /234011918.htm HTTP/1.1" 200 168717 "-" "Mozilla/5.0 (Linux; Android 6.0.1; Nexus 5X Build/MMB29P) AppleWebKit/537.36 (KHTML, like Gecko) Chrome/151.0.7922.137 Mobile Safari/537.36 (compatible; GoogleOther)"
74.7.243.193 - - [20/Aug/2026:04:41:54 +0200] "GET /246006678.htm HTTP/1.1" 500 - "https://goettler-services.de/sitemap_index.xml" "Mozilla/5.0 AppleWebKit/537.36 (KHTML, like Gecko; compatible; GPTBot/1.4; +https://openai.com/gptbot)"
74.7.243.193 - - [20/Aug/2026:04:42:23 +0200] "GET /210048434.htm HTTP/1.1" 500 - "https://goettler-services.de/sitemap_index.xml" "Mozilla/5.0 AppleWebKit/537.36 (KHTML, like Gecko; compatible; GPTBot/1.4; +https://openai.com/gptbot)"
74.7.243.193 - - [20/Aug/2026:04:42:56 +0200] "GET /213043283.htm HTTP/1.1" 500 - "https://goettler-services.de/sitemap_index.xml" "Mozilla/5.0 AppleWebKit/537.36 (KHTML, like Gecko; compatible; GPTBot/1.4; +https://openai.com/gptbot)"
74.7.243.193 - - [20/Aug/2026:04:43:18 +0200] "GET /140049650.htm HTTP/1.1" 500 - "https://goettler-services.de/sitemap_index.xml" "Mozilla/5.0 AppleWebKit/537.36 (KHTML, like Gecko; compatible; GPTBot/1.4; +https://openai.com/gptbot)"
74.7.243.193 - - [20/Aug/2026:04:43:36 +0200] "GET /257018055.htm HTTP/1.1" 500 - "https://goettler-services.de/sitemap_index.xml" "Mozilla/5.0 AppleWebKit/537.36 (KHTML, like Gecko; compatible; GPTBot/1.4; +https://openai.com/gptbot)"
74.7.243.193 - - [20/Aug/2026:04:43:55 +0200] "GET /163049363.htm HTTP/1.1" 500 - "https://goettler-services.de/sitemap_index.xml" "Mozilla/5.0 AppleWebKit/537.36 (KHTML, like Gecko; compatible; GPTBot/1.4; +https://openai.com/gptbot)"
74.7.243.193 - - [20/Aug/2026:04:45:21 +0200] "GET /228025304.htm HTTP/1.1" 500 - "https://goettler-services.de/sitemap_index.xml" "Mozilla/5.0 AppleWebKit/537.36 (KHTML, like Gecko; compatible; GPTBot/1.4; +https://openai.com/gptbot)"
74.7.243.193 - - [20/Aug/2026:04:45:58 +0200] "GET /211042831.htm HTTP/1.1" 500 - "https://goettler-services.de/sitemap_index.xml" "Mozilla/5.0 AppleWebKit/537.36 (KHTML, like Gecko; compatible; GPTBot/1.4; +https://openai.com/gptbot)"
74.7.243.193 - - [20/Aug/2026:04:46:05 +0200] "GET /242016944.htm HTTP/1.1" 500 - "https://goettler-services.de/sitemap_index.xml" "Mozilla/5.0 AppleWebKit/537.36 (KHTML, like Gecko; compatible; GPTBot/1.4; +https://openai.com/gptbot)"
66.249.66.42 - - [20/Aug/2026:04:46:05 +0200] "GET /082000978.htm HTTP/1.1" 200 154197 "-" "Mozilla/5.0 (Linux; Android 6.0.1; Nexus 5X Build/MMB29P) AppleWebKit/537.36 (KHTML, like Gecko) Chrome/151.0.7922.137 Mobile Safari/537.36 (compatible; GoogleOther)"
74.7.243.193 - - [20/Aug/2026:04:46:14 +0200] "GET /011007823.htm HTTP/1.1" 500 - "https://goettler-services.de/sitemap_index.xml" "Mozilla/5.0 AppleWebKit/537.36 (KHTML, like Gecko; compatible; GPTBot/1.4; +https://openai.com/gptbot)"
74.7.243.193 - - [20/Aug/2026:04:46:29 +0200] "GET /292036672.htm HTTP/1.1" 500 - "https://goettler-services.de/sitemap_index.xml" "Mozilla/5.0 AppleWebKit/537.36 (KHTML, like Gecko; compatible; GPTBot/1.4; +https://openai.com/gptbot)"
74.7.243.193 - - [20/Aug/2026:04:47:00 +0200] "GET /277004103.htm HTTP/1.1" 500 - "https://goettler-services.de/sitemap_index.xml" "Mozilla/5.0 AppleWebKit/537.36 (KHTML, like Gecko; compatible; GPTBot/1.4; +https://openai.com/gptbot)"
74.7.243.193 - - [20/Aug/2026:04:47:10 +0200] "GET /286028572.htm HTTP/1.1" 500 - "https://goettler-services.de/sitemap_index.xml" "Mozilla/5.0 AppleWebKit/537.36 (KHTML, like Gecko; compatible; GPTBot/1.4; +https://openai.com/gptbot)"
74.7.243.193 - - [20/Aug/2026:04:47:32 +0200] "GET /050016936.htm HTTP/1.1" 500 - "https://goettler-services.de/sitemap_index.xml" "Mozilla/5.0 AppleWebKit/537.36 (KHTML, like Gecko; compatible; GPTBot/1.4; +https://openai.com/gptbot)"
74.7.243.193 - - [20/Aug/2026:04:47:48 +0200] "GET /231039803.htm HTTP/1.1" 500 - "https://goettler-services.de/sitemap_index.xml" "Mozilla/5.0 AppleWebKit/537.36 (KHTML, like Gecko; compatible; GPTBot/1.4; +https://openai.com/gptbot)"
74.7.243.193 - - [20/Aug/2026:04:48:10 +0200] "GET /226012986.htm HTTP/1.1" 500 - "https://goettler-services.de/sitemap_index.xml" "Mozilla/5.0 AppleWebKit/537.36 (KHTML, like Gecko; compatible; GPTBot/1.4; +https://openai.com/gptbot)"
74.7.243.193 - - [20/Aug/2026:04:48:25 +0200] "GET /126001518.htm HTTP/1.1" 500 - "https://goettler-services.de/sitemap_index.xml" "Mozilla/5.0 AppleWebKit/537.36 (KHTML, like Gecko; compatible; GPTBot/1.4; +https://openai.com/gptbot)"
74.7.243.193 - - [20/Aug/2026:04:49:05 +0200] "GET /147023727.htm HTTP/1.1" 500 - "https://goettler-services.de/sitemap_index.xml" "Mozilla/5.0 AppleWebKit/537.36 (KHTML, like Gecko; compatible; GPTBot/1.4; +https://openai.com/gptbot)"
66.249.66.42 - - [20/Aug/2026:04:49:19 +0200] "GET /outlet/036045987 HTTP/1.1" 200 157458 "-" "Mozilla/5.0 (Linux; Android 6.0.1; Nexus 5X Build/MMB29P) AppleWebKit/537.36 (KHTML, like Gecko) Chrome/151.0.7922.137 Mobile Safari/537.36 (compatible; GoogleOther)"
74.7.243.193 - - [20/Aug/2026:04:49:27 +0200] "GET /032035374.htm HTTP/1.1" 500 - "https://goettler-services.de/sitemap_index.xml" "Mozilla/5.0 AppleWebKit/537.36 (KHTML, like Gecko; compatible; GPTBot/1.4; +https://openai.com/gptbot)"
74.7.243.193 - - [20/Aug/2026:04:49:50 +0200] "GET /133039217.htm HTTP/1.1" 500 - "https://goettler-services.de/sitemap_index.xml" "Mozilla/5.0 AppleWebKit/537.36 (KHTML, like Gecko; compatible; GPTBot/1.4; +https://openai.com/gptbot)"
74.7.243.193 - - [20/Aug/2026:04:50:12 +0200] "GET /212034172.htm HTTP/1.1" 500 - "https://goettler-services.de/sitemap_index.xml" "Mozilla/5.0 AppleWebKit/537.36 (KHTML, like Gecko; compatible; GPTBot/1.4; +https://openai.com/gptbot)"
74.7.243.193 - - [20/Aug/2026:04:50:52 +0200] "GET /103027403.htm HTTP/1.1" 500 - "https://goettler-services.de/sitemap_index.xml" "Mozilla/5.0 AppleWebKit/537.36 (KHTML, like Gecko; compatible; GPTBot/1.4; +https://openai.com/gptbot)"
74.7.243.193 - - [20/Aug/2026:04:51:50 +0200] "GET /285028627.htm HTTP/1.1" 500 - "https://goettler-services.de/sitemap_index.xml" "Mozilla/5.0 AppleWebKit/537.36 (KHTML, like Gecko; compatible; GPTBot/1.4; +https://openai.com/gptbot)"
74.7.243.193 - - [20/Aug/2026:04:52:20 +0200] "GET /206027310.htm HTTP/1.1" 500 - "https://goettler-services.de/sitemap_index.xml" "Mozilla/5.0 AppleWebKit/537.36 (KHTML, like Gecko; compatible; GPTBot/1.4; +https://openai.com/gptbot)"
74.7.243.193 - - [20/Aug/2026:04:52:54 +0200] "GET /279020125.htm HTTP/1.1" 500 - "https://goettler-services.de/sitemap_index.xml" "Mozilla/5.0 AppleWebKit/537.36 (KHTML, like Gecko; compatible; GPTBot/1.4; +https://openai.com/gptbot)"
74.7.243.193 - - [20/Aug/2026:04:53:26 +0200] "GET /243009089.htm HTTP/1.1" 500 - "https://goettler-services.de/sitemap_index.xml" "Mozilla/5.0 AppleWebKit/537.36 (KHTML, like Gecko; compatible; GPTBot/1.4; +https://openai.com/gptbot)"
66.249.66.68 - - [20/Aug/2026:04:53:55 +0200] "GET /496349976 HTTP/1.1" 200 180365 "-" "Mozilla/5.0 (Linux; Android 6.0.1; Nexus 5X Build/MMB29P) AppleWebKit/537.36 (KHTML, like Gecko) Chrome/151.0.7922.137 Mobile Safari/537.36 (compatible; GoogleOther)"
74.7.243.193 - - [20/Aug/2026:04:54:31 +0200] "GET /103045171.htm HTTP/1.1" 500 - "https://goettler-services.de/sitemap_index.xml" "Mozilla/5.0 AppleWebKit/537.36 (KHTML, like Gecko; compatible; GPTBot/1.4; +https://openai.com/gptbot)"
74.7.243.193 - - [20/Aug/2026:04:55:07 +0200] "GET /209003183.htm HTTP/1.1" 500 - "https://goettler-services.de/sitemap_index.xml" "Mozilla/5.0 AppleWebKit/537.36 (KHTML, like Gecko; compatible; GPTBot/1.4; +https://openai.com/gptbot)"
66.249.66.73 - - [20/Aug/2026:04:59:11 +0200] "GET /tuecher/?path=//sys HTTP/1.1" 200 155575 "-" "Mozilla/5.0 (Linux; Android 6.0.1; Nexus 5X Build/MMB29P) AppleWebKit/537.36 (KHTML, like Gecko) Chrome/151.0.7922.137 Mobile Safari/537.36 (compatible; Googlebot/2.1; +http://www.google.com/bot.html)"
66.249.66.42 - - [20/Aug/2026:05:03:09 +0200] "GET /6160496 HTTP/1.1" 200 154531 "-" "Mozilla/5.0 (Linux; Android 6.0.1; Nexus 5X Build/MMB29P) AppleWebKit/537.36 (KHTML, like Gecko) Chrome/151.0.7922.137 Mobile Safari/537.36 (compatible; GoogleOther)"
74.7.243.193 - - [20/Aug/2026:05:07:24 +0200] "GET /258032826.htm HTTP/1.1" 500 - "https://goettler-services.de/sitemap_index.xml" "Mozilla/5.0 AppleWebKit/537.36 (KHTML, like Gecko; compatible; GPTBot/1.4; +https://openai.com/gptbot)"
74.7.243.193 - - [20/Aug/2026:05:07:36 +0200] "GET /103021451.htm HTTP/1.1" 500 - "https://goettler-services.de/sitemap_index.xml" "Mozilla/5.0 AppleWebKit/537.36 (KHTML, like Gecko; compatible; GPTBot/1.4; +https://openai.com/gptbot)"
74.7.243.193 - - [20/Aug/2026:05:07:49 +0200] "GET /258020392.htm HTTP/1.1" 500 - "https://goettler-services.de/sitemap_index.xml" "Mozilla/5.0 AppleWebKit/537.36 (KHTML, like Gecko; compatible; GPTBot/1.4; +https://openai.com/gptbot)"
66.249.66.199 - - [20/Aug/2026:05:07:50 +0200] "GET /19186424 HTTP/1.1" 200 160104 "-" "Mozilla/5.0 (Linux; Android 6.0.1; Nexus 5X Build/MMB29P) AppleWebKit/537.36 (KHTML, like Gecko) Chrome/151.0.7922.137 Mobile Safari/537.36 (compatible; GoogleOther)"
74.7.243.193 - - [20/Aug/2026:05:08:44 +0200] "GET /198041644.htm HTTP/1.1" 500 - "https://goettler-services.de/sitemap_index.xml" "Mozilla/5.0 AppleWebKit/537.36 (KHTML, like Gecko; compatible; GPTBot/1.4; +https://openai.com/gptbot)"
74.7.243.193 - - [20/Aug/2026:05:09:20 +0200] "GET /032021526.htm HTTP/1.1" 500 - "https://goettler-services.de/sitemap_index.xml" "Mozilla/5.0 AppleWebKit/537.36 (KHTML, like Gecko; compatible; GPTBot/1.4; +https://openai.com/gptbot)"
74.7.243.193 - - [20/Aug/2026:05:18:40 +0200] "GET /051018093.htm HTTP/1.1" 500 - "https://goettler-services.de/sitemap_index.xml" "Mozilla/5.0 AppleWebKit/537.36 (KHTML, like Gecko; compatible; GPTBot/1.4; +https://openai.com/gptbot)"
74.7.243.193 - - [20/Aug/2026:05:19:27 +0200] "GET /019039067.htm HTTP/1.1" 500 - "https://goettler-services.de/sitemap_index.xml" "Mozilla/5.0 AppleWebKit/537.36 (KHTML, like Gecko; compatible; GPTBot/1.4; +https://openai.com/gptbot)"
74.7.243.193 - - [20/Aug/2026:05:19:47 +0200] "GET /106003354.htm HTTP/1.1" 500 - "https://goettler-services.de/sitemap_index.xml" "Mozilla/5.0 AppleWebKit/537.36 (KHTML, like Gecko; compatible; GPTBot/1.4; +https://openai.com/gptbot)"
74.7.243.193 - - [20/Aug/2026:05:20:17 +0200] "GET /016045206.htm HTTP/1.1" 500 - "https://goettler-services.de/sitemap_index.xml" "Mozilla/5.0 AppleWebKit/537.36 (KHTML, like Gecko; compatible; GPTBot/1.4; +https://openai.com/gptbot)"
74.7.243.193 - - [20/Aug/2026:05:20:21 +0200] "GET /104047630.htm HTTP/1.1" 500 - "https://goettler-services.de/sitemap_index.xml" "Mozilla/5.0 AppleWebKit/537.36 (KHTML, like Gecko; compatible; GPTBot/1.4; +https://openai.com/gptbot)"
74.7.243.193 - - [20/Aug/2026:05:20:41 +0200] "GET /189049069.htm HTTP/1.1" 500 - "https://goettler-services.de/sitemap_index.xml" "Mozilla/5.0 AppleWebKit/537.36 (KHTML, like Gecko; compatible; GPTBot/1.4; +https://openai.com/gptbot)"
74.7.243.193 - - [20/Aug/2026:05:21:13 +0200] "GET /024011670.htm HTTP/1.1" 500 - "https://goettler-services.de/sitemap_index.xml" "Mozilla/5.0 AppleWebKit/537.36 (KHTML, like Gecko; compatible; GPTBot/1.4; +https://openai.com/gptbot)"
74.7.243.193 - - [20/Aug/2026:05:21:19 +0200] "GET /045007561.htm HTTP/1.1" 500 - "https://goettler-services.de/sitemap_index.xml" "Mozilla/5.0 AppleWebKit/537.36 (KHTML, like Gecko; compatible; GPTBot/1.4; +https://openai.com/gptbot)"
74.7.243.193 - - [20/Aug/2026:05:21:38 +0200] "GET /022018430.htm HTTP/1.1" 500 - "https://goettler-services.de/sitemap_index.xml" "Mozilla/5.0 AppleWebKit/537.36 (KHTML, like Gecko; compatible; GPTBot/1.4; +https://openai.com/gptbot)"
74.7.243.193 - - [20/Aug/2026:05:22:08 +0200] "GET /108040462.htm HTTP/1.1" 500 - "https://goettler-services.de/sitemap_index.xml" "Mozilla/5.0 AppleWebKit/537.36 (KHTML, like Gecko; compatible; GPTBot/1.4; +https://openai.com/gptbot)"
66.249.66.42 - - [20/Aug/2026:05:22:25 +0200] "GET /517029241 HTTP/1.1" 200 157263 "-" "Mozilla/5.0 (Linux; Android 6.0.1; Nexus 5X Build/MMB29P) AppleWebKit/537.36 (KHTML, like Gecko) Chrome/151.0.7922.137 Mobile Safari/537.36 (compatible; GoogleOther)"
74.7.243.193 - - [20/Aug/2026:05:22:32 +0200] "GET /145010831.htm HTTP/1.1" 500 - "https://goettler-services.de/sitemap_index.xml" "Mozilla/5.0 AppleWebKit/537.36 (KHTML, like Gecko; compatible; GPTBot/1.4; +https://openai.com/gptbot)"
74.7.243.193 - - [20/Aug/2026:05:22:53 +0200] "GET /045037059.htm HTTP/1.1" 500 - "https://goettler-services.de/sitemap_index.xml" "Mozilla/5.0 AppleWebKit/537.36 (KHTML, like Gecko; compatible; GPTBot/1.4; +https://openai.com/gptbot)"
74.7.243.193 - - [20/Aug/2026:05:25:00 +0200] "GET /122034920.htm HTTP/1.1" 500 - "https://goettler-services.de/sitemap_index.xml" "Mozilla/5.0 AppleWebKit/537.36 (KHTML, like Gecko; compatible; GPTBot/1.4; +https://openai.com/gptbot)"
74.7.243.193 - - [20/Aug/2026:05:26:29 +0200] "GET /251012237.htm HTTP/1.1" 500 - "https://goettler-services.de/sitemap_index.xml" "Mozilla/5.0 AppleWebKit/537.36 (KHTML, like Gecko; compatible; GPTBot/1.4; +https://openai.com/gptbot)"
66.249.66.40 - - [20/Aug/2026:05:28:20 +0200] "GET /71645806 HTTP/1.1" 200 155467 "-" "Mozilla/5.0 (Linux; Android 6.0.1; Nexus 5X Build/MMB29P) AppleWebKit/537.36 (KHTML, like Gecko) Chrome/151.0.7922.137 Mobile Safari/537.36 (compatible; GoogleOther)"
74.7.243.193 - - [20/Aug/2026:05:28:30 +0200] "GET /008046472.htm HTTP/1.1" 500 - "https://goettler-services.de/sitemap_index.xml" "Mozilla/5.0 AppleWebKit/537.36 (KHTML, like Gecko; compatible; GPTBot/1.4; +https://openai.com/gptbot)"
74.7.243.193 - - [20/Aug/2026:05:30:19 +0200] "GET /244007146.htm HTTP/1.1" 500 - "https://goettler-services.de/sitemap_index.xml" "Mozilla/5.0 AppleWebKit/537.36 (KHTML, like Gecko; compatible; GPTBot/1.4; +https://openai.com/gptbot)"
66.249.66.40 - - [20/Aug/2026:05:33:30 +0200] "GET /24326822 HTTP/1.1" 200 179105 "-" "Mozilla/5.0 (Linux; Android 6.0.1; Nexus 5X Build/MMB29P) AppleWebKit/537.36 (KHTML, like Gecko) Chrome/151.0.7922.137 Mobile Safari/537.36 (compatible; GoogleOther)"
66.249.66.200 - - [20/Aug/2026:05:38:34 +0200] "GET /?detail/2590254176328 HTTP/1.1" 200 142377 "-" "Mozilla/5.0 (Linux; Android 6.0.1; Nexus 5X Build/MMB29P) AppleWebKit/537.36 (KHTML, like Gecko) Chrome/151.0.7922.137 Mobile Safari/537.36 (compatible; GoogleOther)"
74.7.243.193 - - [20/Aug/2026:05:42:16 +0200] "GET /047028677.htm HTTP/1.1" 500 - "https://goettler-services.de/sitemap_index.xml" "Mozilla/5.0 AppleWebKit/537.36 (KHTML, like Gecko; compatible; GPTBot/1.4; +https://openai.com/gptbot)"
74.7.243.193 - - [20/Aug/2026:05:43:36 +0200] "GET /024003278.htm HTTP/1.1" 500 - "https://goettler-services.de/sitemap_index.xml" "Mozilla/5.0 AppleWebKit/537.36 (KHTML, like Gecko; compatible; GPTBot/1.4; +https://openai.com/gptbot)"
74.7.243.193 - - [20/Aug/2026:05:44:17 +0200] "GET /096036708.htm HTTP/1.1" 500 - "https://goettler-services.de/sitemap_index.xml" "Mozilla/5.0 AppleWebKit/537.36 (KHTML, like Gecko; compatible; GPTBot/1.4; +https://openai.com/gptbot)"
66.249.66.72 - - [20/Aug/2026:05:44:32 +0200] "GET /10336710 HTTP/1.1" 200 165166 "-" "Mozilla/5.0 (Linux; Android 6.0.1; Nexus 5X Build/MMB29P) AppleWebKit/537.36 (KHTML, like Gecko) Chrome/151.0.7922.137 Mobile Safari/537.36 (compatible; GoogleOther)"
74.7.243.193 - - [20/Aug/2026:05:44:46 +0200] "GET /084047320.htm HTTP/1.1" 500 - "https://goettler-services.de/sitemap_index.xml" "Mozilla/5.0 AppleWebKit/537.36 (KHTML, like Gecko; compatible; GPTBot/1.4; +https://openai.com/gptbot)"
74.7.243.193 - - [20/Aug/2026:05:45:02 +0200] "GET /132037316.htm HTTP/1.1" 500 - "https://goettler-services.de/sitemap_index.xml" "Mozilla/5.0 AppleWebKit/537.36 (KHTML, like Gecko; compatible; GPTBot/1.4; +https://openai.com/gptbot)"
74.7.243.193 - - [20/Aug/2026:05:45:56 +0200] "GET /276021802.htm HTTP/1.1" 500 - "https://goettler-services.de/sitemap_index.xml" "Mozilla/5.0 AppleWebKit/537.36 (KHTML, like Gecko; compatible; GPTBot/1.4; +https://openai.com/gptbot)"
117.0.88.182 - - [20/Aug/2026:05:46:23 +0200] "GET /reiniger/?path=%2F HTTP/1.1" 500 - "-" "Opera/8.27.(X11; Linux x86_64; ur-IN) Presto/2.9.183 Version/10.00"
74.7.243.193 - - [20/Aug/2026:05:46:25 +0200] "GET /163011543.htm HTTP/1.1" 500 - "https://goettler-services.de/sitemap_index.xml" "Mozilla/5.0 AppleWebKit/537.36 (KHTML, like Gecko; compatible; GPTBot/1.4; +https://openai.com/gptbot)"
188.220.211.67 - - [20/Aug/2026:05:46:28 +0200] "GET /reiniger/?path=%2F HTTP/1.1" 500 - "-" "Mozilla/5.0 (Windows NT 6.1) AppleWebKit/531.2 (KHTML, like Gecko) Chrome/20.0.808.0 Safari/531.2"
188.221.252.17 - - [20/Aug/2026:05:46:31 +0200] "GET /reiniger/?path=%2F HTTP/1.1" 500 - "-" "Mozilla/5.0 (Macintosh; PPC Mac OS X 10_8_7; rv:1.9.6.20) Gecko/2907-02-19 10:28:48.366673 Firefox/4.0"
74.7.243.193 - - [20/Aug/2026:05:46:31 +0200] "GET /106015870.htm HTTP/1.1" 500 - "https://goettler-services.de/sitemap_index.xml" "Mozilla/5.0 AppleWebKit/537.36 (KHTML, like Gecko; compatible; GPTBot/1.4; +https://openai.com/gptbot)"
74.7.243.193 - - [20/Aug/2026:05:46:40 +0200] "GET /185018137.htm HTTP/1.1" 500 - "https://goettler-services.de/sitemap_index.xml" "Mozilla/5.0 AppleWebKit/537.36 (KHTML, like Gecko; compatible; GPTBot/1.4; +https://openai.com/gptbot)"
74.7.243.193 - - [20/Aug/2026:05:46:55 +0200] "GET /187003211.htm HTTP/1.1" 500 - "https://goettler-services.de/sitemap_index.xml" "Mozilla/5.0 AppleWebKit/537.36 (KHTML, like Gecko; compatible; GPTBot/1.4; +https://openai.com/gptbot)"
74.7.243.193 - - [20/Aug/2026:05:47:41 +0200] "GET /251012861.htm HTTP/1.1" 500 - "https://goettler-services.de/sitemap_index.xml" "Mozilla/5.0 AppleWebKit/537.36 (KHTML, like Gecko; compatible; GPTBot/1.4; +https://openai.com/gptbot)"
74.7.243.193 - - [20/Aug/2026:05:48:00 +0200] "GET /186031414.htm HTTP/1.1" 500 - "https://goettler-services.de/sitemap_index.xml" "Mozilla/5.0 AppleWebKit/537.36 (KHTML, like Gecko; compatible; GPTBot/1.4; +https://openai.com/gptbot)"
74.7.243.193 - - [20/Aug/2026:05:48:36 +0200] "GET /093023365.htm HTTP/1.1" 500 - "https://goettler-services.de/sitemap_index.xml" "Mozilla/5.0 AppleWebKit/537.36 (KHTML, like Gecko; compatible; GPTBot/1.4; +https://openai.com/gptbot)"
43.255.191.173 - - [20/Aug/2026:05:48:48 +0200] "GET /google934bab7ddaba3337.xhtml HTTP/1.1" 302 - "-" "Mozilla/5.0 (Windows NT 10.0; Win64; x64) AppleWebKit/537.36 (KHTML, like Gecko) Chrome/150.0.0.0 Safari/537.36"
43.255.191.173 - - [20/Aug/2026:05:48:49 +0200] "GET /google934bab7ddaba3337.html HTTP/1.1" 200 53 "-" "Mozilla/5.0 (Windows NT 10.0; Win64; x64) AppleWebKit/537.36 (KHTML, like Gecko) Chrome/150.0.0.0 Safari/537.36"
74.7.243.193 - - [20/Aug/2026:05:49:13 +0200] "GET /029007139.htm HTTP/1.1" 500 - "https://goettler-services.de/sitemap_index.xml" "Mozilla/5.0 AppleWebKit/537.36 (KHTML, like Gecko; compatible; GPTBot/1.4; +https://openai.com/gptbot)"
43.255.191.173 - - [20/Aug/2026:05:49:23 +0200] "GET /favicon.ico HTTP/1.1" 500 - "https://goettler-services.de/google934bab7ddaba3337.html" "Mozilla/5.0 (Windows NT 10.0; Win64; x64) AppleWebKit/537.36 (KHTML, like Gecko) Chrome/150.0.0.0 Safari/537.36"
74.7.243.193 - - [20/Aug/2026:05:49:29 +0200] "GET /070015618.htm HTTP/1.1" 500 - "https://goettler-services.de/sitemap_index.xml" "Mozilla/5.0 AppleWebKit/537.36 (KHTML, like Gecko; compatible; GPTBot/1.4; +https://openai.com/gptbot)"
66.249.66.200 - - [20/Aug/2026:05:49:33 +0200] "GET /243519626 HTTP/1.1" 200 152007 "-" "Mozilla/5.0 (Linux; Android 6.0.1; Nexus 5X Build/MMB29P) AppleWebKit/537.36 (KHTML, like Gecko) Chrome/151.0.7922.137 Mobile Safari/537.36 (compatible; GoogleOther)"
74.7.243.193 - - [20/Aug/2026:05:49:40 +0200] "GET /050025684.htm HTTP/1.1" 500 - "https://goettler-services.de/sitemap_index.xml" "Mozilla/5.0 AppleWebKit/537.36 (KHTML, like Gecko; compatible; GPTBot/1.4; +https://openai.com/gptbot)"
74.7.243.193 - - [20/Aug/2026:05:50:03 +0200] "GET /255021395.htm HTTP/1.1" 500 - "https://goettler-services.de/sitemap_index.xml" "Mozilla/5.0 AppleWebKit/537.36 (KHTML, like Gecko; compatible; GPTBot/1.4; +https://openai.com/gptbot)"
74.7.243.193 - - [20/Aug/2026:05:50:22 +0200] "GET /115042557.htm HTTP/1.1" 500 - "https://goettler-services.de/sitemap_index.xml" "Mozilla/5.0 AppleWebKit/537.36 (KHTML, like Gecko; compatible; GPTBot/1.4; +https://openai.com/gptbot)"
74.7.243.193 - - [20/Aug/2026:05:50:31 +0200] "GET /026049430.htm HTTP/1.1" 500 - "https://goettler-services.de/sitemap_index.xml" "Mozilla/5.0 AppleWebKit/537.36 (KHTML, like Gecko; compatible; GPTBot/1.4; +https://openai.com/gptbot)"
74.7.243.193 - - [20/Aug/2026:05:50:54 +0200] "GET /201029625.htm HTTP/1.1" 500 - "https://goettler-services.de/sitemap_index.xml" "Mozilla/5.0 AppleWebKit/537.36 (KHTML, like Gecko; compatible; GPTBot/1.4; +https://openai.com/gptbot)"
74.7.243.193 - - [20/Aug/2026:05:51:11 +0200] "GET /235003943.htm HTTP/1.1" 500 - "https://goettler-services.de/sitemap_index.xml" "Mozilla/5.0 AppleWebKit/537.36 (KHTML, like Gecko; compatible; GPTBot/1.4; +https://openai.com/gptbot)"
74.7.243.193 - - [20/Aug/2026:05:51:33 +0200] "GET /190020958.htm HTTP/1.1" 500 - "https://goettler-services.de/sitemap_index.xml" "Mozilla/5.0 AppleWebKit/537.36 (KHTML, like Gecko; compatible; GPTBot/1.4; +https://openai.com/gptbot)"
74.7.243.193 - - [20/Aug/2026:05:51:53 +0200] "GET /160010842.htm HTTP/1.1" 500 - "https://goettler-services.de/sitemap_index.xml" "Mozilla/5.0 AppleWebKit/537.36 (KHTML, like Gecko; compatible; GPTBot/1.4; +https://openai.com/gptbot)"
74.7.243.193 - - [20/Aug/2026:05:52:15 +0200] "GET /218043088.htm HTTP/1.1" 500 - "https://goettler-services.de/sitemap_index.xml" "Mozilla/5.0 AppleWebKit/537.36 (KHTML, like Gecko; compatible; GPTBot/1.4; +https://openai.com/gptbot)"
74.7.243.193 - - [20/Aug/2026:05:52:35 +0200] "GET /102049320.htm HTTP/1.1" 500 - "https://goettler-services.de/sitemap_index.xml" "Mozilla/5.0 AppleWebKit/537.36 (KHTML, like Gecko; compatible; GPTBot/1.4; +https://openai.com/gptbot)"
74.7.243.193 - - [20/Aug/2026:05:52:57 +0200] "GET /051004489.htm HTTP/1.1" 500 - "https://goettler-services.de/sitemap_index.xml" "Mozilla/5.0 AppleWebKit/537.36 (KHTML, like Gecko; compatible; GPTBot/1.4; +https://openai.com/gptbot)"
74.7.243.193 - - [20/Aug/2026:05:53:18 +0200] "GET /232034952.htm HTTP/1.1" 500 - "https://goettler-services.de/sitemap_index.xml" "Mozilla/5.0 AppleWebKit/537.36 (KHTML, like Gecko; compatible; GPTBot/1.4; +https://openai.com/gptbot)"
74.7.243.193 - - [20/Aug/2026:05:53:39 +0200] "GET /264021234.htm HTTP/1.1" 500 - "https://goettler-services.de/sitemap_index.xml" "Mozilla/5.0 AppleWebKit/537.36 (KHTML, like Gecko; compatible; GPTBot/1.4; +https://openai.com/gptbot)"
74.7.243.193 - - [20/Aug/2026:05:54:01 +0200] "GET /045001993.htm HTTP/1.1" 500 - "https://goettler-services.de/sitemap_index.xml" "Mozilla/5.0 AppleWebKit/537.36 (KHTML, like Gecko; compatible; GPTBot/1.4; +https://openai.com/gptbot)"
74.7.243.193 - - [20/Aug/2026:05:54:22 +0200] "GET /061007491.htm HTTP/1.1" 500 - "https://goettler-services.de/sitemap_index.xml" "Mozilla/5.0 AppleWebKit/537.36 (KHTML, like Gecko; compatible; GPTBot/1.4; +https://openai.com/gptbot)"
66.249.66.41 - - [20/Aug/2026:05:54:28 +0200] "GET /category/294_685/1 HTTP/1.1" 200 154233 "-" "Mozilla/5.0 (Linux; Android 6.0.1; Nexus 5X Build/MMB29P) AppleWebKit/537.36 (KHTML, like Gecko) Chrome/151.0.7922.137 Mobile Safari/537.36 (compatible; GoogleOther)"
74.7.243.193 - - [20/Aug/2026:05:54:44 +0200] "GET /228049852.htm HTTP/1.1" 500 - "https://goettler-services.de/sitemap_index.xml" "Mozilla/5.0 AppleWebKit/537.36 (KHTML, like Gecko; compatible; GPTBot/1.4; +https://openai.com/gptbot)"
74.7.243.193 - - [20/Aug/2026:05:55:04 +0200] "GET /134047118.htm HTTP/1.1" 500 - "https://goettler-services.de/sitemap_index.xml" "Mozilla/5.0 AppleWebKit/537.36 (KHTML, like Gecko; compatible; GPTBot/1.4; +https://openai.com/gptbot)"
74.7.243.193 - - [20/Aug/2026:05:55:26 +0200] "GET /107015049.htm HTTP/1.1" 500 - "https://goettler-services.de/sitemap_index.xml" "Mozilla/5.0 AppleWebKit/537.36 (KHTML, like Gecko; compatible; GPTBot/1.4; +https://openai.com/gptbot)"
74.7.243.193 - - [20/Aug/2026:05:55:53 +0200] "GET /053005189.htm HTTP/1.1" 500 - "https://goettler-services.de/sitemap_index.xml" "Mozilla/5.0 AppleWebKit/537.36 (KHTML, like Gecko; compatible; GPTBot/1.4; +https://openai.com/gptbot)"
74.7.243.193 - - [20/Aug/2026:05:56:07 +0200] "GET /040019156.htm HTTP/1.1" 500 - "https://goettler-services.de/sitemap_index.xml" "Mozilla/5.0 AppleWebKit/537.36 (KHTML, like Gecko; compatible; GPTBot/1.4; +https://openai.com/gptbot)"
74.7.243.193 - - [20/Aug/2026:05:56:32 +0200] "GET /189002131.htm HTTP/1.1" 500 - "https://goettler-services.de/sitemap_index.xml" "Mozilla/5.0 AppleWebKit/537.36 (KHTML, like Gecko; compatible; GPTBot/1.4; +https://openai.com/gptbot)"
74.7.243.193 - - [20/Aug/2026:05:56:51 +0200] "GET /203015707.htm HTTP/1.1" 500 - "https://goettler-services.de/sitemap_index.xml" "Mozilla/5.0 AppleWebKit/537.36 (KHTML, like Gecko; compatible; GPTBot/1.4; +https://openai.com/gptbot)"
74.7.243.193 - - [20/Aug/2026:05:57:12 +0200] "GET /286047464.htm HTTP/1.1" 500 - "https://goettler-services.de/sitemap_index.xml" "Mozilla/5.0 AppleWebKit/537.36 (KHTML, like Gecko; compatible; GPTBot/1.4; +https://openai.com/gptbot)"
74.7.243.193 - - [20/Aug/2026:05:57:39 +0200] "GET /079029859.htm HTTP/1.1" 500 - "https://goettler-services.de/sitemap_index.xml" "Mozilla/5.0 AppleWebKit/537.36 (KHTML, like Gecko; compatible; GPTBot/1.4; +https://openai.com/gptbot)"
74.7.243.193 - - [20/Aug/2026:05:58:04 +0200] "GET /160040312.htm HTTP/1.1" 500 - "https://goettler-services.de/sitemap_index.xml" "Mozilla/5.0 AppleWebKit/537.36 (KHTML, like Gecko; compatible; GPTBot/1.4; +https://openai.com/gptbot)"
74.7.243.193 - - [20/Aug/2026:05:58:20 +0200] "GET /003015149.htm HTTP/1.1" 500 - "https://goettler-services.de/sitemap_index.xml" "Mozilla/5.0 AppleWebKit/537.36 (KHTML, like Gecko; compatible; GPTBot/1.4; +https://openai.com/gptbot)"
74.7.243.193 - - [20/Aug/2026:05:58:42 +0200] "GET /226042818.htm HTTP/1.1" 500 - "https://goettler-services.de/sitemap_index.xml" "Mozilla/5.0 AppleWebKit/537.36 (KHTML, like Gecko; compatible; GPTBot/1.4; +https://openai.com/gptbot)"
74.7.243.193 - - [20/Aug/2026:05:59:07 +0200] "GET /037023409.htm HTTP/1.1" 500 - "https://goettler-services.de/sitemap_index.xml" "Mozilla/5.0 AppleWebKit/537.36 (KHTML, like Gecko; compatible; GPTBot/1.4; +https://openai.com/gptbot)"
66.249.66.38 - - [20/Aug/2026:05:59:09 +0200] "GET /491933722 HTTP/1.1" 200 173427 "-" "Mozilla/5.0 (Linux; Android 6.0.1; Nexus 5X Build/MMB29P) AppleWebKit/537.36 (KHTML, like Gecko) Chrome/151.0.7922.137 Mobile Safari/537.36 (compatible; GoogleOther)"
74.7.243.193 - - [20/Aug/2026:05:59:20 +0200] "GET /278012274.htm HTTP/1.1" 500 - "https://goettler-services.de/sitemap_index.xml" "Mozilla/5.0 AppleWebKit/537.36 (KHTML, like Gecko; compatible; GPTBot/1.4; +https://openai.com/gptbot)"
74.7.243.193 - - [20/Aug/2026:05:59:46 +0200] "GET /102032246.htm HTTP/1.1" 500 - "https://goettler-services.de/sitemap_index.xml" "Mozilla/5.0 AppleWebKit/537.36 (KHTML, like Gecko; compatible; GPTBot/1.4; +https://openai.com/gptbot)"
74.7.243.193 - - [20/Aug/2026:06:00:03 +0200] "GET /093046083.htm HTTP/1.1" 500 - "https://goettler-services.de/sitemap_index.xml" "Mozilla/5.0 AppleWebKit/537.36 (KHTML, like Gecko; compatible; GPTBot/1.4; +https://openai.com/gptbot)"
74.7.243.193 - - [20/Aug/2026:06:00:33 +0200] "GET /173035973.htm HTTP/1.1" 500 - "https://goettler-services.de/sitemap_index.xml" "Mozilla/5.0 AppleWebKit/537.36 (KHTML, like Gecko; compatible; GPTBot/1.4; +https://openai.com/gptbot)"
74.7.243.193 - - [20/Aug/2026:06:00:48 +0200] "GET /290047880.htm HTTP/1.1" 500 - "https://goettler-services.de/sitemap_index.xml" "Mozilla/5.0 AppleWebKit/537.36 (KHTML, like Gecko; compatible; GPTBot/1.4; +https://openai.com/gptbot)"
74.7.243.193 - - [20/Aug/2026:06:01:05 +0200] "GET /142027342.htm HTTP/1.1" 500 - "https://goettler-services.de/sitemap_index.xml" "Mozilla/5.0 AppleWebKit/537.36 (KHTML, like Gecko; compatible; GPTBot/1.4; +https://openai.com/gptbot)"
74.7.243.193 - - [20/Aug/2026:06:01:26 +0200] "GET /297012725.htm HTTP/1.1" 500 - "https://goettler-services.de/sitemap_index.xml" "Mozilla/5.0 AppleWebKit/537.36 (KHTML, like Gecko; compatible; GPTBot/1.4; +https://openai.com/gptbot)"
74.7.243.193 - - [20/Aug/2026:06:01:47 +0200] "GET /085042101.htm HTTP/1.1" 500 - "https://goettler-services.de/sitemap_index.xml" "Mozilla/5.0 AppleWebKit/537.36 (KHTML, like Gecko; compatible; GPTBot/1.4; +https://openai.com/gptbot)"
74.7.243.193 - - [20/Aug/2026:06:02:10 +0200] "GET /065048803.htm HTTP/1.1" 500 - "https://goettler-services.de/sitemap_index.xml" "Mozilla/5.0 AppleWebKit/537.36 (KHTML, like Gecko; compatible; GPTBot/1.4; +https://openai.com/gptbot)"
74.7.243.193 - - [20/Aug/2026:06:02:29 +0200] "GET /099047891.htm HTTP/1.1" 500 - "https://goettler-services.de/sitemap_index.xml" "Mozilla/5.0 AppleWebKit/537.36 (KHTML, like Gecko; compatible; GPTBot/1.4; +https://openai.com/gptbot)"
74.7.243.193 - - [20/Aug/2026:06:02:50 +0200] "GET /057038551.htm HTTP/1.1" 500 - "https://goettler-services.de/sitemap_index.xml" "Mozilla/5.0 AppleWebKit/537.36 (KHTML, like Gecko; compatible; GPTBot/1.4; +https://openai.com/gptbot)"
66.249.66.41 - - [20/Aug/2026:06:03:09 +0200] "GET /buy.php HTTP/1.1" 500 - "-" "Mozilla/5.0 (Linux; Android 6.0.1; Nexus 5X Build/MMB29P) AppleWebKit/537.36 (KHTML, like Gecko) Chrome/151.0.7922.137 Mobile Safari/537.36 (compatible; GoogleOther)"
74.7.243.193 - - [20/Aug/2026:06:03:11 +0200] "GET /148047482.htm HTTP/1.1" 500 - "https://goettler-services.de/sitemap_index.xml" "Mozilla/5.0 AppleWebKit/537.36 (KHTML, like Gecko; compatible; GPTBot/1.4; +https://openai.com/gptbot)"
74.7.243.193 - - [20/Aug/2026:06:03:33 +0200] "GET /165015371.htm HTTP/1.1" 500 - "https://goettler-services.de/sitemap_index.xml" "Mozilla/5.0 AppleWebKit/537.36 (KHTML, like Gecko; compatible; GPTBot/1.4; +https://openai.com/gptbot)"
74.7.243.193 - - [20/Aug/2026:06:03:53 +0200] "GET /249040413.htm HTTP/1.1" 500 - "https://goettler-services.de/sitemap_index.xml" "Mozilla/5.0 AppleWebKit/537.36 (KHTML, like Gecko; compatible; GPTBot/1.4; +https://openai.com/gptbot)"
74.7.243.193 - - [20/Aug/2026:06:04:13 +0200] "GET /084006534.htm HTTP/1.1" 500 - "https://goettler-services.de/sitemap_index.xml" "Mozilla/5.0 AppleWebKit/537.36 (KHTML, like Gecko; compatible; GPTBot/1.4; +https://openai.com/gptbot)"
74.7.243.193 - - [20/Aug/2026:06:04:41 +0200] "GET /296007082.htm HTTP/1.1" 500 - "https://goettler-services.de/sitemap_index.xml" "Mozilla/5.0 AppleWebKit/537.36 (KHTML, like Gecko; compatible; GPTBot/1.4; +https://openai.com/gptbot)"
74.7.243.193 - - [20/Aug/2026:06:04:57 +0200] "GET /080014764.htm HTTP/1.1" 500 - "https://goettler-services.de/sitemap_index.xml" "Mozilla/5.0 AppleWebKit/537.36 (KHTML, like Gecko; compatible; GPTBot/1.4; +https://openai.com/gptbot)"
74.7.243.193 - - [20/Aug/2026:06:05:24 +0200] "GET /027040595.htm HTTP/1.1" 500 - "https://goettler-services.de/sitemap_index.xml" "Mozilla/5.0 AppleWebKit/537.36 (KHTML, like Gecko; compatible; GPTBot/1.4; +https://openai.com/gptbot)"
74.7.243.193 - - [20/Aug/2026:06:05:56 +0200] "GET /174034640.htm HTTP/1.1" 500 - "https://goettler-services.de/sitemap_index.xml" "Mozilla/5.0 AppleWebKit/537.36 (KHTML, like Gecko; compatible; GPTBot/1.4; +https://openai.com/gptbot)"
74.7.243.193 - - [20/Aug/2026:06:06:21 +0200] "GET /157011647.htm HTTP/1.1" 500 - "https://goettler-services.de/sitemap_index.xml" "Mozilla/5.0 AppleWebKit/537.36 (KHTML, like Gecko; compatible; GPTBot/1.4; +https://openai.com/gptbot)"
74.7.243.193 - - [20/Aug/2026:06:06:32 +0200] "GET /015008371.htm HTTP/1.1" 500 - "https://goettler-services.de/sitemap_index.xml" "Mozilla/5.0 AppleWebKit/537.36 (KHTML, like Gecko; compatible; GPTBot/1.4; +https://openai.com/gptbot)"
66.249.66.201 - - [20/Aug/2026:06:06:42 +0200] "GET /?goods/086002361 HTTP/1.1" 200 158629 "-" "Mozilla/5.0 (Linux; Android 6.0.1; Nexus 5X Build/MMB29P) AppleWebKit/537.36 (KHTML, like Gecko) Chrome/151.0.7922.137 Mobile Safari/537.36 (compatible; GoogleOther)"
74.7.243.193 - - [20/Aug/2026:06:06:56 +0200] "GET /230021928.htm HTTP/1.1" 500 - "https://goettler-services.de/sitemap_index.xml" "Mozilla/5.0 AppleWebKit/537.36 (KHTML, like Gecko; compatible; GPTBot/1.4; +https://openai.com/gptbot)"
74.7.243.193 - - [20/Aug/2026:06:07:13 +0200] "GET /184043214.htm HTTP/1.1" 500 - "https://goettler-services.de/sitemap_index.xml" "Mozilla/5.0 AppleWebKit/537.36 (KHTML, like Gecko; compatible; GPTBot/1.4; +https://openai.com/gptbot)"
74.7.243.193 - - [20/Aug/2026:06:07:45 +0200] "GET /062013024.htm HTTP/1.1" 500 - "https://goettler-services.de/sitemap_index.xml" "Mozilla/5.0 AppleWebKit/537.36 (KHTML, like Gecko; compatible; GPTBot/1.4; +https://openai.com/gptbot)"
74.7.243.193 - - [20/Aug/2026:06:07:53 +0200] "GET /003032567.htm HTTP/1.1" 500 - "https://goettler-services.de/sitemap_index.xml" "Mozilla/5.0 AppleWebKit/537.36 (KHTML, like Gecko; compatible; GPTBot/1.4; +https://openai.com/gptbot)"
74.7.243.193 - - [20/Aug/2026:06:08:18 +0200] "GET /209046093.htm HTTP/1.1" 500 - "https://goettler-services.de/sitemap_index.xml" "Mozilla/5.0 AppleWebKit/537.36 (KHTML, like Gecko; compatible; GPTBot/1.4; +https://openai.com/gptbot)"
74.7.243.193 - - [20/Aug/2026:06:08:31 +0200] "GET /296048868.htm HTTP/1.1" 500 - "https://goettler-services.de/sitemap_index.xml" "Mozilla/5.0 AppleWebKit/537.36 (KHTML, like Gecko; compatible; GPTBot/1.4; +https://openai.com/gptbot)"
74.7.243.193 - - [20/Aug/2026:06:08:52 +0200] "GET /058029422.htm HTTP/1.1" 500 - "https://goettler-services.de/sitemap_index.xml" "Mozilla/5.0 AppleWebKit/537.36 (KHTML, like Gecko; compatible; GPTBot/1.4; +https://openai.com/gptbot)"
74.7.243.193 - - [20/Aug/2026:06:09:14 +0200] "GET /158048820.htm HTTP/1.1" 500 - "https://goettler-services.de/sitemap_index.xml" "Mozilla/5.0 AppleWebKit/537.36 (KHTML, like Gecko; compatible; GPTBot/1.4; +https://openai.com/gptbot)"
74.7.243.193 - - [20/Aug/2026:06:09:47 +0200] "GET /281046011.htm HTTP/1.1" 500 - "https://goettler-services.de/sitemap_index.xml" "Mozilla/5.0 AppleWebKit/537.36 (KHTML, like Gecko; compatible; GPTBot/1.4; +https://openai.com/gptbot)"
66.249.66.196 - - [20/Aug/2026:06:09:55 +0200] "GET /012003458.htm HTTP/1.1" 200 178687 "-" "Mozilla/5.0 (Linux; Android 6.0.1; Nexus 5X Build/MMB29P) AppleWebKit/537.36 (KHTML, like Gecko) Chrome/151.0.7922.137 Mobile Safari/537.36 (compatible; GoogleOther)"
