66.249.66.201 - - [20/Aug/2026:11:19:47 +0200] "GET /070005334.htm HTTP/1.1" 200 153818 "-" "Mozilla/5.0 (Linux; Android 6.0.1; Nexus 5X Build/MMB29P) AppleWebKit/537.36 (KHTML, like Gecko) Chrome/151.0.7922.137 Mobile Safari/537.36 (compatible; Googlebot/2.1; +http://www.google.com/bot.html)"
74.7.243.193 - - [20/Aug/2026:11:20:05 +0200] "GET /104026892.htm HTTP/1.1" 500 - "https://goettler-services.de/sitemap_index.xml" "Mozilla/5.0 AppleWebKit/537.36 (KHTML, like Gecko; compatible; GPTBot/1.4; +https://openai.com/gptbot)"
66.249.66.43 - - [20/Aug/2026:11:20:05 +0200] "GET /254007734.htm HTTP/1.1" 200 171557 "-" "Mozilla/5.0 (Linux; Android 6.0.1; Nexus 5X Build/MMB29P) AppleWebKit/537.36 (KHTML, like Gecko) Chrome/151.0.7922.137 Mobile Safari/537.36 (compatible; GoogleOther)"
74.7.243.193 - - [20/Aug/2026:11:20:26 +0200] "GET /247015413.htm HTTP/1.1" 500 - "https://goettler-services.de/sitemap_index.xml" "Mozilla/5.0 AppleWebKit/537.36 (KHTML, like Gecko; compatible; GPTBot/1.4; +https://openai.com/gptbot)"
74.7.243.193 - - [20/Aug/2026:11:20:47 +0200] "GET /087046621.htm HTTP/1.1" 500 - "https://goettler-services.de/sitemap_index.xml" "Mozilla/5.0 AppleWebKit/537.36 (KHTML, like Gecko; compatible; GPTBot/1.4; +https://openai.com/gptbot)"
74.7.243.193 - - [20/Aug/2026:11:21:07 +0200] "GET /192030568.htm HTTP/1.1" 500 - "https://goettler-services.de/sitemap_index.xml" "Mozilla/5.0 AppleWebKit/537.36 (KHTML, like Gecko; compatible; GPTBot/1.4; +https://openai.com/gptbot)"
66.249.66.199 - - [20/Aug/2026:11:21:10 +0200] "GET /892568553 HTTP/1.1" 200 158388 "-" "Mozilla/5.0 (Linux; Android 6.0.1; Nexus 5X Build/MMB29P) AppleWebKit/537.36 (KHTML, like Gecko) Chrome/151.0.7922.137 Mobile Safari/537.36 (compatible; Googlebot/2.1; +http://www.google.com/bot.html)"
74.7.243.193 - - [20/Aug/2026:11:21:28 +0200] "GET /067028583.htm HTTP/1.1" 500 - "https://goettler-services.de/sitemap_index.xml" "Mozilla/5.0 AppleWebKit/537.36 (KHTML, like Gecko; compatible; GPTBot/1.4; +https://openai.com/gptbot)"
74.7.243.193 - - [20/Aug/2026:11:21:49 +0200] "GET /247045831.htm HTTP/1.1" 500 - "https://goettler-services.de/sitemap_index.xml" "Mozilla/5.0 AppleWebKit/537.36 (KHTML, like Gecko; compatible; GPTBot/1.4; +https://openai.com/gptbot)"
74.7.243.193 - - [20/Aug/2026:11:22:09 +0200] "GET /127034065.htm HTTP/1.1" 500 - "https://goettler-services.de/sitemap_index.xml" "Mozilla/5.0 AppleWebKit/537.36 (KHTML, like Gecko; compatible; GPTBot/1.4; +https://openai.com/gptbot)"
74.7.243.193 - - [20/Aug/2026:11:22:31 +0200] "GET /256013406.htm HTTP/1.1" 500 - "https://goettler-services.de/sitemap_index.xml" "Mozilla/5.0 AppleWebKit/537.36 (KHTML, like Gecko; compatible; GPTBot/1.4; +https://openai.com/gptbot)"
74.7.243.193 - - [20/Aug/2026:11:22:51 +0200] "GET /256006478.htm HTTP/1.1" 500 - "https://goettler-services.de/sitemap_index.xml" "Mozilla/5.0 AppleWebKit/537.36 (KHTML, like Gecko; compatible; GPTBot/1.4; +https://openai.com/gptbot)"
74.7.243.193 - - [20/Aug/2026:11:23:11 +0200] "GET /194031776.htm HTTP/1.1" 500 - "https://goettler-services.de/sitemap_index.xml" "Mozilla/5.0 AppleWebKit/537.36 (KHTML, like Gecko; compatible; GPTBot/1.4; +https://openai.com/gptbot)"
74.7.243.193 - - [20/Aug/2026:11:23:33 +0200] "GET /237048411.htm HTTP/1.1" 500 - "https://goettler-services.de/sitemap_index.xml" "Mozilla/5.0 AppleWebKit/537.36 (KHTML, like Gecko; compatible; GPTBot/1.4; +https://openai.com/gptbot)"
74.7.243.193 - - [20/Aug/2026:11:23:53 +0200] "GET /064031922.htm HTTP/1.1" 500 - "https://goettler-services.de/sitemap_index.xml" "Mozilla/5.0 AppleWebKit/537.36 (KHTML, like Gecko; compatible; GPTBot/1.4; +https://openai.com/gptbot)"
74.7.243.193 - - [20/Aug/2026:11:24:13 +0200] "GET /145043807.htm HTTP/1.1" 500 - "https://goettler-services.de/sitemap_index.xml" "Mozilla/5.0 AppleWebKit/537.36 (KHTML, like Gecko; compatible; GPTBot/1.4; +https://openai.com/gptbot)"
74.7.243.193 - - [20/Aug/2026:11:24:35 +0200] "GET /117042875.htm HTTP/1.1" 500 - "https://goettler-services.de/sitemap_index.xml" "Mozilla/5.0 AppleWebKit/537.36 (KHTML, like Gecko; compatible; GPTBot/1.4; +https://openai.com/gptbot)"
74.7.243.193 - - [20/Aug/2026:11:24:55 +0200] "GET /173012653.htm HTTP/1.1" 500 - "https://goettler-services.de/sitemap_index.xml" "Mozilla/5.0 AppleWebKit/537.36 (KHTML, like Gecko; compatible; GPTBot/1.4; +https://openai.com/gptbot)"
66.249.66.71 - - [20/Aug/2026:11:25:07 +0200] "GET /outlet/027001618 HTTP/1.1" 200 157839 "-" "Mozilla/5.0 (Linux; Android 6.0.1; Nexus 5X Build/MMB29P) AppleWebKit/537.36 (KHTML, like Gecko) Chrome/151.0.7922.137 Mobile Safari/537.36 (compatible; Googlebot/2.1; +http://www.google.com/bot.html)"
74.7.243.193 - - [20/Aug/2026:11:25:16 +0200] "GET /158034078.htm HTTP/1.1" 500 - "https://goettler-services.de/sitemap_index.xml" "Mozilla/5.0 AppleWebKit/537.36 (KHTML, like Gecko; compatible; GPTBot/1.4; +https://openai.com/gptbot)"
74.7.243.193 - - [20/Aug/2026:11:25:38 +0200] "GET /179029353.htm HTTP/1.1" 500 - "https://goettler-services.de/sitemap_index.xml" "Mozilla/5.0 AppleWebKit/537.36 (KHTML, like Gecko; compatible; GPTBot/1.4; +https://openai.com/gptbot)"
66.249.66.41 - - [20/Aug/2026:11:25:38 +0200] "GET /174029696.htm HTTP/1.1" 200 157311 "-" "Mozilla/5.0 (Linux; Android 6.0.1; Nexus 5X Build/MMB29P) AppleWebKit/537.36 (KHTML, like Gecko) Chrome/151.0.7922.137 Mobile Safari/537.36 (compatible; GoogleOther)"
74.7.243.193 - - [20/Aug/2026:11:25:58 +0200] "GET /238044750.htm HTTP/1.1" 500 - "https://goettler-services.de/sitemap_index.xml" "Mozilla/5.0 AppleWebKit/537.36 (KHTML, like Gecko; compatible; GPTBot/1.4; +https://openai.com/gptbot)"
74.7.243.193 - - [20/Aug/2026:11:26:20 +0200] "GET /235029657.htm HTTP/1.1" 500 - "https://goettler-services.de/sitemap_index.xml" "Mozilla/5.0 AppleWebKit/537.36 (KHTML, like Gecko; compatible; GPTBot/1.4; +https://openai.com/gptbot)"
74.7.243.193 - - [20/Aug/2026:11:26:41 +0200] "GET /162004394.htm HTTP/1.1" 500 - "https://goettler-services.de/sitemap_index.xml" "Mozilla/5.0 AppleWebKit/537.36 (KHTML, like Gecko; compatible; GPTBot/1.4; +https://openai.com/gptbot)"
74.7.243.193 - - [20/Aug/2026:11:27:03 +0200] "GET /218034178.htm HTTP/1.1" 500 - "https://goettler-services.de/sitemap_index.xml" "Mozilla/5.0 AppleWebKit/537.36 (KHTML, like Gecko; compatible; GPTBot/1.4; +https://openai.com/gptbot)"
74.7.243.193 - - [20/Aug/2026:11:27:25 +0200] "GET /048012566.htm HTTP/1.1" 500 - "https://goettler-services.de/sitemap_index.xml" "Mozilla/5.0 AppleWebKit/537.36 (KHTML, like Gecko; compatible; GPTBot/1.4; +https://openai.com/gptbot)"
66.249.66.200 - - [20/Aug/2026:11:27:33 +0200] "GET /?goods/024002797 HTTP/1.1" 200 152340 "-" "Mozilla/5.0 (Linux; Android 6.0.1; Nexus 5X Build/MMB29P) AppleWebKit/537.36 (KHTML, like Gecko) Chrome/151.0.7922.137 Mobile Safari/537.36 (compatible; Googlebot/2.1; +http://www.google.com/bot.html)"
74.7.243.193 - - [20/Aug/2026:11:27:46 +0200] "GET /193014475.htm HTTP/1.1" 500 - "https://goettler-services.de/sitemap_index.xml" "Mozilla/5.0 AppleWebKit/537.36 (KHTML, like Gecko; compatible; GPTBot/1.4; +https://openai.com/gptbot)"
74.7.243.193 - - [20/Aug/2026:11:28:08 +0200] "GET /146005718.htm HTTP/1.1" 500 - "https://goettler-services.de/sitemap_index.xml" "Mozilla/5.0 AppleWebKit/537.36 (KHTML, like Gecko; compatible; GPTBot/1.4; +https://openai.com/gptbot)"
74.7.243.193 - - [20/Aug/2026:11:28:29 +0200] "GET /205038475.htm HTTP/1.1" 500 - "https://goettler-services.de/sitemap_index.xml" "Mozilla/5.0 AppleWebKit/537.36 (KHTML, like Gecko; compatible; GPTBot/1.4; +https://openai.com/gptbot)"
74.7.243.193 - - [20/Aug/2026:11:28:51 +0200] "GET /291024593.htm HTTP/1.1" 500 - "https://goettler-services.de/sitemap_index.xml" "Mozilla/5.0 AppleWebKit/537.36 (KHTML, like Gecko; compatible; GPTBot/1.4; +https://openai.com/gptbot)"
74.7.243.193 - - [20/Aug/2026:11:29:12 +0200] "GET /239006795.htm HTTP/1.1" 500 - "https://goettler-services.de/sitemap_index.xml" "Mozilla/5.0 AppleWebKit/537.36 (KHTML, like Gecko; compatible; GPTBot/1.4; +https://openai.com/gptbot)"
74.7.243.193 - - [20/Aug/2026:11:29:33 +0200] "GET /146032672.htm HTTP/1.1" 500 - "https://goettler-services.de/sitemap_index.xml" "Mozilla/5.0 AppleWebKit/537.36 (KHTML, like Gecko; compatible; GPTBot/1.4; +https://openai.com/gptbot)"
74.7.243.193 - - [20/Aug/2026:11:29:53 +0200] "GET /247048259.htm HTTP/1.1" 500 - "https://goettler-services.de/sitemap_index.xml" "Mozilla/5.0 AppleWebKit/537.36 (KHTML, like Gecko; compatible; GPTBot/1.4; +https://openai.com/gptbot)"
66.249.66.43 - - [20/Aug/2026:11:29:53 +0200] "GET /12798764 HTTP/1.1" 200 158758 "-" "Mozilla/5.0 (Linux; Android 6.0.1; Nexus 5X Build/MMB29P) AppleWebKit/537.36 (KHTML, like Gecko) Chrome/151.0.7922.137 Mobile Safari/537.36 (compatible; Googlebot/2.1; +http://www.google.com/bot.html)"
66.249.66.41 - - [20/Aug/2026:11:29:57 +0200] "GET /category/30/1 HTTP/1.1" 200 152371 "-" "Mozilla/5.0 (Linux; Android 6.0.1; Nexus 5X Build/MMB29P) AppleWebKit/537.36 (KHTML, like Gecko) Chrome/151.0.7922.137 Mobile Safari/537.36 (compatible; Googlebot/2.1; +http://www.google.com/bot.html)"
74.7.243.193 - - [20/Aug/2026:11:30:14 +0200] "GET /238013566.htm HTTP/1.1" 500 - "https://goettler-services.de/sitemap_index.xml" "Mozilla/5.0 AppleWebKit/537.36 (KHTML, like Gecko; compatible; GPTBot/1.4; +https://openai.com/gptbot)"
74.7.243.193 - - [20/Aug/2026:11:30:34 +0200] "GET /256047132.htm HTTP/1.1" 500 - "https://goettler-services.de/sitemap_index.xml" "Mozilla/5.0 AppleWebKit/537.36 (KHTML, like Gecko; compatible; GPTBot/1.4; +https://openai.com/gptbot)"
74.7.243.193 - - [20/Aug/2026:11:30:54 +0200] "GET /109027663.htm HTTP/1.1" 500 - "https://goettler-services.de/sitemap_index.xml" "Mozilla/5.0 AppleWebKit/537.36 (KHTML, like Gecko; compatible; GPTBot/1.4; +https://openai.com/gptbot)"
20.104.100.201 - - [20/Aug/2026:11:30:58 +0200] "GET /wp-content/plugins/hellopress/wp_filemanager.php HTTP/1.1" 404 5750 "-" "-"
20.104.100.201 - - [20/Aug/2026:11:30:59 +0200] "GET /this_is_a_new_hello_world.php HTTP/1.1" 404 5750 "-" "-"
20.104.100.201 - - [20/Aug/2026:11:31:00 +0200] "GET /makeasmtp.php HTTP/1.1" 404 5750 "-" "-"
20.104.100.201 - - [20/Aug/2026:11:31:01 +0200] "GET /kir.php HTTP/1.1" 404 5750 "-" "-"
20.104.100.201 - - [20/Aug/2026:11:31:01 +0200] "GET /fling.php?p= HTTP/1.1" 404 5750 "-" "-"
20.104.100.201 - - [20/Aug/2026:11:31:02 +0200] "GET /nofile.php HTTP/1.1" 404 5750 "-" "-"
20.104.100.201 - - [20/Aug/2026:11:31:02 +0200] "GET /100.php HTTP/1.1" 404 5750 "-" "-"
20.104.100.201 - - [20/Aug/2026:11:31:02 +0200] "GET /rt.php HTTP/1.1" 404 5750 "-" "-"
20.104.100.201 - - [20/Aug/2026:11:31:02 +0200] "GET /cok.php HTTP/1.1" 404 5750 "-" "-"
20.104.100.201 - - [20/Aug/2026:11:31:03 +0200] "GET /accesson.php HTTP/1.1" 404 5750 "-" "-"
20.104.100.201 - - [20/Aug/2026:11:31:03 +0200] "GET /av.php HTTP/1.1" 404 5750 "-" "-"
20.104.100.201 - - [20/Aug/2026:11:31:04 +0200] "GET /kj.php HTTP/1.1" 404 5750 "-" "-"
20.104.100.201 - - [20/Aug/2026:11:31:04 +0200] "GET /wp-admin/images/acxx.php HTTP/1.1" 404 5750 "-" "-"
20.104.100.201 - - [20/Aug/2026:11:31:04 +0200] "GET /png.php HTTP/1.1" 404 5750 "-" "-"
20.104.100.201 - - [20/Aug/2026:11:31:05 +0200] "GET /ab.php HTTP/1.1" 404 5750 "-" "-"
20.104.100.201 - - [20/Aug/2026:11:31:05 +0200] "GET /12.php HTTP/1.1" 404 5750 "-" "-"
20.104.100.201 - - [20/Aug/2026:11:31:05 +0200] "GET /x1da.php HTTP/1.1" 404 5750 "-" "-"
20.104.100.201 - - [20/Aug/2026:11:31:05 +0200] "GET /mcs.php HTTP/1.1" 404 5750 "-" "-"
20.104.100.201 - - [20/Aug/2026:11:31:06 +0200] "GET /adminner.php HTTP/1.1" 404 5750 "-" "-"
20.104.100.201 - - [20/Aug/2026:11:31:06 +0200] "GET /dragonshell.php HTTP/1.1" 404 5750 "-" "-"
20.104.100.201 - - [20/Aug/2026:11:31:06 +0200] "GET /setup-config.php HTTP/1.1" 404 5750 "-" "-"
20.104.100.201 - - [20/Aug/2026:11:31:06 +0200] "GET /f35.update.php HTTP/1.1" 404 5750 "-" "-"
20.104.100.201 - - [20/Aug/2026:11:31:07 +0200] "GET /bdroot.php HTTP/1.1" 404 5750 "-" "-"
20.104.100.201 - - [20/Aug/2026:11:31:07 +0200] "GET /wp-temp.php HTTP/1.1" 404 5750 "-" "-"
20.104.100.201 - - [20/Aug/2026:11:31:07 +0200] "GET /wp-css.php HTTP/1.1" 404 5750 "-" "-"
20.104.100.201 - - [20/Aug/2026:11:31:07 +0200] "GET /flox.php HTTP/1.1" 404 5750 "-" "-"
20.104.100.201 - - [20/Aug/2026:11:31:08 +0200] "GET /op.php HTTP/1.1" 404 5750 "-" "-"
20.104.100.201 - - [20/Aug/2026:11:31:10 +0200] "GET /1xmomo.php HTTP/1.1" 404 5750 "-" "-"
20.104.100.201 - - [20/Aug/2026:11:31:11 +0200] "GET /txets.php HTTP/1.1" 404 5750 "-" "-"
20.104.100.201 - - [20/Aug/2026:11:31:11 +0200] "GET /img.php HTTP/1.1" 404 5750 "-" "-"
20.104.100.201 - - [20/Aug/2026:11:31:12 +0200] "GET /wp-content/admin.php HTTP/1.1" 404 5750 "-" "-"
20.104.100.201 - - [20/Aug/2026:11:31:12 +0200] "GET /wp-content/index.php HTTP/1.1" 404 5750 "-" "-"
66.249.66.38 - - [20/Aug/2026:11:31:11 +0200] "GET /094039656.htm HTTP/1.1" 200 152905 "-" "Mozilla/5.0 (Linux; Android 6.0.1; Nexus 5X Build/MMB29P) AppleWebKit/537.36 (KHTML, like Gecko) Chrome/151.0.7922.137 Mobile Safari/537.36 (compatible; GoogleOther)"
20.104.100.201 - - [20/Aug/2026:11:31:13 +0200] "GET /wp-admin/setup-config.php HTTP/1.1" 404 5750 "-" "-"
20.104.100.201 - - [20/Aug/2026:11:31:13 +0200] "GET /wp-content/cong.php HTTP/1.1" 404 5750 "-" "-"
20.104.100.201 - - [20/Aug/2026:11:31:15 +0200] "GET /term.php HTTP/1.1" 404 5750 "-" "-"
20.104.100.201 - - [20/Aug/2026:11:31:16 +0200] "GET /black.php HTTP/1.1" 404 5750 "-" "-"
20.104.100.201 - - [20/Aug/2026:11:31:16 +0200] "GET /as.php HTTP/1.1" 404 5750 "-" "-"
74.7.243.193 - - [20/Aug/2026:11:31:16 +0200] "GET /219007513.htm HTTP/1.1" 500 - "https://goettler-services.de/sitemap_index.xml" "Mozilla/5.0 AppleWebKit/537.36 (KHTML, like Gecko; compatible; GPTBot/1.4; +https://openai.com/gptbot)"
20.104.100.201 - - [20/Aug/2026:11:31:17 +0200] "GET /pucci.php HTTP/1.1" 404 5750 "-" "-"
20.104.100.201 - - [20/Aug/2026:11:31:17 +0200] "GET /wicked.php HTTP/1.1" 404 5750 "-" "-"
20.104.100.201 - - [20/Aug/2026:11:31:17 +0200] "GET /water.php HTTP/1.1" 404 5750 "-" "-"
20.104.100.201 - - [20/Aug/2026:11:31:17 +0200] "GET /fine.php HTTP/1.1" 404 5750 "-" "-"
20.104.100.201 - - [20/Aug/2026:11:31:18 +0200] "GET /loader.php HTTP/1.1" 404 5750 "-" "-"
20.104.100.201 - - [20/Aug/2026:11:31:18 +0200] "GET /zero.php HTTP/1.1" 404 5750 "-" "-"
20.104.100.201 - - [20/Aug/2026:11:31:18 +0200] "GET /002.php HTTP/1.1" 404 5750 "-" "-"
20.104.100.201 - - [20/Aug/2026:11:31:18 +0200] "GET /zxz.php HTTP/1.1" 404 5750 "-" "-"
20.104.100.201 - - [20/Aug/2026:11:31:19 +0200] "GET /memberfuns.php HTTP/1.1" 404 5750 "-" "-"
20.104.100.201 - - [20/Aug/2026:11:31:19 +0200] "GET /aa.php HTTP/1.1" 404 5750 "-" "-"
20.104.100.201 - - [20/Aug/2026:11:31:19 +0200] "GET /echkm.php HTTP/1.1" 404 5750 "-" "-"
20.104.100.201 - - [20/Aug/2026:11:31:20 +0200] "GET /domvf.php HTTP/1.1" 404 5750 "-" "-"
20.104.100.201 - - [20/Aug/2026:11:31:20 +0200] "GET /red.php HTTP/1.1" 404 5750 "-" "-"
20.104.100.201 - - [20/Aug/2026:11:31:20 +0200] "GET /JawirGenk.php HTTP/1.1" 404 5750 "-" "-"
20.104.100.201 - - [20/Aug/2026:11:31:20 +0200] "GET /wp-content/options.php HTTP/1.1" 404 5750 "-" "-"
20.104.100.201 - - [20/Aug/2026:11:31:21 +0200] "GET /wp-content/ms-files.php HTTP/1.1" 404 5750 "-" "-"
20.104.100.201 - - [20/Aug/2026:11:31:21 +0200] "GET /wp-content/uploads/users.php HTTP/1.1" 404 5750 "-" "-"
20.104.100.201 - - [20/Aug/2026:11:31:21 +0200] "GET /output.php HTTP/1.1" 404 5750 "-" "-"
20.104.100.201 - - [20/Aug/2026:11:31:21 +0200] "GET /tiny2.php HTTP/1.1" 404 5750 "-" "-"
20.104.100.201 - - [20/Aug/2026:11:31:22 +0200] "GET /wpxml.php HTTP/1.1" 404 5750 "-" "-"
20.104.100.201 - - [20/Aug/2026:11:31:22 +0200] "GET /wp-content/min.php HTTP/1.1" 404 5750 "-" "-"
20.104.100.201 - - [20/Aug/2026:11:31:23 +0200] "GET /ccou.php HTTP/1.1" 404 5750 "-" "-"
20.104.100.201 - - [20/Aug/2026:11:31:23 +0200] "GET /crgio.php HTTP/1.1" 404 5750 "-" "-"
20.104.100.201 - - [20/Aug/2026:11:31:23 +0200] "GET /wp-content/uploads/file1.php HTTP/1.1" 404 5750 "-" "-"
20.104.100.201 - - [20/Aug/2026:11:31:23 +0200] "GET /css.php HTTP/1.1" 404 5750 "-" "-"
20.104.100.201 - - [20/Aug/2026:11:31:24 +0200] "GET /wp-admin/css/index.php HTTP/1.1" 404 5750 "-" "-"
20.104.100.201 - - [20/Aug/2026:11:31:24 +0200] "GET /epinyins.php HTTP/1.1" 404 5750 "-" "-"
20.104.100.201 - - [20/Aug/2026:11:31:24 +0200] "GET /load.php HTTP/1.1" 404 5750 "-" "-"
20.104.100.201 - - [20/Aug/2026:11:31:24 +0200] "GET /wp-includes/Text/Diff/Engine/file_cdd9.php HTTP/1.1" 404 5750 "-" "-"
20.104.100.201 - - [20/Aug/2026:11:31:25 +0200] "GET /ty.php HTTP/1.1" 404 5750 "-" "-"
20.104.100.201 - - [20/Aug/2026:11:31:25 +0200] "GET /wp-content/uploads/panel.php HTTP/1.1" 404 5750 "-" "-"
20.104.100.201 - - [20/Aug/2026:11:31:25 +0200] "GET /dot.php HTTP/1.1" 404 5750 "-" "-"
20.104.100.201 - - [20/Aug/2026:11:31:25 +0200] "GET /005.php HTTP/1.1" 404 5750 "-" "-"
20.104.100.201 - - [20/Aug/2026:11:31:26 +0200] "GET /v2.php HTTP/1.1" 404 5750 "-" "-"
20.104.100.201 - - [20/Aug/2026:11:31:26 +0200] "GET /wkl.php HTTP/1.1" 404 5750 "-" "-"
20.104.100.201 - - [20/Aug/2026:11:31:27 +0200] "GET /wp-asudo.php HTTP/1.1" 404 5750 "-" "-"
20.104.100.201 - - [20/Aug/2026:11:31:27 +0200] "GET /az.php HTTP/1.1" 404 5750 "-" "-"
20.104.100.201 - - [20/Aug/2026:11:31:27 +0200] "GET /z43agz.php HTTP/1.1" 404 5750 "-" "-"
20.104.100.201 - - [20/Aug/2026:11:31:27 +0200] "GET /3.php HTTP/1.1" 404 5750 "-" "-"
20.104.100.201 - - [20/Aug/2026:11:31:28 +0200] "GET /log.php HTTP/1.1" 404 5750 "-" "-"
20.104.100.201 - - [20/Aug/2026:11:31:28 +0200] "GET /ohct.php HTTP/1.1" 404 5750 "-" "-"
20.104.100.201 - - [20/Aug/2026:11:31:28 +0200] "GET /ot.php HTTP/1.1" 404 5750 "-" "-"
20.104.100.201 - - [20/Aug/2026:11:31:28 +0200] "GET /v5.php HTTP/1.1" 404 5750 "-" "-"
20.104.100.201 - - [20/Aug/2026:11:31:29 +0200] "GET /wp-content/replace.php HTTP/1.1" 404 5750 "-" "-"
20.104.100.201 - - [20/Aug/2026:11:31:29 +0200] "GET /fw/faiyy.php HTTP/1.1" 404 5750 "-" "-"
20.104.100.201 - - [20/Aug/2026:11:31:29 +0200] "GET /dk.php HTTP/1.1" 404 5750 "-" "-"
20.104.100.201 - - [20/Aug/2026:11:31:30 +0200] "GET /bal.php HTTP/1.1" 404 5750 "-" "-"
20.104.100.201 - - [20/Aug/2026:11:31:30 +0200] "GET /yawa.php HTTP/1.1" 404 5750 "-" "-"
20.104.100.201 - - [20/Aug/2026:11:31:30 +0200] "GET /wp-admin/maint/max.php HTTP/1.1" 404 5750 "-" "-"
20.104.100.201 - - [20/Aug/2026:11:31:30 +0200] "GET /7.php HTTP/1.1" 404 5750 "-" "-"
20.104.100.201 - - [20/Aug/2026:11:31:31 +0200] "GET /ws77.php HTTP/1.1" 404 5750 "-" "-"
20.104.100.201 - - [20/Aug/2026:11:31:31 +0200] "GET /read.php HTTP/1.1" 404 5750 "-" "-"
20.104.100.201 - - [20/Aug/2026:11:31:31 +0200] "GET /albin.php HTTP/1.1" 404 5750 "-" "-"
20.104.100.201 - - [20/Aug/2026:11:31:31 +0200] "GET /fw/34.php HTTP/1.1" 404 5750 "-" "-"
20.104.100.201 - - [20/Aug/2026:11:31:32 +0200] "GET /wp9.php HTTP/1.1" 404 5750 "-" "-"
20.104.100.201 - - [20/Aug/2026:11:31:32 +0200] "GET /save.php HTTP/1.1" 404 5750 "-" "-"
20.104.100.201 - - [20/Aug/2026:11:31:32 +0200] "GET /wp-rrtx.php HTTP/1.1" 404 5750 "-" "-"
20.104.100.201 - - [20/Aug/2026:11:31:32 +0200] "GET /gecko-new.php HTTP/1.1" 404 5750 "-" "-"
20.104.100.201 - - [20/Aug/2026:11:31:33 +0200] "GET /df.php HTTP/1.1" 404 5750 "-" "-"
20.104.100.201 - - [20/Aug/2026:11:31:33 +0200] "GET /wp-includes/Text/Diff/Engine/file_ed27.php HTTP/1.1" 404 5750 "-" "-"
20.104.100.201 - - [20/Aug/2026:11:31:33 +0200] "GET /usr.php HTTP/1.1" 404 5750 "-" "-"
20.104.100.201 - - [20/Aug/2026:11:31:34 +0200] "GET /wp-admin/privacy.php HTTP/1.1" 404 5750 "-" "-"
20.104.100.201 - - [20/Aug/2026:11:31:35 +0200] "GET /css/database.php HTTP/1.1" 404 5750 "-" "-"
20.104.100.201 - - [20/Aug/2026:11:31:35 +0200] "GET /privdayz.php HTTP/1.1" 404 5750 "-" "-"
74.7.243.193 - - [20/Aug/2026:11:31:38 +0200] "GET /155029887.htm HTTP/1.1" 500 - "https://goettler-services.de/sitemap_index.xml" "Mozilla/5.0 AppleWebKit/537.36 (KHTML, like Gecko; compatible; GPTBot/1.4; +https://openai.com/gptbot)"
20.104.100.201 - - [20/Aug/2026:11:31:41 +0200] "GET /wg459o.php HTTP/1.1" 404 5750 "-" "-"
20.104.100.201 - - [20/Aug/2026:11:31:42 +0200] "GET /mifta.php HTTP/1.1" 404 5750 "-" "-"
20.104.100.201 - - [20/Aug/2026:11:31:42 +0200] "GET /wp-content/xyn.php HTTP/1.1" 404 5750 "-" "-"
20.104.100.201 - - [20/Aug/2026:11:31:42 +0200] "GET /index2.php HTTP/1.1" 404 5750 "-" "-"
20.104.100.201 - - [20/Aug/2026:11:31:42 +0200] "GET /8.php HTTP/1.1" 404 5750 "-" "-"
20.104.100.201 - - [20/Aug/2026:11:31:43 +0200] "GET /images.php HTTP/1.1" 404 5750 "-" "-"
20.104.100.201 - - [20/Aug/2026:11:31:43 +0200] "GET /a.php HTTP/1.1" 404 5750 "-" "-"
20.104.100.201 - - [20/Aug/2026:11:31:43 +0200] "GET /11PJcpMFsD8B.php HTTP/1.1" 404 5750 "-" "-"
20.104.100.201 - - [20/Aug/2026:11:31:43 +0200] "GET /99.php HTTP/1.1" 404 5750 "-" "-"
20.104.100.201 - - [20/Aug/2026:11:31:44 +0200] "GET /yup.php HTTP/1.1" 404 5750 "-" "-"
20.104.100.201 - - [20/Aug/2026:11:31:46 +0200] "GET /222.php HTTP/1.1" 404 5750 "-" "-"
20.104.100.201 - - [20/Aug/2026:11:31:46 +0200] "GET /wp-temp.php HTTP/1.1" 404 5750 "-" "-"
20.104.100.201 - - [20/Aug/2026:11:31:47 +0200] "GET /spadex.php HTTP/1.1" 404 5750 "-" "-"
20.104.100.201 - - [20/Aug/2026:11:31:47 +0200] "GET /wp-includes/block-bindings/index.php HTTP/1.1" 404 5750 "-" "-"
20.104.100.201 - - [20/Aug/2026:11:31:48 +0200] "GET /srontol.php HTTP/1.1" 404 5750 "-" "-"
20.104.100.201 - - [20/Aug/2026:11:31:48 +0200] "GET /file5.php HTTP/1.1" 404 5750 "-" "-"
20.104.100.201 - - [20/Aug/2026:11:31:48 +0200] "GET /yup.php HTTP/1.1" 404 5750 "-" "-"
20.104.100.201 - - [20/Aug/2026:11:31:48 +0200] "GET /classwithtostring.php HTTP/1.1" 404 5750 "-" "-"
20.104.100.201 - - [20/Aug/2026:11:31:49 +0200] "GET /wp-the.php HTTP/1.1" 404 5750 "-" "-"
20.104.100.201 - - [20/Aug/2026:11:31:49 +0200] "GET /wp-content/cong.php HTTP/1.1" 404 5750 "-" "-"
20.104.100.201 - - [20/Aug/2026:11:31:49 +0200] "GET /xwpg.php HTTP/1.1" 404 5750 "-" "-"
20.104.100.201 - - [20/Aug/2026:11:31:50 +0200] "GET /dex.php HTTP/1.1" 404 5750 "-" "-"
20.104.100.201 - - [20/Aug/2026:11:31:50 +0200] "GET /xyn.php HTTP/1.1" 404 5750 "-" "-"
20.104.100.201 - - [20/Aug/2026:11:31:50 +0200] "GET /wp-admin/js/index.php HTTP/1.1" 404 5750 "-" "-"
20.104.100.201 - - [20/Aug/2026:11:31:50 +0200] "GET /wp-good.php HTTP/1.1" 404 5750 "-" "-"
20.104.100.201 - - [20/Aug/2026:11:31:51 +0200] "GET /wmore1.php HTTP/1.1" 404 5750 "-" "-"
20.104.100.201 - - [20/Aug/2026:11:31:51 +0200] "GET /special.php HTTP/1.1" 404 5750 "-" "-"
20.104.100.201 - - [20/Aug/2026:11:31:51 +0200] "GET /wp-content/themes/index.php HTTP/1.1" 404 5750 "-" "-"
20.104.100.201 - - [20/Aug/2026:11:31:52 +0200] "GET /thoms.php HTTP/1.1" 404 5750 "-" "-"
20.104.100.201 - - [20/Aug/2026:11:31:52 +0200] "GET /wp-includes/Text/Diff/Engine/about.php HTTP/1.1" 404 5750 "-" "-"
20.104.100.201 - - [20/Aug/2026:11:31:52 +0200] "GET /root.php HTTP/1.1" 404 5750 "-" "-"
20.104.100.201 - - [20/Aug/2026:11:31:53 +0200] "GET /fpwch.php HTTP/1.1" 404 5750 "-" "-"
20.104.100.201 - - [20/Aug/2026:11:31:53 +0200] "GET /mg.php HTTP/1.1" 404 5750 "-" "-"
20.104.100.201 - - [20/Aug/2026:11:31:53 +0200] "GET /reop3.php HTTP/1.1" 404 5750 "-" "-"
20.104.100.201 - - [20/Aug/2026:11:31:53 +0200] "GET /php5.php HTTP/1.1" 404 5750 "-" "-"
20.104.100.201 - - [20/Aug/2026:11:31:54 +0200] "GET /acp.php HTTP/1.1" 404 5750 "-" "-"
20.104.100.201 - - [20/Aug/2026:11:31:54 +0200] "GET /yas.php HTTP/1.1" 404 5750 "-" "-"
20.104.100.201 - - [20/Aug/2026:11:31:54 +0200] "GET /ah25.php HTTP/1.1" 404 5750 "-" "-"
20.104.100.201 - - [20/Aug/2026:11:31:54 +0200] "GET /ano.php HTTP/1.1" 404 5750 "-" "-"
20.104.100.201 - - [20/Aug/2026:11:31:55 +0200] "GET /nwflm.php HTTP/1.1" 404 5750 "-" "-"
20.104.100.201 - - [20/Aug/2026:11:31:55 +0200] "GET /wp-load.php HTTP/1.1" 404 5750 "-" "-"
20.104.100.201 - - [20/Aug/2026:11:31:56 +0200] "GET /jj.php HTTP/1.1" 404 5750 "-" "-"
20.104.100.201 - - [20/Aug/2026:11:31:56 +0200] "GET /img.php HTTP/1.1" 404 5750 "-" "-"
20.104.100.201 - - [20/Aug/2026:11:31:56 +0200] "GET /we.php HTTP/1.1" 404 5750 "-" "-"
74.7.243.193 - - [20/Aug/2026:11:31:58 +0200] "GET /215036813.htm HTTP/1.1" 500 - "https://goettler-services.de/sitemap_index.xml" "Mozilla/5.0 AppleWebKit/537.36 (KHTML, like Gecko; compatible; GPTBot/1.4; +https://openai.com/gptbot)"
66.249.66.38 - - [20/Aug/2026:11:32:09 +0200] "GET /102041826.htm HTTP/1.1" 200 142300 "-" "Mozilla/5.0 (Linux; Android 6.0.1; Nexus 5X Build/MMB29P) AppleWebKit/537.36 (KHTML, like Gecko) Chrome/151.0.7922.137 Mobile Safari/537.36 (compatible; GoogleOther)"
74.7.243.193 - - [20/Aug/2026:11:32:19 +0200] "GET /175006423.htm HTTP/1.1" 500 - "https://goettler-services.de/sitemap_index.xml" "Mozilla/5.0 AppleWebKit/537.36 (KHTML, like Gecko; compatible; GPTBot/1.4; +https://openai.com/gptbot)"
74.7.243.193 - - [20/Aug/2026:11:32:40 +0200] "GET /168039846.htm HTTP/1.1" 500 - "https://goettler-services.de/sitemap_index.xml" "Mozilla/5.0 AppleWebKit/537.36 (KHTML, like Gecko; compatible; GPTBot/1.4; +https://openai.com/gptbot)"
74.7.243.193 - - [20/Aug/2026:11:33:02 +0200] "GET /085049431.htm HTTP/1.1" 500 - "https://goettler-services.de/sitemap_index.xml" "Mozilla/5.0 AppleWebKit/537.36 (KHTML, like Gecko; compatible; GPTBot/1.4; +https://openai.com/gptbot)"
74.7.243.193 - - [20/Aug/2026:11:33:24 +0200] "GET /178033196.htm HTTP/1.1" 500 - "https://goettler-services.de/sitemap_index.xml" "Mozilla/5.0 AppleWebKit/537.36 (KHTML, like Gecko; compatible; GPTBot/1.4; +https://openai.com/gptbot)"
74.7.243.193 - - [20/Aug/2026:11:33:45 +0200] "GET /299008153.htm HTTP/1.1" 500 - "https://goettler-services.de/sitemap_index.xml" "Mozilla/5.0 AppleWebKit/537.36 (KHTML, like Gecko; compatible; GPTBot/1.4; +https://openai.com/gptbot)"
74.7.243.193 - - [20/Aug/2026:11:34:12 +0200] "GET /157042295.htm HTTP/1.1" 500 - "https://goettler-services.de/sitemap_index.xml" "Mozilla/5.0 AppleWebKit/537.36 (KHTML, like Gecko; compatible; GPTBot/1.4; +https://openai.com/gptbot)"
66.249.66.40 - - [20/Aug/2026:11:34:12 +0200] "GET /239001929.htm HTTP/1.1" 200 161270 "-" "Mozilla/5.0 (Linux; Android 6.0.1; Nexus 5X Build/MMB29P) AppleWebKit/537.36 (KHTML, like Gecko) Chrome/151.0.7922.137 Mobile Safari/537.36 (compatible; Googlebot/2.1; +http://www.google.com/bot.html)"
204.12.239.66 - - [20/Aug/2026:11:34:19 +0200] "GET /wp-content/ad50988e/index.php HTTP/1.1" 200 6 "https://goettler-services.de/wp-content/ad50988e/index.php" "Mozilla/5.0 (Windows NT 10.0; Win64; x64) AppleWebKit/537.36 (KHTML, like Gecko) Chrome/58.0.3029.110 Safari/537.3"
74.7.243.193 - - [20/Aug/2026:11:34:40 +0200] "GET /195010763.htm HTTP/1.1" 500 - "https://goettler-services.de/sitemap_index.xml" "Mozilla/5.0 AppleWebKit/537.36 (KHTML, like Gecko; compatible; GPTBot/1.4; +https://openai.com/gptbot)"
66.249.66.39 - - [20/Aug/2026:11:35:00 +0200] "GET /36434022 HTTP/1.1" 200 153825 "-" "Mozilla/5.0 (Linux; Android 6.0.1; Nexus 5X Build/MMB29P) AppleWebKit/537.36 (KHTML, like Gecko) Chrome/151.0.7922.137 Mobile Safari/537.36 (compatible; Googlebot/2.1; +http://www.google.com/bot.html)"
74.7.243.193 - - [20/Aug/2026:11:35:20 +0200] "GET /276049714.htm HTTP/1.1" 500 - "https://goettler-services.de/sitemap_index.xml" "Mozilla/5.0 AppleWebKit/537.36 (KHTML, like Gecko; compatible; GPTBot/1.4; +https://openai.com/gptbot)"
74.7.243.193 - - [20/Aug/2026:11:35:36 +0200] "GET /274016650.htm HTTP/1.1" 500 - "https://goettler-services.de/sitemap_index.xml" "Mozilla/5.0 AppleWebKit/537.36 (KHTML, like Gecko; compatible; GPTBot/1.4; +https://openai.com/gptbot)"
204.12.239.66 - - [20/Aug/2026:11:34:17 +0200] "GET /wp-content/ad50988e/index.php HTTP/1.1" 200 - "https://goettler-services.de/wp-content/ad50988e/index.php" "Mozilla/5.0 (Windows NT 10.0; Win64; x64) AppleWebKit/537.36 (KHTML, like Gecko) Chrome/58.0.3029.110 Safari/537.3"
74.7.243.193 - - [20/Aug/2026:11:35:51 +0200] "GET /175041233.htm HTTP/1.1" 500 - "https://goettler-services.de/sitemap_index.xml" "Mozilla/5.0 AppleWebKit/537.36 (KHTML, like Gecko; compatible; GPTBot/1.4; +https://openai.com/gptbot)"
74.7.243.193 - - [20/Aug/2026:11:36:03 +0200] "GET /279045467.htm HTTP/1.1" 500 - "https://goettler-services.de/sitemap_index.xml" "Mozilla/5.0 AppleWebKit/537.36 (KHTML, like Gecko; compatible; GPTBot/1.4; +https://openai.com/gptbot)"
74.7.243.193 - - [20/Aug/2026:11:36:22 +0200] "GET /069028573.htm HTTP/1.1" 500 - "https://goettler-services.de/sitemap_index.xml" "Mozilla/5.0 AppleWebKit/537.36 (KHTML, like Gecko; compatible; GPTBot/1.4; +https://openai.com/gptbot)"
74.7.243.193 - - [20/Aug/2026:11:36:42 +0200] "GET /278013966.htm HTTP/1.1" 500 - "https://goettler-services.de/sitemap_index.xml" "Mozilla/5.0 AppleWebKit/537.36 (KHTML, like Gecko; compatible; GPTBot/1.4; +https://openai.com/gptbot)"
66.249.66.42 - - [20/Aug/2026:11:36:46 +0200] "GET /095001953.htm HTTP/1.1" 200 159578 "-" "Mozilla/5.0 (Linux; Android 6.0.1; Nexus 5X Build/MMB29P) AppleWebKit/537.36 (KHTML, like Gecko) Chrome/151.0.7922.137 Mobile Safari/537.36 (compatible; GoogleOther)"
74.7.243.193 - - [20/Aug/2026:11:37:04 +0200] "GET /285025461.htm HTTP/1.1" 500 - "https://goettler-services.de/sitemap_index.xml" "Mozilla/5.0 AppleWebKit/537.36 (KHTML, like Gecko; compatible; GPTBot/1.4; +https://openai.com/gptbot)"
74.7.243.193 - - [20/Aug/2026:11:37:26 +0200] "GET /263014863.htm HTTP/1.1" 500 - "https://goettler-services.de/sitemap_index.xml" "Mozilla/5.0 AppleWebKit/537.36 (KHTML, like Gecko; compatible; GPTBot/1.4; +https://openai.com/gptbot)"
74.7.243.193 - - [20/Aug/2026:11:37:46 +0200] "GET /245003989.htm HTTP/1.1" 500 - "https://goettler-services.de/sitemap_index.xml" "Mozilla/5.0 AppleWebKit/537.36 (KHTML, like Gecko; compatible; GPTBot/1.4; +https://openai.com/gptbot)"
74.7.243.193 - - [20/Aug/2026:11:38:07 +0200] "GET /170024964.htm HTTP/1.1" 500 - "https://goettler-services.de/sitemap_index.xml" "Mozilla/5.0 AppleWebKit/537.36 (KHTML, like Gecko; compatible; GPTBot/1.4; +https://openai.com/gptbot)"
74.7.243.193 - - [20/Aug/2026:11:38:27 +0200] "GET /217039501.htm HTTP/1.1" 500 - "https://goettler-services.de/sitemap_index.xml" "Mozilla/5.0 AppleWebKit/537.36 (KHTML, like Gecko; compatible; GPTBot/1.4; +https://openai.com/gptbot)"
74.7.243.193 - - [20/Aug/2026:11:38:49 +0200] "GET /117042645.htm HTTP/1.1" 500 - "https://goettler-services.de/sitemap_index.xml" "Mozilla/5.0 AppleWebKit/537.36 (KHTML, like Gecko; compatible; GPTBot/1.4; +https://openai.com/gptbot)"
66.249.66.43 - - [20/Aug/2026:11:38:52 +0200] "GET /069000701.htm HTTP/1.1" 200 151425 "-" "Mozilla/5.0 (Linux; Android 6.0.1; Nexus 5X Build/MMB29P) AppleWebKit/537.36 (KHTML, like Gecko) Chrome/151.0.7922.137 Mobile Safari/537.36 (compatible; Googlebot/2.1; +http://www.google.com/bot.html)"
74.7.243.193 - - [20/Aug/2026:11:39:10 +0200] "GET /098031654.htm HTTP/1.1" 500 - "https://goettler-services.de/sitemap_index.xml" "Mozilla/5.0 AppleWebKit/537.36 (KHTML, like Gecko; compatible; GPTBot/1.4; +https://openai.com/gptbot)"
74.7.243.193 - - [20/Aug/2026:11:39:31 +0200] "GET /236049118.htm HTTP/1.1" 500 - "https://goettler-services.de/sitemap_index.xml" "Mozilla/5.0 AppleWebKit/537.36 (KHTML, like Gecko; compatible; GPTBot/1.4; +https://openai.com/gptbot)"
74.7.243.193 - - [20/Aug/2026:11:39:51 +0200] "GET /261045503.htm HTTP/1.1" 500 - "https://goettler-services.de/sitemap_index.xml" "Mozilla/5.0 AppleWebKit/537.36 (KHTML, like Gecko; compatible; GPTBot/1.4; +https://openai.com/gptbot)"
74.7.243.193 - - [20/Aug/2026:11:40:13 +0200] "GET /219015883.htm HTTP/1.1" 500 - "https://goettler-services.de/sitemap_index.xml" "Mozilla/5.0 AppleWebKit/537.36 (KHTML, like Gecko; compatible; GPTBot/1.4; +https://openai.com/gptbot)"
66.249.66.42 - - [20/Aug/2026:11:40:28 +0200] "GET /128003506.htm HTTP/1.1" 200 160683 "-" "Mozilla/5.0 (Linux; Android 6.0.1; Nexus 5X Build/MMB29P) AppleWebKit/537.36 (KHTML, like Gecko) Chrome/151.0.7922.137 Mobile Safari/537.36 (compatible; GoogleOther)"
74.7.243.193 - - [20/Aug/2026:11:40:37 +0200] "GET /137042889.htm HTTP/1.1" 500 - "https://goettler-services.de/sitemap_index.xml" "Mozilla/5.0 AppleWebKit/537.36 (KHTML, like Gecko; compatible; GPTBot/1.4; +https://openai.com/gptbot)"
66.249.66.41 - - [20/Aug/2026:11:40:36 +0200] "GET /875685446 HTTP/1.1" 200 159483 "-" "Mozilla/5.0 (Linux; Android 6.0.1; Nexus 5X Build/MMB29P) AppleWebKit/537.36 (KHTML, like Gecko) Chrome/151.0.7922.137 Mobile Safari/537.36 (compatible; Googlebot/2.1; +http://www.google.com/bot.html)"
2.29.10.228 - - [20/Aug/2026:11:40:53 +0200] "GET / HTTP/1.1" 500 - "-" "Mozilla/5.0 (compatible; osentix-crawler/1.0; +https://osentix.com/bot)"
74.7.243.193 - - [20/Aug/2026:11:40:54 +0200] "GET /267008511.htm HTTP/1.1" 500 - "https://goettler-services.de/sitemap_index.xml" "Mozilla/5.0 AppleWebKit/537.36 (KHTML, like Gecko; compatible; GPTBot/1.4; +https://openai.com/gptbot)"
74.7.243.193 - - [20/Aug/2026:11:41:16 +0200] "GET /298014528.htm HTTP/1.1" 500 - "https://goettler-services.de/sitemap_index.xml" "Mozilla/5.0 AppleWebKit/537.36 (KHTML, like Gecko; compatible; GPTBot/1.4; +https://openai.com/gptbot)"
74.7.243.193 - - [20/Aug/2026:11:41:38 +0200] "GET /087026613.htm HTTP/1.1" 500 - "https://goettler-services.de/sitemap_index.xml" "Mozilla/5.0 AppleWebKit/537.36 (KHTML, like Gecko; compatible; GPTBot/1.4; +https://openai.com/gptbot)"
74.7.243.193 - - [20/Aug/2026:11:41:58 +0200] "GET /014029656.htm HTTP/1.1" 500 - "https://goettler-services.de/sitemap_index.xml" "Mozilla/5.0 AppleWebKit/537.36 (KHTML, like Gecko; compatible; GPTBot/1.4; +https://openai.com/gptbot)"
66.249.66.38 - - [20/Aug/2026:11:42:18 +0200] "GET /156009404.htm HTTP/1.1" 200 157224 "-" "Mozilla/5.0 (Linux; Android 6.0.1; Nexus 5X Build/MMB29P) AppleWebKit/537.36 (KHTML, like Gecko) Chrome/151.0.7922.137 Mobile Safari/537.36 (compatible; GoogleOther)"
74.7.243.193 - - [20/Aug/2026:11:42:22 +0200] "GET /085023791.htm HTTP/1.1" 500 - "https://goettler-services.de/sitemap_index.xml" "Mozilla/5.0 AppleWebKit/537.36 (KHTML, like Gecko; compatible; GPTBot/1.4; +https://openai.com/gptbot)"
74.7.243.193 - - [20/Aug/2026:11:42:44 +0200] "GET /219048553.htm HTTP/1.1" 500 - "https://goettler-services.de/sitemap_index.xml" "Mozilla/5.0 AppleWebKit/537.36 (KHTML, like Gecko; compatible; GPTBot/1.4; +https://openai.com/gptbot)"
74.7.243.193 - - [20/Aug/2026:11:43:06 +0200] "GET /201045643.htm HTTP/1.1" 500 - "https://goettler-services.de/sitemap_index.xml" "Mozilla/5.0 AppleWebKit/537.36 (KHTML, like Gecko; compatible; GPTBot/1.4; +https://openai.com/gptbot)"
74.7.243.193 - - [20/Aug/2026:11:43:26 +0200] "GET /140005962.htm HTTP/1.1" 500 - "https://goettler-services.de/sitemap_index.xml" "Mozilla/5.0 AppleWebKit/537.36 (KHTML, like Gecko; compatible; GPTBot/1.4; +https://openai.com/gptbot)"
66.249.66.196 - - [20/Aug/2026:11:43:37 +0200] "GET /104017470.htm HTTP/1.1" 200 174830 "-" "Mozilla/5.0 (Linux; Android 6.0.1; Nexus 5X Build/MMB29P) AppleWebKit/537.36 (KHTML, like Gecko) Chrome/151.0.7922.137 Mobile Safari/537.36 (compatible; GoogleOther)"
74.7.243.193 - - [20/Aug/2026:11:43:46 +0200] "GET /300026958.htm HTTP/1.1" 500 - "https://goettler-services.de/sitemap_index.xml" "Mozilla/5.0 AppleWebKit/537.36 (KHTML, like Gecko; compatible; GPTBot/1.4; +https://openai.com/gptbot)"
74.7.243.193 - - [20/Aug/2026:11:44:06 +0200] "GET /200049568.htm HTTP/1.1" 500 - "https://goettler-services.de/sitemap_index.xml" "Mozilla/5.0 AppleWebKit/537.36 (KHTML, like Gecko; compatible; GPTBot/1.4; +https://openai.com/gptbot)"
66.249.66.40 - - [20/Aug/2026:11:44:13 +0200] "GET /97151232 HTTP/1.1" 200 157060 "-" "Mozilla/5.0 (Linux; Android 6.0.1; Nexus 5X Build/MMB29P) AppleWebKit/537.36 (KHTML, like Gecko) Chrome/151.0.7922.137 Mobile Safari/537.36 (compatible; Googlebot/2.1; +http://www.google.com/bot.html)"
74.7.243.193 - - [20/Aug/2026:11:44:28 +0200] "GET /190005278.htm HTTP/1.1" 500 - "https://goettler-services.de/sitemap_index.xml" "Mozilla/5.0 AppleWebKit/537.36 (KHTML, like Gecko; compatible; GPTBot/1.4; +https://openai.com/gptbot)"
74.7.243.193 - - [20/Aug/2026:11:44:50 +0200] "GET /130004578.htm HTTP/1.1" 500 - "https://goettler-services.de/sitemap_index.xml" "Mozilla/5.0 AppleWebKit/537.36 (KHTML, like Gecko; compatible; GPTBot/1.4; +https://openai.com/gptbot)"