74.7.243.193 - - [20/Aug/2026:02:32:30 +0200] "GET /193023103.htm HTTP/1.1" 500 - "https://goettler-services.de/sitemap_index.xml" "Mozilla/5.0 AppleWebKit/537.36 (KHTML, like Gecko; compatible; GPTBot/1.4; +https://openai.com/gptbot)"
74.7.243.193 - - [20/Aug/2026:02:32:51 +0200] "GET /014004136.htm HTTP/1.1" 500 - "https://goettler-services.de/sitemap_index.xml" "Mozilla/5.0 AppleWebKit/537.36 (KHTML, like Gecko; compatible; GPTBot/1.4; +https://openai.com/gptbot)"
74.7.243.193 - - [20/Aug/2026:02:33:13 +0200] "GET /128001298.htm HTTP/1.1" 500 - "https://goettler-services.de/sitemap_index.xml" "Mozilla/5.0 AppleWebKit/537.36 (KHTML, like Gecko; compatible; GPTBot/1.4; +https://openai.com/gptbot)"
74.7.243.193 - - [20/Aug/2026:02:33:33 +0200] "GET /283013231.htm HTTP/1.1" 500 - "https://goettler-services.de/sitemap_index.xml" "Mozilla/5.0 AppleWebKit/537.36 (KHTML, like Gecko; compatible; GPTBot/1.4; +https://openai.com/gptbot)"
66.249.66.41 - - [20/Aug/2026:02:33:34 +0200] "GET /outlet/079003254 HTTP/1.1" 200 153486 "-" "Mozilla/5.0 (Linux; Android 6.0.1; Nexus 5X Build/MMB29P) AppleWebKit/537.36 (KHTML, like Gecko) Chrome/151.0.7922.137 Mobile Safari/537.36 (compatible; GoogleOther)"
66.249.66.42 - - [20/Aug/2026:02:33:49 +0200] "GET /shop/order/make_estimate.aspx?locker_flg=true HTTP/1.1" 200 152415 "-" "Mozilla/5.0 (Linux; Android 6.0.1; Nexus 5X Build/MMB29P) AppleWebKit/537.36 (KHTML, like Gecko) Chrome/151.0.7922.137 Mobile Safari/537.36 (compatible; GoogleOther)"
74.7.243.193 - - [20/Aug/2026:02:33:54 +0200] "GET /274030034.htm HTTP/1.1" 500 - "https://goettler-services.de/sitemap_index.xml" "Mozilla/5.0 AppleWebKit/537.36 (KHTML, like Gecko; compatible; GPTBot/1.4; +https://openai.com/gptbot)"
74.7.243.193 - - [20/Aug/2026:02:34:15 +0200] "GET /268040070.htm HTTP/1.1" 500 - "https://goettler-services.de/sitemap_index.xml" "Mozilla/5.0 AppleWebKit/537.36 (KHTML, like Gecko; compatible; GPTBot/1.4; +https://openai.com/gptbot)"
66.249.66.41 - - [20/Aug/2026:02:34:22 +0200] "GET /?goods/118000094 HTTP/1.1" 200 183353 "-" "Mozilla/5.0 (Linux; Android 6.0.1; Nexus 5X Build/MMB29P) AppleWebKit/537.36 (KHTML, like Gecko) Chrome/151.0.7922.137 Mobile Safari/537.36 (compatible; GoogleOther)"
74.7.243.193 - - [20/Aug/2026:02:34:41 +0200] "GET /247027229.htm HTTP/1.1" 500 - "https://goettler-services.de/sitemap_index.xml" "Mozilla/5.0 AppleWebKit/537.36 (KHTML, like Gecko; compatible; GPTBot/1.4; +https://openai.com/gptbot)"
74.7.243.193 - - [20/Aug/2026:02:34:58 +0200] "GET /118007660.htm HTTP/1.1" 500 - "https://goettler-services.de/sitemap_index.xml" "Mozilla/5.0 AppleWebKit/537.36 (KHTML, like Gecko; compatible; GPTBot/1.4; +https://openai.com/gptbot)"
74.7.243.193 - - [20/Aug/2026:02:35:25 +0200] "GET /243042047.htm HTTP/1.1" 500 - "https://goettler-services.de/sitemap_index.xml" "Mozilla/5.0 AppleWebKit/537.36 (KHTML, like Gecko; compatible; GPTBot/1.4; +https://openai.com/gptbot)"
74.7.243.193 - - [20/Aug/2026:02:35:48 +0200] "GET /225026261.htm HTTP/1.1" 500 - "https://goettler-services.de/sitemap_index.xml" "Mozilla/5.0 AppleWebKit/537.36 (KHTML, like Gecko; compatible; GPTBot/1.4; +https://openai.com/gptbot)"
74.7.243.193 - - [20/Aug/2026:02:36:09 +0200] "GET /089004595.htm HTTP/1.1" 500 - "https://goettler-services.de/sitemap_index.xml" "Mozilla/5.0 AppleWebKit/537.36 (KHTML, like Gecko; compatible; GPTBot/1.4; +https://openai.com/gptbot)"
74.7.243.193 - - [20/Aug/2026:02:36:30 +0200] "GET /042009622.htm HTTP/1.1" 500 - "https://goettler-services.de/sitemap_index.xml" "Mozilla/5.0 AppleWebKit/537.36 (KHTML, like Gecko; compatible; GPTBot/1.4; +https://openai.com/gptbot)"
74.7.243.193 - - [20/Aug/2026:02:36:55 +0200] "GET /049010249.htm HTTP/1.1" 500 - "https://goettler-services.de/sitemap_index.xml" "Mozilla/5.0 AppleWebKit/537.36 (KHTML, like Gecko; compatible; GPTBot/1.4; +https://openai.com/gptbot)"
74.7.243.193 - - [20/Aug/2026:02:37:11 +0200] "GET /019048909.htm HTTP/1.1" 500 - "https://goettler-services.de/sitemap_index.xml" "Mozilla/5.0 AppleWebKit/537.36 (KHTML, like Gecko; compatible; GPTBot/1.4; +https://openai.com/gptbot)"
66.249.66.41 - - [20/Aug/2026:02:37:11 +0200] "GET /shop/pg/1005024164 HTTP/1.1" 200 153690 "-" "Mozilla/5.0 (Linux; Android 6.0.1; Nexus 5X Build/MMB29P) AppleWebKit/537.36 (KHTML, like Gecko) Chrome/151.0.7922.137 Mobile Safari/537.36 (compatible; GoogleOther)"
74.7.243.193 - - [20/Aug/2026:02:37:36 +0200] "GET /131049913.htm HTTP/1.1" 500 - "https://goettler-services.de/sitemap_index.xml" "Mozilla/5.0 AppleWebKit/537.36 (KHTML, like Gecko; compatible; GPTBot/1.4; +https://openai.com/gptbot)"
74.7.243.193 - - [20/Aug/2026:02:37:56 +0200] "GET /102039060.htm HTTP/1.1" 500 - "https://goettler-services.de/sitemap_index.xml" "Mozilla/5.0 AppleWebKit/537.36 (KHTML, like Gecko; compatible; GPTBot/1.4; +https://openai.com/gptbot)"
74.7.243.193 - - [20/Aug/2026:02:38:17 +0200] "GET /033040641.htm HTTP/1.1" 500 - "https://goettler-services.de/sitemap_index.xml" "Mozilla/5.0 AppleWebKit/537.36 (KHTML, like Gecko; compatible; GPTBot/1.4; +https://openai.com/gptbot)"
74.7.243.193 - - [20/Aug/2026:02:38:42 +0200] "GET /123033573.htm HTTP/1.1" 500 - "https://goettler-services.de/sitemap_index.xml" "Mozilla/5.0 AppleWebKit/537.36 (KHTML, like Gecko; compatible; GPTBot/1.4; +https://openai.com/gptbot)"
74.7.243.193 - - [20/Aug/2026:02:39:06 +0200] "GET /233001193.htm HTTP/1.1" 500 - "https://goettler-services.de/sitemap_index.xml" "Mozilla/5.0 AppleWebKit/537.36 (KHTML, like Gecko; compatible; GPTBot/1.4; +https://openai.com/gptbot)"
74.7.243.193 - - [20/Aug/2026:02:39:23 +0200] "GET /208044770.htm HTTP/1.1" 500 - "https://goettler-services.de/sitemap_index.xml" "Mozilla/5.0 AppleWebKit/537.36 (KHTML, like Gecko; compatible; GPTBot/1.4; +https://openai.com/gptbot)"
74.7.243.193 - - [20/Aug/2026:02:39:44 +0200] "GET /151007153.htm HTTP/1.1" 500 - "https://goettler-services.de/sitemap_index.xml" "Mozilla/5.0 AppleWebKit/537.36 (KHTML, like Gecko; compatible; GPTBot/1.4; +https://openai.com/gptbot)"
74.7.243.193 - - [20/Aug/2026:02:40:10 +0200] "GET /266020496.htm HTTP/1.1" 500 - "https://goettler-services.de/sitemap_index.xml" "Mozilla/5.0 AppleWebKit/537.36 (KHTML, like Gecko; compatible; GPTBot/1.4; +https://openai.com/gptbot)"
74.7.243.193 - - [20/Aug/2026:02:40:30 +0200] "GET /119002205.htm HTTP/1.1" 500 - "https://goettler-services.de/sitemap_index.xml" "Mozilla/5.0 AppleWebKit/537.36 (KHTML, like Gecko; compatible; GPTBot/1.4; +https://openai.com/gptbot)"
66.249.66.41 - - [20/Aug/2026:02:40:34 +0200] "GET /outlet/177035214 HTTP/1.1" 200 166365 "-" "Mozilla/5.0 (Linux; Android 6.0.1; Nexus 5X Build/MMB29P) AppleWebKit/537.36 (KHTML, like Gecko) Chrome/151.0.7922.137 Mobile Safari/537.36 (compatible; GoogleOther)"
74.7.243.193 - - [20/Aug/2026:02:40:44 +0200] "GET /165030651.htm HTTP/1.1" 500 - "https://goettler-services.de/sitemap_index.xml" "Mozilla/5.0 AppleWebKit/537.36 (KHTML, like Gecko; compatible; GPTBot/1.4; +https://openai.com/gptbot)"
74.7.243.193 - - [20/Aug/2026:02:41:02 +0200] "GET /199012979.htm HTTP/1.1" 500 - "https://goettler-services.de/sitemap_index.xml" "Mozilla/5.0 AppleWebKit/537.36 (KHTML, like Gecko; compatible; GPTBot/1.4; +https://openai.com/gptbot)"
74.7.243.193 - - [20/Aug/2026:02:41:27 +0200] "GET /099017131.htm HTTP/1.1" 500 - "https://goettler-services.de/sitemap_index.xml" "Mozilla/5.0 AppleWebKit/537.36 (KHTML, like Gecko; compatible; GPTBot/1.4; +https://openai.com/gptbot)"
74.7.243.193 - - [20/Aug/2026:02:41:50 +0200] "GET /284048142.htm HTTP/1.1" 500 - "https://goettler-services.de/sitemap_index.xml" "Mozilla/5.0 AppleWebKit/537.36 (KHTML, like Gecko; compatible; GPTBot/1.4; +https://openai.com/gptbot)"
66.249.66.42 - - [20/Aug/2026:02:41:50 +0200] "GET /059000319.htm HTTP/1.1" 200 157337 "-" "Mozilla/5.0 (Linux; Android 6.0.1; Nexus 5X Build/MMB29P) AppleWebKit/537.36 (KHTML, like Gecko) Chrome/151.0.7922.137 Mobile Safari/537.36 (compatible; GoogleOther)"
74.7.243.193 - - [20/Aug/2026:02:42:13 +0200] "GET /090045370.htm HTTP/1.1" 500 - "https://goettler-services.de/sitemap_index.xml" "Mozilla/5.0 AppleWebKit/537.36 (KHTML, like Gecko; compatible; GPTBot/1.4; +https://openai.com/gptbot)"
74.7.243.193 - - [20/Aug/2026:02:42:30 +0200] "GET /221005353.htm HTTP/1.1" 500 - "https://goettler-services.de/sitemap_index.xml" "Mozilla/5.0 AppleWebKit/537.36 (KHTML, like Gecko; compatible; GPTBot/1.4; +https://openai.com/gptbot)"
107.150.37.82 - - [20/Aug/2026:02:42:36 +0200] "GET /wp-content/ad50988e/index.php HTTP/1.1" 200 - "https://goettler-services.de/wp-content/ad50988e/index.php" "Mozilla/5.0 (Windows NT 10.0; Win64; x64) AppleWebKit/537.36 (KHTML, like Gecko) Chrome/58.0.3029.110 Safari/537.3"
66.249.66.42 - - [20/Aug/2026:02:44:19 +0200] "GET /omatsuri-life2-hb009sasqay HTTP/1.1" 200 154561 "-" "Mozilla/5.0 (Linux; Android 6.0.1; Nexus 5X Build/MMB29P) AppleWebKit/537.36 (KHTML, like Gecko) Chrome/151.0.7922.137 Mobile Safari/537.36 (compatible; GoogleOther)"
74.7.243.193 - - [20/Aug/2026:02:44:24 +0200] "GET /038036338.htm HTTP/1.1" 500 - "https://goettler-services.de/sitemap_index.xml" "Mozilla/5.0 AppleWebKit/537.36 (KHTML, like Gecko; compatible; GPTBot/1.4; +https://openai.com/gptbot)"
74.7.243.193 - - [20/Aug/2026:02:44:30 +0200] "GET /017018855.htm HTTP/1.1" 500 - "https://goettler-services.de/sitemap_index.xml" "Mozilla/5.0 AppleWebKit/537.36 (KHTML, like Gecko; compatible; GPTBot/1.4; +https://openai.com/gptbot)"
74.7.243.193 - - [20/Aug/2026:02:44:35 +0200] "GET /282040212.htm HTTP/1.1" 500 - "https://goettler-services.de/sitemap_index.xml" "Mozilla/5.0 AppleWebKit/537.36 (KHTML, like Gecko; compatible; GPTBot/1.4; +https://openai.com/gptbot)"
74.7.243.193 - - [20/Aug/2026:02:44:52 +0200] "GET /105035501.htm HTTP/1.1" 500 - "https://goettler-services.de/sitemap_index.xml" "Mozilla/5.0 AppleWebKit/537.36 (KHTML, like Gecko; compatible; GPTBot/1.4; +https://openai.com/gptbot)"
66.249.66.42 - - [20/Aug/2026:02:45:05 +0200] "GET /021033475.htm HTTP/1.1" 200 157270 "-" "Mozilla/5.0 (Linux; Android 6.0.1; Nexus 5X Build/MMB29P) AppleWebKit/537.36 (KHTML, like Gecko) Chrome/151.0.7922.137 Mobile Safari/537.36 (compatible; GoogleOther)"
74.7.243.193 - - [20/Aug/2026:02:45:14 +0200] "GET /031030401.htm HTTP/1.1" 500 - "https://goettler-services.de/sitemap_index.xml" "Mozilla/5.0 AppleWebKit/537.36 (KHTML, like Gecko; compatible; GPTBot/1.4; +https://openai.com/gptbot)"
74.7.243.193 - - [20/Aug/2026:02:45:35 +0200] "GET /179010705.htm HTTP/1.1" 500 - "https://goettler-services.de/sitemap_index.xml" "Mozilla/5.0 AppleWebKit/537.36 (KHTML, like Gecko; compatible; GPTBot/1.4; +https://openai.com/gptbot)"
74.7.243.193 - - [20/Aug/2026:02:45:57 +0200] "GET /152041050.htm HTTP/1.1" 500 - "https://goettler-services.de/sitemap_index.xml" "Mozilla/5.0 AppleWebKit/537.36 (KHTML, like Gecko; compatible; GPTBot/1.4; +https://openai.com/gptbot)"
74.7.243.193 - - [20/Aug/2026:02:46:17 +0200] "GET /135001771.htm HTTP/1.1" 500 - "https://goettler-services.de/sitemap_index.xml" "Mozilla/5.0 AppleWebKit/537.36 (KHTML, like Gecko; compatible; GPTBot/1.4; +https://openai.com/gptbot)"
74.7.243.193 - - [20/Aug/2026:02:46:38 +0200] "GET /235005021.htm HTTP/1.1" 500 - "https://goettler-services.de/sitemap_index.xml" "Mozilla/5.0 AppleWebKit/537.36 (KHTML, like Gecko; compatible; GPTBot/1.4; +https://openai.com/gptbot)"
74.7.243.193 - - [20/Aug/2026:02:46:58 +0200] "GET /299018201.htm HTTP/1.1" 500 - "https://goettler-services.de/sitemap_index.xml" "Mozilla/5.0 AppleWebKit/537.36 (KHTML, like Gecko; compatible; GPTBot/1.4; +https://openai.com/gptbot)"
66.249.66.42 - - [20/Aug/2026:02:46:59 +0200] "GET /93780184 HTTP/1.1" 200 155182 "-" "Mozilla/5.0 (Linux; Android 6.0.1; Nexus 5X Build/MMB29P) AppleWebKit/537.36 (KHTML, like Gecko) Chrome/151.0.7922.137 Mobile Safari/537.36 (compatible; GoogleOther)"
74.7.243.193 - - [20/Aug/2026:02:47:20 +0200] "GET /153034415.htm HTTP/1.1" 500 - "https://goettler-services.de/sitemap_index.xml" "Mozilla/5.0 AppleWebKit/537.36 (KHTML, like Gecko; compatible; GPTBot/1.4; +https://openai.com/gptbot)"
74.7.243.193 - - [20/Aug/2026:02:47:42 +0200] "GET /292028984.htm HTTP/1.1" 500 - "https://goettler-services.de/sitemap_index.xml" "Mozilla/5.0 AppleWebKit/537.36 (KHTML, like Gecko; compatible; GPTBot/1.4; +https://openai.com/gptbot)"
74.7.243.193 - - [20/Aug/2026:02:48:03 +0200] "GET /001034377.htm HTTP/1.1" 500 - "https://goettler-services.de/sitemap_index.xml" "Mozilla/5.0 AppleWebKit/537.36 (KHTML, like Gecko; compatible; GPTBot/1.4; +https://openai.com/gptbot)"
74.7.243.193 - - [20/Aug/2026:02:48:24 +0200] "GET /020026324.htm HTTP/1.1" 500 - "https://goettler-services.de/sitemap_index.xml" "Mozilla/5.0 AppleWebKit/537.36 (KHTML, like Gecko; compatible; GPTBot/1.4; +https://openai.com/gptbot)"
66.249.66.41 - - [20/Aug/2026:02:48:38 +0200] "GET /shop-easu-ds-2236582 HTTP/1.1" 200 170122 "-" "Mozilla/5.0 (Linux; Android 6.0.1; Nexus 5X Build/MMB29P) AppleWebKit/537.36 (KHTML, like Gecko) Chrome/151.0.7922.137 Mobile Safari/537.36 (compatible; GoogleOther)"
74.7.243.193 - - [20/Aug/2026:02:48:44 +0200] "GET /040043292.htm HTTP/1.1" 500 - "https://goettler-services.de/sitemap_index.xml" "Mozilla/5.0 AppleWebKit/537.36 (KHTML, like Gecko; compatible; GPTBot/1.4; +https://openai.com/gptbot)"
74.7.243.193 - - [20/Aug/2026:02:49:05 +0200] "GET /009006423.htm HTTP/1.1" 500 - "https://goettler-services.de/sitemap_index.xml" "Mozilla/5.0 AppleWebKit/537.36 (KHTML, like Gecko; compatible; GPTBot/1.4; +https://openai.com/gptbot)"
74.7.243.193 - - [20/Aug/2026:02:49:26 +0200] "GET /160031644.htm HTTP/1.1" 500 - "https://goettler-services.de/sitemap_index.xml" "Mozilla/5.0 AppleWebKit/537.36 (KHTML, like Gecko; compatible; GPTBot/1.4; +https://openai.com/gptbot)"
74.7.243.193 - - [20/Aug/2026:02:49:48 +0200] "GET /022037300.htm HTTP/1.1" 500 - "https://goettler-services.de/sitemap_index.xml" "Mozilla/5.0 AppleWebKit/537.36 (KHTML, like Gecko; compatible; GPTBot/1.4; +https://openai.com/gptbot)"
66.249.66.43 - - [20/Aug/2026:02:50:04 +0200] "GET /outlet/095001536 HTTP/1.1" 200 154000 "-" "Mozilla/5.0 (Linux; Android 6.0.1; Nexus 5X Build/MMB29P) AppleWebKit/537.36 (KHTML, like Gecko) Chrome/151.0.7922.137 Mobile Safari/537.36 (compatible; GoogleOther)"
74.7.243.193 - - [20/Aug/2026:02:50:08 +0200] "GET /224008282.htm HTTP/1.1" 500 - "https://goettler-services.de/sitemap_index.xml" "Mozilla/5.0 AppleWebKit/537.36 (KHTML, like Gecko; compatible; GPTBot/1.4; +https://openai.com/gptbot)"
74.7.243.193 - - [20/Aug/2026:02:50:29 +0200] "GET /204046288.htm HTTP/1.1" 500 - "https://goettler-services.de/sitemap_index.xml" "Mozilla/5.0 AppleWebKit/537.36 (KHTML, like Gecko; compatible; GPTBot/1.4; +https://openai.com/gptbot)"
172.71.130.17 - - [20/Aug/2026:02:50:31 +0200] "GET /.git/config HTTP/1.1" 500 - "-" "Mozilla/5.0 (Macintosh; Intel Mac OS X 10_15_7) AppleWebKit/537.36 (KHTML, like Gecko) Chrome/125.0.0.0 Safari/537.36"
172.71.130.17 - - [20/Aug/2026:02:50:31 +0200] "GET /.git/HEAD HTTP/1.1" 500 - "-" "Mozilla/5.0 (Macintosh; Intel Mac OS X 10_15_7) AppleWebKit/537.36 (KHTML, like Gecko) Chrome/125.0.0.0 Safari/537.36"
74.7.243.193 - - [20/Aug/2026:02:50:51 +0200] "GET /062011096.htm HTTP/1.1" 500 - "https://goettler-services.de/sitemap_index.xml" "Mozilla/5.0 AppleWebKit/537.36 (KHTML, like Gecko; compatible; GPTBot/1.4; +https://openai.com/gptbot)"
74.7.243.193 - - [20/Aug/2026:02:51:12 +0200] "GET /173009013.htm HTTP/1.1" 500 - "https://goettler-services.de/sitemap_index.xml" "Mozilla/5.0 AppleWebKit/537.36 (KHTML, like Gecko; compatible; GPTBot/1.4; +https://openai.com/gptbot)"
66.249.66.41 - - [20/Aug/2026:02:51:18 +0200] "GET /044047748.htm HTTP/1.1" 200 141706 "-" "Mozilla/5.0 (Linux; Android 6.0.1; Nexus 5X Build/MMB29P) AppleWebKit/537.36 (KHTML, like Gecko) Chrome/151.0.7922.137 Mobile Safari/537.36 (compatible; GoogleOther)"
74.7.243.193 - - [20/Aug/2026:02:51:34 +0200] "GET /191012195.htm HTTP/1.1" 500 - "https://goettler-services.de/sitemap_index.xml" "Mozilla/5.0 AppleWebKit/537.36 (KHTML, like Gecko; compatible; GPTBot/1.4; +https://openai.com/gptbot)"
74.7.243.193 - - [20/Aug/2026:02:51:54 +0200] "GET /281002331.htm HTTP/1.1" 500 - "https://goettler-services.de/sitemap_index.xml" "Mozilla/5.0 AppleWebKit/537.36 (KHTML, like Gecko; compatible; GPTBot/1.4; +https://openai.com/gptbot)"
74.7.243.193 - - [20/Aug/2026:02:52:15 +0200] "GET /110014770.htm HTTP/1.1" 500 - "https://goettler-services.de/sitemap_index.xml" "Mozilla/5.0 AppleWebKit/537.36 (KHTML, like Gecko; compatible; GPTBot/1.4; +https://openai.com/gptbot)"
66.249.66.40 - - [20/Aug/2026:02:52:23 +0200] "GET /041000089.htm HTTP/1.1" 200 157557 "-" "Mozilla/5.0 (Linux; Android 6.0.1; Nexus 5X Build/MMB29P) AppleWebKit/537.36 (KHTML, like Gecko) Chrome/151.0.7922.137 Mobile Safari/537.36 (compatible; GoogleOther)"
74.7.243.193 - - [20/Aug/2026:02:52:35 +0200] "GET /104001166.htm HTTP/1.1" 500 - "https://goettler-services.de/sitemap_index.xml" "Mozilla/5.0 AppleWebKit/537.36 (KHTML, like Gecko; compatible; GPTBot/1.4; +https://openai.com/gptbot)"
74.7.243.193 - - [20/Aug/2026:02:52:55 +0200] "GET /049044879.htm HTTP/1.1" 500 - "https://goettler-services.de/sitemap_index.xml" "Mozilla/5.0 AppleWebKit/537.36 (KHTML, like Gecko; compatible; GPTBot/1.4; +https://openai.com/gptbot)"
74.7.243.193 - - [20/Aug/2026:02:53:17 +0200] "GET /202009824.htm HTTP/1.1" 500 - "https://goettler-services.de/sitemap_index.xml" "Mozilla/5.0 AppleWebKit/537.36 (KHTML, like Gecko; compatible; GPTBot/1.4; +https://openai.com/gptbot)"
66.249.66.41 - - [20/Aug/2026:02:53:20 +0200] "GET /034013342.htm HTTP/1.1" 200 148405 "-" "Mozilla/5.0 (Linux; Android 6.0.1; Nexus 5X Build/MMB29P) AppleWebKit/537.36 (KHTML, like Gecko) Chrome/151.0.7922.137 Mobile Safari/537.36 (compatible; GoogleOther)"
74.7.243.193 - - [20/Aug/2026:02:53:39 +0200] "GET /191001417.htm HTTP/1.1" 500 - "https://goettler-services.de/sitemap_index.xml" "Mozilla/5.0 AppleWebKit/537.36 (KHTML, like Gecko; compatible; GPTBot/1.4; +https://openai.com/gptbot)"
74.7.243.193 - - [20/Aug/2026:02:54:00 +0200] "GET /066031680.htm HTTP/1.1" 500 - "https://goettler-services.de/sitemap_index.xml" "Mozilla/5.0 AppleWebKit/537.36 (KHTML, like Gecko; compatible; GPTBot/1.4; +https://openai.com/gptbot)"
66.249.66.38 - - [20/Aug/2026:02:54:10 +0200] "GET /?jp/077003376.html HTTP/1.1" 200 182713 "-" "Mozilla/5.0 (Linux; Android 6.0.1; Nexus 5X Build/MMB29P) AppleWebKit/537.36 (KHTML, like Gecko) Chrome/151.0.7922.137 Mobile Safari/537.36 (compatible; GoogleOther)"
74.7.243.193 - - [20/Aug/2026:02:54:21 +0200] "GET /072024478.htm HTTP/1.1" 500 - "https://goettler-services.de/sitemap_index.xml" "Mozilla/5.0 AppleWebKit/537.36 (KHTML, like Gecko; compatible; GPTBot/1.4; +https://openai.com/gptbot)"
74.7.243.193 - - [20/Aug/2026:02:54:41 +0200] "GET /267046647.htm HTTP/1.1" 500 - "https://goettler-services.de/sitemap_index.xml" "Mozilla/5.0 AppleWebKit/537.36 (KHTML, like Gecko; compatible; GPTBot/1.4; +https://openai.com/gptbot)"
74.7.243.193 - - [20/Aug/2026:02:55:02 +0200] "GET /001006683.htm HTTP/1.1" 500 - "https://goettler-services.de/sitemap_index.xml" "Mozilla/5.0 AppleWebKit/537.36 (KHTML, like Gecko; compatible; GPTBot/1.4; +https://openai.com/gptbot)"
173.208.236.138 - - [20/Aug/2026:02:55:08 +0200] "GET /product001 HTTP/1.1" 200 172793 "-" "Mozilla/5.0 (compatible; Googlebot/2.1; +http://www.google.com/bot.html)"
173.208.236.138 - - [20/Aug/2026:02:55:10 +0200] "GET / HTTP/1.1" 200 191114 "-" "Mozilla/5.0 (compatible; Googlebot/2.1; +http://www.google.com/bot.html)"
74.7.243.193 - - [20/Aug/2026:02:55:22 +0200] "GET /068022388.htm HTTP/1.1" 500 - "https://goettler-services.de/sitemap_index.xml" "Mozilla/5.0 AppleWebKit/537.36 (KHTML, like Gecko; compatible; GPTBot/1.4; +https://openai.com/gptbot)"
74.7.243.193 - - [20/Aug/2026:02:55:43 +0200] "GET /085008635.htm HTTP/1.1" 500 - "https://goettler-services.de/sitemap_index.xml" "Mozilla/5.0 AppleWebKit/537.36 (KHTML, like Gecko; compatible; GPTBot/1.4; +https://openai.com/gptbot)"
74.7.243.193 - - [20/Aug/2026:02:56:04 +0200] "GET /248006684.htm HTTP/1.1" 500 - "https://goettler-services.de/sitemap_index.xml" "Mozilla/5.0 AppleWebKit/537.36 (KHTML, like Gecko; compatible; GPTBot/1.4; +https://openai.com/gptbot)"
74.7.243.193 - - [20/Aug/2026:02:56:25 +0200] "GET /002016750.htm HTTP/1.1" 500 - "https://goettler-services.de/sitemap_index.xml" "Mozilla/5.0 AppleWebKit/537.36 (KHTML, like Gecko; compatible; GPTBot/1.4; +https://openai.com/gptbot)"
66.249.66.39 - - [20/Aug/2026:02:56:39 +0200] "GET /?jp/065000060.html HTTP/1.1" 200 159483 "-" "Mozilla/5.0 (Linux; Android 6.0.1; Nexus 5X Build/MMB29P) AppleWebKit/537.36 (KHTML, like Gecko) Chrome/151.0.7922.137 Mobile Safari/537.36 (compatible; GoogleOther)"
74.7.243.193 - - [20/Aug/2026:02:56:46 +0200] "GET /195011941.htm HTTP/1.1" 500 - "https://goettler-services.de/sitemap_index.xml" "Mozilla/5.0 AppleWebKit/537.36 (KHTML, like Gecko; compatible; GPTBot/1.4; +https://openai.com/gptbot)"
74.7.243.193 - - [20/Aug/2026:02:57:06 +0200] "GET /084048682.htm HTTP/1.1" 500 - "https://goettler-services.de/sitemap_index.xml" "Mozilla/5.0 AppleWebKit/537.36 (KHTML, like Gecko; compatible; GPTBot/1.4; +https://openai.com/gptbot)"
74.7.243.193 - - [20/Aug/2026:02:57:28 +0200] "GET /065030639.htm HTTP/1.1" 500 - "https://goettler-services.de/sitemap_index.xml" "Mozilla/5.0 AppleWebKit/537.36 (KHTML, like Gecko; compatible; GPTBot/1.4; +https://openai.com/gptbot)"
74.7.243.193 - - [20/Aug/2026:02:57:49 +0200] "GET /131023515.htm HTTP/1.1" 500 - "https://goettler-services.de/sitemap_index.xml" "Mozilla/5.0 AppleWebKit/537.36 (KHTML, like Gecko; compatible; GPTBot/1.4; +https://openai.com/gptbot)"
74.7.243.193 - - [20/Aug/2026:02:58:11 +0200] "GET /106046740.htm HTTP/1.1" 500 - "https://goettler-services.de/sitemap_index.xml" "Mozilla/5.0 AppleWebKit/537.36 (KHTML, like Gecko; compatible; GPTBot/1.4; +https://openai.com/gptbot)"
66.249.66.42 - - [20/Aug/2026:02:58:22 +0200] "GET /?jp/054001265.html HTTP/1.1" 200 174068 "-" "Mozilla/5.0 (Linux; Android 6.0.1; Nexus 5X Build/MMB29P) AppleWebKit/537.36 (KHTML, like Gecko) Chrome/151.0.7922.137 Mobile Safari/537.36 (compatible; GoogleOther)"
74.7.243.193 - - [20/Aug/2026:02:58:32 +0200] "GET /181011785.htm HTTP/1.1" 500 - "https://goettler-services.de/sitemap_index.xml" "Mozilla/5.0 AppleWebKit/537.36 (KHTML, like Gecko; compatible; GPTBot/1.4; +https://openai.com/gptbot)"
66.249.66.42 - - [20/Aug/2026:02:58:36 +0200] "GET /category/332_333_2002/1 HTTP/1.1" 200 156997 "-" "Mozilla/5.0 (Linux; Android 6.0.1; Nexus 5X Build/MMB29P) AppleWebKit/537.36 (KHTML, like Gecko) Chrome/151.0.7922.137 Mobile Safari/537.36 (compatible; GoogleOther)"
74.7.243.193 - - [20/Aug/2026:02:58:53 +0200] "GET /122027284.htm HTTP/1.1" 500 - "https://goettler-services.de/sitemap_index.xml" "Mozilla/5.0 AppleWebKit/537.36 (KHTML, like Gecko; compatible; GPTBot/1.4; +https://openai.com/gptbot)"
74.7.243.193 - - [20/Aug/2026:02:59:13 +0200] "GET /211043911.htm HTTP/1.1" 500 - "https://goettler-services.de/sitemap_index.xml" "Mozilla/5.0 AppleWebKit/537.36 (KHTML, like Gecko; compatible; GPTBot/1.4; +https://openai.com/gptbot)"
74.7.243.193 - - [20/Aug/2026:02:59:35 +0200] "GET /295005039.htm HTTP/1.1" 500 - "https://goettler-services.de/sitemap_index.xml" "Mozilla/5.0 AppleWebKit/537.36 (KHTML, like Gecko; compatible; GPTBot/1.4; +https://openai.com/gptbot)"
66.249.66.42 - - [20/Aug/2026:02:59:55 +0200] "GET /054001266.htm HTTP/1.1" 200 173126 "-" "Mozilla/5.0 (Linux; Android 6.0.1; Nexus 5X Build/MMB29P) AppleWebKit/537.36 (KHTML, like Gecko) Chrome/151.0.7922.137 Mobile Safari/537.36 (compatible; GoogleOther)"
74.7.243.193 - - [20/Aug/2026:02:59:56 +0200] "GET /280021868.htm HTTP/1.1" 500 - "https://goettler-services.de/sitemap_index.xml" "Mozilla/5.0 AppleWebKit/537.36 (KHTML, like Gecko; compatible; GPTBot/1.4; +https://openai.com/gptbot)"
74.7.243.193 - - [20/Aug/2026:03:00:16 +0200] "GET /089019155.htm HTTP/1.1" 500 - "https://goettler-services.de/sitemap_index.xml" "Mozilla/5.0 AppleWebKit/537.36 (KHTML, like Gecko; compatible; GPTBot/1.4; +https://openai.com/gptbot)"
74.7.243.193 - - [20/Aug/2026:03:00:36 +0200] "GET /294009062.htm HTTP/1.1" 500 - "https://goettler-services.de/sitemap_index.xml" "Mozilla/5.0 AppleWebKit/537.36 (KHTML, like Gecko; compatible; GPTBot/1.4; +https://openai.com/gptbot)"
74.7.243.193 - - [20/Aug/2026:03:00:58 +0200] "GET /006017196.htm HTTP/1.1" 500 - "https://goettler-services.de/sitemap_index.xml" "Mozilla/5.0 AppleWebKit/537.36 (KHTML, like Gecko; compatible; GPTBot/1.4; +https://openai.com/gptbot)"
74.7.243.193 - - [20/Aug/2026:03:01:19 +0200] "GET /130040880.htm HTTP/1.1" 500 - "https://goettler-services.de/sitemap_index.xml" "Mozilla/5.0 AppleWebKit/537.36 (KHTML, like Gecko; compatible; GPTBot/1.4; +https://openai.com/gptbot)"
74.7.243.193 - - [20/Aug/2026:03:01:40 +0200] "GET /121034323.htm HTTP/1.1" 500 - "https://goettler-services.de/sitemap_index.xml" "Mozilla/5.0 AppleWebKit/537.36 (KHTML, like Gecko; compatible; GPTBot/1.4; +https://openai.com/gptbot)"
74.7.243.193 - - [20/Aug/2026:03:02:01 +0200] "GET /277006063.htm HTTP/1.1" 500 - "https://goettler-services.de/sitemap_index.xml" "Mozilla/5.0 AppleWebKit/537.36 (KHTML, like Gecko; compatible; GPTBot/1.4; +https://openai.com/gptbot)"
74.7.243.193 - - [20/Aug/2026:03:02:21 +0200] "GET /051010735.htm HTTP/1.1" 500 - "https://goettler-services.de/sitemap_index.xml" "Mozilla/5.0 AppleWebKit/537.36 (KHTML, like Gecko; compatible; GPTBot/1.4; +https://openai.com/gptbot)"
74.7.243.193 - - [20/Aug/2026:03:02:42 +0200] "GET /029020235.htm HTTP/1.1" 500 - "https://goettler-services.de/sitemap_index.xml" "Mozilla/5.0 AppleWebKit/537.36 (KHTML, like Gecko; compatible; GPTBot/1.4; +https://openai.com/gptbot)"
74.7.243.193 - - [20/Aug/2026:03:03:03 +0200] "GET /092001820.htm HTTP/1.1" 500 - "https://goettler-services.de/sitemap_index.xml" "Mozilla/5.0 AppleWebKit/537.36 (KHTML, like Gecko; compatible; GPTBot/1.4; +https://openai.com/gptbot)"
66.249.66.43 - - [20/Aug/2026:03:03:10 +0200] "GET /outlet/228006843 HTTP/1.1" 200 145901 "-" "Mozilla/5.0 (Linux; Android 6.0.1; Nexus 5X Build/MMB29P) AppleWebKit/537.36 (KHTML, like Gecko) Chrome/151.0.7922.137 Mobile Safari/537.36 (compatible; GoogleOther)"
74.7.243.193 - - [20/Aug/2026:03:03:24 +0200] "GET /082026290.htm HTTP/1.1" 500 - "https://goettler-services.de/sitemap_index.xml" "Mozilla/5.0 AppleWebKit/537.36 (KHTML, like Gecko; compatible; GPTBot/1.4; +https://openai.com/gptbot)"
74.7.243.193 - - [20/Aug/2026:03:03:45 +0200] "GET /017007801.htm HTTP/1.1" 500 - "https://goettler-services.de/sitemap_index.xml" "Mozilla/5.0 AppleWebKit/537.36 (KHTML, like Gecko; compatible; GPTBot/1.4; +https://openai.com/gptbot)"
74.7.243.193 - - [20/Aug/2026:03:04:05 +0200] "GET /272040902.htm HTTP/1.1" 500 - "https://goettler-services.de/sitemap_index.xml" "Mozilla/5.0 AppleWebKit/537.36 (KHTML, like Gecko; compatible; GPTBot/1.4; +https://openai.com/gptbot)"
66.249.66.40 - - [20/Aug/2026:03:04:22 +0200] "GET /027000119.htm HTTP/1.1" 200 167940 "-" "Mozilla/5.0 (Linux; Android 6.0.1; Nexus 5X Build/MMB29P) AppleWebKit/537.36 (KHTML, like Gecko) Chrome/151.0.7922.137 Mobile Safari/537.36 (compatible; GoogleOther)"
74.7.243.193 - - [20/Aug/2026:03:04:26 +0200] "GET /035008551.htm HTTP/1.1" 500 - "https://goettler-services.de/sitemap_index.xml" "Mozilla/5.0 AppleWebKit/537.36 (KHTML, like Gecko; compatible; GPTBot/1.4; +https://openai.com/gptbot)"
74.7.243.193 - - [20/Aug/2026:03:04:47 +0200] "GET /010034084.htm HTTP/1.1" 500 - "https://goettler-services.de/sitemap_index.xml" "Mozilla/5.0 AppleWebKit/537.36 (KHTML, like Gecko; compatible; GPTBot/1.4; +https://openai.com/gptbot)"
74.7.243.193 - - [20/Aug/2026:03:05:08 +0200] "GET /077028107.htm HTTP/1.1" 500 - "https://goettler-services.de/sitemap_index.xml" "Mozilla/5.0 AppleWebKit/537.36 (KHTML, like Gecko; compatible; GPTBot/1.4; +https://openai.com/gptbot)"
74.7.243.193 - - [20/Aug/2026:03:05:29 +0200] "GET /277047725.htm HTTP/1.1" 500 - "https://goettler-services.de/sitemap_index.xml" "Mozilla/5.0 AppleWebKit/537.36 (KHTML, like Gecko; compatible; GPTBot/1.4; +https://openai.com/gptbot)"
74.7.243.193 - - [20/Aug/2026:03:05:50 +0200] "GET /158001454.htm HTTP/1.1" 500 - "https://goettler-services.de/sitemap_index.xml" "Mozilla/5.0 AppleWebKit/537.36 (KHTML, like Gecko; compatible; GPTBot/1.4; +https://openai.com/gptbot)"
198.58.109.8 - - [20/Aug/2026:03:05:57 +0200] "POST /?rest_route=/batch/v1 HTTP/1.1" 500 - "-" "Mozilla/5.0"
198.58.109.8 - - [20/Aug/2026:03:05:58 +0200] "POST /wp-json/batch/v1 HTTP/1.1" 500 - "-" "Mozilla/5.0"
74.7.243.193 - - [20/Aug/2026:03:06:12 +0200] "GET /116003346.htm HTTP/1.1" 500 - "https://goettler-services.de/sitemap_index.xml" "Mozilla/5.0 AppleWebKit/537.36 (KHTML, like Gecko; compatible; GPTBot/1.4; +https://openai.com/gptbot)"
74.7.243.193 - - [20/Aug/2026:03:06:35 +0200] "GET /001029611.htm HTTP/1.1" 500 - "https://goettler-services.de/sitemap_index.xml" "Mozilla/5.0 AppleWebKit/537.36 (KHTML, like Gecko; compatible; GPTBot/1.4; +https://openai.com/gptbot)"
74.7.243.193 - - [20/Aug/2026:03:06:59 +0200] "GET /058024822.htm HTTP/1.1" 500 - "https://goettler-services.de/sitemap_index.xml" "Mozilla/5.0 AppleWebKit/537.36 (KHTML, like Gecko; compatible; GPTBot/1.4; +https://openai.com/gptbot)"
66.249.66.39 - - [20/Aug/2026:03:06:59 +0200] "GET /129022155.htm HTTP/1.1" 200 166373 "-" "Mozilla/5.0 (Linux; Android 6.0.1; Nexus 5X Build/MMB29P) AppleWebKit/537.36 (KHTML, like Gecko) Chrome/151.0.7922.137 Mobile Safari/537.36 (compatible; GoogleOther)"
74.7.243.193 - - [20/Aug/2026:03:07:20 +0200] "GET /075037399.htm HTTP/1.1" 500 - "https://goettler-services.de/sitemap_index.xml" "Mozilla/5.0 AppleWebKit/537.36 (KHTML, like Gecko; compatible; GPTBot/1.4; +https://openai.com/gptbot)"
74.7.243.193 - - [20/Aug/2026:03:07:36 +0200] "GET /063026403.htm HTTP/1.1" 500 - "https://goettler-services.de/sitemap_index.xml" "Mozilla/5.0 AppleWebKit/537.36 (KHTML, like Gecko; compatible; GPTBot/1.4; +https://openai.com/gptbot)"
74.7.243.193 - - [20/Aug/2026:03:07:55 +0200] "GET /019001319.htm HTTP/1.1" 500 - "https://goettler-services.de/sitemap_index.xml" "Mozilla/5.0 AppleWebKit/537.36 (KHTML, like Gecko; compatible; GPTBot/1.4; +https://openai.com/gptbot)"
74.7.243.193 - - [20/Aug/2026:03:08:16 +0200] "GET /141045915.htm HTTP/1.1" 500 - "https://goettler-services.de/sitemap_index.xml" "Mozilla/5.0 AppleWebKit/537.36 (KHTML, like Gecko; compatible; GPTBot/1.4; +https://openai.com/gptbot)"
74.7.243.193 - - [20/Aug/2026:03:08:37 +0200] "GET /287008037.htm HTTP/1.1" 500 - "https://goettler-services.de/sitemap_index.xml" "Mozilla/5.0 AppleWebKit/537.36 (KHTML, like Gecko; compatible; GPTBot/1.4; +https://openai.com/gptbot)"
74.7.243.193 - - [20/Aug/2026:03:08:58 +0200] "GET /207008927.htm HTTP/1.1" 500 - "https://goettler-services.de/sitemap_index.xml" "Mozilla/5.0 AppleWebKit/537.36 (KHTML, like Gecko; compatible; GPTBot/1.4; +https://openai.com/gptbot)"
74.7.243.193 - - [20/Aug/2026:03:09:18 +0200] "GET /031022923.htm HTTP/1.1" 500 - "https://goettler-services.de/sitemap_index.xml" "Mozilla/5.0 AppleWebKit/537.36 (KHTML, like Gecko; compatible; GPTBot/1.4; +https://openai.com/gptbot)"
74.7.243.193 - - [20/Aug/2026:03:09:40 +0200] "GET /144010608.htm HTTP/1.1" 500 - "https://goettler-services.de/sitemap_index.xml" "Mozilla/5.0 AppleWebKit/537.36 (KHTML, like Gecko; compatible; GPTBot/1.4; +https://openai.com/gptbot)"
74.7.243.193 - - [20/Aug/2026:03:10:01 +0200] "GET /225006209.htm HTTP/1.1" 500 - "https://goettler-services.de/sitemap_index.xml" "Mozilla/5.0 AppleWebKit/537.36 (KHTML, like Gecko; compatible; GPTBot/1.4; +https://openai.com/gptbot)"
23.94.155.56 - - [20/Aug/2026:03:10:16 +0200] "GET /wp-login.php HTTP/1.1" 500 - "-" "Mozilla/5.0 (Windows NT 10.0; Win64; x64) AppleWebKit/537.36 Chrome/129.0.0.0 Safari/537.36"
74.7.243.193 - - [20/Aug/2026:03:10:22 +0200] "GET /102021286.htm HTTP/1.1" 500 - "https://goettler-services.de/sitemap_index.xml" "Mozilla/5.0 AppleWebKit/537.36 (KHTML, like Gecko; compatible; GPTBot/1.4; +https://openai.com/gptbot)"
66.249.66.41 - - [20/Aug/2026:03:10:22 +0200] "GET /outlet/262027427 HTTP/1.1" 200 162480 "-" "Mozilla/5.0 (Linux; Android 6.0.1; Nexus 5X Build/MMB29P) AppleWebKit/537.36 (KHTML, like Gecko) Chrome/151.0.7922.137 Mobile Safari/537.36 (compatible; GoogleOther)"
66.249.66.42 - - [20/Aug/2026:03:10:38 +0200] "GET /tuecher/?path=//root HTTP/1.1" 200 164173 "-" "Mozilla/5.0 (Linux; Android 6.0.1; Nexus 5X Build/MMB29P) AppleWebKit/537.36 (KHTML, like Gecko) Chrome/151.0.7922.137 Mobile Safari/537.36 (compatible; Googlebot/2.1; +http://www.google.com/bot.html)"
74.7.243.193 - - [20/Aug/2026:03:10:43 +0200] "GET /058040498.htm HTTP/1.1" 500 - "https://goettler-services.de/sitemap_index.xml" "Mozilla/5.0 AppleWebKit/537.36 (KHTML, like Gecko; compatible; GPTBot/1.4; +https://openai.com/gptbot)"
74.7.243.193 - - [20/Aug/2026:03:11:03 +0200] "GET /173001107.htm HTTP/1.1" 500 - "https://goettler-services.de/sitemap_index.xml" "Mozilla/5.0 AppleWebKit/537.36 (KHTML, like Gecko; compatible; GPTBot/1.4; +https://openai.com/gptbot)"
74.7.243.193 - - [20/Aug/2026:03:11:23 +0200] "GET /016033132.htm HTTP/1.1" 500 - "https://goettler-services.de/sitemap_index.xml" "Mozilla/5.0 AppleWebKit/537.36 (KHTML, like Gecko; compatible; GPTBot/1.4; +https://openai.com/gptbot)"
74.7.243.193 - - [20/Aug/2026:03:11:44 +0200] "GET /083033183.htm HTTP/1.1" 500 - "https://goettler-services.de/sitemap_index.xml" "Mozilla/5.0 AppleWebKit/537.36 (KHTML, like Gecko; compatible; GPTBot/1.4; +https://openai.com/gptbot)"
74.7.243.193 - - [20/Aug/2026:03:12:06 +0200] "GET /186012686.htm HTTP/1.1" 500 - "https://goettler-services.de/sitemap_index.xml" "Mozilla/5.0 AppleWebKit/537.36 (KHTML, like Gecko; compatible; GPTBot/1.4; +https://openai.com/gptbot)"
74.7.243.193 - - [20/Aug/2026:03:12:27 +0200] "GET /105049519.htm HTTP/1.1" 500 - "https://goettler-services.de/sitemap_index.xml" "Mozilla/5.0 AppleWebKit/537.36 (KHTML, like Gecko; compatible; GPTBot/1.4; +https://openai.com/gptbot)"
74.7.243.193 - - [20/Aug/2026:03:12:48 +0200] "GET /092018922.htm HTTP/1.1" 500 - "https://goettler-services.de/sitemap_index.xml" "Mozilla/5.0 AppleWebKit/537.36 (KHTML, like Gecko; compatible; GPTBot/1.4; +https://openai.com/gptbot)"
74.7.243.193 - - [20/Aug/2026:03:13:10 +0200] "GET /003021237.htm HTTP/1.1" 500 - "https://goettler-services.de/sitemap_index.xml" "Mozilla/5.0 AppleWebKit/537.36 (KHTML, like Gecko; compatible; GPTBot/1.4; +https://openai.com/gptbot)"
74.7.243.193 - - [20/Aug/2026:03:13:32 +0200] "GET /149016041.htm HTTP/1.1" 500 - "https://goettler-services.de/sitemap_index.xml" "Mozilla/5.0 AppleWebKit/537.36 (KHTML, like Gecko; compatible; GPTBot/1.4; +https://openai.com/gptbot)"
74.7.243.193 - - [20/Aug/2026:03:13:53 +0200] "GET /076030668.htm HTTP/1.1" 500 - "https://goettler-services.de/sitemap_index.xml" "Mozilla/5.0 AppleWebKit/537.36 (KHTML, like Gecko; compatible; GPTBot/1.4; +https://openai.com/gptbot)"
74.7.243.193 - - [20/Aug/2026:03:14:14 +0200] "GET /180015616.htm HTTP/1.1" 500 - "https://goettler-services.de/sitemap_index.xml" "Mozilla/5.0 AppleWebKit/537.36 (KHTML, like Gecko; compatible; GPTBot/1.4; +https://openai.com/gptbot)"
152.42.211.164 - - [20/Aug/2026:03:14:29 +0200] "GET /wp-login.php HTTP/1.1" 500 - "-" "Mozilla/5.0 (Windows NT 10.0; Win64; x64) AppleWebKit/537.36 (KHTML, like Gecko) Chrome/119.0.6045.159 Safari/537.36"
152.42.211.164 - - [20/Aug/2026:03:14:34 +0200] "GET /administrator/ HTTP/1.1" 500 - "-" "Mozilla/5.0 (Macintosh; Intel Mac OS X 10.15) Gecko/20100101 Firefox/121.0"
74.7.243.193 - - [20/Aug/2026:03:14:35 +0200] "GET /231031227.htm HTTP/1.1" 500 - "https://goettler-services.de/sitemap_index.xml" "Mozilla/5.0 AppleWebKit/537.36 (KHTML, like Gecko; compatible; GPTBot/1.4; +https://openai.com/gptbot)"
74.7.243.193 - - [20/Aug/2026:03:14:55 +0200] "GET /224023664.htm HTTP/1.1" 500 - "https://goettler-services.de/sitemap_index.xml" "Mozilla/5.0 AppleWebKit/537.36 (KHTML, like Gecko; compatible; GPTBot/1.4; +https://openai.com/gptbot)"
66.249.66.201 - - [20/Aug/2026:03:15:13 +0200] "GET /marumono-1921440252308754433 HTTP/1.1" 200 178536 "-" "Mozilla/5.0 (Linux; Android 6.0.1; Nexus 5X Build/MMB29P) AppleWebKit/537.36 (KHTML, like Gecko) Chrome/151.0.7922.137 Mobile Safari/537.36 (compatible; GoogleOther)"
74.7.243.193 - - [20/Aug/2026:03:15:16 +0200] "GET /129021505.htm HTTP/1.1" 500 - "https://goettler-services.de/sitemap_index.xml" "Mozilla/5.0 AppleWebKit/537.36 (KHTML, like Gecko; compatible; GPTBot/1.4; +https://openai.com/gptbot)"
74.7.243.193 - - [20/Aug/2026:03:15:37 +0200] "GET /032013420.htm HTTP/1.1" 500 - "https://goettler-services.de/sitemap_index.xml" "Mozilla/5.0 AppleWebKit/537.36 (KHTML, like Gecko; compatible; GPTBot/1.4; +https://openai.com/gptbot)"
74.7.243.193 - - [20/Aug/2026:03:15:57 +0200] "GET /209027267.htm HTTP/1.1" 500 - "https://goettler-services.de/sitemap_index.xml" "Mozilla/5.0 AppleWebKit/537.36 (KHTML, like Gecko; compatible; GPTBot/1.4; +https://openai.com/gptbot)"
74.7.243.193 - - [20/Aug/2026:03:16:19 +0200] "GET /112001520.htm HTTP/1.1" 500 - "https://goettler-services.de/sitemap_index.xml" "Mozilla/5.0 AppleWebKit/537.36 (KHTML, like Gecko; compatible; GPTBot/1.4; +https://openai.com/gptbot)"
66.249.66.41 - - [20/Aug/2026:03:16:22 +0200] "GET /826513511 HTTP/1.1" 200 154736 "-" "Mozilla/5.0 (Linux; Android 6.0.1; Nexus 5X Build/MMB29P) AppleWebKit/537.36 (KHTML, like Gecko) Chrome/151.0.7922.137 Mobile Safari/537.36 (compatible; GoogleOther)"
74.7.243.193 - - [20/Aug/2026:03:16:45 +0200] "GET /115035411.htm HTTP/1.1" 500 - "https://goettler-services.de/sitemap_index.xml" "Mozilla/5.0 AppleWebKit/537.36 (KHTML, like Gecko; compatible; GPTBot/1.4; +https://openai.com/gptbot)"
74.7.243.193 - - [20/Aug/2026:03:17:00 +0200] "GET /035033807.htm HTTP/1.1" 500 - "https://goettler-services.de/sitemap_index.xml" "Mozilla/5.0 AppleWebKit/537.36 (KHTML, like Gecko; compatible; GPTBot/1.4; +https://openai.com/gptbot)"
74.7.243.193 - - [20/Aug/2026:03:21:01 +0200] "GET /153033137.htm HTTP/1.1" 500 - "https://goettler-services.de/sitemap_index.xml" "Mozilla/5.0 AppleWebKit/537.36 (KHTML, like Gecko; compatible; GPTBot/1.4; +https://openai.com/gptbot)"
74.7.243.193 - - [20/Aug/2026:03:21:07 +0200] "GET /054046774.htm HTTP/1.1" 500 - "https://goettler-services.de/sitemap_index.xml" "Mozilla/5.0 AppleWebKit/537.36 (KHTML, like Gecko; compatible; GPTBot/1.4; +https://openai.com/gptbot)"
74.7.243.193 - - [20/Aug/2026:03:24:52 +0200] "GET /091013799.htm HTTP/1.1" 500 - "https://goettler-services.de/sitemap_index.xml" "Mozilla/5.0 AppleWebKit/537.36 (KHTML, like Gecko; compatible; GPTBot/1.4; +https://openai.com/gptbot)"
66.249.66.42 - - [20/Aug/2026:03:25:45 +0200] "GET /?jp/133043027.html HTTP/1.1" 200 157867 "-" "Mozilla/5.0 (Linux; Android 6.0.1; Nexus 5X Build/MMB29P) AppleWebKit/537.36 (KHTML, like Gecko) Chrome/151.0.7922.137 Mobile Safari/537.36 (compatible; GoogleOther)"
74.7.243.193 - - [20/Aug/2026:03:26:44 +0200] "GET /255005435.htm HTTP/1.1" 500 - "https://goettler-services.de/sitemap_index.xml" "Mozilla/5.0 AppleWebKit/537.36 (KHTML, like Gecko; compatible; GPTBot/1.4; +https://openai.com/gptbot)"
74.7.243.193 - - [20/Aug/2026:03:27:28 +0200] "GET /066011024.htm HTTP/1.1" 500 - "https://goettler-services.de/sitemap_index.xml" "Mozilla/5.0 AppleWebKit/537.36 (KHTML, like Gecko; compatible; GPTBot/1.4; +https://openai.com/gptbot)"
74.7.243.193 - - [20/Aug/2026:03:27:42 +0200] "GET /253001003.htm HTTP/1.1" 500 - "https://goettler-services.de/sitemap_index.xml" "Mozilla/5.0 AppleWebKit/537.36 (KHTML, like Gecko; compatible; GPTBot/1.4; +https://openai.com/gptbot)"
66.249.66.42 - - [20/Aug/2026:03:27:59 +0200] "GET /9728027 HTTP/1.1" 200 169002 "-" "Mozilla/5.0 (Linux; Android 6.0.1; Nexus 5X Build/MMB29P) AppleWebKit/537.36 (KHTML, like Gecko) Chrome/151.0.7922.137 Mobile Safari/537.36 (compatible; GoogleOther)"
74.7.243.193 - - [20/Aug/2026:03:28:14 +0200] "GET /120022176.htm HTTP/1.1" 500 - "https://goettler-services.de/sitemap_index.xml" "Mozilla/5.0 AppleWebKit/537.36 (KHTML, like Gecko; compatible; GPTBot/1.4; +https://openai.com/gptbot)"
74.7.243.193 - - [20/Aug/2026:03:28:21 +0200] "GET /235007009.htm HTTP/1.1" 500 - "https://goettler-services.de/sitemap_index.xml" "Mozilla/5.0 AppleWebKit/537.36 (KHTML, like Gecko; compatible; GPTBot/1.4; +https://openai.com/gptbot)"
74.7.243.193 - - [20/Aug/2026:03:28:44 +0200] "GET /051041035.htm HTTP/1.1" 500 - "https://goettler-services.de/sitemap_index.xml" "Mozilla/5.0 AppleWebKit/537.36 (KHTML, like Gecko; compatible; GPTBot/1.4; +https://openai.com/gptbot)"
74.7.243.193 - - [20/Aug/2026:03:29:12 +0200] "GET /146041806.htm HTTP/1.1" 500 - "https://goettler-services.de/sitemap_index.xml" "Mozilla/5.0 AppleWebKit/537.36 (KHTML, like Gecko; compatible; GPTBot/1.4; +https://openai.com/gptbot)"
74.7.243.193 - - [20/Aug/2026:03:29:29 +0200] "GET /122026032.htm HTTP/1.1" 500 - "https://goettler-services.de/sitemap_index.xml" "Mozilla/5.0 AppleWebKit/537.36 (KHTML, like Gecko; compatible; GPTBot/1.4; +https://openai.com/gptbot)"
74.7.243.193 - - [20/Aug/2026:03:29:47 +0200] "GET /043006095.htm HTTP/1.1" 500 - "https://goettler-services.de/sitemap_index.xml" "Mozilla/5.0 AppleWebKit/537.36 (KHTML, like Gecko; compatible; GPTBot/1.4; +https://openai.com/gptbot)"
74.7.243.193 - - [20/Aug/2026:03:30:06 +0200] "GET /256026776.htm HTTP/1.1" 500 - "https://goettler-services.de/sitemap_index.xml" "Mozilla/5.0 AppleWebKit/537.36 (KHTML, like Gecko; compatible; GPTBot/1.4; +https://openai.com/gptbot)"
74.7.243.193 - - [20/Aug/2026:03:30:33 +0200] "GET /009002821.htm HTTP/1.1" 500 - "https://goettler-services.de/sitemap_index.xml" "Mozilla/5.0 AppleWebKit/537.36 (KHTML, like Gecko; compatible; GPTBot/1.4; +https://openai.com/gptbot)"
66.249.66.40 - - [20/Aug/2026:03:30:47 +0200] "GET /095000491.htm HTTP/1.1" 200 156129 "-" "Mozilla/5.0 (Linux; Android 6.0.1; Nexus 5X Build/MMB29P) AppleWebKit/537.36 (KHTML, like Gecko) Chrome/151.0.7922.137 Mobile Safari/537.36 (compatible; GoogleOther)"
74.7.243.193 - - [20/Aug/2026:03:30:53 +0200] "GET /014011288.htm HTTP/1.1" 500 - "https://goettler-services.de/sitemap_index.xml" "Mozilla/5.0 AppleWebKit/537.36 (KHTML, like Gecko; compatible; GPTBot/1.4; +https://openai.com/gptbot)"
74.7.243.193 - - [20/Aug/2026:03:31:28 +0200] "GET /008011648.htm HTTP/1.1" 500 - "https://goettler-services.de/sitemap_index.xml" "Mozilla/5.0 AppleWebKit/537.36 (KHTML, like Gecko; compatible; GPTBot/1.4; +https://openai.com/gptbot)"
74.7.243.193 - - [20/Aug/2026:03:32:12 +0200] "GET /106002146.htm HTTP/1.1" 500 - "https://goettler-services.de/sitemap_index.xml" "Mozilla/5.0 AppleWebKit/537.36 (KHTML, like Gecko; compatible; GPTBot/1.4; +https://openai.com/gptbot)"
74.7.243.193 - - [20/Aug/2026:03:32:32 +0200] "GET /251005207.htm HTTP/1.1" 500 - "https://goettler-services.de/sitemap_index.xml" "Mozilla/5.0 AppleWebKit/537.36 (KHTML, like Gecko; compatible; GPTBot/1.4; +https://openai.com/gptbot)"
74.7.243.193 - - [20/Aug/2026:03:33:17 +0200] "GET /011024511.htm HTTP/1.1" 500 - "https://goettler-services.de/sitemap_index.xml" "Mozilla/5.0 AppleWebKit/537.36 (KHTML, like Gecko; compatible; GPTBot/1.4; +https://openai.com/gptbot)"
74.7.243.193 - - [20/Aug/2026:03:34:08 +0200] "GET /216004404.htm HTTP/1.1" 500 - "https://goettler-services.de/sitemap_index.xml" "Mozilla/5.0 AppleWebKit/537.36 (KHTML, like Gecko; compatible; GPTBot/1.4; +https://openai.com/gptbot)"
74.7.243.193 - - [20/Aug/2026:03:35:49 +0200] "GET /054047244.htm HTTP/1.1" 500 - "https://goettler-services.de/sitemap_index.xml" "Mozilla/5.0 AppleWebKit/537.36 (KHTML, like Gecko; compatible; GPTBot/1.4; +https://openai.com/gptbot)"
84.235.249.236 - - [20/Aug/2026:03:35:55 +0200] "GET /wp-content/plugins/pods/init.php HTTP/1.1" 500 - "-" "Mozilla/5.0 (Windows NT 10.0; Win64; x64; rv:126.0) Gecko/20100101 Firefox/126.0"
74.7.243.193 - - [20/Aug/2026:03:37:11 +0200] "GET /110010254.htm HTTP/1.1" 500 - "https://goettler-services.de/sitemap_index.xml" "Mozilla/5.0 AppleWebKit/537.36 (KHTML, like Gecko; compatible; GPTBot/1.4; +https://openai.com/gptbot)"
74.7.243.193 - - [20/Aug/2026:03:37:32 +0200] "GET /011049155.htm HTTP/1.1" 500 - "https://goettler-services.de/sitemap_index.xml" "Mozilla/5.0 AppleWebKit/537.36 (KHTML, like Gecko; compatible; GPTBot/1.4; +https://openai.com/gptbot)"
66.249.66.38 - - [20/Aug/2026:03:37:43 +0200] "GET /095035601.htm HTTP/1.1" 200 158598 "-" "Mozilla/5.0 (Linux; Android 6.0.1; Nexus 5X Build/MMB29P) AppleWebKit/537.36 (KHTML, like Gecko) Chrome/151.0.7922.137 Mobile Safari/537.36 (compatible; GoogleOther)"
2a03:2880:f806:10:: - - [20/Aug/2026:03:37:56 +0200] "GET /zubehoer/ HTTP/1.1" 500 - "-" "Mozilla/5.0 (X11; Linux x86_64) AppleWebKit/537.36 (KHTML, like Gecko) Chrome/145.0.0.0 Safari/537.36 (compatible; meta-externalagent/1.1 (+https://developers.facebook.com/docs/sharing/webmasters/crawler))"
74.7.243.193 - - [20/Aug/2026:03:38:09 +0200] "GET /255039059.htm HTTP/1.1" 500 - "https://goettler-services.de/sitemap_index.xml" "Mozilla/5.0 AppleWebKit/537.36 (KHTML, like Gecko; compatible; GPTBot/1.4; +https://openai.com/gptbot)"
74.7.243.193 - - [20/Aug/2026:03:38:30 +0200] "GET /205042577.htm HTTP/1.1" 500 - "https://goettler-services.de/sitemap_index.xml" "Mozilla/5.0 AppleWebKit/537.36 (KHTML, like Gecko; compatible; GPTBot/1.4; +https://openai.com/gptbot)"
74.7.243.193 - - [20/Aug/2026:03:39:14 +0200] "GET /260033272.htm HTTP/1.1" 500 - "https://goettler-services.de/sitemap_index.xml" "Mozilla/5.0 AppleWebKit/537.36 (KHTML, like Gecko; compatible; GPTBot/1.4; +https://openai.com/gptbot)"
74.7.243.193 - - [20/Aug/2026:03:39:52 +0200] "GET /063030407.htm HTTP/1.1" 500 - "https://goettler-services.de/sitemap_index.xml" "Mozilla/5.0 AppleWebKit/537.36 (KHTML, like Gecko; compatible; GPTBot/1.4; +https://openai.com/gptbot)"
74.7.243.193 - - [20/Aug/2026:03:53:14 +0200] "GET /180011490.htm HTTP/1.1" 500 - "https://goettler-services.de/sitemap_index.xml" "Mozilla/5.0 AppleWebKit/537.36 (KHTML, like Gecko; compatible; GPTBot/1.4; +https://openai.com/gptbot)"
74.7.243.193 - - [20/Aug/2026:03:57:36 +0200] "GET /262046410.htm HTTP/1.1" 500 - "https://goettler-services.de/sitemap_index.xml" "Mozilla/5.0 AppleWebKit/537.36 (KHTML, like Gecko; compatible; GPTBot/1.4; +https://openai.com/gptbot)"
74.7.243.193 - - [20/Aug/2026:03:59:18 +0200] "GET /252023102.htm HTTP/1.1" 500 - "https://goettler-services.de/sitemap_index.xml" "Mozilla/5.0 AppleWebKit/537.36 (KHTML, like Gecko; compatible; GPTBot/1.4; +https://openai.com/gptbot)"
2001:41d0:700:7fee:: - - [20/Aug/2026:04:02:04 +0200] "GET /tuecher/ HTTP/1.1" 200 295 "https://www.google.com/" "Mozilla/5.0 (Linux; Android 10; K) AppleWebKit/537.36 (KHTML, like Gecko) Chrome/152.0.0.0 Mobile Safari/537.36"
74.7.243.193 - - [20/Aug/2026:04:02:15 +0200] "GET /087017161.htm HTTP/1.1" 500 - "https://goettler-services.de/sitemap_index.xml" "Mozilla/5.0 AppleWebKit/537.36 (KHTML, like Gecko; compatible; GPTBot/1.4; +https://openai.com/gptbot)"
74.7.243.193 - - [20/Aug/2026:04:02:46 +0200] "GET /082002810.htm HTTP/1.1" 500 - "https://goettler-services.de/sitemap_index.xml" "Mozilla/5.0 AppleWebKit/537.36 (KHTML, like Gecko; compatible; GPTBot/1.4; +https://openai.com/gptbot)"
66.249.66.38 - - [20/Aug/2026:04:02:47 +0200] "GET /46594156 HTTP/1.1" 200 154495 "-" "Mozilla/5.0 (Linux; Android 6.0.1; Nexus 5X Build/MMB29P) AppleWebKit/537.36 (KHTML, like Gecko) Chrome/151.0.7922.137 Mobile Safari/537.36 (compatible; GoogleOther)"
74.7.243.193 - - [20/Aug/2026:04:03:22 +0200] "GET /119010707.htm HTTP/1.1" 500 - "https://goettler-services.de/sitemap_index.xml" "Mozilla/5.0 AppleWebKit/537.36 (KHTML, like Gecko; compatible; GPTBot/1.4; +https://openai.com/gptbot)"
74.7.243.193 - - [20/Aug/2026:04:03:34 +0200] "GET /052026996.htm HTTP/1.1" 500 - "https://goettler-services.de/sitemap_index.xml" "Mozilla/5.0 AppleWebKit/537.36 (KHTML, like Gecko; compatible; GPTBot/1.4; +https://openai.com/gptbot)"
74.7.243.193 - - [20/Aug/2026:04:03:36 +0200] "GET /155025821.htm HTTP/1.1" 500 - "https://goettler-services.de/sitemap_index.xml" "Mozilla/5.0 AppleWebKit/537.36 (KHTML, like Gecko; compatible; GPTBot/1.4; +https://openai.com/gptbot)"
74.7.243.193 - - [20/Aug/2026:04:04:56 +0200] "GET /124012848.htm HTTP/1.1" 500 - "https://goettler-services.de/sitemap_index.xml" "Mozilla/5.0 AppleWebKit/537.36 (KHTML, like Gecko; compatible; GPTBot/1.4; +https://openai.com/gptbot)"
74.7.243.193 - - [20/Aug/2026:04:05:34 +0200] "GET /208020130.htm HTTP/1.1" 500 - "https://goettler-services.de/sitemap_index.xml" "Mozilla/5.0 AppleWebKit/537.36 (KHTML, like Gecko; compatible; GPTBot/1.4; +https://openai.com/gptbot)"
74.7.243.193 - - [20/Aug/2026:04:09:02 +0200] "GET /035043399.htm HTTP/1.1" 500 - "https://goettler-services.de/sitemap_index.xml" "Mozilla/5.0 AppleWebKit/537.36 (KHTML, like Gecko; compatible; GPTBot/1.4; +https://openai.com/gptbot)"
74.7.243.193 - - [20/Aug/2026:04:09:31 +0200] "GET /002046310.htm HTTP/1.1" 500 - "https://goettler-services.de/sitemap_index.xml" "Mozilla/5.0 AppleWebKit/537.36 (KHTML, like Gecko; compatible; GPTBot/1.4; +https://openai.com/gptbot)"
74.7.243.193 - - [20/Aug/2026:04:10:57 +0200] "GET /226026928.htm HTTP/1.1" 500 - "https://goettler-services.de/sitemap_index.xml" "Mozilla/5.0 AppleWebKit/537.36 (KHTML, like Gecko; compatible; GPTBot/1.4; +https://openai.com/gptbot)"
74.7.243.193 - - [20/Aug/2026:04:12:22 +0200] "GET /240024844.htm HTTP/1.1" 500 - "https://goettler-services.de/sitemap_index.xml" "Mozilla/5.0 AppleWebKit/537.36 (KHTML, like Gecko; compatible; GPTBot/1.4; +https://openai.com/gptbot)"
