66.249.66.71 - - [20/Aug/2026:10:35:41 +0200] "GET /064012068.htm HTTP/1.1" 200 156488 "-" "Mozilla/5.0 (Linux; Android 6.0.1; Nexus 5X Build/MMB29P) AppleWebKit/537.36 (KHTML, like Gecko) Chrome/151.0.7922.137 Mobile Safari/537.36 (compatible; GoogleOther)"
74.7.243.193 - - [20/Aug/2026:10:36:01 +0200] "GET /217035591.htm HTTP/1.1" 500 - "https://goettler-services.de/sitemap_index.xml" "Mozilla/5.0 AppleWebKit/537.36 (KHTML, like Gecko; compatible; GPTBot/1.4; +https://openai.com/gptbot)"
74.7.243.193 - - [20/Aug/2026:10:36:23 +0200] "GET /297028157.htm HTTP/1.1" 500 - "https://goettler-services.de/sitemap_index.xml" "Mozilla/5.0 AppleWebKit/537.36 (KHTML, like Gecko; compatible; GPTBot/1.4; +https://openai.com/gptbot)"
74.7.243.193 - - [20/Aug/2026:10:36:44 +0200] "GET /215040933.htm HTTP/1.1" 500 - "https://goettler-services.de/sitemap_index.xml" "Mozilla/5.0 AppleWebKit/537.36 (KHTML, like Gecko; compatible; GPTBot/1.4; +https://openai.com/gptbot)"
74.7.243.193 - - [20/Aug/2026:10:37:05 +0200] "GET /176009598.htm HTTP/1.1" 500 - "https://goettler-services.de/sitemap_index.xml" "Mozilla/5.0 AppleWebKit/537.36 (KHTML, like Gecko; compatible; GPTBot/1.4; +https://openai.com/gptbot)"
74.7.243.193 - - [20/Aug/2026:10:37:26 +0200] "GET /147020493.htm HTTP/1.1" 500 - "https://goettler-services.de/sitemap_index.xml" "Mozilla/5.0 AppleWebKit/537.36 (KHTML, like Gecko; compatible; GPTBot/1.4; +https://openai.com/gptbot)"
66.249.66.35 - - [20/Aug/2026:10:37:38 +0200] "GET /7037282 HTTP/1.1" 200 157119 "-" "Mozilla/5.0 (Linux; Android 6.0.1; Nexus 5X Build/MMB29P) AppleWebKit/537.36 (KHTML, like Gecko) Chrome/151.0.7922.137 Mobile Safari/537.36 (compatible; Googlebot/2.1; +http://www.google.com/bot.html)"
74.7.243.193 - - [20/Aug/2026:10:37:48 +0200] "GET /216014580.htm HTTP/1.1" 500 - "https://goettler-services.de/sitemap_index.xml" "Mozilla/5.0 AppleWebKit/537.36 (KHTML, like Gecko; compatible; GPTBot/1.4; +https://openai.com/gptbot)"
74.7.243.193 - - [20/Aug/2026:10:38:09 +0200] "GET /186049350.htm HTTP/1.1" 500 - "https://goettler-services.de/sitemap_index.xml" "Mozilla/5.0 AppleWebKit/537.36 (KHTML, like Gecko; compatible; GPTBot/1.4; +https://openai.com/gptbot)"
66.249.66.197 - - [20/Aug/2026:10:38:21 +0200] "GET /019000503.htm HTTP/1.1" 200 160235 "-" "Mozilla/5.0 (Linux; Android 6.0.1; Nexus 5X Build/MMB29P) AppleWebKit/537.36 (KHTML, like Gecko) Chrome/151.0.7922.137 Mobile Safari/537.36 (compatible; GoogleOther)"
74.7.243.193 - - [20/Aug/2026:10:38:30 +0200] "GET /044036578.htm HTTP/1.1" 500 - "https://goettler-services.de/sitemap_index.xml" "Mozilla/5.0 AppleWebKit/537.36 (KHTML, like Gecko; compatible; GPTBot/1.4; +https://openai.com/gptbot)"
74.7.243.193 - - [20/Aug/2026:10:38:51 +0200] "GET /298041506.htm HTTP/1.1" 500 - "https://goettler-services.de/sitemap_index.xml" "Mozilla/5.0 AppleWebKit/537.36 (KHTML, like Gecko; compatible; GPTBot/1.4; +https://openai.com/gptbot)"
74.7.243.193 - - [20/Aug/2026:10:39:12 +0200] "GET /123042665.htm HTTP/1.1" 500 - "https://goettler-services.de/sitemap_index.xml" "Mozilla/5.0 AppleWebKit/537.36 (KHTML, like Gecko; compatible; GPTBot/1.4; +https://openai.com/gptbot)"
74.7.243.193 - - [20/Aug/2026:10:39:33 +0200] "GET /255007961.htm HTTP/1.1" 500 - "https://goettler-services.de/sitemap_index.xml" "Mozilla/5.0 AppleWebKit/537.36 (KHTML, like Gecko; compatible; GPTBot/1.4; +https://openai.com/gptbot)"
74.7.243.193 - - [20/Aug/2026:10:39:54 +0200] "GET /107013625.htm HTTP/1.1" 500 - "https://goettler-services.de/sitemap_index.xml" "Mozilla/5.0 AppleWebKit/537.36 (KHTML, like Gecko; compatible; GPTBot/1.4; +https://openai.com/gptbot)"
66.249.66.38 - - [20/Aug/2026:10:40:00 +0200] "GET /5788492 HTTP/1.1" 200 165773 "-" "Mozilla/5.0 (Linux; Android 6.0.1; Nexus 5X Build/MMB29P) AppleWebKit/537.36 (KHTML, like Gecko) Chrome/151.0.7922.137 Mobile Safari/537.36 (compatible; Googlebot/2.1; +http://www.google.com/bot.html)"
74.7.243.193 - - [20/Aug/2026:10:40:14 +0200] "GET /194027338.htm HTTP/1.1" 500 - "https://goettler-services.de/sitemap_index.xml" "Mozilla/5.0 AppleWebKit/537.36 (KHTML, like Gecko; compatible; GPTBot/1.4; +https://openai.com/gptbot)"
74.7.243.193 - - [20/Aug/2026:10:40:34 +0200] "GET /127032987.htm HTTP/1.1" 500 - "https://goettler-services.de/sitemap_index.xml" "Mozilla/5.0 AppleWebKit/537.36 (KHTML, like Gecko; compatible; GPTBot/1.4; +https://openai.com/gptbot)"
74.7.243.193 - - [20/Aug/2026:10:40:55 +0200] "GET /038025596.htm HTTP/1.1" 500 - "https://goettler-services.de/sitemap_index.xml" "Mozilla/5.0 AppleWebKit/537.36 (KHTML, like Gecko; compatible; GPTBot/1.4; +https://openai.com/gptbot)"
66.249.66.69 - - [20/Aug/2026:10:41:11 +0200] "GET /297023603.htm HTTP/1.1" 200 155338 "-" "Mozilla/5.0 (Linux; Android 6.0.1; Nexus 5X Build/MMB29P) AppleWebKit/537.36 (KHTML, like Gecko) Chrome/151.0.7922.137 Mobile Safari/537.36 (compatible; GoogleOther)"
74.7.243.193 - - [20/Aug/2026:10:41:16 +0200] "GET /214025186.htm HTTP/1.1" 500 - "https://goettler-services.de/sitemap_index.xml" "Mozilla/5.0 AppleWebKit/537.36 (KHTML, like Gecko; compatible; GPTBot/1.4; +https://openai.com/gptbot)"
74.7.243.193 - - [20/Aug/2026:10:41:36 +0200] "GET /239046355.htm HTTP/1.1" 500 - "https://goettler-services.de/sitemap_index.xml" "Mozilla/5.0 AppleWebKit/537.36 (KHTML, like Gecko; compatible; GPTBot/1.4; +https://openai.com/gptbot)"
74.7.243.193 - - [20/Aug/2026:10:41:57 +0200] "GET /029014835.htm HTTP/1.1" 500 - "https://goettler-services.de/sitemap_index.xml" "Mozilla/5.0 AppleWebKit/537.36 (KHTML, like Gecko; compatible; GPTBot/1.4; +https://openai.com/gptbot)"
74.7.243.193 - - [20/Aug/2026:10:42:17 +0200] "GET /203013745.htm HTTP/1.1" 500 - "https://goettler-services.de/sitemap_index.xml" "Mozilla/5.0 AppleWebKit/537.36 (KHTML, like Gecko; compatible; GPTBot/1.4; +https://openai.com/gptbot)"
74.7.243.193 - - [20/Aug/2026:10:42:39 +0200] "GET /234039276.htm HTTP/1.1" 500 - "https://goettler-services.de/sitemap_index.xml" "Mozilla/5.0 AppleWebKit/537.36 (KHTML, like Gecko; compatible; GPTBot/1.4; +https://openai.com/gptbot)"
74.7.243.193 - - [20/Aug/2026:10:42:59 +0200] "GET /179041893.htm HTTP/1.1" 500 - "https://goettler-services.de/sitemap_index.xml" "Mozilla/5.0 AppleWebKit/537.36 (KHTML, like Gecko; compatible; GPTBot/1.4; +https://openai.com/gptbot)"
74.7.243.193 - - [20/Aug/2026:10:43:19 +0200] "GET /196031792.htm HTTP/1.1" 500 - "https://goettler-services.de/sitemap_index.xml" "Mozilla/5.0 AppleWebKit/537.36 (KHTML, like Gecko; compatible; GPTBot/1.4; +https://openai.com/gptbot)"
74.7.243.193 - - [20/Aug/2026:10:43:40 +0200] "GET /207028651.htm HTTP/1.1" 500 - "https://goettler-services.de/sitemap_index.xml" "Mozilla/5.0 AppleWebKit/537.36 (KHTML, like Gecko; compatible; GPTBot/1.4; +https://openai.com/gptbot)"
74.7.243.193 - - [20/Aug/2026:10:44:01 +0200] "GET /257014785.htm HTTP/1.1" 500 - "https://goettler-services.de/sitemap_index.xml" "Mozilla/5.0 AppleWebKit/537.36 (KHTML, like Gecko; compatible; GPTBot/1.4; +https://openai.com/gptbot)"
74.7.243.193 - - [20/Aug/2026:10:44:22 +0200] "GET /196025750.htm HTTP/1.1" 500 - "https://goettler-services.de/sitemap_index.xml" "Mozilla/5.0 AppleWebKit/537.36 (KHTML, like Gecko; compatible; GPTBot/1.4; +https://openai.com/gptbot)"
74.7.243.193 - - [20/Aug/2026:10:44:44 +0200] "GET /084032152.htm HTTP/1.1" 500 - "https://goettler-services.de/sitemap_index.xml" "Mozilla/5.0 AppleWebKit/537.36 (KHTML, like Gecko; compatible; GPTBot/1.4; +https://openai.com/gptbot)"
74.7.243.193 - - [20/Aug/2026:10:45:05 +0200] "GET /165048281.htm HTTP/1.1" 500 - "https://goettler-services.de/sitemap_index.xml" "Mozilla/5.0 AppleWebKit/537.36 (KHTML, like Gecko; compatible; GPTBot/1.4; +https://openai.com/gptbot)"
74.7.243.193 - - [20/Aug/2026:10:45:26 +0200] "GET /183044957.htm HTTP/1.1" 500 - "https://goettler-services.de/sitemap_index.xml" "Mozilla/5.0 AppleWebKit/537.36 (KHTML, like Gecko; compatible; GPTBot/1.4; +https://openai.com/gptbot)"
20.104.100.201 - - [20/Aug/2026:10:45:39 +0200] "GET /wp-content/plugins/hellopress/wp_filemanager.php HTTP/1.1" 404 5750 "-" "-"
20.104.100.201 - - [20/Aug/2026:10:45:40 +0200] "GET /this_is_a_new_hello_world.php HTTP/1.1" 404 5750 "-" "-"
20.104.100.201 - - [20/Aug/2026:10:45:40 +0200] "GET /makeasmtp.php HTTP/1.1" 404 5750 "-" "-"
20.104.100.201 - - [20/Aug/2026:10:45:40 +0200] "GET /kir.php HTTP/1.1" 404 5750 "-" "-"
20.104.100.201 - - [20/Aug/2026:10:45:41 +0200] "GET /fling.php?p= HTTP/1.1" 404 5750 "-" "-"
20.104.100.201 - - [20/Aug/2026:10:45:41 +0200] "GET /nofile.php HTTP/1.1" 404 5750 "-" "-"
20.104.100.201 - - [20/Aug/2026:10:45:42 +0200] "GET /100.php HTTP/1.1" 404 5750 "-" "-"
20.104.100.201 - - [20/Aug/2026:10:45:42 +0200] "GET /rt.php HTTP/1.1" 404 5750 "-" "-"
20.104.100.201 - - [20/Aug/2026:10:45:42 +0200] "GET /cok.php HTTP/1.1" 404 5750 "-" "-"
20.104.100.201 - - [20/Aug/2026:10:45:42 +0200] "GET /accesson.php HTTP/1.1" 404 5750 "-" "-"
20.104.100.201 - - [20/Aug/2026:10:45:43 +0200] "GET /av.php HTTP/1.1" 404 5750 "-" "-"
20.104.100.201 - - [20/Aug/2026:10:45:43 +0200] "GET /kj.php HTTP/1.1" 404 5750 "-" "-"
20.104.100.201 - - [20/Aug/2026:10:45:43 +0200] "GET /wp-admin/images/acxx.php HTTP/1.1" 404 5750 "-" "-"
20.104.100.201 - - [20/Aug/2026:10:45:43 +0200] "GET /png.php HTTP/1.1" 404 5750 "-" "-"
20.104.100.201 - - [20/Aug/2026:10:45:44 +0200] "GET /ab.php HTTP/1.1" 404 5750 "-" "-"
20.104.100.201 - - [20/Aug/2026:10:45:44 +0200] "GET /12.php HTTP/1.1" 404 5750 "-" "-"
20.104.100.201 - - [20/Aug/2026:10:45:44 +0200] "GET /x1da.php HTTP/1.1" 404 5750 "-" "-"
20.104.100.201 - - [20/Aug/2026:10:45:44 +0200] "GET /mcs.php HTTP/1.1" 404 5750 "-" "-"
20.104.100.201 - - [20/Aug/2026:10:45:45 +0200] "GET /adminner.php HTTP/1.1" 404 5750 "-" "-"
20.104.100.201 - - [20/Aug/2026:10:45:45 +0200] "GET /dragonshell.php HTTP/1.1" 404 5750 "-" "-"
20.104.100.201 - - [20/Aug/2026:10:45:45 +0200] "GET /setup-config.php HTTP/1.1" 404 5750 "-" "-"
20.104.100.201 - - [20/Aug/2026:10:45:46 +0200] "GET /f35.update.php HTTP/1.1" 404 5750 "-" "-"
20.104.100.201 - - [20/Aug/2026:10:45:46 +0200] "GET /bdroot.php HTTP/1.1" 404 5750 "-" "-"
20.104.100.201 - - [20/Aug/2026:10:45:47 +0200] "GET /wp-temp.php HTTP/1.1" 404 5750 "-" "-"
74.7.243.193 - - [20/Aug/2026:10:45:47 +0200] "GET /278016138.htm HTTP/1.1" 500 - "https://goettler-services.de/sitemap_index.xml" "Mozilla/5.0 AppleWebKit/537.36 (KHTML, like Gecko; compatible; GPTBot/1.4; +https://openai.com/gptbot)"
20.104.100.201 - - [20/Aug/2026:10:45:47 +0200] "GET /wp-css.php HTTP/1.1" 404 5750 "-" "-"
20.104.100.201 - - [20/Aug/2026:10:45:47 +0200] "GET /flox.php HTTP/1.1" 404 5750 "-" "-"
20.104.100.201 - - [20/Aug/2026:10:45:47 +0200] "GET /op.php HTTP/1.1" 404 5750 "-" "-"
20.104.100.201 - - [20/Aug/2026:10:45:48 +0200] "GET /1xmomo.php HTTP/1.1" 404 5750 "-" "-"
20.104.100.201 - - [20/Aug/2026:10:45:48 +0200] "GET /txets.php HTTP/1.1" 404 5750 "-" "-"
20.104.100.201 - - [20/Aug/2026:10:45:48 +0200] "GET /img.php HTTP/1.1" 404 5750 "-" "-"
20.104.100.201 - - [20/Aug/2026:10:45:49 +0200] "GET /wp-content/admin.php HTTP/1.1" 404 5750 "-" "-"
20.104.100.201 - - [20/Aug/2026:10:45:49 +0200] "GET /wp-content/index.php HTTP/1.1" 404 5750 "-" "-"
20.104.100.201 - - [20/Aug/2026:10:45:49 +0200] "GET /wp-admin/setup-config.php HTTP/1.1" 404 5750 "-" "-"
20.104.100.201 - - [20/Aug/2026:10:45:50 +0200] "GET /wp-content/cong.php HTTP/1.1" 404 5750 "-" "-"
20.104.100.201 - - [20/Aug/2026:10:45:50 +0200] "GET /term.php HTTP/1.1" 404 5750 "-" "-"
20.104.100.201 - - [20/Aug/2026:10:45:50 +0200] "GET /black.php HTTP/1.1" 404 5750 "-" "-"
20.104.100.201 - - [20/Aug/2026:10:45:50 +0200] "GET /as.php HTTP/1.1" 404 5750 "-" "-"
20.104.100.201 - - [20/Aug/2026:10:45:51 +0200] "GET /pucci.php HTTP/1.1" 404 5750 "-" "-"
20.104.100.201 - - [20/Aug/2026:10:45:51 +0200] "GET /wicked.php HTTP/1.1" 404 5750 "-" "-"
20.104.100.201 - - [20/Aug/2026:10:45:51 +0200] "GET /water.php HTTP/1.1" 404 5750 "-" "-"
20.104.100.201 - - [20/Aug/2026:10:45:52 +0200] "GET /fine.php HTTP/1.1" 404 5750 "-" "-"
20.104.100.201 - - [20/Aug/2026:10:45:53 +0200] "GET /loader.php HTTP/1.1" 404 5750 "-" "-"
20.104.100.201 - - [20/Aug/2026:10:45:53 +0200] "GET /zero.php HTTP/1.1" 404 5750 "-" "-"
20.104.100.201 - - [20/Aug/2026:10:45:53 +0200] "GET /002.php HTTP/1.1" 404 5750 "-" "-"
20.104.100.201 - - [20/Aug/2026:10:45:53 +0200] "GET /zxz.php HTTP/1.1" 404 5750 "-" "-"
20.104.100.201 - - [20/Aug/2026:10:45:54 +0200] "GET /memberfuns.php HTTP/1.1" 404 5750 "-" "-"
20.104.100.201 - - [20/Aug/2026:10:45:54 +0200] "GET /aa.php HTTP/1.1" 404 5750 "-" "-"
20.104.100.201 - - [20/Aug/2026:10:45:54 +0200] "GET /echkm.php HTTP/1.1" 404 5750 "-" "-"
20.104.100.201 - - [20/Aug/2026:10:45:54 +0200] "GET /domvf.php HTTP/1.1" 404 5750 "-" "-"
20.104.100.201 - - [20/Aug/2026:10:45:55 +0200] "GET /red.php HTTP/1.1" 404 5750 "-" "-"
20.104.100.201 - - [20/Aug/2026:10:45:55 +0200] "GET /JawirGenk.php HTTP/1.1" 404 5750 "-" "-"
20.104.100.201 - - [20/Aug/2026:10:45:55 +0200] "GET /wp-content/options.php HTTP/1.1" 404 5750 "-" "-"
20.104.100.201 - - [20/Aug/2026:10:45:55 +0200] "GET /wp-content/ms-files.php HTTP/1.1" 404 5750 "-" "-"
20.104.100.201 - - [20/Aug/2026:10:45:56 +0200] "GET /wp-content/uploads/users.php HTTP/1.1" 404 5750 "-" "-"
20.104.100.201 - - [20/Aug/2026:10:45:56 +0200] "GET /output.php HTTP/1.1" 404 5750 "-" "-"
20.104.100.201 - - [20/Aug/2026:10:45:56 +0200] "GET /tiny2.php HTTP/1.1" 404 5750 "-" "-"
20.104.100.201 - - [20/Aug/2026:10:45:56 +0200] "GET /wpxml.php HTTP/1.1" 404 5750 "-" "-"
20.104.100.201 - - [20/Aug/2026:10:45:57 +0200] "GET /wp-content/min.php HTTP/1.1" 404 5750 "-" "-"
20.104.100.201 - - [20/Aug/2026:10:45:57 +0200] "GET /ccou.php HTTP/1.1" 404 5750 "-" "-"
20.104.100.201 - - [20/Aug/2026:10:45:57 +0200] "GET /crgio.php HTTP/1.1" 404 5750 "-" "-"
20.104.100.201 - - [20/Aug/2026:10:45:57 +0200] "GET /wp-content/uploads/file1.php HTTP/1.1" 404 5750 "-" "-"
20.104.100.201 - - [20/Aug/2026:10:45:58 +0200] "GET /css.php HTTP/1.1" 404 5750 "-" "-"
20.104.100.201 - - [20/Aug/2026:10:45:58 +0200] "GET /wp-admin/css/index.php HTTP/1.1" 404 5750 "-" "-"
20.104.100.201 - - [20/Aug/2026:10:45:58 +0200] "GET /epinyins.php HTTP/1.1" 404 5750 "-" "-"
20.104.100.201 - - [20/Aug/2026:10:45:58 +0200] "GET /load.php HTTP/1.1" 404 5750 "-" "-"
20.104.100.201 - - [20/Aug/2026:10:45:59 +0200] "GET /wp-includes/Text/Diff/Engine/file_cdd9.php HTTP/1.1" 404 5750 "-" "-"
20.104.100.201 - - [20/Aug/2026:10:45:59 +0200] "GET /ty.php HTTP/1.1" 404 5750 "-" "-"
20.104.100.201 - - [20/Aug/2026:10:45:59 +0200] "GET /wp-content/uploads/panel.php HTTP/1.1" 404 5750 "-" "-"
20.104.100.201 - - [20/Aug/2026:10:45:59 +0200] "GET /dot.php HTTP/1.1" 404 5750 "-" "-"
20.104.100.201 - - [20/Aug/2026:10:46:00 +0200] "GET /005.php HTTP/1.1" 404 5750 "-" "-"
20.104.100.201 - - [20/Aug/2026:10:46:00 +0200] "GET /v2.php HTTP/1.1" 404 5750 "-" "-"
20.104.100.201 - - [20/Aug/2026:10:46:00 +0200] "GET /wkl.php HTTP/1.1" 404 5750 "-" "-"
20.104.100.201 - - [20/Aug/2026:10:46:00 +0200] "GET /wp-asudo.php HTTP/1.1" 404 5750 "-" "-"
20.104.100.201 - - [20/Aug/2026:10:46:02 +0200] "GET /az.php HTTP/1.1" 404 5750 "-" "-"
20.104.100.201 - - [20/Aug/2026:10:46:02 +0200] "GET /z43agz.php HTTP/1.1" 404 5750 "-" "-"
20.104.100.201 - - [20/Aug/2026:10:46:03 +0200] "GET /3.php HTTP/1.1" 404 5750 "-" "-"
20.104.100.201 - - [20/Aug/2026:10:46:03 +0200] "GET /log.php HTTP/1.1" 404 5750 "-" "-"
20.104.100.201 - - [20/Aug/2026:10:46:03 +0200] "GET /ohct.php HTTP/1.1" 404 5750 "-" "-"
20.104.100.201 - - [20/Aug/2026:10:46:03 +0200] "GET /ot.php HTTP/1.1" 404 5750 "-" "-"
20.104.100.201 - - [20/Aug/2026:10:46:04 +0200] "GET /v5.php HTTP/1.1" 404 5750 "-" "-"
20.104.100.201 - - [20/Aug/2026:10:46:04 +0200] "GET /wp-content/replace.php HTTP/1.1" 404 5750 "-" "-"
20.104.100.201 - - [20/Aug/2026:10:46:04 +0200] "GET /fw/faiyy.php HTTP/1.1" 404 5750 "-" "-"
20.104.100.201 - - [20/Aug/2026:10:46:04 +0200] "GET /dk.php HTTP/1.1" 404 5750 "-" "-"
20.104.100.201 - - [20/Aug/2026:10:46:05 +0200] "GET /bal.php HTTP/1.1" 404 5750 "-" "-"
20.104.100.201 - - [20/Aug/2026:10:46:05 +0200] "GET /yawa.php HTTP/1.1" 404 5750 "-" "-"
20.104.100.201 - - [20/Aug/2026:10:46:05 +0200] "GET /wp-admin/maint/max.php HTTP/1.1" 404 5750 "-" "-"
20.104.100.201 - - [20/Aug/2026:10:46:06 +0200] "GET /7.php HTTP/1.1" 404 5750 "-" "-"
20.104.100.201 - - [20/Aug/2026:10:46:06 +0200] "GET /ws77.php HTTP/1.1" 404 5750 "-" "-"
20.104.100.201 - - [20/Aug/2026:10:46:06 +0200] "GET /read.php HTTP/1.1" 404 5750 "-" "-"
20.104.100.201 - - [20/Aug/2026:10:46:06 +0200] "GET /albin.php HTTP/1.1" 404 5750 "-" "-"
20.104.100.201 - - [20/Aug/2026:10:46:07 +0200] "GET /fw/34.php HTTP/1.1" 404 5750 "-" "-"
20.104.100.201 - - [20/Aug/2026:10:46:07 +0200] "GET /wp9.php HTTP/1.1" 404 5750 "-" "-"
20.104.100.201 - - [20/Aug/2026:10:46:07 +0200] "GET /save.php HTTP/1.1" 404 5750 "-" "-"
20.104.100.201 - - [20/Aug/2026:10:46:07 +0200] "GET /wp-rrtx.php HTTP/1.1" 404 5750 "-" "-"
20.104.100.201 - - [20/Aug/2026:10:46:08 +0200] "GET /gecko-new.php HTTP/1.1" 404 5750 "-" "-"
20.104.100.201 - - [20/Aug/2026:10:46:08 +0200] "GET /df.php HTTP/1.1" 404 5750 "-" "-"
74.7.243.193 - - [20/Aug/2026:10:46:08 +0200] "GET /252036578.htm HTTP/1.1" 500 - "https://goettler-services.de/sitemap_index.xml" "Mozilla/5.0 AppleWebKit/537.36 (KHTML, like Gecko; compatible; GPTBot/1.4; +https://openai.com/gptbot)"
20.104.100.201 - - [20/Aug/2026:10:46:08 +0200] "GET /wp-includes/Text/Diff/Engine/file_ed27.php HTTP/1.1" 404 5750 "-" "-"
20.104.100.201 - - [20/Aug/2026:10:46:09 +0200] "GET /usr.php HTTP/1.1" 404 5750 "-" "-"
20.104.100.201 - - [20/Aug/2026:10:46:09 +0200] "GET /wp-admin/privacy.php HTTP/1.1" 404 5750 "-" "-"
20.104.100.201 - - [20/Aug/2026:10:46:12 +0200] "GET /css/database.php HTTP/1.1" 404 5750 "-" "-"
20.104.100.201 - - [20/Aug/2026:10:46:13 +0200] "GET /privdayz.php HTTP/1.1" 404 5750 "-" "-"
20.104.100.201 - - [20/Aug/2026:10:46:17 +0200] "GET /wg459o.php HTTP/1.1" 404 5750 "-" "-"
20.104.100.201 - - [20/Aug/2026:10:46:18 +0200] "GET /mifta.php HTTP/1.1" 404 5750 "-" "-"
20.104.100.201 - - [20/Aug/2026:10:46:18 +0200] "GET /wp-content/xyn.php HTTP/1.1" 404 5750 "-" "-"
20.104.100.201 - - [20/Aug/2026:10:46:18 +0200] "GET /index2.php HTTP/1.1" 404 5750 "-" "-"
20.104.100.201 - - [20/Aug/2026:10:46:18 +0200] "GET /8.php HTTP/1.1" 404 5750 "-" "-"
20.104.100.201 - - [20/Aug/2026:10:46:19 +0200] "GET /images.php HTTP/1.1" 404 5750 "-" "-"
20.104.100.201 - - [20/Aug/2026:10:46:19 +0200] "GET /a.php HTTP/1.1" 404 5750 "-" "-"
20.104.100.201 - - [20/Aug/2026:10:46:19 +0200] "GET /11PJcpMFsD8B.php HTTP/1.1" 404 5750 "-" "-"
20.104.100.201 - - [20/Aug/2026:10:46:19 +0200] "GET /99.php HTTP/1.1" 404 5750 "-" "-"
20.104.100.201 - - [20/Aug/2026:10:46:21 +0200] "GET /yup.php HTTP/1.1" 404 5750 "-" "-"
20.104.100.201 - - [20/Aug/2026:10:46:21 +0200] "GET /222.php HTTP/1.1" 404 5750 "-" "-"
20.104.100.201 - - [20/Aug/2026:10:46:21 +0200] "GET /wp-temp.php HTTP/1.1" 404 5750 "-" "-"
20.104.100.201 - - [20/Aug/2026:10:46:22 +0200] "GET /spadex.php HTTP/1.1" 404 5750 "-" "-"
20.104.100.201 - - [20/Aug/2026:10:46:22 +0200] "GET /wp-includes/block-bindings/index.php HTTP/1.1" 404 5750 "-" "-"
20.104.100.201 - - [20/Aug/2026:10:46:22 +0200] "GET /srontol.php HTTP/1.1" 404 5750 "-" "-"
20.104.100.201 - - [20/Aug/2026:10:46:23 +0200] "GET /file5.php HTTP/1.1" 404 5750 "-" "-"
20.104.100.201 - - [20/Aug/2026:10:46:23 +0200] "GET /yup.php HTTP/1.1" 404 5750 "-" "-"
20.104.100.201 - - [20/Aug/2026:10:46:23 +0200] "GET /classwithtostring.php HTTP/1.1" 404 5750 "-" "-"
20.104.100.201 - - [20/Aug/2026:10:46:23 +0200] "GET /wp-the.php HTTP/1.1" 404 5750 "-" "-"
20.104.100.201 - - [20/Aug/2026:10:46:24 +0200] "GET /wp-content/cong.php HTTP/1.1" 404 5750 "-" "-"
20.104.100.201 - - [20/Aug/2026:10:46:24 +0200] "GET /xwpg.php HTTP/1.1" 404 5750 "-" "-"
20.104.100.201 - - [20/Aug/2026:10:46:24 +0200] "GET /dex.php HTTP/1.1" 404 5750 "-" "-"
20.104.100.201 - - [20/Aug/2026:10:46:24 +0200] "GET /xyn.php HTTP/1.1" 404 5750 "-" "-"
20.104.100.201 - - [20/Aug/2026:10:46:25 +0200] "GET /wp-admin/js/index.php HTTP/1.1" 404 5750 "-" "-"
20.104.100.201 - - [20/Aug/2026:10:46:25 +0200] "GET /wp-good.php HTTP/1.1" 404 5750 "-" "-"
20.104.100.201 - - [20/Aug/2026:10:46:25 +0200] "GET /wmore1.php HTTP/1.1" 404 5750 "-" "-"
20.104.100.201 - - [20/Aug/2026:10:46:25 +0200] "GET /special.php HTTP/1.1" 404 5750 "-" "-"
20.104.100.201 - - [20/Aug/2026:10:46:26 +0200] "GET /wp-content/themes/index.php HTTP/1.1" 404 5750 "-" "-"
20.104.100.201 - - [20/Aug/2026:10:46:26 +0200] "GET /thoms.php HTTP/1.1" 404 5750 "-" "-"
20.104.100.201 - - [20/Aug/2026:10:46:26 +0200] "GET /wp-includes/Text/Diff/Engine/about.php HTTP/1.1" 404 5750 "-" "-"
20.104.100.201 - - [20/Aug/2026:10:46:26 +0200] "GET /root.php HTTP/1.1" 404 5750 "-" "-"
20.104.100.201 - - [20/Aug/2026:10:46:27 +0200] "GET /fpwch.php HTTP/1.1" 404 5750 "-" "-"
20.104.100.201 - - [20/Aug/2026:10:46:27 +0200] "GET /mg.php HTTP/1.1" 404 5750 "-" "-"
20.104.100.201 - - [20/Aug/2026:10:46:27 +0200] "GET /reop3.php HTTP/1.1" 404 5750 "-" "-"
20.104.100.201 - - [20/Aug/2026:10:46:28 +0200] "GET /php5.php HTTP/1.1" 404 5750 "-" "-"
20.104.100.201 - - [20/Aug/2026:10:46:28 +0200] "GET /acp.php HTTP/1.1" 404 5750 "-" "-"
20.104.100.201 - - [20/Aug/2026:10:46:28 +0200] "GET /yas.php HTTP/1.1" 404 5750 "-" "-"
74.7.243.193 - - [20/Aug/2026:10:46:29 +0200] "GET /168024398.htm HTTP/1.1" 500 - "https://goettler-services.de/sitemap_index.xml" "Mozilla/5.0 AppleWebKit/537.36 (KHTML, like Gecko; compatible; GPTBot/1.4; +https://openai.com/gptbot)"
20.104.100.201 - - [20/Aug/2026:10:46:29 +0200] "GET /ah25.php HTTP/1.1" 404 5750 "-" "-"
20.104.100.201 - - [20/Aug/2026:10:46:29 +0200] "GET /ano.php HTTP/1.1" 404 5750 "-" "-"
20.104.100.201 - - [20/Aug/2026:10:46:29 +0200] "GET /nwflm.php HTTP/1.1" 404 5750 "-" "-"
20.104.100.201 - - [20/Aug/2026:10:46:29 +0200] "GET /wp-load.php HTTP/1.1" 404 5750 "-" "-"
20.104.100.201 - - [20/Aug/2026:10:46:30 +0200] "GET /jj.php HTTP/1.1" 404 5750 "-" "-"
20.104.100.201 - - [20/Aug/2026:10:46:30 +0200] "GET /img.php HTTP/1.1" 404 5750 "-" "-"
20.104.100.201 - - [20/Aug/2026:10:46:30 +0200] "GET /we.php HTTP/1.1" 404 5750 "-" "-"
66.249.66.42 - - [20/Aug/2026:10:46:42 +0200] "GET /079000843.htm HTTP/1.1" 200 153245 "-" "Mozilla/5.0 (Linux; Android 6.0.1; Nexus 5X Build/MMB29P) AppleWebKit/537.36 (KHTML, like Gecko) Chrome/151.0.7922.137 Mobile Safari/537.36 (compatible; GoogleOther)"
74.7.243.193 - - [20/Aug/2026:10:46:49 +0200] "GET /198047930.htm HTTP/1.1" 500 - "https://goettler-services.de/sitemap_index.xml" "Mozilla/5.0 AppleWebKit/537.36 (KHTML, like Gecko; compatible; GPTBot/1.4; +https://openai.com/gptbot)"
66.249.66.41 - - [20/Aug/2026:10:46:53 +0200] "GET /143021801.htm HTTP/1.1" 200 153905 "-" "Mozilla/5.0 (Linux; Android 6.0.1; Nexus 5X Build/MMB29P) AppleWebKit/537.36 (KHTML, like Gecko) Chrome/151.0.7922.137 Mobile Safari/537.36 (compatible; GoogleOther)"
74.7.243.193 - - [20/Aug/2026:10:47:10 +0200] "GET /067025883.htm HTTP/1.1" 500 - "https://goettler-services.de/sitemap_index.xml" "Mozilla/5.0 AppleWebKit/537.36 (KHTML, like Gecko; compatible; GPTBot/1.4; +https://openai.com/gptbot)"
74.7.243.193 - - [20/Aug/2026:10:47:31 +0200] "GET /127005839.htm HTTP/1.1" 500 - "https://goettler-services.de/sitemap_index.xml" "Mozilla/5.0 AppleWebKit/537.36 (KHTML, like Gecko; compatible; GPTBot/1.4; +https://openai.com/gptbot)"
74.7.243.193 - - [20/Aug/2026:10:47:53 +0200] "GET /246003186.htm HTTP/1.1" 500 - "https://goettler-services.de/sitemap_index.xml" "Mozilla/5.0 AppleWebKit/537.36 (KHTML, like Gecko; compatible; GPTBot/1.4; +https://openai.com/gptbot)"
74.7.243.193 - - [20/Aug/2026:10:48:15 +0200] "GET /129016035.htm HTTP/1.1" 500 - "https://goettler-services.de/sitemap_index.xml" "Mozilla/5.0 AppleWebKit/537.36 (KHTML, like Gecko; compatible; GPTBot/1.4; +https://openai.com/gptbot)"
74.7.243.193 - - [20/Aug/2026:10:48:36 +0200] "GET /197042935.htm HTTP/1.1" 500 - "https://goettler-services.de/sitemap_index.xml" "Mozilla/5.0 AppleWebKit/537.36 (KHTML, like Gecko; compatible; GPTBot/1.4; +https://openai.com/gptbot)"
74.7.243.193 - - [20/Aug/2026:10:48:57 +0200] "GET /270019394.htm HTTP/1.1" 500 - "https://goettler-services.de/sitemap_index.xml" "Mozilla/5.0 AppleWebKit/537.36 (KHTML, like Gecko; compatible; GPTBot/1.4; +https://openai.com/gptbot)"
74.7.243.193 - - [20/Aug/2026:10:49:17 +0200] "GET /114038692.htm HTTP/1.1" 500 - "https://goettler-services.de/sitemap_index.xml" "Mozilla/5.0 AppleWebKit/537.36 (KHTML, like Gecko; compatible; GPTBot/1.4; +https://openai.com/gptbot)"
74.7.243.193 - - [20/Aug/2026:10:49:39 +0200] "GET /170029326.htm HTTP/1.1" 500 - "https://goettler-services.de/sitemap_index.xml" "Mozilla/5.0 AppleWebKit/537.36 (KHTML, like Gecko; compatible; GPTBot/1.4; +https://openai.com/gptbot)"
74.7.243.193 - - [20/Aug/2026:10:49:59 +0200] "GET /124006752.htm HTTP/1.1" 500 - "https://goettler-services.de/sitemap_index.xml" "Mozilla/5.0 AppleWebKit/537.36 (KHTML, like Gecko; compatible; GPTBot/1.4; +https://openai.com/gptbot)"
74.7.243.193 - - [20/Aug/2026:10:50:21 +0200] "GET /039035671.htm HTTP/1.1" 500 - "https://goettler-services.de/sitemap_index.xml" "Mozilla/5.0 AppleWebKit/537.36 (KHTML, like Gecko; compatible; GPTBot/1.4; +https://openai.com/gptbot)"
74.7.243.193 - - [20/Aug/2026:10:50:41 +0200] "GET /142027036.htm HTTP/1.1" 500 - "https://goettler-services.de/sitemap_index.xml" "Mozilla/5.0 AppleWebKit/537.36 (KHTML, like Gecko; compatible; GPTBot/1.4; +https://openai.com/gptbot)"
74.7.243.193 - - [20/Aug/2026:10:51:04 +0200] "GET /228044136.htm HTTP/1.1" 500 - "https://goettler-services.de/sitemap_index.xml" "Mozilla/5.0 AppleWebKit/537.36 (KHTML, like Gecko; compatible; GPTBot/1.4; +https://openai.com/gptbot)"
66.249.66.41 - - [20/Aug/2026:10:51:14 +0200] "GET /shop/storeSearch/CriteriaInput.aspx HTTP/1.1" 200 154021 "-" "Mozilla/5.0 (Linux; Android 6.0.1; Nexus 5X Build/MMB29P) AppleWebKit/537.36 (KHTML, like Gecko) Chrome/151.0.7922.137 Mobile Safari/537.36 (compatible; Googlebot/2.1; +http://www.google.com/bot.html)"
74.7.243.193 - - [20/Aug/2026:10:51:38 +0200] "GET /289047975.htm HTTP/1.1" 500 - "https://goettler-services.de/sitemap_index.xml" "Mozilla/5.0 AppleWebKit/537.36 (KHTML, like Gecko; compatible; GPTBot/1.4; +https://openai.com/gptbot)"
66.249.66.71 - - [20/Aug/2026:10:51:49 +0200] "GET /31728357 HTTP/1.1" 200 162963 "-" "Mozilla/5.0 (Linux; Android 6.0.1; Nexus 5X Build/MMB29P) AppleWebKit/537.36 (KHTML, like Gecko) Chrome/151.0.7922.137 Mobile Safari/537.36 (compatible; Googlebot/2.1; +http://www.google.com/bot.html)"
74.7.243.193 - - [20/Aug/2026:10:52:08 +0200] "GET /246020198.htm HTTP/1.1" 500 - "https://goettler-services.de/sitemap_index.xml" "Mozilla/5.0 AppleWebKit/537.36 (KHTML, like Gecko; compatible; GPTBot/1.4; +https://openai.com/gptbot)"
74.7.243.193 - - [20/Aug/2026:10:53:07 +0200] "GET /292043386.htm HTTP/1.1" 500 - "https://goettler-services.de/sitemap_index.xml" "Mozilla/5.0 AppleWebKit/537.36 (KHTML, like Gecko; compatible; GPTBot/1.4; +https://openai.com/gptbot)"
66.249.66.197 - - [20/Aug/2026:10:53:16 +0200] "GET /178006820.htm HTTP/1.1" 200 157691 "-" "Mozilla/5.0 (Linux; Android 6.0.1; Nexus 5X Build/MMB29P) AppleWebKit/537.36 (KHTML, like Gecko) Chrome/151.0.7922.137 Mobile Safari/537.36 (compatible; GoogleOther)"
74.7.243.193 - - [20/Aug/2026:10:53:36 +0200] "GET /120039826.htm HTTP/1.1" 500 - "https://goettler-services.de/sitemap_index.xml" "Mozilla/5.0 AppleWebKit/537.36 (KHTML, like Gecko; compatible; GPTBot/1.4; +https://openai.com/gptbot)"
74.7.243.193 - - [20/Aug/2026:10:54:10 +0200] "GET /092045382.htm HTTP/1.1" 500 - "https://goettler-services.de/sitemap_index.xml" "Mozilla/5.0 AppleWebKit/537.36 (KHTML, like Gecko; compatible; GPTBot/1.4; +https://openai.com/gptbot)"
74.7.243.193 - - [20/Aug/2026:10:54:41 +0200] "GET /167036943.htm HTTP/1.1" 500 - "https://goettler-services.de/sitemap_index.xml" "Mozilla/5.0 AppleWebKit/537.36 (KHTML, like Gecko; compatible; GPTBot/1.4; +https://openai.com/gptbot)"
66.249.66.196 - - [20/Aug/2026:10:54:53 +0200] "GET /goods.php HTTP/1.1" 200 153247 "-" "Mozilla/5.0 (Linux; Android 6.0.1; Nexus 5X Build/MMB29P) AppleWebKit/537.36 (KHTML, like Gecko) Chrome/151.0.7922.137 Mobile Safari/537.36 (compatible; Googlebot/2.1; +http://www.google.com/bot.html)"
74.7.243.193 - - [20/Aug/2026:10:55:01 +0200] "GET /086045782.htm HTTP/1.1" 500 - "https://goettler-services.de/sitemap_index.xml" "Mozilla/5.0 AppleWebKit/537.36 (KHTML, like Gecko; compatible; GPTBot/1.4; +https://openai.com/gptbot)"
74.7.243.193 - - [20/Aug/2026:10:55:19 +0200] "GET /287017343.htm HTTP/1.1" 500 - "https://goettler-services.de/sitemap_index.xml" "Mozilla/5.0 AppleWebKit/537.36 (KHTML, like Gecko; compatible; GPTBot/1.4; +https://openai.com/gptbot)"
66.249.66.39 - - [20/Aug/2026:10:55:29 +0200] "GET /419270088 HTTP/1.1" 200 156654 "-" "Mozilla/5.0 (Linux; Android 6.0.1; Nexus 5X Build/MMB29P) AppleWebKit/537.36 (KHTML, like Gecko) Chrome/151.0.7922.137 Mobile Safari/537.36 (compatible; Googlebot/2.1; +http://www.google.com/bot.html)"
74.7.243.193 - - [20/Aug/2026:10:55:39 +0200] "GET /184022530.htm HTTP/1.1" 500 - "https://goettler-services.de/sitemap_index.xml" "Mozilla/5.0 AppleWebKit/537.36 (KHTML, like Gecko; compatible; GPTBot/1.4; +https://openai.com/gptbot)"
74.7.243.193 - - [20/Aug/2026:10:55:54 +0200] "GET /296034908.htm HTTP/1.1" 500 - "https://goettler-services.de/sitemap_index.xml" "Mozilla/5.0 AppleWebKit/537.36 (KHTML, like Gecko; compatible; GPTBot/1.4; +https://openai.com/gptbot)"
74.7.243.193 - - [20/Aug/2026:10:56:00 +0200] "GET /169024247.htm HTTP/1.1" 500 - "https://goettler-services.de/sitemap_index.xml" "Mozilla/5.0 AppleWebKit/537.36 (KHTML, like Gecko; compatible; GPTBot/1.4; +https://openai.com/gptbot)"
66.249.66.39 - - [20/Aug/2026:10:56:19 +0200] "GET /789849414 HTTP/1.1" 200 177118 "-" "Mozilla/5.0 (Linux; Android 6.0.1; Nexus 5X Build/MMB29P) AppleWebKit/537.36 (KHTML, like Gecko) Chrome/151.0.7922.137 Mobile Safari/537.36 (compatible; Googlebot/2.1; +http://www.google.com/bot.html)"
74.7.243.193 - - [20/Aug/2026:10:56:21 +0200] "GET /251006289.htm HTTP/1.1" 500 - "https://goettler-services.de/sitemap_index.xml" "Mozilla/5.0 AppleWebKit/537.36 (KHTML, like Gecko; compatible; GPTBot/1.4; +https://openai.com/gptbot)"
74.7.243.193 - - [20/Aug/2026:10:56:42 +0200] "GET /291028163.htm HTTP/1.1" 500 - "https://goettler-services.de/sitemap_index.xml" "Mozilla/5.0 AppleWebKit/537.36 (KHTML, like Gecko; compatible; GPTBot/1.4; +https://openai.com/gptbot)"
66.249.66.204 - - [20/Aug/2026:10:56:56 +0200] "GET /elmon0-qr9262574087 HTTP/1.1" 200 179065 "-" "Mozilla/5.0 (Linux; Android 6.0.1; Nexus 5X Build/MMB29P) AppleWebKit/537.36 (KHTML, like Gecko) Chrome/151.0.7922.137 Mobile Safari/537.36 (compatible; Googlebot/2.1; +http://www.google.com/bot.html)"
74.7.243.193 - - [20/Aug/2026:10:57:03 +0200] "GET /194013748.htm HTTP/1.1" 500 - "https://goettler-services.de/sitemap_index.xml" "Mozilla/5.0 AppleWebKit/537.36 (KHTML, like Gecko; compatible; GPTBot/1.4; +https://openai.com/gptbot)"
74.7.243.193 - - [20/Aug/2026:10:57:24 +0200] "GET /184021956.htm HTTP/1.1" 500 - "https://goettler-services.de/sitemap_index.xml" "Mozilla/5.0 AppleWebKit/537.36 (KHTML, like Gecko; compatible; GPTBot/1.4; +https://openai.com/gptbot)"
66.249.66.39 - - [20/Aug/2026:10:57:52 +0200] "GET /193036927.htm HTTP/1.1" 200 155250 "-" "Mozilla/5.0 (Linux; Android 6.0.1; Nexus 5X Build/MMB29P) AppleWebKit/537.36 (KHTML, like Gecko) Chrome/151.0.7922.137 Mobile Safari/537.36 (compatible; GoogleOther)"
74.7.243.193 - - [20/Aug/2026:10:57:45 +0200] "GET /299043817.htm HTTP/1.1" 500 - "https://goettler-services.de/sitemap_index.xml" "Mozilla/5.0 AppleWebKit/537.36 (KHTML, like Gecko; compatible; GPTBot/1.4; +https://openai.com/gptbot)"
74.7.243.193 - - [20/Aug/2026:10:58:07 +0200] "GET /128044592.htm HTTP/1.1" 500 - "https://goettler-services.de/sitemap_index.xml" "Mozilla/5.0 AppleWebKit/537.36 (KHTML, like Gecko; compatible; GPTBot/1.4; +https://openai.com/gptbot)"
74.7.243.193 - - [20/Aug/2026:10:58:28 +0200] "GET /212039560.htm HTTP/1.1" 500 - "https://goettler-services.de/sitemap_index.xml" "Mozilla/5.0 AppleWebKit/537.36 (KHTML, like Gecko; compatible; GPTBot/1.4; +https://openai.com/gptbot)"
66.249.66.39 - - [20/Aug/2026:10:58:42 +0200] "GET /328794877 HTTP/1.1" 200 143607 "-" "Mozilla/5.0 (Linux; Android 6.0.1; Nexus 5X Build/MMB29P) AppleWebKit/537.36 (KHTML, like Gecko) Chrome/151.0.7922.137 Mobile Safari/537.36 (compatible; Googlebot/2.1; +http://www.google.com/bot.html)"
74.7.243.193 - - [20/Aug/2026:10:58:50 +0200] "GET /137028919.htm HTTP/1.1" 500 - "https://goettler-services.de/sitemap_index.xml" "Mozilla/5.0 AppleWebKit/537.36 (KHTML, like Gecko; compatible; GPTBot/1.4; +https://openai.com/gptbot)"
66.249.66.45 - - [20/Aug/2026:10:58:57 +0200] "GET /202039786.htm HTTP/1.1" 200 160038 "-" "Mozilla/5.0 (Linux; Android 6.0.1; Nexus 5X Build/MMB29P) AppleWebKit/537.36 (KHTML, like Gecko) Chrome/151.0.7922.137 Mobile Safari/537.36 (compatible; GoogleOther)"
74.7.243.193 - - [20/Aug/2026:10:59:10 +0200] "GET /135008567.htm HTTP/1.1" 500 - "https://goettler-services.de/sitemap_index.xml" "Mozilla/5.0 AppleWebKit/537.36 (KHTML, like Gecko; compatible; GPTBot/1.4; +https://openai.com/gptbot)"
74.7.243.193 - - [20/Aug/2026:10:59:30 +0200] "GET /185023359.htm HTTP/1.1" 500 - "https://goettler-services.de/sitemap_index.xml" "Mozilla/5.0 AppleWebKit/537.36 (KHTML, like Gecko; compatible; GPTBot/1.4; +https://openai.com/gptbot)"
74.7.243.193 - - [20/Aug/2026:10:59:51 +0200] "GET /289047043.htm HTTP/1.1" 500 - "https://goettler-services.de/sitemap_index.xml" "Mozilla/5.0 AppleWebKit/537.36 (KHTML, like Gecko; compatible; GPTBot/1.4; +https://openai.com/gptbot)"
74.7.243.193 - - [20/Aug/2026:11:00:11 +0200] "GET /177036885.htm HTTP/1.1" 500 - "https://goettler-services.de/sitemap_index.xml" "Mozilla/5.0 AppleWebKit/537.36 (KHTML, like Gecko; compatible; GPTBot/1.4; +https://openai.com/gptbot)"
74.7.243.193 - - [20/Aug/2026:11:00:56 +0200] "GET /097021735.htm HTTP/1.1" 500 - "https://goettler-services.de/sitemap_index.xml" "Mozilla/5.0 AppleWebKit/537.36 (KHTML, like Gecko; compatible; GPTBot/1.4; +https://openai.com/gptbot)"
74.7.243.193 - - [20/Aug/2026:11:04:03 +0200] "GET /136027394.htm HTTP/1.1" 500 - "https://goettler-services.de/sitemap_index.xml" "Mozilla/5.0 AppleWebKit/537.36 (KHTML, like Gecko; compatible; GPTBot/1.4; +https://openai.com/gptbot)"
74.7.243.193 - - [20/Aug/2026:11:04:22 +0200] "GET /124035980.htm HTTP/1.1" 500 - "https://goettler-services.de/sitemap_index.xml" "Mozilla/5.0 AppleWebKit/537.36 (KHTML, like Gecko; compatible; GPTBot/1.4; +https://openai.com/gptbot)"
74.7.243.193 - - [20/Aug/2026:11:04:34 +0200] "GET /178024436.htm HTTP/1.1" 500 - "https://goettler-services.de/sitemap_index.xml" "Mozilla/5.0 AppleWebKit/537.36 (KHTML, like Gecko; compatible; GPTBot/1.4; +https://openai.com/gptbot)"
74.7.243.193 - - [20/Aug/2026:11:04:46 +0200] "GET /177020583.htm HTTP/1.1" 500 - "https://goettler-services.de/sitemap_index.xml" "Mozilla/5.0 AppleWebKit/537.36 (KHTML, like Gecko; compatible; GPTBot/1.4; +https://openai.com/gptbot)"
66.249.66.72 - - [20/Aug/2026:11:04:45 +0200] "GET /594010551 HTTP/1.1" 200 170292 "-" "Mozilla/5.0 (Linux; Android 6.0.1; Nexus 5X Build/MMB29P) AppleWebKit/537.36 (KHTML, like Gecko) Chrome/151.0.7922.137 Mobile Safari/537.36 (compatible; Googlebot/2.1; +http://www.google.com/bot.html)"
74.7.243.193 - - [20/Aug/2026:11:05:06 +0200] "GET /199016547.htm HTTP/1.1" 500 - "https://goettler-services.de/sitemap_index.xml" "Mozilla/5.0 AppleWebKit/537.36 (KHTML, like Gecko; compatible; GPTBot/1.4; +https://openai.com/gptbot)"
74.7.243.193 - - [20/Aug/2026:11:05:27 +0200] "GET /137046495.htm HTTP/1.1" 500 - "https://goettler-services.de/sitemap_index.xml" "Mozilla/5.0 AppleWebKit/537.36 (KHTML, like Gecko; compatible; GPTBot/1.4; +https://openai.com/gptbot)"
74.7.243.193 - - [20/Aug/2026:11:05:48 +0200] "GET /203024971.htm HTTP/1.1" 500 - "https://goettler-services.de/sitemap_index.xml" "Mozilla/5.0 AppleWebKit/537.36 (KHTML, like Gecko; compatible; GPTBot/1.4; +https://openai.com/gptbot)"
66.249.66.200 - - [20/Aug/2026:11:05:53 +0200] "GET /10088811 HTTP/1.1" 200 152102 "-" "Mozilla/5.0 (Linux; Android 6.0.1; Nexus 5X Build/MMB29P) AppleWebKit/537.36 (KHTML, like Gecko) Chrome/151.0.7922.137 Mobile Safari/537.36 (compatible; Googlebot/2.1; +http://www.google.com/bot.html)"
74.7.243.193 - - [20/Aug/2026:11:06:09 +0200] "GET /269019481.htm HTTP/1.1" 500 - "https://goettler-services.de/sitemap_index.xml" "Mozilla/5.0 AppleWebKit/537.36 (KHTML, like Gecko; compatible; GPTBot/1.4; +https://openai.com/gptbot)"
74.7.243.193 - - [20/Aug/2026:11:06:31 +0200] "GET /290016278.htm HTTP/1.1" 500 - "https://goettler-services.de/sitemap_index.xml" "Mozilla/5.0 AppleWebKit/537.36 (KHTML, like Gecko; compatible; GPTBot/1.4; +https://openai.com/gptbot)"
74.7.243.193 - - [20/Aug/2026:11:06:53 +0200] "GET /289006327.htm HTTP/1.1" 500 - "https://goettler-services.de/sitemap_index.xml" "Mozilla/5.0 AppleWebKit/537.36 (KHTML, like Gecko; compatible; GPTBot/1.4; +https://openai.com/gptbot)"
66.249.66.41 - - [20/Aug/2026:11:06:52 +0200] "GET /outlet/235034196 HTTP/1.1" 200 155565 "-" "Mozilla/5.0 (Linux; Android 6.0.1; Nexus 5X Build/MMB29P) AppleWebKit/537.36 (KHTML, like Gecko) Chrome/151.0.7922.137 Mobile Safari/537.36 (compatible; GoogleOther)"
74.7.243.193 - - [20/Aug/2026:11:07:13 +0200] "GET /145048365.htm HTTP/1.1" 500 - "https://goettler-services.de/sitemap_index.xml" "Mozilla/5.0 AppleWebKit/537.36 (KHTML, like Gecko; compatible; GPTBot/1.4; +https://openai.com/gptbot)"
74.7.243.193 - - [20/Aug/2026:11:07:33 +0200] "GET /298020476.htm HTTP/1.1" 500 - "https://goettler-services.de/sitemap_index.xml" "Mozilla/5.0 AppleWebKit/537.36 (KHTML, like Gecko; compatible; GPTBot/1.4; +https://openai.com/gptbot)"
66.249.66.73 - - [20/Aug/2026:11:07:43 +0200] "GET /184038262.htm HTTP/1.1" 200 153560 "-" "Mozilla/5.0 (Linux; Android 6.0.1; Nexus 5X Build/MMB29P) AppleWebKit/537.36 (KHTML, like Gecko) Chrome/151.0.7922.137 Mobile Safari/537.36 (compatible; GoogleOther)"
74.7.243.193 - - [20/Aug/2026:11:07:55 +0200] "GET /167024573.htm HTTP/1.1" 500 - "https://goettler-services.de/sitemap_index.xml" "Mozilla/5.0 AppleWebKit/537.36 (KHTML, like Gecko; compatible; GPTBot/1.4; +https://openai.com/gptbot)"
74.7.243.193 - - [20/Aug/2026:11:08:17 +0200] "GET /016039354.htm HTTP/1.1" 500 - "https://goettler-services.de/sitemap_index.xml" "Mozilla/5.0 AppleWebKit/537.36 (KHTML, like Gecko; compatible; GPTBot/1.4; +https://openai.com/gptbot)"
66.249.66.73 - - [20/Aug/2026:11:08:27 +0200] "GET /513714654 HTTP/1.1" 200 176079 "-" "Mozilla/5.0 (Linux; Android 6.0.1; Nexus 5X Build/MMB29P) AppleWebKit/537.36 (KHTML, like Gecko) Chrome/151.0.7922.137 Mobile Safari/537.36 (compatible; Googlebot/2.1; +http://www.google.com/bot.html)"
74.7.243.193 - - [20/Aug/2026:11:08:38 +0200] "GET /212049508.htm HTTP/1.1" 500 - "https://goettler-services.de/sitemap_index.xml" "Mozilla/5.0 AppleWebKit/537.36 (KHTML, like Gecko; compatible; GPTBot/1.4; +https://openai.com/gptbot)"
74.7.243.193 - - [20/Aug/2026:11:09:00 +0200] "GET /283006659.htm HTTP/1.1" 500 - "https://goettler-services.de/sitemap_index.xml" "Mozilla/5.0 AppleWebKit/537.36 (KHTML, like Gecko; compatible; GPTBot/1.4; +https://openai.com/gptbot)"
66.249.66.39 - - [20/Aug/2026:11:09:04 +0200] "GET /271037141.htm HTTP/1.1" 200 154624 "-" "Mozilla/5.0 (Linux; Android 6.0.1; Nexus 5X Build/MMB29P) AppleWebKit/537.36 (KHTML, like Gecko) Chrome/151.0.7922.137 Mobile Safari/537.36 (compatible; GoogleOther)"
74.7.243.193 - - [20/Aug/2026:11:09:19 +0200] "GET /037018519.htm HTTP/1.1" 500 - "https://goettler-services.de/sitemap_index.xml" "Mozilla/5.0 AppleWebKit/537.36 (KHTML, like Gecko; compatible; GPTBot/1.4; +https://openai.com/gptbot)"
66.249.66.42 - - [20/Aug/2026:11:09:36 +0200] "GET /221038345.htm HTTP/1.1" 200 157658 "-" "Mozilla/5.0 (Linux; Android 6.0.1; Nexus 5X Build/MMB29P) AppleWebKit/537.36 (KHTML, like Gecko) Chrome/151.0.7922.137 Mobile Safari/537.36 (compatible; GoogleOther)"
74.7.243.193 - - [20/Aug/2026:11:09:40 +0200] "GET /293013495.htm HTTP/1.1" 500 - "https://goettler-services.de/sitemap_index.xml" "Mozilla/5.0 AppleWebKit/537.36 (KHTML, like Gecko; compatible; GPTBot/1.4; +https://openai.com/gptbot)"
74.7.243.193 - - [20/Aug/2026:11:10:01 +0200] "GET /157023641.htm HTTP/1.1" 500 - "https://goettler-services.de/sitemap_index.xml" "Mozilla/5.0 AppleWebKit/537.36 (KHTML, like Gecko; compatible; GPTBot/1.4; +https://openai.com/gptbot)"
66.249.66.68 - - [20/Aug/2026:11:10:04 +0200] "GET /4112432 HTTP/1.1" 200 165848 "-" "Mozilla/5.0 (Linux; Android 6.0.1; Nexus 5X Build/MMB29P) AppleWebKit/537.36 (KHTML, like Gecko) Chrome/151.0.7922.137 Mobile Safari/537.36 (compatible; Googlebot/2.1; +http://www.google.com/bot.html)"
74.7.243.193 - - [20/Aug/2026:11:10:23 +0200] "GET /198036352.htm HTTP/1.1" 500 - "https://goettler-services.de/sitemap_index.xml" "Mozilla/5.0 AppleWebKit/537.36 (KHTML, like Gecko; compatible; GPTBot/1.4; +https://openai.com/gptbot)"
66.249.66.39 - - [20/Aug/2026:11:10:28 +0200] "GET /45290457 HTTP/1.1" 200 153389 "-" "Mozilla/5.0 (Linux; Android 6.0.1; Nexus 5X Build/MMB29P) AppleWebKit/537.36 (KHTML, like Gecko) Chrome/151.0.7922.137 Mobile Safari/537.36 (compatible; Googlebot/2.1; +http://www.google.com/bot.html)"
74.7.243.193 - - [20/Aug/2026:11:10:44 +0200] "GET /260039678.htm HTTP/1.1" 500 - "https://goettler-services.de/sitemap_index.xml" "Mozilla/5.0 AppleWebKit/537.36 (KHTML, like Gecko; compatible; GPTBot/1.4; +https://openai.com/gptbot)"
66.249.66.38 - - [20/Aug/2026:11:10:48 +0200] "GET /193017043.htm HTTP/1.1" 200 141397 "-" "Mozilla/5.0 (Linux; Android 6.0.1; Nexus 5X Build/MMB29P) AppleWebKit/537.36 (KHTML, like Gecko) Chrome/151.0.7922.137 Mobile Safari/537.36 (compatible; GoogleOther)"
74.7.243.193 - - [20/Aug/2026:11:11:04 +0200] "GET /282039518.htm HTTP/1.1" 500 - "https://goettler-services.de/sitemap_index.xml" "Mozilla/5.0 AppleWebKit/537.36 (KHTML, like Gecko; compatible; GPTBot/1.4; +https://openai.com/gptbot)"
66.249.66.68 - - [20/Aug/2026:11:11:06 +0200] "GET /2849827 HTTP/1.1" 200 157545 "-" "Mozilla/5.0 (Linux; Android 6.0.1; Nexus 5X Build/MMB29P) AppleWebKit/537.36 (KHTML, like Gecko) Chrome/151.0.7922.137 Mobile Safari/537.36 (compatible; Googlebot/2.1; +http://www.google.com/bot.html)"
74.7.243.193 - - [20/Aug/2026:11:11:25 +0200] "GET /276009532.htm HTTP/1.1" 500 - "https://goettler-services.de/sitemap_index.xml" "Mozilla/5.0 AppleWebKit/537.36 (KHTML, like Gecko; compatible; GPTBot/1.4; +https://openai.com/gptbot)"
74.7.243.193 - - [20/Aug/2026:11:11:45 +0200] "GET /218033650.htm HTTP/1.1" 500 - "https://goettler-services.de/sitemap_index.xml" "Mozilla/5.0 AppleWebKit/537.36 (KHTML, like Gecko; compatible; GPTBot/1.4; +https://openai.com/gptbot)"
66.249.66.38 - - [20/Aug/2026:11:11:52 +0200] "GET /28027610 HTTP/1.1" 200 167914 "-" "Mozilla/5.0 (Linux; Android 6.0.1; Nexus 5X Build/MMB29P) AppleWebKit/537.36 (KHTML, like Gecko) Chrome/151.0.7922.137 Mobile Safari/537.36 (compatible; Googlebot/2.1; +http://www.google.com/bot.html)"
74.7.243.193 - - [20/Aug/2026:11:12:06 +0200] "GET /067014525.htm HTTP/1.1" 500 - "https://goettler-services.de/sitemap_index.xml" "Mozilla/5.0 AppleWebKit/537.36 (KHTML, like Gecko; compatible; GPTBot/1.4; +https://openai.com/gptbot)"
74.7.243.193 - - [20/Aug/2026:11:12:25 +0200] "GET /138026996.htm HTTP/1.1" 500 - "https://goettler-services.de/sitemap_index.xml" "Mozilla/5.0 AppleWebKit/537.36 (KHTML, like Gecko; compatible; GPTBot/1.4; +https://openai.com/gptbot)"
74.7.243.193 - - [20/Aug/2026:11:12:46 +0200] "GET /260018976.htm HTTP/1.1" 500 - "https://goettler-services.de/sitemap_index.xml" "Mozilla/5.0 AppleWebKit/537.36 (KHTML, like Gecko; compatible; GPTBot/1.4; +https://openai.com/gptbot)"
74.7.243.193 - - [20/Aug/2026:11:13:08 +0200] "GET /175044529.htm HTTP/1.1" 500 - "https://goettler-services.de/sitemap_index.xml" "Mozilla/5.0 AppleWebKit/537.36 (KHTML, like Gecko; compatible; GPTBot/1.4; +https://openai.com/gptbot)"
74.7.243.193 - - [20/Aug/2026:11:13:31 +0200] "GET /082034592.htm HTTP/1.1" 500 - "https://goettler-services.de/sitemap_index.xml" "Mozilla/5.0 AppleWebKit/537.36 (KHTML, like Gecko; compatible; GPTBot/1.4; +https://openai.com/gptbot)"
74.7.243.193 - - [20/Aug/2026:11:13:50 +0200] "GET /279046603.htm HTTP/1.1" 500 - "https://goettler-services.de/sitemap_index.xml" "Mozilla/5.0 AppleWebKit/537.36 (KHTML, like Gecko; compatible; GPTBot/1.4; +https://openai.com/gptbot)"
74.7.243.193 - - [20/Aug/2026:11:14:10 +0200] "GET /172032784.htm HTTP/1.1" 500 - "https://goettler-services.de/sitemap_index.xml" "Mozilla/5.0 AppleWebKit/537.36 (KHTML, like Gecko; compatible; GPTBot/1.4; +https://openai.com/gptbot)"
66.249.66.41 - - [20/Aug/2026:11:14:31 +0200] "GET /151032893.htm HTTP/1.1" 200 155525 "-" "Mozilla/5.0 (Linux; Android 6.0.1; Nexus 5X Build/MMB29P) AppleWebKit/537.36 (KHTML, like Gecko) Chrome/151.0.7922.137 Mobile Safari/537.36 (compatible; GoogleOther)"
74.7.243.193 - - [20/Aug/2026:11:14:31 +0200] "GET /158049930.htm HTTP/1.1" 500 - "https://goettler-services.de/sitemap_index.xml" "Mozilla/5.0 AppleWebKit/537.36 (KHTML, like Gecko; compatible; GPTBot/1.4; +https://openai.com/gptbot)"
74.7.243.193 - - [20/Aug/2026:11:14:51 +0200] "GET /275044809.htm HTTP/1.1" 500 - "https://goettler-services.de/sitemap_index.xml" "Mozilla/5.0 AppleWebKit/537.36 (KHTML, like Gecko; compatible; GPTBot/1.4; +https://openai.com/gptbot)"
66.249.66.42 - - [20/Aug/2026:11:15:01 +0200] "GET /6027979 HTTP/1.1" 200 165729 "-" "Mozilla/5.0 (Linux; Android 6.0.1; Nexus 5X Build/MMB29P) AppleWebKit/537.36 (KHTML, like Gecko) Chrome/151.0.7922.137 Mobile Safari/537.36 (compatible; Googlebot/2.1; +http://www.google.com/bot.html)"
74.7.243.193 - - [20/Aug/2026:11:15:12 +0200] "GET /207033419.htm HTTP/1.1" 500 - "https://goettler-services.de/sitemap_index.xml" "Mozilla/5.0 AppleWebKit/537.36 (KHTML, like Gecko; compatible; GPTBot/1.4; +https://openai.com/gptbot)"
66.249.66.201 - - [20/Aug/2026:11:15:29 +0200] "GET /229043363.htm HTTP/1.1" 200 176256 "-" "Mozilla/5.0 (Linux; Android 6.0.1; Nexus 5X Build/MMB29P) AppleWebKit/537.36 (KHTML, like Gecko) Chrome/151.0.7922.137 Mobile Safari/537.36 (compatible; GoogleOther)"
74.7.243.193 - - [20/Aug/2026:11:15:33 +0200] "GET /151024829.htm HTTP/1.1" 500 - "https://goettler-services.de/sitemap_index.xml" "Mozilla/5.0 AppleWebKit/537.36 (KHTML, like Gecko; compatible; GPTBot/1.4; +https://openai.com/gptbot)"
74.7.243.193 - - [20/Aug/2026:11:15:54 +0200] "GET /136045838.htm HTTP/1.1" 500 - "https://goettler-services.de/sitemap_index.xml" "Mozilla/5.0 AppleWebKit/537.36 (KHTML, like Gecko; compatible; GPTBot/1.4; +https://openai.com/gptbot)"
74.7.243.193 - - [20/Aug/2026:11:16:16 +0200] "GET /134015826.htm HTTP/1.1" 500 - "https://goettler-services.de/sitemap_index.xml" "Mozilla/5.0 AppleWebKit/537.36 (KHTML, like Gecko; compatible; GPTBot/1.4; +https://openai.com/gptbot)"
74.7.243.193 - - [20/Aug/2026:11:16:38 +0200] "GET /043027185.htm HTTP/1.1" 500 - "https://goettler-services.de/sitemap_index.xml" "Mozilla/5.0 AppleWebKit/537.36 (KHTML, like Gecko; compatible; GPTBot/1.4; +https://openai.com/gptbot)"
74.7.243.193 - - [20/Aug/2026:11:16:59 +0200] "GET /196003954.htm HTTP/1.1" 500 - "https://goettler-services.de/sitemap_index.xml" "Mozilla/5.0 AppleWebKit/537.36 (KHTML, like Gecko; compatible; GPTBot/1.4; +https://openai.com/gptbot)"
74.7.243.193 - - [20/Aug/2026:11:17:19 +0200] "GET /255008973.htm HTTP/1.1" 500 - "https://goettler-services.de/sitemap_index.xml" "Mozilla/5.0 AppleWebKit/537.36 (KHTML, like Gecko; compatible; GPTBot/1.4; +https://openai.com/gptbot)"
66.249.66.42 - - [20/Aug/2026:11:17:34 +0200] "GET /?detail/2590254176328 HTTP/1.1" 200 142263 "-" "Mozilla/5.0 (Linux; Android 6.0.1; Nexus 5X Build/MMB29P) AppleWebKit/537.36 (KHTML, like Gecko) Chrome/151.0.7922.137 Mobile Safari/537.36 (compatible; Googlebot/2.1; +http://www.google.com/bot.html)"
74.7.243.193 - - [20/Aug/2026:11:17:41 +0200] "GET /296034958.htm HTTP/1.1" 500 - "https://goettler-services.de/sitemap_index.xml" "Mozilla/5.0 AppleWebKit/537.36 (KHTML, like Gecko; compatible; GPTBot/1.4; +https://openai.com/gptbot)"
74.7.243.193 - - [20/Aug/2026:11:18:08 +0200] "GET /189042193.htm HTTP/1.1" 500 - "https://goettler-services.de/sitemap_index.xml" "Mozilla/5.0 AppleWebKit/537.36 (KHTML, like Gecko; compatible; GPTBot/1.4; +https://openai.com/gptbot)"
74.7.243.193 - - [20/Aug/2026:11:18:25 +0200] "GET /161043627.htm HTTP/1.1" 500 - "https://goettler-services.de/sitemap_index.xml" "Mozilla/5.0 AppleWebKit/537.36 (KHTML, like Gecko; compatible; GPTBot/1.4; +https://openai.com/gptbot)"
74.7.243.193 - - [20/Aug/2026:11:18:45 +0200] "GET /154041382.htm HTTP/1.1" 500 - "https://goettler-services.de/sitemap_index.xml" "Mozilla/5.0 AppleWebKit/537.36 (KHTML, like Gecko; compatible; GPTBot/1.4; +https://openai.com/gptbot)"
74.7.243.193 - - [20/Aug/2026:11:19:05 +0200] "GET /086017496.htm HTTP/1.1" 500 - "https://goettler-services.de/sitemap_index.xml" "Mozilla/5.0 AppleWebKit/537.36 (KHTML, like Gecko; compatible; GPTBot/1.4; +https://openai.com/gptbot)"
74.7.243.193 - - [20/Aug/2026:11:19:25 +0200] "GET /081033267.htm HTTP/1.1" 500 - "https://goettler-services.de/sitemap_index.xml" "Mozilla/5.0 AppleWebKit/537.36 (KHTML, like Gecko; compatible; GPTBot/1.4; +https://openai.com/gptbot)"
74.7.243.193 - - [20/Aug/2026:11:19:45 +0200] "GET /162048948.htm HTTP/1.1" 500 - "https://goettler-services.de/sitemap_index.xml" "Mozilla/5.0 AppleWebKit/537.36 (KHTML, like Gecko; compatible; GPTBot/1.4; +https://openai.com/gptbot)"
