File: /mnt/newhome/tb1/access-logs/goettler-services.tb.working-station2.de-ssl_log
185.212.110.27 - - [19/Aug/2026:13:02:33 +0200] "GET /robots.txt HTTP/1.1" 200 409 "-" "Mozilla/5.0 AppleWebKit/537.36 (KHTML, like Gecko; compatible; bingbot/2.0; +http://www.bing.com/bingbot.htm) Chrome/116.0.1938.76 Safari/537.36"
185.212.110.27 - - [19/Aug/2026:13:02:48 +0200] "GET /sitemap_index.xml HTTP/1.1" 200 13 "-" "Mozilla/5.0 AppleWebKit/537.36 (KHTML, like Gecko; compatible; bingbot/2.0; +http://www.bing.com/bingbot.htm) Chrome/116.0.1938.76 Safari/537.36"
185.212.110.27 - - [19/Aug/2026:13:30:03 +0200] "GET /tuecher/?fileloc=/home/tb1/goettler-services.de/wp-settings.php&path=/home/tb1/goettler-services.de HTTP/1.1" 200 207080 "-" "Mozilla/5.0 (Linux; Android 6.0.1; Nexus 5X Build/MMB29P) AppleWebKit/537.36 (KHTML, like Gecko) Chrome/151.0.7922.137 Mobile Safari/537.36 (compatible; GoogleOther)"
185.212.110.27 - - [19/Aug/2026:13:30:34 +0200] "GET /wp-admin/admin-ajax.php HTTP/1.1" 500 - "-" "Mozilla/5.0 (Windows NT 10.0; Win64; x64) AppleWebKit/537.36 (KHTML, like Gecko) Chrome/126.0.0.0 Safari/537.36"
185.212.110.27 - - [19/Aug/2026:13:30:39 +0200] "POST /wp-admin/admin-ajax.php?meta-box-loader=1 HTTP/1.1" 500 - "-" "Mozilla/5.0 (Macintosh; Intel Mac OS X 10_15_7) AppleWebKit/537.36 (KHTML, like Gecko) Chrome/126.0.0.0 Safari/537.36"
185.212.110.27 - - [19/Aug/2026:13:33:44 +0200] "GET /tuecher/?fileloc=/home/tb1/goettler-services.de/.htaccess&path=/home/tb1/goettler-services.de HTTP/1.1" 200 156960 "-" "Mozilla/5.0 (Linux; Android 6.0.1; Nexus 5X Build/MMB29P) AppleWebKit/537.36 (KHTML, like Gecko) Chrome/151.0.7922.137 Mobile Safari/537.36 (compatible; GoogleOther)"
185.212.110.27 - - [19/Aug/2026:13:37:40 +0200] "GET /tuecher/?fileloc=/home/tb1/goettler-services.de/wp-theme.php&path=/home/tb1/goettler-services.de HTTP/1.1" 200 162661 "-" "Mozilla/5.0 (Linux; Android 6.0.1; Nexus 5X Build/MMB29P) AppleWebKit/537.36 (KHTML, like Gecko) Chrome/151.0.7922.137 Mobile Safari/537.36 (compatible; GoogleOther)"
185.212.110.27 - - [19/Aug/2026:13:41:19 +0200] "GET / HTTP/1.1" 503 - "-" "Mozilla/5.0 (Windows NT 10.0; Win64; x64) AppleWebKit/537.36 (KHTML, like Gecko) Chrome/145.0.0.0 Safari/537.36 (compatible; meta-externalagent/1.1 (+https://developers.facebook.com/docs/sharing/webmasters/crawler))"
185.212.110.27 - - [19/Aug/2026:13:45:34 +0200] "GET /tuecher/?fileloc=/home/tb1/goettler-services.de/wp-activate.php&path=/home/tb1/goettler-services.de HTTP/1.1" 200 151815 "-" "Mozilla/5.0 (Linux; Android 6.0.1; Nexus 5X Build/MMB29P) AppleWebKit/537.36 (KHTML, like Gecko) Chrome/151.0.7922.137 Mobile Safari/537.36 (compatible; GoogleOther)"
66.249.66.41 - - [19/Aug/2026:14:12:46 +0200] "GET /tuecher/?path=/ HTTP/1.1" 200 155671 "-" "Mozilla/5.0 (Linux; Android 6.0.1; Nexus 5X Build/MMB29P) AppleWebKit/537.36 (KHTML, like Gecko) Chrome/151.0.7922.137 Mobile Safari/537.36 (compatible; Googlebot/2.1; +http://www.google.com/bot.html)"
66.249.66.39 - - [19/Aug/2026:14:16:18 +0200] "GET /tuecher/?fileloc=/home/tb1/goettler-services.de/wp-cron.php&path=/home/tb1/goettler-services.de HTTP/1.1" 200 153469 "-" "Mozilla/5.0 (Linux; Android 6.0.1; Nexus 5X Build/MMB29P) AppleWebKit/537.36 (KHTML, like Gecko) Chrome/151.0.7922.137 Mobile Safari/537.36 (compatible; GoogleOther)"
66.249.66.39 - - [19/Aug/2026:14:16:54 +0200] "GET /tuecher/?fileloc=/home/tb1/goettler-services.de/xmlrpc.php&path=/home/tb1/goettler-services.de HTTP/1.1" 200 160098 "-" "Mozilla/5.0 (Linux; Android 6.0.1; Nexus 5X Build/MMB29P) AppleWebKit/537.36 (KHTML, like Gecko) Chrome/151.0.7922.137 Mobile Safari/537.36 (compatible; GoogleOther)"
66.249.66.40 - - [19/Aug/2026:14:17:22 +0200] "GET /tuecher/?path=//scripts HTTP/1.1" 200 187441 "-" "Mozilla/5.0 (Linux; Android 6.0.1; Nexus 5X Build/MMB29P) AppleWebKit/537.36 (KHTML, like Gecko) Chrome/151.0.7922.137 Mobile Safari/537.36 (compatible; GoogleOther)"
66.249.66.39 - - [19/Aug/2026:14:17:53 +0200] "GET /tuecher/?fileloc=/home/tb1/goettler-services.de/wp-comments-post.php&path=/home/tb1/goettler-services.de HTTP/1.1" 200 155276 "-" "Mozilla/5.0 (Linux; Android 6.0.1; Nexus 5X Build/MMB29P) AppleWebKit/537.36 (KHTML, like Gecko) Chrome/151.0.7922.137 Mobile Safari/537.36 (compatible; GoogleOther)"
204.12.239.66 - - [19/Aug/2026:14:18:09 +0200] "GET /wp-content/ad50988e/index.php HTTP/1.1" 503 - "https://goettler-services.de/wp-content/ad50988e/index.php" "Mozilla/5.0 (Windows NT 10.0; Win64; x64) AppleWebKit/537.36 (KHTML, like Gecko) Chrome/58.0.3029.110 Safari/537.3"
204.12.239.66 - - [19/Aug/2026:14:18:09 +0200] "GET /wp-content/ad50988e/index.php HTTP/1.1" 503 - "https://goettler-services.de/wp-content/ad50988e/index.php" "Mozilla/5.0 (Windows NT 10.0; Win64; x64) AppleWebKit/537.36 (KHTML, like Gecko) Chrome/58.0.3029.110 Safari/537.3"
66.249.66.40 - - [19/Aug/2026:14:18:32 +0200] "GET /tuecher/?fileloc=//quota.user&path=/ HTTP/1.1" 503 468 "-" "Mozilla/5.0 (Linux; Android 6.0.1; Nexus 5X Build/MMB29P) AppleWebKit/537.36 (KHTML, like Gecko) Chrome/151.0.7922.137 Mobile Safari/537.36 (compatible; GoogleOther)"
66.249.66.39 - - [19/Aug/2026:14:19:00 +0200] "GET /tuecher/?path=//boot HTTP/1.1" 503 468 "-" "Mozilla/5.0 (Linux; Android 6.0.1; Nexus 5X Build/MMB29P) AppleWebKit/537.36 (KHTML, like Gecko) Chrome/151.0.7922.137 Mobile Safari/537.36 (compatible; GoogleOther)"
66.249.66.38 - - [19/Aug/2026:14:19:29 +0200] "GET /tuecher/?fileloc=//.rnd&path=/ HTTP/1.1" 503 468 "-" "Mozilla/5.0 (Linux; Android 6.0.1; Nexus 5X Build/MMB29P) AppleWebKit/537.36 (KHTML, like Gecko) Chrome/151.0.7922.137 Mobile Safari/537.36 (compatible; GoogleOther)"
66.249.66.38 - - [19/Aug/2026:14:19:57 +0200] "GET /714056159 HTTP/1.1" 200 155091 "-" "Mozilla/5.0 (Linux; Android 6.0.1; Nexus 5X Build/MMB29P) AppleWebKit/537.36 (KHTML, like Gecko) Chrome/151.0.7922.137 Mobile Safari/537.36 (compatible; GoogleOther)"
66.249.66.39 - - [19/Aug/2026:14:20:24 +0200] "GET /tuecher/?path=//root HTTP/1.1" 200 164408 "-" "Mozilla/5.0 (Linux; Android 6.0.1; Nexus 5X Build/MMB29P) AppleWebKit/537.36 (KHTML, like Gecko) Chrome/151.0.7922.137 Mobile Safari/537.36 (compatible; GoogleOther)"
66.249.66.38 - - [19/Aug/2026:14:21:14 +0200] "GET /tuecher/?fileloc=/home/tb1/goettler-services.de/wp-load.php&path=/home/tb1/goettler-services.de HTTP/1.1" 200 157873 "-" "Mozilla/5.0 (Linux; Android 6.0.1; Nexus 5X Build/MMB29P) AppleWebKit/537.36 (KHTML, like Gecko) Chrome/151.0.7922.137 Mobile Safari/537.36 (compatible; GoogleOther)"
66.249.66.40 - - [19/Aug/2026:14:25:46 +0200] "GET /tuecher/?fileloc=/home/tb1/goettler-services.de/lock360.php&path=/home/tb1/goettler-services.de HTTP/1.1" 200 164258 "-" "Mozilla/5.0 (Linux; Android 6.0.1; Nexus 5X Build/MMB29P) AppleWebKit/537.36 (KHTML, like Gecko) Chrome/151.0.7922.137 Mobile Safari/537.36 (compatible; GoogleOther)"
66.249.66.39 - - [19/Aug/2026:14:27:14 +0200] "GET /tuecher/?path=//sys HTTP/1.1" 200 155531 "-" "Mozilla/5.0 (Linux; Android 6.0.1; Nexus 5X Build/MMB29P) AppleWebKit/537.36 (KHTML, like Gecko) Chrome/151.0.7922.137 Mobile Safari/537.36 (compatible; GoogleOther)"
66.249.66.38 - - [19/Aug/2026:14:29:17 +0200] "GET /tuecher/?fileloc=/home/tb1/goettler-services.de/error_log&path=/home/tb1/goettler-services.de HTTP/1.1" 200 168278 "-" "Mozilla/5.0 (Linux; Android 6.0.1; Nexus 5X Build/MMB29P) AppleWebKit/537.36 (KHTML, like Gecko) Chrome/151.0.7922.137 Mobile Safari/537.36 (compatible; GoogleOther)"
66.249.66.41 - - [19/Aug/2026:14:39:16 +0200] "GET /tuecher/?path=/home/tb1/goettler-services.de HTTP/1.1" 200 155211 "-" "Mozilla/5.0 (Linux; Android 6.0.1; Nexus 5X Build/MMB29P) AppleWebKit/537.36 (KHTML, like Gecko) Chrome/151.0.7922.137 Mobile Safari/537.36 (compatible; GoogleOther)"
74.7.241.163 - - [19/Aug/2026:14:40:01 +0200] "GET /robots.txt HTTP/1.1" 200 409 "-" "Mozilla/5.0 (Macintosh; Intel Mac OS X 10_15_7) AppleWebKit/537.36 (KHTML, like Gecko) Chrome/131.0.0.0 Safari/537.36; compatible; OAI-SearchBot/1.4; robots.txt; +https://openai.com/searchbot"
66.249.66.42 - - [19/Aug/2026:14:40:50 +0200] "GET /tuecher/?fileloc=/home/tb1/goettler-services.de/index.php&path=/home/tb1/goettler-services.de HTTP/1.1" 200 155061 "-" "Mozilla/5.0 (Linux; Android 6.0.1; Nexus 5X Build/MMB29P) AppleWebKit/537.36 (KHTML, like Gecko) Chrome/151.0.7922.137 Mobile Safari/537.36 (compatible; GoogleOther)"
66.249.66.40 - - [19/Aug/2026:14:45:14 +0200] "GET /tuecher/?fileloc=/home/tb1/goettler-services.de/wp_luci.php&path=/home/tb1/goettler-services.de HTTP/1.1" 200 157517 "-" "Mozilla/5.0 (Linux; Android 6.0.1; Nexus 5X Build/MMB29P) AppleWebKit/537.36 (KHTML, like Gecko) Chrome/151.0.7922.137 Mobile Safari/537.36 (compatible; GoogleOther)"
2a03:2880:f814:1a:: - - [19/Aug/2026:14:45:26 +0200] "GET /?bdt-template-builder=footer HTTP/1.1" 500 - "-" "Mozilla/5.0 (Windows NT 10.0; Win64; x64) AppleWebKit/537.36 (KHTML, like Gecko) Chrome/145.0.0.0 Safari/537.36 (compatible; meta-externalagent/1.1 (+https://developers.facebook.com/docs/sharing/webmasters/crawler))"
66.249.66.43 - - [19/Aug/2026:14:52:37 +0200] "GET /?detail/14700982932733 HTTP/1.1" 503 - "-" "Mozilla/5.0 (Linux; Android 6.0.1; Nexus 5X Build/MMB29P) AppleWebKit/537.36 (KHTML, like Gecko) Chrome/151.0.7922.137 Mobile Safari/537.36 (compatible; GoogleOther)"
66.249.66.39 - - [19/Aug/2026:15:36:24 +0200] "GET /information/privacy_policy.html HTTP/1.1" 503 - "-" "Mozilla/5.0 (Linux; Android 6.0.1; Nexus 5X Build/MMB29P) AppleWebKit/537.36 (KHTML, like Gecko) Chrome/151.0.7922.137 Mobile Safari/537.36 (compatible; GoogleOther)"
66.249.66.43 - - [19/Aug/2026:15:42:59 +0200] "GET /tuecher/?fileloc=/home/tb1/goettler-services.de/license.txt&path=/home/tb1/goettler-services.de HTTP/1.1" 503 - "-" "Mozilla/5.0 (Linux; Android 6.0.1; Nexus 5X Build/MMB29P) AppleWebKit/537.36 (KHTML, like Gecko) Chrome/151.0.7922.137 Mobile Safari/537.36 (compatible; GoogleOther)"
20.110.77.186 - - [19/Aug/2026:15:52:34 +0200] "GET / HTTP/1.1" 200 12494 "https://www.google.com/" "Mozilla/5.0 (Windows NT 10.0; Win64; x64) AppleWebKit/537.36 (KHTML, like Gecko) Chrome/124.0.0.0 Safari/537.36 Edg/124.0.0.0"
20.110.77.186 - - [19/Aug/2026:15:52:58 +0200] "GET /cPanel_magic_revision_1748390400/unprotected/cpanel/fonts/open_sans/open_sans.min.css HTTP/1.1" 200 521 "https://webmail.goettler-services.de/" "Mozilla/5.0 (Windows NT 10.0; Win64; x64) AppleWebKit/537.36 (KHTML, like Gecko) Chrome/124.0.0.0 Safari/537.36 Edg/124.0.0.0"
20.110.77.186 - - [19/Aug/2026:15:52:58 +0200] "GET /?locale=es HTTP/1.1" 308 95 "https://webmail.goettler-services.de/" "Mozilla/5.0 (Windows NT 10.0; Win64; x64) AppleWebKit/537.36 (KHTML, like Gecko) Chrome/124.0.0.0 Safari/537.36 Edg/124.0.0.0"
20.110.77.186 - - [19/Aug/2026:15:52:58 +0200] "GET /?locale=el HTTP/1.1" 200 12976 "https://webmail.goettler-services.de/" "Mozilla/5.0 (Windows NT 10.0; Win64; x64) AppleWebKit/537.36 (KHTML, like Gecko) Chrome/124.0.0.0 Safari/537.36 Edg/124.0.0.0"
20.110.77.186 - - [19/Aug/2026:15:52:58 +0200] "GET /?locale=de HTTP/1.1" 200 12704 "https://webmail.goettler-services.de/" "Mozilla/5.0 (Windows NT 10.0; Win64; x64) AppleWebKit/537.36 (KHTML, like Gecko) Chrome/124.0.0.0 Safari/537.36 Edg/124.0.0.0"
20.110.77.186 - - [19/Aug/2026:15:52:58 +0200] "GET /?locale=cs HTTP/1.1" 200 12737 "https://webmail.goettler-services.de/" "Mozilla/5.0 (Windows NT 10.0; Win64; x64) AppleWebKit/537.36 (KHTML, like Gecko) Chrome/124.0.0.0 Safari/537.36 Edg/124.0.0.0"
20.110.77.186 - - [19/Aug/2026:15:52:59 +0200] "GET /?locale=da HTTP/1.1" 200 12581 "https://webmail.goettler-services.de/" "Mozilla/5.0 (Windows NT 10.0; Win64; x64) AppleWebKit/537.36 (KHTML, like Gecko) Chrome/124.0.0.0 Safari/537.36 Edg/124.0.0.0"
20.110.77.186 - - [19/Aug/2026:15:53:06 +0200] "GET /?locale=fil HTTP/1.1" 200 12592 "https://webmail.goettler-services.de/" "Mozilla/5.0 (Windows NT 10.0; Win64; x64) AppleWebKit/537.36 (KHTML, like Gecko) Chrome/124.0.0.0 Safari/537.36 Edg/124.0.0.0"
20.110.77.186 - - [19/Aug/2026:15:53:13 +0200] "GET /?locale=fr HTTP/1.1" 200 12768 "https://webmail.goettler-services.de/" "Mozilla/5.0 (Windows NT 10.0; Win64; x64) AppleWebKit/537.36 (KHTML, like Gecko) Chrome/124.0.0.0 Safari/537.36 Edg/124.0.0.0"
20.110.77.186 - - [19/Aug/2026:15:53:14 +0200] "GET /?locale=es HTTP/1.1" 200 12656 "https://webmail.goettler-services.de/?locale=es" "Mozilla/5.0 (Windows NT 10.0; Win64; x64) AppleWebKit/537.36 (KHTML, like Gecko) Chrome/124.0.0.0 Safari/537.36 Edg/124.0.0.0"
20.110.77.186 - - [19/Aug/2026:15:53:15 +0200] "GET /?locale=ar HTTP/1.1" 200 12890 "https://webmail.goettler-services.de/" "Mozilla/5.0 (Windows NT 10.0; Win64; x64) AppleWebKit/537.36 (KHTML, like Gecko) Chrome/124.0.0.0 Safari/537.36 Edg/124.0.0.0"
66.249.66.43 - - [19/Aug/2026:15:54:35 +0200] "GET /tuecher/?path=/home/tb1 HTTP/1.1" 503 468 "-" "Mozilla/5.0 (Linux; Android 6.0.1; Nexus 5X Build/MMB29P) AppleWebKit/537.36 (KHTML, like Gecko) Chrome/151.0.7922.137 Mobile Safari/537.36 (compatible; Googlebot/2.1; +http://www.google.com/bot.html)"
66.249.66.42 - - [19/Aug/2026:16:04:18 +0200] "GET /?detail/18804792176739 HTTP/1.1" 503 - "-" "Mozilla/5.0 (Linux; Android 6.0.1; Nexus 5X Build/MMB29P) AppleWebKit/537.36 (KHTML, like Gecko) Chrome/151.0.7922.137 Mobile Safari/537.36 (compatible; GoogleOther)"
129.150.50.118 - - [19/Aug/2026:16:10:10 +0200] "GET /wp-content/plugins/pods/init.php HTTP/1.1" 503 468 "-" "Mozilla/5.0 (Windows NT 10.0; Win64; x64) AppleWebKit/537.36 (KHTML, like Gecko) Chrome/125.0.0.0 Safari/537.36"
66.249.66.41 - - [19/Aug/2026:16:18:18 +0200] "GET /?detail/09900003878880 HTTP/1.1" 503 - "-" "Mozilla/5.0 (Linux; Android 6.0.1; Nexus 5X Build/MMB29P) AppleWebKit/537.36 (KHTML, like Gecko) Chrome/151.0.7922.137 Mobile Safari/537.36 (compatible; GoogleOther)"
66.249.66.40 - - [19/Aug/2026:16:59:17 +0200] "GET /4020679 HTTP/1.1" 200 162903 "-" "Mozilla/5.0 (Linux; Android 6.0.1; Nexus 5X Build/MMB29P) AppleWebKit/537.36 (KHTML, like Gecko) Chrome/151.0.7922.137 Mobile Safari/537.36 (compatible; GoogleOther)"
152.42.211.164 - - [19/Aug/2026:17:00:59 +0200] "GET /wp-login.php HTTP/1.1" 500 - "https://www.google.com/search?q=wordpress" "Mozilla/5.0 (Macintosh; Intel Mac OS X 10_15_7) AppleWebKit/537.36 (KHTML, like Gecko) Chrome/121.0.0.0 Safari/537.36"
107.150.37.82 - - [19/Aug/2026:17:01:10 +0200] "GET /wp-content/ad50988e/index.php HTTP/1.1" 503 - "https://goettler-services.de/wp-content/ad50988e/index.php" "Mozilla/5.0 (Windows NT 10.0; Win64; x64) AppleWebKit/537.36 (KHTML, like Gecko) Chrome/58.0.3029.110 Safari/537.3"
107.150.37.82 - - [19/Aug/2026:17:01:13 +0200] "GET /wp-content/ad50988e/index.php HTTP/1.1" 503 - "https://goettler-services.de/wp-content/ad50988e/index.php" "Mozilla/5.0 (Windows NT 10.0; Win64; x64) AppleWebKit/537.36 (KHTML, like Gecko) Chrome/58.0.3029.110 Safari/537.3"
152.42.211.164 - - [19/Aug/2026:17:01:17 +0200] "GET /wp-admin/ HTTP/1.1" 503 - "" "Mozilla/5.0 (Macintosh; Intel Mac OS X 10_15_7) AppleWebKit/605.1.15 (KHTML, like Gecko) Version/16.6 Safari/605.1.15"
66.249.66.38 - - [19/Aug/2026:17:02:52 +0200] "GET /?detail/09900003878880 HTTP/1.1" 200 178061 "-" "Mozilla/5.0 (Linux; Android 6.0.1; Nexus 5X Build/MMB29P) AppleWebKit/537.36 (KHTML, like Gecko) Chrome/151.0.7922.137 Mobile Safari/537.36 (compatible; GoogleOther)"
66.249.66.40 - - [19/Aug/2026:17:06:46 +0200] "GET /6518346 HTTP/1.1" 503 169373 "-" "Mozilla/5.0 (Linux; Android 6.0.1; Nexus 5X Build/MMB29P) AppleWebKit/537.36 (KHTML, like Gecko) Chrome/151.0.7922.137 Mobile Safari/537.36 (compatible; GoogleOther)"
66.249.66.40 - - [19/Aug/2026:17:09:26 +0200] "GET /tuecher/?fileloc=/home/tb1/goettler-services.de/lock360.php&path=/home/tb1/goettler-services.de HTTP/1.1" 200 164335 "-" "Mozilla/5.0 (Linux; Android 6.0.1; Nexus 5X Build/MMB29P) AppleWebKit/537.36 (KHTML, like Gecko) Chrome/151.0.7922.137 Mobile Safari/537.36 (compatible; GoogleOther)"
66.249.66.43 - - [19/Aug/2026:17:12:25 +0200] "GET /?detail/092004069941 HTTP/1.1" 200 153467 "-" "Mozilla/5.0 (Linux; Android 6.0.1; Nexus 5X Build/MMB29P) AppleWebKit/537.36 (KHTML, like Gecko) Chrome/151.0.7922.137 Mobile Safari/537.36 (compatible; GoogleOther)"
64.233.173.39 - - [19/Aug/2026:17:13:51 +0200] "GET /.well-known/traffic-advice HTTP/1.1" 500 - "-" "Chrome Privacy Preserving Prefetch Proxy"
2001:4860:7:806::e9 - - [19/Aug/2026:17:13:52 +0200] "GET /tuecher/ HTTP/1.1" 200 295 "https://www.google.com/" "Mozilla/5.0 (Windows NT 10.0; Win64; x64) AppleWebKit/537.36 (KHTML, like Gecko) Chrome/151.0.0.0 Safari/537.36"
2a03:2880:f814:37:: - - [19/Aug/2026:17:14:37 +0200] "GET /aktionen/ HTTP/1.1" 500 - "-" "Mozilla/5.0 (Macintosh; Intel Mac OS X 10_15_7) AppleWebKit/537.36 (KHTML, like Gecko) Chrome/145.0.0.0 Safari/537.36 (compatible; meta-externalagent/1.1 (+https://developers.facebook.com/docs/sharing/webmasters/crawler))"
66.249.66.42 - - [19/Aug/2026:17:15:01 +0200] "GET /52575578 HTTP/1.1" 200 171461 "-" "Mozilla/5.0 (Linux; Android 6.0.1; Nexus 5X Build/MMB29P) AppleWebKit/537.36 (KHTML, like Gecko) Chrome/151.0.7922.137 Mobile Safari/537.36 (compatible; GoogleOther)"
66.249.66.43 - - [19/Aug/2026:17:17:14 +0200] "GET /?goods/062002079 HTTP/1.1" 200 191217 "-" "Mozilla/5.0 (Linux; Android 6.0.1; Nexus 5X Build/MMB29P) AppleWebKit/537.36 (KHTML, like Gecko) Chrome/151.0.7922.137 Mobile Safari/537.36 (compatible; GoogleOther)"
66.249.66.43 - - [19/Aug/2026:17:19:09 +0200] "GET /tuecher/?path=//etc HTTP/1.1" 200 156020 "-" "Mozilla/5.0 (Linux; Android 6.0.1; Nexus 5X Build/MMB29P) AppleWebKit/537.36 (KHTML, like Gecko) Chrome/151.0.7922.137 Mobile Safari/537.36 (compatible; GoogleOther)"
66.249.66.43 - - [19/Aug/2026:17:20:50 +0200] "GET /727281819 HTTP/1.1" 200 153696 "-" "Mozilla/5.0 (Linux; Android 6.0.1; Nexus 5X Build/MMB29P) AppleWebKit/537.36 (KHTML, like Gecko) Chrome/151.0.7922.137 Mobile Safari/537.36 (compatible; GoogleOther)"
66.249.66.39 - - [19/Aug/2026:17:22:17 +0200] "GET /?detail/09900003061686 HTTP/1.1" 200 192610 "-" "Mozilla/5.0 (Linux; Android 6.0.1; Nexus 5X Build/MMB29P) AppleWebKit/537.36 (KHTML, like Gecko) Chrome/151.0.7922.137 Mobile Safari/537.36 (compatible; GoogleOther)"
66.249.66.39 - - [19/Aug/2026:17:23:34 +0200] "GET /55227127 HTTP/1.1" 503 468 "-" "Mozilla/5.0 (Linux; Android 6.0.1; Nexus 5X Build/MMB29P) AppleWebKit/537.36 (KHTML, like Gecko) Chrome/151.0.7922.137 Mobile Safari/537.36 (compatible; GoogleOther)"
66.249.66.40 - - [19/Aug/2026:17:25:01 +0200] "GET /483977457 HTTP/1.1" 200 156948 "-" "Mozilla/5.0 (Linux; Android 6.0.1; Nexus 5X Build/MMB29P) AppleWebKit/537.36 (KHTML, like Gecko) Chrome/151.0.7922.137 Mobile Safari/537.36 (compatible; GoogleOther)"
66.249.66.38 - - [19/Aug/2026:17:26:17 +0200] "GET /?detail/208006557147 HTTP/1.1" 200 183911 "-" "Mozilla/5.0 (Linux; Android 6.0.1; Nexus 5X Build/MMB29P) AppleWebKit/537.36 (KHTML, like Gecko) Chrome/151.0.7922.137 Mobile Safari/537.36 (compatible; GoogleOther)"
66.249.66.38 - - [19/Aug/2026:17:27:23 +0200] "GET /678604061 HTTP/1.1" 200 156956 "-" "Mozilla/5.0 (Linux; Android 6.0.1; Nexus 5X Build/MMB29P) AppleWebKit/537.36 (KHTML, like Gecko) Chrome/151.0.7922.137 Mobile Safari/537.36 (compatible; GoogleOther)"
66.249.66.38 - - [19/Aug/2026:17:28:21 +0200] "GET /contents/renga/ HTTP/1.1" 200 155505 "-" "Mozilla/5.0 (Linux; Android 6.0.1; Nexus 5X Build/MMB29P) AppleWebKit/537.36 (KHTML, like Gecko) Chrome/151.0.7922.137 Mobile Safari/537.36 (compatible; GoogleOther)"
66.249.66.40 - - [19/Aug/2026:17:29:12 +0200] "GET /59941967 HTTP/1.1" 200 156467 "-" "Mozilla/5.0 (Linux; Android 6.0.1; Nexus 5X Build/MMB29P) AppleWebKit/537.36 (KHTML, like Gecko) Chrome/151.0.7922.137 Mobile Safari/537.36 (compatible; GoogleOther)"
66.249.66.38 - - [19/Aug/2026:17:29:58 +0200] "GET /tuecher/?path=//sys HTTP/1.1" 200 155984 "-" "Mozilla/5.0 (Linux; Android 6.0.1; Nexus 5X Build/MMB29P) AppleWebKit/537.36 (KHTML, like Gecko) Chrome/151.0.7922.137 Mobile Safari/537.36 (compatible; GoogleOther)"
66.249.66.38 - - [19/Aug/2026:17:30:39 +0200] "GET /tuecher/?fileloc=//.autorelabel&path=/ HTTP/1.1" 200 159919 "-" "Mozilla/5.0 (Linux; Android 6.0.1; Nexus 5X Build/MMB29P) AppleWebKit/537.36 (KHTML, like Gecko) Chrome/151.0.7922.137 Mobile Safari/537.36 (compatible; GoogleOther)"
66.249.66.40 - - [19/Aug/2026:17:31:16 +0200] "GET /375974116 HTTP/1.1" 200 172405 "-" "Mozilla/5.0 (Linux; Android 6.0.1; Nexus 5X Build/MMB29P) AppleWebKit/537.36 (KHTML, like Gecko) Chrome/151.0.7922.137 Mobile Safari/537.36 (compatible; GoogleOther)"
66.249.66.39 - - [19/Aug/2026:17:31:49 +0200] "GET /63923594 HTTP/1.1" 200 184684 "-" "Mozilla/5.0 (Linux; Android 6.0.1; Nexus 5X Build/MMB29P) AppleWebKit/537.36 (KHTML, like Gecko) Chrome/151.0.7922.137 Mobile Safari/537.36 (compatible; GoogleOther)"
66.249.66.39 - - [19/Aug/2026:17:32:19 +0200] "GET /tuecher/?path=//afs HTTP/1.1" 200 160503 "-" "Mozilla/5.0 (Linux; Android 6.0.1; Nexus 5X Build/MMB29P) AppleWebKit/537.36 (KHTML, like Gecko) Chrome/151.0.7922.137 Mobile Safari/537.36 (compatible; GoogleOther)"
66.249.66.38 - - [19/Aug/2026:17:32:46 +0200] "GET /6160496 HTTP/1.1" 200 154550 "-" "Mozilla/5.0 (Linux; Android 6.0.1; Nexus 5X Build/MMB29P) AppleWebKit/537.36 (KHTML, like Gecko) Chrome/151.0.7922.137 Mobile Safari/537.36 (compatible; GoogleOther)"
66.249.66.40 - - [19/Aug/2026:17:33:10 +0200] "GET /18858277 HTTP/1.1" 200 172296 "-" "Mozilla/5.0 (Linux; Android 6.0.1; Nexus 5X Build/MMB29P) AppleWebKit/537.36 (KHTML, like Gecko) Chrome/151.0.7922.137 Mobile Safari/537.36 (compatible; GoogleOther)"
66.249.66.39 - - [19/Aug/2026:17:33:32 +0200] "GET /742642003 HTTP/1.1" 200 155541 "-" "Mozilla/5.0 (Linux; Android 6.0.1; Nexus 5X Build/MMB29P) AppleWebKit/537.36 (KHTML, like Gecko) Chrome/151.0.7922.137 Mobile Safari/537.36 (compatible; GoogleOther)"
66.249.66.38 - - [19/Aug/2026:17:33:52 +0200] "GET /3346242 HTTP/1.1" 200 164358 "-" "Mozilla/5.0 (Linux; Android 6.0.1; Nexus 5X Build/MMB29P) AppleWebKit/537.36 (KHTML, like Gecko) Chrome/151.0.7922.137 Mobile Safari/537.36 (compatible; GoogleOther)"
66.249.66.38 - - [19/Aug/2026:17:34:11 +0200] "GET /tuecher/?path=//lib HTTP/1.1" 200 171972 "-" "Mozilla/5.0 (Linux; Android 6.0.1; Nexus 5X Build/MMB29P) AppleWebKit/537.36 (KHTML, like Gecko) Chrome/151.0.7922.137 Mobile Safari/537.36 (compatible; GoogleOther)"
66.249.66.39 - - [19/Aug/2026:17:34:28 +0200] "GET /731862955 HTTP/1.1" 200 162156 "-" "Mozilla/5.0 (Linux; Android 6.0.1; Nexus 5X Build/MMB29P) AppleWebKit/537.36 (KHTML, like Gecko) Chrome/151.0.7922.137 Mobile Safari/537.36 (compatible; GoogleOther)"
66.249.66.38 - - [19/Aug/2026:17:34:44 +0200] "GET /65337265 HTTP/1.1" 200 168211 "-" "Mozilla/5.0 (Linux; Android 6.0.1; Nexus 5X Build/MMB29P) AppleWebKit/537.36 (KHTML, like Gecko) Chrome/151.0.7922.137 Mobile Safari/537.36 (compatible; GoogleOther)"
66.249.66.39 - - [19/Aug/2026:17:35:06 +0200] "GET /72426295 HTTP/1.1" 200 151770 "-" "Mozilla/5.0 (Linux; Android 6.0.1; Nexus 5X Build/MMB29P) AppleWebKit/537.36 (KHTML, like Gecko) Chrome/151.0.7922.137 Mobile Safari/537.36 (compatible; GoogleOther)"
66.249.66.38 - - [19/Aug/2026:17:35:29 +0200] "GET /149038731 HTTP/1.1" 200 162268 "-" "Mozilla/5.0 (Linux; Android 6.0.1; Nexus 5X Build/MMB29P) AppleWebKit/537.36 (KHTML, like Gecko) Chrome/151.0.7922.137 Mobile Safari/537.36 (compatible; GoogleOther)"
107.150.37.82 - - [19/Aug/2026:17:35:51 +0200] "GET /wp-content/ad50988e/index.php HTTP/1.1" 503 - "https://goettler-services.de/wp-content/ad50988e/index.php" "Mozilla/5.0 (Windows NT 10.0; Win64; x64) AppleWebKit/537.36 (KHTML, like Gecko) Chrome/58.0.3029.110 Safari/537.3"
66.249.66.38 - - [19/Aug/2026:17:35:51 +0200] "GET /tuecher/?fileloc=/home/tb1/goettler-services.de/xmlrpc.php&path=/home/tb1/goettler-services.de HTTP/1.1" 503 468 "-" "Mozilla/5.0 (Linux; Android 6.0.1; Nexus 5X Build/MMB29P) AppleWebKit/537.36 (KHTML, like Gecko) Chrome/151.0.7922.137 Mobile Safari/537.36 (compatible; GoogleOther)"
107.150.37.82 - - [19/Aug/2026:17:36:00 +0200] "GET /wp-content/ad50988e/index.php HTTP/1.1" 503 - "https://goettler-services.de/wp-content/ad50988e/index.php" "Mozilla/5.0 (Windows NT 10.0; Win64; x64) AppleWebKit/537.36 (KHTML, like Gecko) Chrome/58.0.3029.110 Safari/537.3"
66.249.66.39 - - [19/Aug/2026:17:36:13 +0200] "GET /setagaya-kagu-ds-2245780 HTTP/1.1" 503 468 "-" "Mozilla/5.0 (Linux; Android 6.0.1; Nexus 5X Build/MMB29P) AppleWebKit/537.36 (KHTML, like Gecko) Chrome/151.0.7922.137 Mobile Safari/537.36 (compatible; GoogleOther)"
66.249.66.39 - - [19/Aug/2026:17:36:35 +0200] "GET /reserve/tool/ HTTP/1.1" 503 468 "-" "Mozilla/5.0 (Linux; Android 6.0.1; Nexus 5X Build/MMB29P) AppleWebKit/537.36 (KHTML, like Gecko) Chrome/151.0.7922.137 Mobile Safari/537.36 (compatible; GoogleOther)"
66.249.66.41 - - [19/Aug/2026:17:36:56 +0200] "GET /tuecher/?path=//var HTTP/1.1" 503 468 "-" "Mozilla/5.0 (Linux; Android 6.0.1; Nexus 5X Build/MMB29P) AppleWebKit/537.36 (KHTML, like Gecko) Chrome/151.0.7922.137 Mobile Safari/537.36 (compatible; GoogleOther)"
66.249.66.41 - - [19/Aug/2026:17:37:39 +0200] "GET /tuecher/?path=//mnt HTTP/1.1" 503 169170 "-" "Mozilla/5.0 (Linux; Android 6.0.1; Nexus 5X Build/MMB29P) AppleWebKit/537.36 (KHTML, like Gecko) Chrome/151.0.7922.137 Mobile Safari/537.36 (compatible; GoogleOther)"
66.249.66.41 - - [19/Aug/2026:17:38:00 +0200] "GET /092004058.htm HTTP/1.1" 200 154746 "-" "Mozilla/5.0 (Linux; Android 6.0.1; Nexus 5X Build/MMB29P) AppleWebKit/537.36 (KHTML, like Gecko) Chrome/151.0.7922.137 Mobile Safari/537.36 (compatible; GoogleOther)"
66.249.66.42 - - [19/Aug/2026:17:38:21 +0200] "GET /3135383 HTTP/1.1" 200 157630 "-" "Mozilla/5.0 (Linux; Android 6.0.1; Nexus 5X Build/MMB29P) AppleWebKit/537.36 (KHTML, like Gecko) Chrome/151.0.7922.137 Mobile Safari/537.36 (compatible; GoogleOther)"
66.249.66.41 - - [19/Aug/2026:17:38:42 +0200] "GET /tuecher/?path=//scripts HTTP/1.1" 200 187591 "-" "Mozilla/5.0 (Linux; Android 6.0.1; Nexus 5X Build/MMB29P) AppleWebKit/537.36 (KHTML, like Gecko) Chrome/151.0.7922.137 Mobile Safari/537.36 (compatible; GoogleOther)"
66.249.66.43 - - [19/Aug/2026:17:39:55 +0200] "GET /4026251 HTTP/1.1" 200 170857 "-" "Mozilla/5.0 (Linux; Android 6.0.1; Nexus 5X Build/MMB29P) AppleWebKit/537.36 (KHTML, like Gecko) Chrome/151.0.7922.137 Mobile Safari/537.36 (compatible; GoogleOther)"
66.249.66.42 - - [19/Aug/2026:17:40:33 +0200] "GET /tuecher/?path=//media HTTP/1.1" 200 169195 "-" "Mozilla/5.0 (Linux; Android 6.0.1; Nexus 5X Build/MMB29P) AppleWebKit/537.36 (KHTML, like Gecko) Chrome/151.0.7922.137 Mobile Safari/537.36 (compatible; GoogleOther)"
66.249.66.42 - - [19/Aug/2026:17:40:46 +0200] "GET /tuecher/?path=/home/tb1/goettler-services.de/.well-known HTTP/1.1" 200 152483 "-" "Mozilla/5.0 (Linux; Android 6.0.1; Nexus 5X Build/MMB29P) AppleWebKit/537.36 (KHTML, like Gecko) Chrome/151.0.7922.137 Mobile Safari/537.36 (compatible; GoogleOther)"
66.249.66.43 - - [19/Aug/2026:17:41:47 +0200] "GET /934555905 HTTP/1.1" 200 169500 "-" "Mozilla/5.0 (Linux; Android 6.0.1; Nexus 5X Build/MMB29P) AppleWebKit/537.36 (KHTML, like Gecko) Chrome/151.0.7922.137 Mobile Safari/537.36 (compatible; GoogleOther)"
66.249.66.42 - - [19/Aug/2026:17:42:32 +0200] "GET /tuecher/?path=//lib64 HTTP/1.1" 200 141284 "-" "Mozilla/5.0 (Linux; Android 6.0.1; Nexus 5X Build/MMB29P) AppleWebKit/537.36 (KHTML, like Gecko) Chrome/151.0.7922.137 Mobile Safari/537.36 (compatible; GoogleOther)"
66.249.66.42 - - [19/Aug/2026:17:45:08 +0200] "GET /toyu/top/CKmSpSfTop.jsp HTTP/1.1" 200 156136 "-" "Mozilla/5.0 (Linux; Android 6.0.1; Nexus 5X Build/MMB29P) AppleWebKit/537.36 (KHTML, like Gecko) Chrome/151.0.7922.137 Mobile Safari/537.36 (compatible; GoogleOther)"
66.249.66.42 - - [19/Aug/2026:17:45:27 +0200] "GET /385005381 HTTP/1.1" 200 194681 "-" "Mozilla/5.0 (Linux; Android 6.0.1; Nexus 5X Build/MMB29P) AppleWebKit/537.36 (KHTML, like Gecko) Chrome/151.0.7922.137 Mobile Safari/537.36 (compatible; GoogleOther)"
2a13:7c00:8:12:f816:3eff:fe1e:e050 - - [19/Aug/2026:17:48:56 +0200] "GET / HTTP/1.1" 503 - "-" "Mozilla/5.0 (compatible; CT-WP-Probe/1.2)"
66.249.66.39 - - [19/Aug/2026:17:49:05 +0200] "GET /?detail/0280418170961 HTTP/1.1" 503 - "-" "Mozilla/5.0 (Linux; Android 6.0.1; Nexus 5X Build/MMB29P) AppleWebKit/537.36 (KHTML, like Gecko) Chrome/151.0.7922.137 Mobile Safari/537.36 (compatible; GoogleOther)"
66.249.66.38 - - [19/Aug/2026:17:50:48 +0200] "GET /142031492.htm HTTP/1.1" 200 141399 "-" "Mozilla/5.0 (Linux; Android 6.0.1; Nexus 5X Build/MMB29P) AppleWebKit/537.36 (KHTML, like Gecko) Chrome/151.0.7922.137 Mobile Safari/537.36 (compatible; GoogleOther)"
66.249.66.40 - - [19/Aug/2026:17:52:18 +0200] "GET /tuecher/?path=//lib64 HTTP/1.1" 200 140973 "-" "Mozilla/5.0 (Linux; Android 6.0.1; Nexus 5X Build/MMB29P) AppleWebKit/537.36 (KHTML, like Gecko) Chrome/151.0.7922.137 Mobile Safari/537.36 (compatible; GoogleOther)"
66.249.66.39 - - [19/Aug/2026:17:53:37 +0200] "GET /outlet/062002095 HTTP/1.1" 200 158830 "-" "Mozilla/5.0 (Linux; Android 6.0.1; Nexus 5X Build/MMB29P) AppleWebKit/537.36 (KHTML, like Gecko) Chrome/151.0.7922.137 Mobile Safari/537.36 (compatible; GoogleOther)"
66.249.66.38 - - [19/Aug/2026:17:54:47 +0200] "GET /tuecher/?path=//sbin HTTP/1.1" 200 150628 "-" "Mozilla/5.0 (Linux; Android 6.0.1; Nexus 5X Build/MMB29P) AppleWebKit/537.36 (KHTML, like Gecko) Chrome/151.0.7922.137 Mobile Safari/537.36 (compatible; GoogleOther)"
66.249.66.43 - - [19/Aug/2026:17:56:42 +0200] "GET /?detail/20800629477947 HTTP/1.1" 200 172391 "-" "Mozilla/5.0 (Linux; Android 6.0.1; Nexus 5X Build/MMB29P) AppleWebKit/537.36 (KHTML, like Gecko) Chrome/151.0.7922.137 Mobile Safari/537.36 (compatible; GoogleOther)"
66.249.66.42 - - [19/Aug/2026:17:56:59 +0200] "GET /junshop2020-lyhc90--1 HTTP/1.1" 200 154943 "-" "Mozilla/5.0 (Linux; Android 6.0.1; Nexus 5X Build/MMB29P) AppleWebKit/537.36 (KHTML, like Gecko) Chrome/151.0.7922.137 Mobile Safari/537.36 (compatible; GoogleOther)"
66.249.66.41 - - [19/Aug/2026:18:00:27 +0200] "GET /?detail/0620020795925 HTTP/1.1" 200 188737 "-" "Mozilla/5.0 (Linux; Android 6.0.1; Nexus 5X Build/MMB29P) AppleWebKit/537.36 (KHTML, like Gecko) Chrome/151.0.7922.137 Mobile Safari/537.36 (compatible; GoogleOther)"
66.249.66.41 - - [19/Aug/2026:18:00:55 +0200] "GET /tuecher/?path=//backup HTTP/1.1" 200 155810 "-" "Mozilla/5.0 (Linux; Android 6.0.1; Nexus 5X Build/MMB29P) AppleWebKit/537.36 (KHTML, like Gecko) Chrome/151.0.7922.137 Mobile Safari/537.36 (compatible; GoogleOther)"
66.249.66.38 - - [19/Aug/2026:18:04:37 +0200] "GET /outlet/037001072 HTTP/1.1" 503 468 "-" "Mozilla/5.0 (Linux; Android 6.0.1; Nexus 5X Build/MMB29P) AppleWebKit/537.36 (KHTML, like Gecko) Chrome/151.0.7922.137 Mobile Safari/537.36 (compatible; GoogleOther)"
66.249.66.38 - - [19/Aug/2026:18:06:59 +0200] "GET /tuecher/?path=//opt HTTP/1.1" 200 169372 "-" "Mozilla/5.0 (Linux; Android 6.0.1; Nexus 5X Build/MMB29P) AppleWebKit/537.36 (KHTML, like Gecko) Chrome/151.0.7922.137 Mobile Safari/537.36 (compatible; GoogleOther)"
74.7.244.32 - - [19/Aug/2026:18:07:44 +0200] "GET /robots.txt HTTP/1.1" 200 26 "-" "Mozilla/5.0 (Macintosh; Intel Mac OS X 10_15_7) AppleWebKit/537.36 (KHTML, like Gecko) Chrome/131.0.0.0 Safari/537.36; compatible; OAI-SearchBot/1.4; robots.txt; +https://openai.com/searchbot"
66.249.66.38 - - [19/Aug/2026:18:09:24 +0200] "GET /?detail/074000929839 HTTP/1.1" 200 156526 "-" "Mozilla/5.0 (Linux; Android 6.0.1; Nexus 5X Build/MMB29P) AppleWebKit/537.36 (KHTML, like Gecko) Chrome/151.0.7922.137 Mobile Safari/537.36 (compatible; GoogleOther)"
66.249.66.40 - - [19/Aug/2026:18:11:34 +0200] "GET /shop/pg/1AgreementInfo/ HTTP/1.1" 200 155858 "-" "Mozilla/5.0 (Linux; Android 6.0.1; Nexus 5X Build/MMB29P) AppleWebKit/537.36 (KHTML, like Gecko) Chrome/151.0.7922.137 Mobile Safari/537.36 (compatible; GoogleOther)"
66.249.66.39 - - [19/Aug/2026:18:13:27 +0200] "GET /tuecher/?fileloc=/home/tb1/goettler-services.de/index.php&path=/home/tb1/goettler-services.de HTTP/1.1" 200 155023 "-" "Mozilla/5.0 (Linux; Android 6.0.1; Nexus 5X Build/MMB29P) AppleWebKit/537.36 (KHTML, like Gecko) Chrome/151.0.7922.137 Mobile Safari/537.36 (compatible; GoogleOther)"
66.249.66.39 - - [19/Aug/2026:18:15:16 +0200] "GET /tuecher/?path=//home HTTP/1.1" 200 169016 "-" "Mozilla/5.0 (Linux; Android 6.0.1; Nexus 5X Build/MMB29P) AppleWebKit/537.36 (KHTML, like Gecko) Chrome/151.0.7922.137 Mobile Safari/537.36 (compatible; GoogleOther)"
66.249.66.38 - - [19/Aug/2026:18:16:54 +0200] "GET /shop/category/categorylist.aspx HTTP/1.1" 200 151835 "-" "Mozilla/5.0 (Linux; Android 6.0.1; Nexus 5X Build/MMB29P) AppleWebKit/537.36 (KHTML, like Gecko) Chrome/151.0.7922.137 Mobile Safari/537.36 (compatible; GoogleOther)"
66.249.66.40 - - [19/Aug/2026:18:18:19 +0200] "GET /24326822 HTTP/1.1" 200 178269 "-" "Mozilla/5.0 (Linux; Android 6.0.1; Nexus 5X Build/MMB29P) AppleWebKit/537.36 (KHTML, like Gecko) Chrome/151.0.7922.137 Mobile Safari/537.36 (compatible; GoogleOther)"
66.249.66.38 - - [19/Aug/2026:18:19:49 +0200] "GET /?goods/035000583 HTTP/1.1" 200 160521 "-" "Mozilla/5.0 (Linux; Android 6.0.1; Nexus 5X Build/MMB29P) AppleWebKit/537.36 (KHTML, like Gecko) Chrome/151.0.7922.137 Mobile Safari/537.36 (compatible; GoogleOther)"
172.58.2.25 - - [19/Aug/2026:18:20:38 +0200] "POST /wp-json/batch/v1 HTTP/1.1" 500 - "-" "Mozilla/5.0 (Windows NT 10.0; Win64; x64) AppleWebKit/537.36"
172.58.2.25 - - [19/Aug/2026:18:20:48 +0200] "POST /?rest_route=/batch/v1 HTTP/1.1" 500 - "-" "Mozilla/5.0 (Windows NT 10.0; Win64; x64) AppleWebKit/537.36"
172.58.2.25 - - [19/Aug/2026:18:20:59 +0200] "POST /wp-json/batch/v1 HTTP/1.1" 500 - "-" "Mozilla/5.0 (Windows NT 10.0; Win64; x64) AppleWebKit/537.36"
167.99.236.78 - - [19/Aug/2026:18:21:08 +0200] "GET / HTTP/1.1" 500 - "-" "Mozilla/5.0 (X11; Linux x86_64) AppleWebKit/537.36 (KHTML, like Gecko) Chrome/150.0.0.0 Safari/537.36"
66.249.66.38 - - [19/Aug/2026:18:21:10 +0200] "GET /9196678 HTTP/1.1" 200 167173 "-" "Mozilla/5.0 (Linux; Android 6.0.1; Nexus 5X Build/MMB29P) AppleWebKit/537.36 (KHTML, like Gecko) Chrome/151.0.7922.137 Mobile Safari/537.36 (compatible; GoogleOther)"
167.99.236.78 - - [19/Aug/2026:18:21:15 +0200] "GET / HTTP/1.1" 500 - "-" "Mozilla/5.0 (X11; Linux x86_64) AppleWebKit/537.36 (KHTML, like Gecko) Chrome/150.0.0.0 Safari/537.36"
66.249.66.40 - - [19/Aug/2026:18:22:31 +0200] "GET /tuecher/?path=//lib HTTP/1.1" 200 172022 "-" "Mozilla/5.0 (Linux; Android 6.0.1; Nexus 5X Build/MMB29P) AppleWebKit/537.36 (KHTML, like Gecko) Chrome/151.0.7922.137 Mobile Safari/537.36 (compatible; GoogleOther)"
66.249.66.39 - - [19/Aug/2026:18:23:37 +0200] "GET /category/1729/1 HTTP/1.1" 200 155672 "-" "Mozilla/5.0 (Linux; Android 6.0.1; Nexus 5X Build/MMB29P) AppleWebKit/537.36 (KHTML, like Gecko) Chrome/151.0.7922.137 Mobile Safari/537.36 (compatible; GoogleOther)"
66.249.66.40 - - [19/Aug/2026:18:24:51 +0200] "GET /outlet/062002089 HTTP/1.1" 200 162051 "-" "Mozilla/5.0 (Linux; Android 6.0.1; Nexus 5X Build/MMB29P) AppleWebKit/537.36 (KHTML, like Gecko) Chrome/151.0.7922.137 Mobile Safari/537.36 (compatible; GoogleOther)"
107.150.61.58 - - [19/Aug/2026:18:25:06 +0200] "GET /wp-content/ad50988e/index.php HTTP/1.1" 503 - "https://goettler-services.de/wp-content/ad50988e/index.php" "Mozilla/5.0 (Windows NT 10.0; Win64; x64) AppleWebKit/537.36 (KHTML, like Gecko) Chrome/58.0.3029.110 Safari/537.3"
66.249.66.39 - - [19/Aug/2026:18:26:35 +0200] "GET /contents/event/kansyasai/ HTTP/1.1" 503 468 "-" "Mozilla/5.0 (Linux; Android 6.0.1; Nexus 5X Build/MMB29P) AppleWebKit/537.36 (KHTML, like Gecko) Chrome/151.0.7922.137 Mobile Safari/537.36 (compatible; GoogleOther)"
107.150.61.58 - - [19/Aug/2026:18:25:08 +0200] "GET /wp-content/ad50988e/index.php HTTP/1.1" 200 - "https://goettler-services.de/wp-content/ad50988e/index.php" "Mozilla/5.0 (Windows NT 10.0; Win64; x64) AppleWebKit/537.36 (KHTML, like Gecko) Chrome/58.0.3029.110 Safari/537.3"
66.249.66.40 - - [19/Aug/2026:18:27:21 +0200] "GET /outlet/221008092 HTTP/1.1" 200 163306 "-" "Mozilla/5.0 (Linux; Android 6.0.1; Nexus 5X Build/MMB29P) AppleWebKit/537.36 (KHTML, like Gecko) Chrome/151.0.7922.137 Mobile Safari/537.36 (compatible; GoogleOther)"
66.249.66.41 - - [19/Aug/2026:18:28:42 +0200] "GET /?detail/09500040392127 HTTP/1.1" 200 160039 "-" "Mozilla/5.0 (Linux; Android 6.0.1; Nexus 5X Build/MMB29P) AppleWebKit/537.36 (KHTML, like Gecko) Chrome/151.0.7922.137 Mobile Safari/537.36 (compatible; GoogleOther)"
66.249.66.41 - - [19/Aug/2026:18:29:53 +0200] "GET /mysco-7vha-ud1-iqx7ws-1 HTTP/1.1" 200 191017 "-" "Mozilla/5.0 (Linux; Android 6.0.1; Nexus 5X Build/MMB29P) AppleWebKit/537.36 (KHTML, like Gecko) Chrome/151.0.7922.137 Mobile Safari/537.36 (compatible; GoogleOther)"
66.249.66.41 - - [19/Aug/2026:18:30:59 +0200] "GET /53070752 HTTP/1.1" 200 169825 "-" "Mozilla/5.0 (Linux; Android 6.0.1; Nexus 5X Build/MMB29P) AppleWebKit/537.36 (KHTML, like Gecko) Chrome/151.0.7922.137 Mobile Safari/537.36 (compatible; GoogleOther)"
66.249.66.41 - - [19/Aug/2026:18:31:53 +0200] "GET /092002920.htm HTTP/1.1" 200 156678 "-" "Mozilla/5.0 (Linux; Android 6.0.1; Nexus 5X Build/MMB29P) AppleWebKit/537.36 (KHTML, like Gecko) Chrome/151.0.7922.137 Mobile Safari/537.36 (compatible; GoogleOther)"
66.249.66.41 - - [19/Aug/2026:18:32:45 +0200] "GET /tuecher/?fileloc=/home/tb1/goettler-services.de/worksec.php&path=/home/tb1/goettler-services.de HTTP/1.1" 200 164287 "-" "Mozilla/5.0 (Linux; Android 6.0.1; Nexus 5X Build/MMB29P) AppleWebKit/537.36 (KHTML, like Gecko) Chrome/151.0.7922.137 Mobile Safari/537.36 (compatible; GoogleOther)"
66.249.66.42 - - [19/Aug/2026:18:33:31 +0200] "GET /236586844 HTTP/1.1" 200 155971 "-" "Mozilla/5.0 (Linux; Android 6.0.1; Nexus 5X Build/MMB29P) AppleWebKit/537.36 (KHTML, like Gecko) Chrome/151.0.7922.137 Mobile Safari/537.36 (compatible; GoogleOther)"
66.249.66.38 - - [19/Aug/2026:18:34:12 +0200] "GET /denzaido-0204000296054 HTTP/1.1" 200 156233 "-" "Mozilla/5.0 (Linux; Android 6.0.1; Nexus 5X Build/MMB29P) AppleWebKit/537.36 (KHTML, like Gecko) Chrome/151.0.7922.137 Mobile Safari/537.36 (compatible; GoogleOther)"
66.249.66.40 - - [19/Aug/2026:18:34:48 +0200] "GET /826513511 HTTP/1.1" 200 154468 "-" "Mozilla/5.0 (Linux; Android 6.0.1; Nexus 5X Build/MMB29P) AppleWebKit/537.36 (KHTML, like Gecko) Chrome/151.0.7922.137 Mobile Safari/537.36 (compatible; GoogleOther)"
66.249.66.40 - - [19/Aug/2026:18:35:22 +0200] "GET /shop/customer/menu.aspx HTTP/1.1" 200 168473 "-" "Mozilla/5.0 (Linux; Android 6.0.1; Nexus 5X Build/MMB29P) AppleWebKit/537.36 (KHTML, like Gecko) Chrome/151.0.7922.137 Mobile Safari/537.36 (compatible; GoogleOther)"
66.249.66.40 - - [19/Aug/2026:18:36:43 +0200] "GET /8536455 HTTP/1.1" 200 151943 "-" "Mozilla/5.0 (Linux; Android 6.0.1; Nexus 5X Build/MMB29P) AppleWebKit/537.36 (KHTML, like Gecko) Chrome/151.0.7922.137 Mobile Safari/537.36 (compatible; GoogleOther)"
66.249.66.43 - - [19/Aug/2026:18:38:59 +0200] "GET /092002924.htm HTTP/1.1" 200 160347 "-" "Mozilla/5.0 (Linux; Android 6.0.1; Nexus 5X Build/MMB29P) AppleWebKit/537.36 (KHTML, like Gecko) Chrome/151.0.7922.137 Mobile Safari/537.36 (compatible; GoogleOther)"
66.249.66.41 - - [19/Aug/2026:18:40:26 +0200] "GET /23866779 HTTP/1.1" 200 189544 "-" "Mozilla/5.0 (Linux; Android 6.0.1; Nexus 5X Build/MMB29P) AppleWebKit/537.36 (KHTML, like Gecko) Chrome/151.0.7922.137 Mobile Safari/537.36 (compatible; GoogleOther)"
66.249.66.41 - - [19/Aug/2026:18:55:30 +0200] "GET /tuecher/?path=//usr HTTP/1.1" 200 153327 "-" "Mozilla/5.0 (Linux; Android 6.0.1; Nexus 5X Build/MMB29P) AppleWebKit/537.36 (KHTML, like Gecko) Chrome/151.0.7922.137 Mobile Safari/537.36 (compatible; GoogleOther)"
66.249.66.43 - - [19/Aug/2026:18:58:05 +0200] "GET /outlet/232025675 HTTP/1.1" 200 192391 "-" "Mozilla/5.0 (Linux; Android 6.0.1; Nexus 5X Build/MMB29P) AppleWebKit/537.36 (KHTML, like Gecko) Chrome/151.0.7922.137 Mobile Safari/537.36 (compatible; GoogleOther)"
66.249.66.43 - - [19/Aug/2026:19:00:52 +0200] "GET /3945143 HTTP/1.1" 200 154434 "-" "Mozilla/5.0 (Linux; Android 6.0.1; Nexus 5X Build/MMB29P) AppleWebKit/537.36 (KHTML, like Gecko) Chrome/151.0.7922.137 Mobile Safari/537.36 (compatible; GoogleOther)"
66.249.66.42 - - [19/Aug/2026:19:03:16 +0200] "GET /tuecher/?path=//run HTTP/1.1" 200 181469 "-" "Mozilla/5.0 (Linux; Android 6.0.1; Nexus 5X Build/MMB29P) AppleWebKit/537.36 (KHTML, like Gecko) Chrome/151.0.7922.137 Mobile Safari/537.36 (compatible; GoogleOther)"
66.249.66.43 - - [19/Aug/2026:19:05:48 +0200] "GET /?detail/23203758262889 HTTP/1.1" 200 154362 "-" "Mozilla/5.0 (Linux; Android 6.0.1; Nexus 5X Build/MMB29P) AppleWebKit/537.36 (KHTML, like Gecko) Chrome/151.0.7922.137 Mobile Safari/537.36 (compatible; GoogleOther)"
107.150.37.82 - - [19/Aug/2026:19:08:08 +0200] "GET /wp-content/ad50988e/index.php HTTP/1.1" 503 - "https://goettler-services.de/wp-content/ad50988e/index.php" "Mozilla/5.0 (Windows NT 10.0; Win64; x64) AppleWebKit/537.36 (KHTML, like Gecko) Chrome/58.0.3029.110 Safari/537.3"
66.249.66.42 - - [19/Aug/2026:19:08:51 +0200] "GET /7811853 HTTP/1.1" 503 - "-" "Mozilla/5.0 (Linux; Android 6.0.1; Nexus 5X Build/MMB29P) AppleWebKit/537.36 (KHTML, like Gecko) Chrome/151.0.7922.137 Mobile Safari/537.36 (compatible; GoogleOther)"
66.249.66.40 - - [19/Aug/2026:19:11:02 +0200] "GET /031000509.htm HTTP/1.1" 200 155417 "-" "Mozilla/5.0 (Linux; Android 6.0.1; Nexus 5X Build/MMB29P) AppleWebKit/537.36 (KHTML, like Gecko) Chrome/151.0.7922.137 Mobile Safari/537.36 (compatible; GoogleOther)"
66.249.66.40 - - [19/Aug/2026:19:13:57 +0200] "GET /tuecher/?path=//var HTTP/1.1" 200 152012 "-" "Mozilla/5.0 (Linux; Android 6.0.1; Nexus 5X Build/MMB29P) AppleWebKit/537.36 (KHTML, like Gecko) Chrome/151.0.7922.137 Mobile Safari/537.36 (compatible; GoogleOther)"
66.249.66.38 - - [19/Aug/2026:19:16:25 +0200] "GET /10336710 HTTP/1.1" 200 165493 "-" "Mozilla/5.0 (Linux; Android 6.0.1; Nexus 5X Build/MMB29P) AppleWebKit/537.36 (KHTML, like Gecko) Chrome/151.0.7922.137 Mobile Safari/537.36 (compatible; GoogleOther)"
66.249.66.40 - - [19/Aug/2026:19:18:42 +0200] "GET /93780184 HTTP/1.1" 200 155716 "-" "Mozilla/5.0 (Linux; Android 6.0.1; Nexus 5X Build/MMB29P) AppleWebKit/537.36 (KHTML, like Gecko) Chrome/151.0.7922.137 Mobile Safari/537.36 (compatible; GoogleOther)"
66.249.66.39 - - [19/Aug/2026:19:20:45 +0200] "GET /7517760 HTTP/1.1" 200 151468 "-" "Mozilla/5.0 (Linux; Android 6.0.1; Nexus 5X Build/MMB29P) AppleWebKit/537.36 (KHTML, like Gecko) Chrome/151.0.7922.137 Mobile Safari/537.36 (compatible; GoogleOther)"
66.249.66.40 - - [19/Aug/2026:19:27:56 +0200] "GET /category/305/1 HTTP/1.1" 200 157116 "-" "Mozilla/5.0 (Linux; Android 6.0.1; Nexus 5X Build/MMB29P) AppleWebKit/537.36 (KHTML, like Gecko) Chrome/151.0.7922.137 Mobile Safari/537.36 (compatible; GoogleOther)"
66.249.66.41 - - [19/Aug/2026:19:31:13 +0200] "GET /?detail/020028181939 HTTP/1.1" 503 - "-" "Mozilla/5.0 (Linux; Android 6.0.1; Nexus 5X Build/MMB29P) AppleWebKit/537.36 (KHTML, like Gecko) Chrome/151.0.7922.137 Mobile Safari/537.36 (compatible; GoogleOther)"
66.249.66.42 - - [19/Aug/2026:19:33:22 +0200] "GET /tuecher/?path=//mnt HTTP/1.1" 200 168900 "-" "Mozilla/5.0 (Linux; Android 6.0.1; Nexus 5X Build/MMB29P) AppleWebKit/537.36 (KHTML, like Gecko) Chrome/151.0.7922.137 Mobile Safari/537.36 (compatible; GoogleOther)"
66.249.66.43 - - [19/Aug/2026:19:40:46 +0200] "GET /?detail/089001699962 HTTP/1.1" 200 163704 "-" "Mozilla/5.0 (Linux; Android 6.0.1; Nexus 5X Build/MMB29P) AppleWebKit/537.36 (KHTML, like Gecko) Chrome/151.0.7922.137 Mobile Safari/537.36 (compatible; GoogleOther)"
152.42.211.164 - - [19/Aug/2026:19:43:25 +0200] "GET /wp-login.php HTTP/1.1" 500 - "-" "Mozilla/5.0 (Windows NT 11.0; Win64; x64; rv:121.0) Gecko/20100101 Firefox/121.0"
66.249.66.42 - - [19/Aug/2026:19:43:37 +0200] "GET /018018124.htm HTTP/1.1" 200 145788 "-" "Mozilla/5.0 (Linux; Android 6.0.1; Nexus 5X Build/MMB29P) AppleWebKit/537.36 (KHTML, like Gecko) Chrome/151.0.7922.137 Mobile Safari/537.36 (compatible; GoogleOther)"
152.42.211.164 - - [19/Aug/2026:19:43:50 +0200] "GET /wp-admin/ HTTP/1.1" 500 - "-" "Mozilla/5.0 (Macintosh; Intel Mac OS X 13_6_1) AppleWebKit/537.36 (KHTML, like Gecko) Chrome/121.0.0.0 Safari/537.36"
66.249.66.42 - - [19/Aug/2026:19:47:07 +0200] "GET /?detail/11800105752211 HTTP/1.1" 200 186347 "-" "Mozilla/5.0 (Linux; Android 6.0.1; Nexus 5X Build/MMB29P) AppleWebKit/537.36 (KHTML, like Gecko) Chrome/151.0.7922.137 Mobile Safari/537.36 (compatible; GoogleOther)"
66.249.66.42 - - [19/Aug/2026:19:50:09 +0200] "GET /4970954 HTTP/1.1" 200 157358 "-" "Mozilla/5.0 (Linux; Android 6.0.1; Nexus 5X Build/MMB29P) AppleWebKit/537.36 (KHTML, like Gecko) Chrome/151.0.7922.137 Mobile Safari/537.36 (compatible; GoogleOther)"
66.249.66.42 - - [19/Aug/2026:19:52:46 +0200] "GET /category/149_150/1 HTTP/1.1" 200 156121 "-" "Mozilla/5.0 (Linux; Android 6.0.1; Nexus 5X Build/MMB29P) AppleWebKit/537.36 (KHTML, like Gecko) Chrome/151.0.7922.137 Mobile Safari/537.36 (compatible; GoogleOther)"
66.249.66.43 - - [19/Aug/2026:19:55:00 +0200] "GET /?detail/149015881820 HTTP/1.1" 200 155025 "-" "Mozilla/5.0 (Linux; Android 6.0.1; Nexus 5X Build/MMB29P) AppleWebKit/537.36 (KHTML, like Gecko) Chrome/151.0.7922.137 Mobile Safari/537.36 (compatible; GoogleOther)"
66.249.66.42 - - [19/Aug/2026:19:56:58 +0200] "GET /?detail/2460334653130 HTTP/1.1" 200 151020 "-" "Mozilla/5.0 (Linux; Android 6.0.1; Nexus 5X Build/MMB29P) AppleWebKit/537.36 (KHTML, like Gecko) Chrome/151.0.7922.137 Mobile Safari/537.36 (compatible; GoogleOther)"
66.249.66.42 - - [19/Aug/2026:19:58:41 +0200] "GET /tireshop-r4574-1956515-xagot21555ck40bp-j HTTP/1.1" 200 162305 "-" "Mozilla/5.0 (Linux; Android 6.0.1; Nexus 5X Build/MMB29P) AppleWebKit/537.36 (KHTML, like Gecko) Chrome/151.0.7922.137 Mobile Safari/537.36 (compatible; GoogleOther)"
66.249.66.43 - - [19/Aug/2026:19:58:45 +0200] "GET /keyuca-s7800606-1 HTTP/1.1" 200 151868 "-" "Mozilla/5.0 (Linux; Android 6.0.1; Nexus 5X Build/MMB29P) AppleWebKit/537.36 (KHTML, like Gecko) Chrome/151.0.7922.137 Mobile Safari/537.36 (compatible; GoogleOther)"
66.249.66.41 - - [19/Aug/2026:19:58:56 +0200] "GET /mj-market-to250521-002 HTTP/1.1" 200 152732 "-" "Mozilla/5.0 (Linux; Android 6.0.1; Nexus 5X Build/MMB29P) AppleWebKit/537.36 (KHTML, like Gecko) Chrome/151.0.7922.137 Mobile Safari/537.36 (compatible; GoogleOther)"
66.249.66.42 - - [19/Aug/2026:19:59:06 +0200] "GET /131035521.htm HTTP/1.1" 200 141235 "-" "Mozilla/5.0 (Linux; Android 6.0.1; Nexus 5X Build/MMB29P) AppleWebKit/537.36 (KHTML, like Gecko) Chrome/151.0.7922.137 Mobile Safari/537.36 (compatible; GoogleOther)"
66.249.66.42 - - [19/Aug/2026:19:59:17 +0200] "GET /shop/customer/bookmark.aspx HTTP/1.1" 200 168997 "-" "Mozilla/5.0 (Linux; Android 6.0.1; Nexus 5X Build/MMB29P) AppleWebKit/537.36 (KHTML, like Gecko) Chrome/151.0.7922.137 Mobile Safari/537.36 (compatible; GoogleOther)"
66.249.66.41 - - [19/Aug/2026:19:59:27 +0200] "GET /saibashop01-9dt-xy4-edqipb-1 HTTP/1.1" 200 156249 "-" "Mozilla/5.0 (Linux; Android 6.0.1; Nexus 5X Build/MMB29P) AppleWebKit/537.36 (KHTML, like Gecko) Chrome/151.0.7922.137 Mobile Safari/537.36 (compatible; GoogleOther)"
66.249.66.41 - - [19/Aug/2026:19:59:37 +0200] "GET /6277266 HTTP/1.1" 200 152749 "-" "Mozilla/5.0 (Linux; Android 6.0.1; Nexus 5X Build/MMB29P) AppleWebKit/537.36 (KHTML, like Gecko) Chrome/151.0.7922.137 Mobile Safari/537.36 (compatible; GoogleOther)"
66.249.66.41 - - [19/Aug/2026:19:59:47 +0200] "GET /43063780 HTTP/1.1" 200 161801 "-" "Mozilla/5.0 (Linux; Android 6.0.1; Nexus 5X Build/MMB29P) AppleWebKit/537.36 (KHTML, like Gecko) Chrome/151.0.7922.137 Mobile Safari/537.36 (compatible; GoogleOther)"
66.249.66.41 - - [19/Aug/2026:20:00:32 +0200] "GET /38155979 HTTP/1.1" 200 173686 "-" "Mozilla/5.0 (Linux; Android 6.0.1; Nexus 5X Build/MMB29P) AppleWebKit/537.36 (KHTML, like Gecko) Chrome/151.0.7922.137 Mobile Safari/537.36 (compatible; GoogleOther)"
66.249.66.42 - - [19/Aug/2026:20:00:57 +0200] "GET /96730615 HTTP/1.1" 200 157069 "-" "Mozilla/5.0 (Linux; Android 6.0.1; Nexus 5X Build/MMB29P) AppleWebKit/537.36 (KHTML, like Gecko) Chrome/151.0.7922.137 Mobile Safari/537.36 (compatible; GoogleOther)"
66.249.66.41 - - [19/Aug/2026:20:02:17 +0200] "GET /927897927 HTTP/1.1" 200 173513 "-" "Mozilla/5.0 (Linux; Android 6.0.1; Nexus 5X Build/MMB29P) AppleWebKit/537.36 (KHTML, like Gecko) Chrome/151.0.7922.137 Mobile Safari/537.36 (compatible; GoogleOther)"
66.249.66.41 - - [19/Aug/2026:20:02:29 +0200] "GET /tuecher/?path=//sbin HTTP/1.1" 200 151628 "-" "Mozilla/5.0 (Linux; Android 6.0.1; Nexus 5X Build/MMB29P) AppleWebKit/537.36 (KHTML, like Gecko) Chrome/151.0.7922.137 Mobile Safari/537.36 (compatible; GoogleOther)"
66.249.66.43 - - [19/Aug/2026:20:03:10 +0200] "GET /56463592 HTTP/1.1" 200 171636 "-" "Mozilla/5.0 (Linux; Android 6.0.1; Nexus 5X Build/MMB29P) AppleWebKit/537.36 (KHTML, like Gecko) Chrome/151.0.7922.137 Mobile Safari/537.36 (compatible; GoogleOther)"
66.249.66.41 - - [19/Aug/2026:20:03:34 +0200] "GET /22460300 HTTP/1.1" 200 152817 "-" "Mozilla/5.0 (Linux; Android 6.0.1; Nexus 5X Build/MMB29P) AppleWebKit/537.36 (KHTML, like Gecko) Chrome/151.0.7922.137 Mobile Safari/537.36 (compatible; GoogleOther)"
66.249.66.43 - - [19/Aug/2026:20:04:05 +0200] "GET /692632758 HTTP/1.1" 200 159351 "-" "Mozilla/5.0 (Linux; Android 6.0.1; Nexus 5X Build/MMB29P) AppleWebKit/537.36 (KHTML, like Gecko) Chrome/151.0.7922.137 Mobile Safari/537.36 (compatible; GoogleOther)"
66.249.66.42 - - [19/Aug/2026:20:05:22 +0200] "GET /8729118 HTTP/1.1" 200 178688 "-" "Mozilla/5.0 (Linux; Android 6.0.1; Nexus 5X Build/MMB29P) AppleWebKit/537.36 (KHTML, like Gecko) Chrome/151.0.7922.137 Mobile Safari/537.36 (compatible; GoogleOther)"
66.249.66.41 - - [19/Aug/2026:20:05:50 +0200] "GET /243519626 HTTP/1.1" 200 152279 "-" "Mozilla/5.0 (Linux; Android 6.0.1; Nexus 5X Build/MMB29P) AppleWebKit/537.36 (KHTML, like Gecko) Chrome/151.0.7922.137 Mobile Safari/537.36 (compatible; GoogleOther)"
