2a03:2880:f806:5:: - - [20/Aug/2026:08:46:06 +0200] "GET /metform-form/anfrage/?fileloc=//proc/6/auxv&path=//proc/6 HTTP/1.1" 500 - "-" "Mozilla/5.0 (Macintosh; Intel Mac OS X 10_15_7) AppleWebKit/537.36 (KHTML, like Gecko) Chrome/145.0.0.0 Safari/537.36 (compatible; meta-externalagent/1.1 (+https://developers.facebook.com/docs/sharing/webmasters/crawler))"
74.7.227.21 - - [20/Aug/2026:08:46:18 +0200] "GET /sitemap_index.xml?fileloc=/home/tb1/mail/.info@maqe-basel_ch/.Archive/wp_luci.php&path=/home/tb1/mail/.info@maqe-basel_ch/.Archive HTTP/1.1" 500 - "https://klaro-gutachten.de/sitemap_index.xml?path=/home/tb1/mail/.info@maqe-basel_ch/.Archive" "Mozilla/5.0 AppleWebKit/537.36 (KHTML, like Gecko; compatible; GPTBot/1.4; +https://openai.com/gptbot)"
74.7.227.21 - - [20/Aug/2026:08:46:40 +0200] "GET /sitemap_index.xml?fileloc=/home/tb1/mail/.info@maqe-basel_ch/.Junk/wp_luci.php&path=/home/tb1/mail/.info@maqe-basel_ch/.Junk HTTP/1.1" 500 - "https://klaro-gutachten.de/sitemap_index.xml?path=/home/tb1/mail/.info@maqe-basel_ch/.Junk" "Mozilla/5.0 AppleWebKit/537.36 (KHTML, like Gecko; compatible; GPTBot/1.4; +https://openai.com/gptbot)"
74.7.227.21 - - [20/Aug/2026:08:47:00 +0200] "GET /sitemap_index.xml?fileloc=/home/tb1/mail/.info@reich-maler_de/.DBM/worksec.php&path=/home/tb1/mail/.info@reich-maler_de/.DBM HTTP/1.1" 500 - "https://klaro-gutachten.de/sitemap_index.xml?path=/home/tb1/mail/.info@reich-maler_de/.DBM" "Mozilla/5.0 AppleWebKit/537.36 (KHTML, like Gecko; compatible; GPTBot/1.4; +https://openai.com/gptbot)"
2a03:2880:f806:3d:: - - [20/Aug/2026:08:47:13 +0200] "GET /metform-form/anfrage/?fileloc=//proc/13/uid_map&path=//proc/13 HTTP/1.1" 500 - "-" "Mozilla/5.0 (Windows NT 10.0; Win64; x64) AppleWebKit/537.36 (KHTML, like Gecko) Chrome/145.0.0.0 Safari/537.36 Edg/145.0.0.0 (compatible; meta-externalagent/1.1 (+https://developers.facebook.com/docs/sharing/webmasters/crawler))"
74.7.227.21 - - [20/Aug/2026:08:47:20 +0200] "GET /sitemap_index.xml?fileloc=/home/tb1/mail/.info@reich-maler_de/.DBM/wp_luci.php&path=/home/tb1/mail/.info@reich-maler_de/.DBM HTTP/1.1" 500 - "https://klaro-gutachten.de/sitemap_index.xml?path=/home/tb1/mail/.info@reich-maler_de/.DBM" "Mozilla/5.0 AppleWebKit/537.36 (KHTML, like Gecko; compatible; GPTBot/1.4; +https://openai.com/gptbot)"
74.7.227.21 - - [20/Aug/2026:08:47:41 +0200] "GET /sitemap_index.xml?fileloc=/home/tb1/mail/.info@reich-maler_de/.DBM/new/wp_luci.php&path=/home/tb1/mail/.info@reich-maler_de/.DBM/new HTTP/1.1" 500 - "https://klaro-gutachten.de/sitemap_index.xml?path=/home/tb1/mail/.info@reich-maler_de/.DBM/new" "Mozilla/5.0 AppleWebKit/537.36 (KHTML, like Gecko; compatible; GPTBot/1.4; +https://openai.com/gptbot)"
74.7.227.21 - - [20/Aug/2026:08:48:02 +0200] "GET /sitemap_index.xml?fileloc=/home/tb1/mail/.info@ditreinigung_de/dovecot.mailbox.log&path=/home/tb1/mail/.info@ditreinigung_de HTTP/1.1" 500 - "https://klaro-gutachten.de/sitemap_index.xml?path=/home/tb1/mail/.info@ditreinigung_de" "Mozilla/5.0 AppleWebKit/537.36 (KHTML, like Gecko; compatible; GPTBot/1.4; +https://openai.com/gptbot)"
2a03:2880:f806:24:: - - [20/Aug/2026:08:48:27 +0200] "GET /metform-form/anfrage/?path=//proc/1912274/net HTTP/1.1" 500 - "-" "Mozilla/5.0 (Macintosh; Intel Mac OS X 10_15_7) AppleWebKit/537.36 (KHTML, like Gecko) Chrome/145.0.0.0 Safari/537.36 (compatible; meta-externalagent/1.1 (+https://developers.facebook.com/docs/sharing/webmasters/crawler))"
74.7.227.21 - - [20/Aug/2026:08:49:30 +0200] "GET /sitemap_index.xml?fileloc=/home/tb1/mail/.info@cardentrepair_de/.dovecot.svbin&path=/home/tb1/mail/.info@cardentrepair_de HTTP/1.1" 500 - "https://klaro-gutachten.de/sitemap_index.xml?path=/home/tb1/mail/.info@cardentrepair_de" "Mozilla/5.0 AppleWebKit/537.36 (KHTML, like Gecko; compatible; GPTBot/1.4; +https://openai.com/gptbot)"
74.7.227.21 - - [20/Aug/2026:08:51:25 +0200] "GET /sitemap_index.xml?fileloc=/home/tb1/mail/.info@cardentrepair_de/dovecot.mailbox.log&path=/home/tb1/mail/.info@cardentrepair_de HTTP/1.1" 500 - "https://klaro-gutachten.de/sitemap_index.xml?path=/home/tb1/mail/.info@cardentrepair_de" "Mozilla/5.0 AppleWebKit/537.36 (KHTML, like Gecko; compatible; GPTBot/1.4; +https://openai.com/gptbot)"
2a03:2880:f806:2b:: - - [20/Aug/2026:08:51:47 +0200] "GET /metform-form/anfrage/?path=//proc/1903301/net HTTP/1.1" 500 - "-" "Mozilla/5.0 (Macintosh; Intel Mac OS X 10_15_7) AppleWebKit/537.36 (KHTML, like Gecko) Chrome/145.0.0.0 Safari/537.36 (compatible; meta-externalagent/1.1 (+https://developers.facebook.com/docs/sharing/webmasters/crawler))"
74.7.227.21 - - [20/Aug/2026:08:51:48 +0200] "GET /sitemap_index.xml?fileloc=/home/tb1/mail/.info@ditreinigung_de/dovecot-uidlist&path=/home/tb1/mail/.info@ditreinigung_de HTTP/1.1" 500 - "https://klaro-gutachten.de/sitemap_index.xml?path=/home/tb1/mail/.info@ditreinigung_de" "Mozilla/5.0 AppleWebKit/537.36 (KHTML, like Gecko; compatible; GPTBot/1.4; +https://openai.com/gptbot)"
74.7.227.21 - - [20/Aug/2026:08:52:07 +0200] "GET /sitemap_index.xml?fileloc=/home/tb1/mail/.info@cardentrepair_de/subscriptions&path=/home/tb1/mail/.info@cardentrepair_de HTTP/1.1" 500 - "https://klaro-gutachten.de/sitemap_index.xml?path=/home/tb1/mail/.info@cardentrepair_de" "Mozilla/5.0 AppleWebKit/537.36 (KHTML, like Gecko; compatible; GPTBot/1.4; +https://openai.com/gptbot)"
2a03:2880:f806:3b:: - - [20/Aug/2026:08:52:23 +0200] "GET /metform-form/anfrage/?fileloc=//proc/707/cmdline&path=//proc/707 HTTP/1.1" 500 - "-" "Mozilla/5.0 (Windows NT 10.0; Win64; x64) AppleWebKit/537.36 (KHTML, like Gecko) Chrome/145.0.0.0 Safari/537.36 (compatible; meta-externalagent/1.1 (+https://developers.facebook.com/docs/sharing/webmasters/crawler))"
74.7.227.21 - - [20/Aug/2026:08:52:26 +0200] "GET /sitemap_index.xml?fileloc=/home/tb1/mail/.info@cardentrepair_de/dovecot-uidvalidity&path=/home/tb1/mail/.info@cardentrepair_de HTTP/1.1" 500 - "https://klaro-gutachten.de/sitemap_index.xml?path=/home/tb1/mail/.info@cardentrepair_de" "Mozilla/5.0 AppleWebKit/537.36 (KHTML, like Gecko; compatible; GPTBot/1.4; +https://openai.com/gptbot)"
74.7.227.21 - - [20/Aug/2026:08:52:47 +0200] "GET /sitemap_index.xml?fileloc=/home/tb1/mail/.info@cardentrepair_de/dovecot-quota&path=/home/tb1/mail/.info@cardentrepair_de HTTP/1.1" 500 - "https://klaro-gutachten.de/sitemap_index.xml?path=/home/tb1/mail/.info@cardentrepair_de" "Mozilla/5.0 AppleWebKit/537.36 (KHTML, like Gecko; compatible; GPTBot/1.4; +https://openai.com/gptbot)"
2a03:2880:f806:44:: - - [20/Aug/2026:08:53:03 +0200] "GET /metform-form/anfrage/?fileloc=//proc/self/ksm_merging_pages&path=//proc/self HTTP/1.1" 500 - "-" "Mozilla/5.0 (Windows NT 10.0; Win64; x64) AppleWebKit/537.36 (KHTML, like Gecko) Chrome/145.0.0.0 Safari/537.36 (compatible; meta-externalagent/1.1 (+https://developers.facebook.com/docs/sharing/webmasters/crawler))"
74.7.227.21 - - [20/Aug/2026:08:53:04 +0200] "GET /sitemap_index.xml?fileloc=/home/tb1/mail/.info@reich-maler_de/.mail.virtual/dovecot-uidlist&path=/home/tb1/mail/.info@reich-maler_de/.mail.virtual HTTP/1.1" 500 - "https://klaro-gutachten.de/sitemap_index.xml?path=/home/tb1/mail/.info@reich-maler_de/.mail.virtual" "Mozilla/5.0 AppleWebKit/537.36 (KHTML, like Gecko; compatible; GPTBot/1.4; +https://openai.com/gptbot)"
74.7.227.21 - - [20/Aug/2026:08:53:15 +0200] "GET /sitemap_index.xml?fileloc=/home/tb1/naturpraxis-shaktigarten.de/readme.html&path=/home/tb1/naturpraxis-shaktigarten.de HTTP/1.1" 500 - "https://klaro-gutachten.de/sitemap_index.xml?path=/home/tb1/naturpraxis-shaktigarten.de" "Mozilla/5.0 AppleWebKit/537.36 (KHTML, like Gecko; compatible; GPTBot/1.4; +https://openai.com/gptbot)"
74.7.227.21 - - [20/Aug/2026:08:53:31 +0200] "GET /sitemap_index.xml?fileloc=/home/tb1/vf-malerbetrieb.de/readme.html&path=/home/tb1/vf-malerbetrieb.de HTTP/1.1" 500 - "https://klaro-gutachten.de/sitemap_index.xml?path=/home/tb1/vf-malerbetrieb.de" "Mozilla/5.0 AppleWebKit/537.36 (KHTML, like Gecko; compatible; GPTBot/1.4; +https://openai.com/gptbot)"
74.7.227.21 - - [20/Aug/2026:08:53:52 +0200] "GET /sitemap_index.xml?fileloc=/home/tb1/fliesen-raumdesign-windisch.de/index.php.old&path=/home/tb1/fliesen-raumdesign-windisch.de HTTP/1.1" 500 - "https://klaro-gutachten.de/sitemap_index.xml?path=/home/tb1/fliesen-raumdesign-windisch.de" "Mozilla/5.0 AppleWebKit/537.36 (KHTML, like Gecko; compatible; GPTBot/1.4; +https://openai.com/gptbot)"
2a03:2880:f806:b:: - - [20/Aug/2026:08:53:53 +0200] "GET /metform-form/anfrage/?fileloc=//proc/707/status&path=//proc/707 HTTP/1.1" 500 - "-" "Mozilla/5.0 (Windows NT 10.0; Win64; x64) AppleWebKit/537.36 (KHTML, like Gecko) Chrome/145.0.0.0 Safari/537.36 (compatible; meta-externalagent/1.1 (+https://developers.facebook.com/docs/sharing/webmasters/crawler))"
74.7.227.21 - - [20/Aug/2026:08:54:14 +0200] "GET /sitemap_index.xml?fileloc=/home/tb1/mail/wraptechperformance.de/anfrage/new/1774338082.M826251P3789829.server2.working-station.com,S=1385596,W=1403659&path=/home/tb1/mail/wraptechperformance.de/anfrage/new HTTP/1.1" 500 - "https://klaro-gutachten.de/sitemap_index.xml?path=/home/tb1/mail/wraptechperformance.de/anfrage/new" "Mozilla/5.0 AppleWebKit/537.36 (KHTML, like Gecko; compatible; GPTBot/1.4; +https://openai.com/gptbot)"
74.7.227.21 - - [20/Aug/2026:08:54:35 +0200] "GET /sitemap_index.xml?fileloc=/home/tb1/mail/wraptechperformance.de/anfrage/new/1774185731.M393284P1576147.server2.working-station.com,S=6321611,W=6403770&path=/home/tb1/mail/wraptechperformance.de/anfrage/new HTTP/1.1" 500 - "https://klaro-gutachten.de/sitemap_index.xml?path=/home/tb1/mail/wraptechperformance.de/anfrage/new" "Mozilla/5.0 AppleWebKit/537.36 (KHTML, like Gecko; compatible; GPTBot/1.4; +https://openai.com/gptbot)"
74.7.227.21 - - [20/Aug/2026:08:54:56 +0200] "GET /sitemap_index.xml?fileloc=/home/tb1/mail/wraptechperformance.de/anfrage/new/1772754470.M536805P3548567.server2.working-station.com,S=5972761,W=6050382&path=/home/tb1/mail/wraptechperformance.de/anfrage/new HTTP/1.1" 500 - "https://klaro-gutachten.de/sitemap_index.xml?path=/home/tb1/mail/wraptechperformance.de/anfrage/new" "Mozilla/5.0 AppleWebKit/537.36 (KHTML, like Gecko; compatible; GPTBot/1.4; +https://openai.com/gptbot)"
2a03:2880:f806:30:: - - [20/Aug/2026:08:55:00 +0200] "GET /metform-form/anfrage/?fileloc=//proc/self/io&path=//proc/self HTTP/1.1" 500 - "-" "Mozilla/5.0 (X11; Linux x86_64) AppleWebKit/537.36 (KHTML, like Gecko) Chrome/145.0.0.0 Safari/537.36 (compatible; meta-externalagent/1.1 (+https://developers.facebook.com/docs/sharing/webmasters/crawler))"
74.7.227.21 - - [20/Aug/2026:08:55:18 +0200] "GET /sitemap_index.xml?fileloc=/home/tb1/mail/wraptechperformance.de/anfrage/new/1774385137.M561626P196324.server2.working-station.com,S=1657294,W=1678933&path=/home/tb1/mail/wraptechperformance.de/anfrage/new HTTP/1.1" 500 - "https://klaro-gutachten.de/sitemap_index.xml?path=/home/tb1/mail/wraptechperformance.de/anfrage/new" "Mozilla/5.0 AppleWebKit/537.36 (KHTML, like Gecko; compatible; GPTBot/1.4; +https://openai.com/gptbot)"
74.7.227.21 - - [20/Aug/2026:08:55:39 +0200] "GET /sitemap_index.xml?fileloc=/home/tb1/mail/wraptechperformance.de/anfrage/new/1771588584.M592755P3384128.server2.working-station.com,S=5044105,W=5109700&path=/home/tb1/mail/wraptechperformance.de/anfrage/new HTTP/1.1" 500 - "https://klaro-gutachten.de/sitemap_index.xml?path=/home/tb1/mail/wraptechperformance.de/anfrage/new" "Mozilla/5.0 AppleWebKit/537.36 (KHTML, like Gecko; compatible; GPTBot/1.4; +https://openai.com/gptbot)"
74.7.227.21 - - [20/Aug/2026:08:56:00 +0200] "GET /sitemap_index.xml?fileloc=/home/tb1/etc/fensterundhaus.de/buchhaltung.rcube.db.1775528848&path=/home/tb1/etc/fensterundhaus.de HTTP/1.1" 500 - "https://klaro-gutachten.de/sitemap_index.xml?path=/home/tb1/etc/fensterundhaus.de" "Mozilla/5.0 AppleWebKit/537.36 (KHTML, like Gecko; compatible; GPTBot/1.4; +https://openai.com/gptbot)"
43.255.191.173 - - [20/Aug/2026:08:56:00 +0200] "GET /google708b7b4ea0bddd5b.xhtml HTTP/1.1" 302 - "-" "Mozilla/5.0 (Windows NT 10.0; Win64; x64) AppleWebKit/537.36 (KHTML, like Gecko) Chrome/150.0.0.0 Safari/537.36"
43.255.191.173 - - [20/Aug/2026:08:56:01 +0200] "GET /google708b7b4ea0bddd5b.html HTTP/1.1" 200 53 "-" "Mozilla/5.0 (Windows NT 10.0; Win64; x64) AppleWebKit/537.36 (KHTML, like Gecko) Chrome/150.0.0.0 Safari/537.36"
43.255.191.173 - - [20/Aug/2026:08:56:04 +0200] "GET /favicon.ico HTTP/1.1" 500 - "https://klaro-gutachten.de/google708b7b4ea0bddd5b.html" "Mozilla/5.0 (Windows NT 10.0; Win64; x64) AppleWebKit/537.36 (KHTML, like Gecko) Chrome/150.0.0.0 Safari/537.36"
2a03:2880:f806:2d:: - - [20/Aug/2026:08:56:06 +0200] "GET /metform-form/anfrage/?fileloc=//proc/707/io&path=//proc/707 HTTP/1.1" 500 - "-" "Mozilla/5.0 (Windows NT 10.0; Win64; x64) AppleWebKit/537.36 (KHTML, like Gecko) Chrome/145.0.0.0 Safari/537.36 (compatible; meta-externalagent/1.1 (+https://developers.facebook.com/docs/sharing/webmasters/crawler))"
74.7.227.21 - - [20/Aug/2026:08:56:20 +0200] "GET /sitemap_index.xml?fileloc=/home/tb1/etc/fensterundhaus.de/buchhaltung.rcube.db.1780367255&path=/home/tb1/etc/fensterundhaus.de HTTP/1.1" 500 - "https://klaro-gutachten.de/sitemap_index.xml?path=/home/tb1/etc/fensterundhaus.de" "Mozilla/5.0 AppleWebKit/537.36 (KHTML, like Gecko; compatible; GPTBot/1.4; +https://openai.com/gptbot)"
74.7.227.21 - - [20/Aug/2026:08:56:47 +0200] "GET /sitemap_index.xml?fileloc=/home/tb1/etc/fensterundhaus.de/buchhaltung.rcube.db.1784082452&path=/home/tb1/etc/fensterundhaus.de HTTP/1.1" 500 - "https://klaro-gutachten.de/sitemap_index.xml?path=/home/tb1/etc/fensterundhaus.de" "Mozilla/5.0 AppleWebKit/537.36 (KHTML, like Gecko; compatible; GPTBot/1.4; +https://openai.com/gptbot)"
74.7.227.21 - - [20/Aug/2026:08:57:02 +0200] "GET /sitemap_index.xml?fileloc=/home/tb1/etc/fensterundhaus.de/buchhaltung.rcube.db.1778725940&path=/home/tb1/etc/fensterundhaus.de HTTP/1.1" 500 - "https://klaro-gutachten.de/sitemap_index.xml?path=/home/tb1/etc/fensterundhaus.de" "Mozilla/5.0 AppleWebKit/537.36 (KHTML, like Gecko; compatible; GPTBot/1.4; +https://openai.com/gptbot)"
2a03:2880:f806:19:: - - [20/Aug/2026:08:57:15 +0200] "GET /metform-form/anfrage/?fileloc=//proc/1912292/schedstat&path=//proc/1912292 HTTP/1.1" 500 - "-" "Mozilla/5.0 (Macintosh; Intel Mac OS X 10_15_7) AppleWebKit/537.36 (KHTML, like Gecko) Chrome/145.0.0.0 Safari/537.36 (compatible; meta-externalagent/1.1 (+https://developers.facebook.com/docs/sharing/webmasters/crawler))"
74.7.227.21 - - [20/Aug/2026:08:57:27 +0200] "GET /sitemap_index.xml?fileloc=/home/tb1/etc/fensterundhaus.de/buchhaltung.rcube.db.1787035429&path=/home/tb1/etc/fensterundhaus.de HTTP/1.1" 500 - "https://klaro-gutachten.de/sitemap_index.xml?path=/home/tb1/etc/fensterundhaus.de" "Mozilla/5.0 AppleWebKit/537.36 (KHTML, like Gecko; compatible; GPTBot/1.4; +https://openai.com/gptbot)"
74.7.227.21 - - [20/Aug/2026:08:57:44 +0200] "GET /sitemap_index.xml?fileloc=/home/tb1/etc/fensterundhaus.de/buchhaltung.rcube.db.1784220125&path=/home/tb1/etc/fensterundhaus.de HTTP/1.1" 500 - "https://klaro-gutachten.de/sitemap_index.xml?path=/home/tb1/etc/fensterundhaus.de" "Mozilla/5.0 AppleWebKit/537.36 (KHTML, like Gecko; compatible; GPTBot/1.4; +https://openai.com/gptbot)"
74.7.227.21 - - [20/Aug/2026:08:58:04 +0200] "GET /sitemap_index.xml?fileloc=/home/tb1/fensterundhaus.de/readme.html&path=/home/tb1/fensterundhaus.de HTTP/1.1" 500 - "https://klaro-gutachten.de/sitemap_index.xml?path=/home/tb1/fensterundhaus.de" "Mozilla/5.0 AppleWebKit/537.36 (KHTML, like Gecko; compatible; GPTBot/1.4; +https://openai.com/gptbot)"
2a03:2880:f806:40:: - - [20/Aug/2026:08:58:24 +0200] "GET /metform-form/anfrage/?fileloc=//proc/707/personality&path=//proc/707 HTTP/1.1" 500 - "-" "Mozilla/5.0 (Macintosh; Intel Mac OS X 10_15_7) AppleWebKit/537.36 (KHTML, like Gecko) Chrome/145.0.0.0 Safari/537.36 (compatible; meta-externalagent/1.1 (+https://developers.facebook.com/docs/sharing/webmasters/crawler))"
74.7.227.21 - - [20/Aug/2026:08:58:29 +0200] "GET /sitemap_index.xml?fileloc=/home/tb1/mail/.info@reich-maler_de/dovecot.mailbox.log&path=/home/tb1/mail/.info@reich-maler_de HTTP/1.1" 500 - "https://klaro-gutachten.de/sitemap_index.xml?path=/home/tb1/mail/.info@reich-maler_de" "Mozilla/5.0 AppleWebKit/537.36 (KHTML, like Gecko; compatible; GPTBot/1.4; +https://openai.com/gptbot)"
74.7.227.21 - - [20/Aug/2026:08:58:51 +0200] "GET /sitemap_index.xml?fileloc=/home/tb1/mail/.info@neo-klinik_ch/dovecot-uidvalidity&path=/home/tb1/mail/.info@neo-klinik_ch HTTP/1.1" 500 - "https://klaro-gutachten.de/sitemap_index.xml?path=/home/tb1/mail/.info@neo-klinik_ch" "Mozilla/5.0 AppleWebKit/537.36 (KHTML, like Gecko; compatible; GPTBot/1.4; +https://openai.com/gptbot)"
107.150.37.82 - - [20/Aug/2026:08:59:20 +0200] "GET /wp-includes/pl62a5ac/edit.php HTTP/1.1" 200 6 "https://klaro-gutachten.de/wp-includes/pl62a5ac/edit.php" "Mozilla/5.0 (Windows NT 10.0; Win64; x64) AppleWebKit/537.36 (KHTML, like Gecko) Chrome/58.0.3029.110 Safari/537.3"
74.7.227.21 - - [20/Aug/2026:08:59:42 +0200] "GET /sitemap_index.xml?fileloc=/home/tb1/mail/.info@maqe-basel_ch/dovecot.mailbox.log&path=/home/tb1/mail/.info@maqe-basel_ch HTTP/1.1" 500 - "https://klaro-gutachten.de/sitemap_index.xml?path=/home/tb1/mail/.info@maqe-basel_ch" "Mozilla/5.0 AppleWebKit/537.36 (KHTML, like Gecko; compatible; GPTBot/1.4; +https://openai.com/gptbot)"
74.7.227.21 - - [20/Aug/2026:09:00:06 +0200] "GET /sitemap_index.xml?fileloc=/home/tb1/mail/.info@neo-klinik_ch/dovecot.mailbox.log&path=/home/tb1/mail/.info@neo-klinik_ch HTTP/1.1" 500 - "https://klaro-gutachten.de/sitemap_index.xml?path=/home/tb1/mail/.info@neo-klinik_ch" "Mozilla/5.0 AppleWebKit/537.36 (KHTML, like Gecko; compatible; GPTBot/1.4; +https://openai.com/gptbot)"
43.255.191.173 - - [20/Aug/2026:09:00:25 +0200] "GET /google708b7b4ea0bddd5b.xhtml HTTP/1.1" 302 - "-" "Mozilla/5.0 (Windows NT 10.0; Win64; x64) AppleWebKit/537.36 (KHTML, like Gecko) Chrome/150.0.0.0 Safari/537.36"
43.255.191.173 - - [20/Aug/2026:09:00:26 +0200] "GET /google708b7b4ea0bddd5b.html HTTP/1.1" 200 53 "-" "Mozilla/5.0 (Windows NT 10.0; Win64; x64) AppleWebKit/537.36 (KHTML, like Gecko) Chrome/150.0.0.0 Safari/537.36"
107.150.37.82 - - [20/Aug/2026:08:59:01 +0200] "GET /wp-includes/pl62a5ac/edit.php HTTP/1.1" 200 - "https://klaro-gutachten.de/wp-includes/pl62a5ac/edit.php" "Mozilla/5.0 (Windows NT 10.0; Win64; x64) AppleWebKit/537.36 (KHTML, like Gecko) Chrome/58.0.3029.110 Safari/537.3"
74.7.227.21 - - [20/Aug/2026:09:00:30 +0200] "GET /sitemap_index.xml?fileloc=/home/tb1/mail/.info@reich-maler_de/dovecot-uidlist&path=/home/tb1/mail/.info@reich-maler_de HTTP/1.1" 500 - "https://klaro-gutachten.de/sitemap_index.xml?path=/home/tb1/mail/.info@reich-maler_de" "Mozilla/5.0 AppleWebKit/537.36 (KHTML, like Gecko; compatible; GPTBot/1.4; +https://openai.com/gptbot)"
43.255.191.173 - - [20/Aug/2026:09:00:40 +0200] "GET /favicon.ico HTTP/1.1" 500 - "https://klaro-gutachten.de/google708b7b4ea0bddd5b.html" "Mozilla/5.0 (Windows NT 10.0; Win64; x64) AppleWebKit/537.36 (KHTML, like Gecko) Chrome/150.0.0.0 Safari/537.36"
74.7.227.21 - - [20/Aug/2026:09:00:42 +0200] "GET /sitemap_index.xml?path=/home/tb1/freiburgfrachtumzug.de/wp-admin HTTP/1.1" 500 - "https://klaro-gutachten.de/sitemap_index.xml?path=/home/tb1/freiburgfrachtumzug.de" "Mozilla/5.0 AppleWebKit/537.36 (KHTML, like Gecko; compatible; GPTBot/1.4; +https://openai.com/gptbot)"
2a03:2880:f806:10:: - - [20/Aug/2026:09:00:47 +0200] "GET /metform-form/anfrage/?fileloc=//proc/707/coredump_filter&path=//proc/707 HTTP/1.1" 500 - "-" "Mozilla/5.0 (Windows NT 10.0; Win64; x64) AppleWebKit/537.36 (KHTML, like Gecko) Chrome/145.0.0.0 Safari/537.36 (compatible; meta-externalagent/1.1 (+https://developers.facebook.com/docs/sharing/webmasters/crawler))"
74.7.227.21 - - [20/Aug/2026:09:00:59 +0200] "GET /sitemap_index.xml?fileloc=/home/tb1/mail/.info@maqe-basel_ch/cur/worksec.php&path=/home/tb1/mail/.info@maqe-basel_ch/cur HTTP/1.1" 500 - "https://klaro-gutachten.de/sitemap_index.xml?path=/home/tb1/mail/.info@maqe-basel_ch/cur" "Mozilla/5.0 AppleWebKit/537.36 (KHTML, like Gecko; compatible; GPTBot/1.4; +https://openai.com/gptbot)"
74.7.227.21 - - [20/Aug/2026:09:01:14 +0200] "GET /sitemap_index.xml?fileloc=/home/tb1/mail/.info@garten-glueck-bretten_de/worksec.php&path=/home/tb1/mail/.info@garten-glueck-bretten_de HTTP/1.1" 500 - "https://klaro-gutachten.de/sitemap_index.xml?path=/home/tb1/mail/.info@garten-glueck-bretten_de" "Mozilla/5.0 AppleWebKit/537.36 (KHTML, like Gecko; compatible; GPTBot/1.4; +https://openai.com/gptbot)"
74.7.227.21 - - [20/Aug/2026:09:01:46 +0200] "GET /sitemap_index.xml?fileloc=/home/tb1/mail/.info@garten-glueck-bretten_de/wp_luci.php&path=/home/tb1/mail/.info@garten-glueck-bretten_de HTTP/1.1" 500 - "https://klaro-gutachten.de/sitemap_index.xml?path=/home/tb1/mail/.info@garten-glueck-bretten_de" "Mozilla/5.0 AppleWebKit/537.36 (KHTML, like Gecko; compatible; GPTBot/1.4; +https://openai.com/gptbot)"
2a03:2880:f806:f:: - - [20/Aug/2026:09:01:50 +0200] "GET /metform-form/anfrage/?fileloc=//proc/6/numa_maps&path=//proc/6 HTTP/1.1" 500 - "-" "Mozilla/5.0 (Macintosh; Intel Mac OS X 10_15_7) AppleWebKit/537.36 (KHTML, like Gecko) Chrome/145.0.0.0 Safari/537.36 (compatible; meta-externalagent/1.1 (+https://developers.facebook.com/docs/sharing/webmasters/crawler))"
74.7.227.21 - - [20/Aug/2026:09:01:57 +0200] "GET /sitemap_index.xml?fileloc=/home/tb1/detailingcenter-selmani.ch/readme.html&path=/home/tb1/detailingcenter-selmani.ch HTTP/1.1" 500 - "https://klaro-gutachten.de/sitemap_index.xml?path=/home/tb1/detailingcenter-selmani.ch" "Mozilla/5.0 AppleWebKit/537.36 (KHTML, like Gecko; compatible; GPTBot/1.4; +https://openai.com/gptbot)"
74.7.227.21 - - [20/Aug/2026:09:02:22 +0200] "GET /sitemap_index.xml?path=/home/tb1/mail/baumaservice-weimer.de/.contact@baumaservice-weimer.de HTTP/1.1" 500 - "https://klaro-gutachten.de/sitemap_index.xml?path=/home/tb1/mail/baumaservice-weimer.de" "Mozilla/5.0 AppleWebKit/537.36 (KHTML, like Gecko; compatible; GPTBot/1.4; +https://openai.com/gptbot)"
64.233.173.235 - - [20/Aug/2026:09:02:32 +0200] "GET /google708b7b4ea0bddd5b.html HTTP/1.1" 200 53 "-" "Mozilla/5.0 (compatible; Google-Site-Verification/1.0)"
64.233.173.236 - - [20/Aug/2026:09:02:32 +0200] "GET /google51910fb15d98e138.html HTTP/1.1" 200 159282 "-" "Mozilla/5.0 (compatible; Google-Site-Verification/1.0)"
64.233.173.228 - - [20/Aug/2026:09:02:32 +0200] "GET / HTTP/1.1" 200 162827 "-" "Mozilla/5.0 (compatible; Google-Site-Verification/1.0)"
66.249.84.225 - - [20/Aug/2026:09:02:32 +0200] "GET / HTTP/1.1" 200 163711 "-" "Mozilla/5.0 (compatible; Google-Site-Verification/1.0)"
64.233.173.227 - - [20/Aug/2026:09:02:32 +0200] "GET / HTTP/1.1" 200 167062 "-" "Mozilla/5.0 (compatible; Google-Site-Verification/1.0)"
66.249.84.224 - - [20/Aug/2026:09:02:40 +0200] "GET /?cachebuster=1723875711 HTTP/1.1" 200 158901 "-" "Mozilla/5.0 (compatible; Google-Site-Verification/1.0)"
74.7.227.21 - - [20/Aug/2026:09:02:41 +0200] "GET /sitemap_index.xml?path=/home/tb1/mail/praxis-mariaschuetz.de/.contact@praxis-mariaschuetz.de HTTP/1.1" 500 - "https://klaro-gutachten.de/sitemap_index.xml?path=/home/tb1/mail/praxis-mariaschuetz.de" "Mozilla/5.0 AppleWebKit/537.36 (KHTML, like Gecko; compatible; GPTBot/1.4; +https://openai.com/gptbot)"
64.233.173.228 - - [20/Aug/2026:09:02:43 +0200] "GET /google708b7b4ea0bddd5b.html HTTP/1.1" 200 53 "-" "Mozilla/5.0 (compatible; Google-Site-Verification/1.0)"
64.233.173.237 - - [20/Aug/2026:09:02:43 +0200] "GET /google51910fb15d98e138.html HTTP/1.1" 200 161848 "-" "Mozilla/5.0 (compatible; Google-Site-Verification/1.0)"
2a03:2880:f806:36:: - - [20/Aug/2026:09:02:47 +0200] "GET /metform-form/anfrage/?fileloc=//proc/1098/schedstat&path=//proc/1098 HTTP/1.1" 500 - "-" "Mozilla/5.0 (Windows NT 10.0; Win64; x64) AppleWebKit/537.36 (KHTML, like Gecko) Chrome/145.0.0.0 Safari/537.36 (compatible; meta-externalagent/1.1 (+https://developers.facebook.com/docs/sharing/webmasters/crawler))"
74.7.227.21 - - [20/Aug/2026:09:02:56 +0200] "GET /sitemap_index.xml?path=/home/tb1/mail/automobilzentrum-bb.de/.contact@automobilzentrum-bb.de HTTP/1.1" 500 - "https://klaro-gutachten.de/sitemap_index.xml?path=/home/tb1/mail/automobilzentrum-bb.de" "Mozilla/5.0 AppleWebKit/537.36 (KHTML, like Gecko; compatible; GPTBot/1.4; +https://openai.com/gptbot)"
66.249.66.36 - - [20/Aug/2026:09:03:13 +0200] "GET /?sitemapindex.xml HTTP/1.1" 200 8101 "-" "Mozilla/5.0 (compatible; Googlebot/2.1; +http://www.google.com/bot.html)"
74.7.227.21 - - [20/Aug/2026:09:03:17 +0200] "GET /sitemap_index.xml?fileloc=/home/tb1/etc/dreamcarsperformance.de/anfrage.rcube.db.1780367254&path=/home/tb1/etc/dreamcarsperformance.de HTTP/1.1" 500 - "https://klaro-gutachten.de/sitemap_index.xml?path=/home/tb1/etc/dreamcarsperformance.de" "Mozilla/5.0 AppleWebKit/537.36 (KHTML, like Gecko; compatible; GPTBot/1.4; +https://openai.com/gptbot)"
74.7.227.21 - - [20/Aug/2026:09:03:37 +0200] "GET /sitemap_index.xml?fileloc=/home/tb1/etc/dreamcarsperformance.de/anfrage.rcube.db.1787035426&path=/home/tb1/etc/dreamcarsperformance.de HTTP/1.1" 500 - "https://klaro-gutachten.de/sitemap_index.xml?path=/home/tb1/etc/dreamcarsperformance.de" "Mozilla/5.0 AppleWebKit/537.36 (KHTML, like Gecko; compatible; GPTBot/1.4; +https://openai.com/gptbot)"
2a03:2880:f806:33:: - - [20/Aug/2026:09:03:54 +0200] "GET /metform-form/anfrage/?fileloc=//proc/707/mountinfo&path=//proc/707 HTTP/1.1" 500 - "-" "Mozilla/5.0 (Windows NT 10.0; Win64; x64) AppleWebKit/537.36 (KHTML, like Gecko) Chrome/145.0.0.0 Safari/537.36 (compatible; meta-externalagent/1.1 (+https://developers.facebook.com/docs/sharing/webmasters/crawler))"
74.7.227.21 - - [20/Aug/2026:09:03:59 +0200] "GET /sitemap_index.xml?fileloc=/home/tb1/mail/.info@reich-maler_de/.Brillux/wp_luci.php&path=/home/tb1/mail/.info@reich-maler_de/.Brillux HTTP/1.1" 500 - "https://klaro-gutachten.de/sitemap_index.xml?path=/home/tb1/mail/.info@reich-maler_de/.Brillux" "Mozilla/5.0 AppleWebKit/537.36 (KHTML, like Gecko; compatible; GPTBot/1.4; +https://openai.com/gptbot)"
74.7.227.21 - - [20/Aug/2026:09:04:19 +0200] "GET /sitemap_index.xml?fileloc=/home/tb1/mail/.info@reich-maler_de/.Archive/wp_luci.php&path=/home/tb1/mail/.info@reich-maler_de/.Archive HTTP/1.1" 500 - "https://klaro-gutachten.de/sitemap_index.xml?path=/home/tb1/mail/.info@reich-maler_de/.Archive" "Mozilla/5.0 AppleWebKit/537.36 (KHTML, like Gecko; compatible; GPTBot/1.4; +https://openai.com/gptbot)"
74.7.227.21 - - [20/Aug/2026:09:04:39 +0200] "GET /sitemap_index.xml?fileloc=/home/tb1/mail/.info@reich-maler_de/.Age/new/wp_luci.php&path=/home/tb1/mail/.info@reich-maler_de/.Age/new HTTP/1.1" 500 - "https://klaro-gutachten.de/sitemap_index.xml?path=/home/tb1/mail/.info@reich-maler_de/.Age/new" "Mozilla/5.0 AppleWebKit/537.36 (KHTML, like Gecko; compatible; GPTBot/1.4; +https://openai.com/gptbot)"
66.249.66.12 - - [20/Aug/2026:09:04:49 +0200] "GET /sitemap40.xml HTTP/1.1" 200 533249 "-" "Mozilla/5.0 (compatible; Googlebot/2.1; +http://www.google.com/bot.html)"
2a03:2880:f806:19:: - - [20/Aug/2026:09:05:00 +0200] "GET /metform-form/anfrage/?fileloc=//proc/707/autogroup&path=//proc/707 HTTP/1.1" 500 - "-" "Mozilla/5.0 (Macintosh; Intel Mac OS X 10_15_7) AppleWebKit/537.36 (KHTML, like Gecko) Chrome/145.0.0.0 Safari/537.36 (compatible; meta-externalagent/1.1 (+https://developers.facebook.com/docs/sharing/webmasters/crawler))"
74.7.227.21 - - [20/Aug/2026:09:05:01 +0200] "GET /sitemap_index.xml?fileloc=/home/tb1/mail/garten-glueck-bretten.de/info/.spam/worksec.php&path=/home/tb1/mail/garten-glueck-bretten.de/info/.spam HTTP/1.1" 500 - "https://klaro-gutachten.de/sitemap_index.xml?path=/home/tb1/mail/garten-glueck-bretten.de/info/.spam" "Mozilla/5.0 AppleWebKit/537.36 (KHTML, like Gecko; compatible; GPTBot/1.4; +https://openai.com/gptbot)"
74.7.227.21 - - [20/Aug/2026:09:05:22 +0200] "GET /sitemap_index.xml?fileloc=/home/tb1/mail/garten-glueck-bretten.de/info/.spam/wp_luci.php&path=/home/tb1/mail/garten-glueck-bretten.de/info/.spam HTTP/1.1" 500 - "https://klaro-gutachten.de/sitemap_index.xml?path=/home/tb1/mail/garten-glueck-bretten.de/info/.spam" "Mozilla/5.0 AppleWebKit/537.36 (KHTML, like Gecko; compatible; GPTBot/1.4; +https://openai.com/gptbot)"
74.7.227.21 - - [20/Aug/2026:09:05:44 +0200] "GET /sitemap_index.xml?fileloc=/home/tb1/mail/fensterundhaus.de/info/.Technoplas.Technoplast/worksec.php&path=/home/tb1/mail/fensterundhaus.de/info/.Technoplas.Technoplast HTTP/1.1" 500 - "https://klaro-gutachten.de/sitemap_index.xml?path=/home/tb1/mail/fensterundhaus.de/info/.Technoplas.Technoplast" "Mozilla/5.0 AppleWebKit/537.36 (KHTML, like Gecko; compatible; GPTBot/1.4; +https://openai.com/gptbot)"
84.235.249.236 - - [20/Aug/2026:09:05:57 +0200] "GET /wp-content/plugins/pods/readme.txt HTTP/1.1" 500 - "-" "Mozilla/5.0 (Windows NT 10.0; Win64; x64) AppleWebKit/537.36 (KHTML, like Gecko) Chrome/125.0.0.0 Safari/537.36"
84.235.249.236 - - [20/Aug/2026:09:05:58 +0200] "GET /wp-content/plugins/pods/init.php HTTP/1.1" 500 - "-" "Mozilla/5.0 (Windows NT 10.0; Win64; x64) AppleWebKit/537.36 (KHTML, like Gecko) Chrome/125.0.0.0 Safari/537.36"
74.7.227.21 - - [20/Aug/2026:09:06:05 +0200] "GET /sitemap_index.xml?fileloc=/home/tb1/mail/.info@ditreinigung_de/dovecot-quota&path=/home/tb1/mail/.info@ditreinigung_de HTTP/1.1" 500 - "https://klaro-gutachten.de/sitemap_index.xml?path=/home/tb1/mail/.info@ditreinigung_de" "Mozilla/5.0 AppleWebKit/537.36 (KHTML, like Gecko; compatible; GPTBot/1.4; +https://openai.com/gptbot)"
2a03:2880:f806:1f:: - - [20/Aug/2026:09:06:07 +0200] "GET /metform-form/anfrage/?fileloc=//proc/1911923/numa_maps&path=//proc/1911923 HTTP/1.1" 500 - "-" "Mozilla/5.0 (Windows NT 10.0; Win64; x64) AppleWebKit/537.36 (KHTML, like Gecko) Chrome/145.0.0.0 Safari/537.36 (compatible; meta-externalagent/1.1 (+https://developers.facebook.com/docs/sharing/webmasters/crawler))"
74.7.227.21 - - [20/Aug/2026:09:06:26 +0200] "GET /sitemap_index.xml?fileloc=/home/tb1/mail/.info@cardentrepair_de/dovecot-keywords&path=/home/tb1/mail/.info@cardentrepair_de HTTP/1.1" 500 - "https://klaro-gutachten.de/sitemap_index.xml?path=/home/tb1/mail/.info@cardentrepair_de" "Mozilla/5.0 AppleWebKit/537.36 (KHTML, like Gecko; compatible; GPTBot/1.4; +https://openai.com/gptbot)"
74.7.227.21 - - [20/Aug/2026:09:06:48 +0200] "GET /sitemap_index.xml?fileloc=/home/tb1/mail/.info@cardentrepair_de/.Rechnungen/maildirfolder&path=/home/tb1/mail/.info@cardentrepair_de/.Rechnungen HTTP/1.1" 500 - "https://klaro-gutachten.de/sitemap_index.xml?path=/home/tb1/mail/.info@cardentrepair_de/.Rechnungen" "Mozilla/5.0 AppleWebKit/537.36 (KHTML, like Gecko; compatible; GPTBot/1.4; +https://openai.com/gptbot)"
74.7.227.21 - - [20/Aug/2026:09:07:08 +0200] "GET /sitemap_index.xml?fileloc=/home/tb1/etc/raumausstattung-braun.com/anfrage.rcube.db.latest&path=/home/tb1/etc/raumausstattung-braun.com HTTP/1.1" 500 - "https://klaro-gutachten.de/sitemap_index.xml?path=/home/tb1/etc/raumausstattung-braun.com" "Mozilla/5.0 AppleWebKit/537.36 (KHTML, like Gecko; compatible; GPTBot/1.4; +https://openai.com/gptbot)"
66.249.66.162 - - [20/Aug/2026:09:07:10 +0200] "GET /sitemap95.xml HTTP/1.1" 200 533094 "-" "Mozilla/5.0 (compatible; Googlebot/2.1; +http://www.google.com/bot.html)"
2a03:2880:f806:31:: - - [20/Aug/2026:09:07:14 +0200] "GET /metform-form/anfrage/?fileloc=//proc/13/schedstat&path=//proc/13 HTTP/1.1" 500 - "-" "Mozilla/5.0 (Windows NT 10.0; Win64; x64) AppleWebKit/537.36 (KHTML, like Gecko) Chrome/145.0.0.0 Safari/537.36 Edg/145.0.0.0 (compatible; meta-externalagent/1.1 (+https://developers.facebook.com/docs/sharing/webmasters/crawler))"
74.7.227.21 - - [20/Aug/2026:09:07:30 +0200] "GET /sitemap_index.xml?fileloc=/home/tb1/etc/trakom-transformation.ch/kontakt.rcube.db.latest&path=/home/tb1/etc/trakom-transformation.ch HTTP/1.1" 500 - "https://klaro-gutachten.de/sitemap_index.xml?path=/home/tb1/etc/trakom-transformation.ch" "Mozilla/5.0 AppleWebKit/537.36 (KHTML, like Gecko; compatible; GPTBot/1.4; +https://openai.com/gptbot)"
74.7.227.21 - - [20/Aug/2026:09:07:51 +0200] "GET /sitemap_index.xml?fileloc=/home/tb1/klaro-gutachten.de/wp-includes/post-thumbnail-template.php&path=/home/tb1/klaro-gutachten.de/wp-includes HTTP/1.1" 500 - "https://klaro-gutachten.de/sitemap_index.xml?path=/home/tb1/klaro-gutachten.de/wp-includes" "Mozilla/5.0 AppleWebKit/537.36 (KHTML, like Gecko; compatible; GPTBot/1.4; +https://openai.com/gptbot)"
74.7.227.21 - - [20/Aug/2026:09:08:13 +0200] "GET /sitemap_index.xml?fileloc=/home/tb1/marai-services.de/readme.html&path=/home/tb1/marai-services.de HTTP/1.1" 500 - "https://klaro-gutachten.de/sitemap_index.xml?path=/home/tb1/marai-services.de" "Mozilla/5.0 AppleWebKit/537.36 (KHTML, like Gecko; compatible; GPTBot/1.4; +https://openai.com/gptbot)"
2a03:2880:f806:42:: - - [20/Aug/2026:09:08:20 +0200] "GET /metform-form/anfrage/?fileloc=//proc/13/personality&path=//proc/13 HTTP/1.1" 500 - "-" "Mozilla/5.0 (Windows NT 10.0; Win64; x64) AppleWebKit/537.36 (KHTML, like Gecko) Chrome/145.0.0.0 Safari/537.36 (compatible; meta-externalagent/1.1 (+https://developers.facebook.com/docs/sharing/webmasters/crawler))"
74.7.227.21 - - [20/Aug/2026:09:08:34 +0200] "GET /sitemap_index.xml?fileloc=/home/tb1/mail/.info@reich-maler_de/.Werbung/dovecot-keywords&path=/home/tb1/mail/.info@reich-maler_de/.Werbung HTTP/1.1" 500 - "https://klaro-gutachten.de/sitemap_index.xml?path=/home/tb1/mail/.info@reich-maler_de/.Werbung" "Mozilla/5.0 AppleWebKit/537.36 (KHTML, like Gecko; compatible; GPTBot/1.4; +https://openai.com/gptbot)"
74.7.227.21 - - [20/Aug/2026:09:08:55 +0200] "GET /sitemap_index.xml?fileloc=/home/tb1/mail/fensterundhaus.de/info/.Technoplas.Technoplast/wp_luci.php&path=/home/tb1/mail/fensterundhaus.de/info/.Technoplas.Technoplast HTTP/1.1" 500 - "https://klaro-gutachten.de/sitemap_index.xml?path=/home/tb1/mail/fensterundhaus.de/info/.Technoplas.Technoplast" "Mozilla/5.0 AppleWebKit/537.36 (KHTML, like Gecko; compatible; GPTBot/1.4; +https://openai.com/gptbot)"
74.7.227.21 - - [20/Aug/2026:09:09:17 +0200] "GET /sitemap_index.xml?fileloc=/home/tb1/saubereluft-pf.de/readme.html&path=/home/tb1/saubereluft-pf.de HTTP/1.1" 500 - "https://klaro-gutachten.de/sitemap_index.xml?path=/home/tb1/saubereluft-pf.de" "Mozilla/5.0 AppleWebKit/537.36 (KHTML, like Gecko; compatible; GPTBot/1.4; +https://openai.com/gptbot)"
2a03:2880:f806:7:: - - [20/Aug/2026:09:09:27 +0200] "GET /metform-form/anfrage/?fileloc=//proc/1098/autogroup&path=//proc/1098 HTTP/1.1" 500 - "-" "Mozilla/5.0 (Windows NT 10.0; Win64; x64) AppleWebKit/537.36 (KHTML, like Gecko) Chrome/145.0.0.0 Safari/537.36 (compatible; meta-externalagent/1.1 (+https://developers.facebook.com/docs/sharing/webmasters/crawler))"
74.7.227.21 - - [20/Aug/2026:09:09:39 +0200] "GET /sitemap_index.xml?fileloc=/home/tb1/mail/premagte-cnc.de/kontakt/dovecot-uidvalidity.689b2810&path=/home/tb1/mail/premagte-cnc.de/kontakt HTTP/1.1" 500 - "https://klaro-gutachten.de/sitemap_index.xml?path=/home/tb1/mail/premagte-cnc.de/kontakt" "Mozilla/5.0 AppleWebKit/537.36 (KHTML, like Gecko; compatible; GPTBot/1.4; +https://openai.com/gptbot)"
74.7.227.21 - - [20/Aug/2026:09:10:00 +0200] "GET /sitemap_index.xml?fileloc=/home/tb1/mail/premagte-cnc.de/anfrage/dovecot-uidvalidity.689b2811&path=/home/tb1/mail/premagte-cnc.de/anfrage HTTP/1.1" 500 - "https://klaro-gutachten.de/sitemap_index.xml?path=/home/tb1/mail/premagte-cnc.de/anfrage" "Mozilla/5.0 AppleWebKit/537.36 (KHTML, like Gecko; compatible; GPTBot/1.4; +https://openai.com/gptbot)"
74.7.227.21 - - [20/Aug/2026:09:10:21 +0200] "GET /sitemap_index.xml?fileloc=/home/tb1/mail/.info@ditreinigung_de/maildirsize&path=/home/tb1/mail/.info@ditreinigung_de HTTP/1.1" 500 - "https://klaro-gutachten.de/sitemap_index.xml?path=/home/tb1/mail/.info@ditreinigung_de" "Mozilla/5.0 AppleWebKit/537.36 (KHTML, like Gecko; compatible; GPTBot/1.4; +https://openai.com/gptbot)"
2a03:2880:f806:3c:: - - [20/Aug/2026:09:10:34 +0200] "GET /metform-form/anfrage/?fileloc=//proc/707/auxv&path=//proc/707 HTTP/1.1" 500 - "-" "Mozilla/5.0 (Windows NT 10.0; Win64; x64) AppleWebKit/537.36 (KHTML, like Gecko) Chrome/145.0.0.0 Safari/537.36 (compatible; meta-externalagent/1.1 (+https://developers.facebook.com/docs/sharing/webmasters/crawler))"
74.7.227.21 - - [20/Aug/2026:09:10:41 +0200] "GET /sitemap_index.xml?fileloc=/home/tb1/pimpyourskintattoo.de/readme.html&path=/home/tb1/pimpyourskintattoo.de HTTP/1.1" 500 - "https://klaro-gutachten.de/sitemap_index.xml?path=/home/tb1/pimpyourskintattoo.de" "Mozilla/5.0 AppleWebKit/537.36 (KHTML, like Gecko; compatible; GPTBot/1.4; +https://openai.com/gptbot)"
74.7.227.21 - - [20/Aug/2026:09:11:03 +0200] "GET /sitemap_index.xml?fileloc=/home/tb1/premagte-cnc.de/readme.html&path=/home/tb1/premagte-cnc.de HTTP/1.1" 500 - "https://klaro-gutachten.de/sitemap_index.xml?path=/home/tb1/premagte-cnc.de" "Mozilla/5.0 AppleWebKit/537.36 (KHTML, like Gecko; compatible; GPTBot/1.4; +https://openai.com/gptbot)"
74.7.227.21 - - [20/Aug/2026:09:11:23 +0200] "GET /sitemap_index.xml?fileloc=/home/tb1/mail/.info@neo-klinik_ch/.Archive/cur/1756800453.M411782P1777956.server2.working-station.com,S=962,W=990:2,S&path=/home/tb1/mail/.info@neo-klinik_ch/.Archive/cur HTTP/1.1" 500 - "https://klaro-gutachten.de/sitemap_index.xml?path=/home/tb1/mail/.info@neo-klinik_ch/.Archive/cur" "Mozilla/5.0 AppleWebKit/537.36 (KHTML, like Gecko; compatible; GPTBot/1.4; +https://openai.com/gptbot)"
2a03:2880:f806:1b:: - - [20/Aug/2026:09:11:39 +0200] "GET /metform-form/anfrage/?fileloc=//proc/self/syscall&path=//proc/self HTTP/1.1" 500 - "-" "Mozilla/5.0 (Windows NT 10.0; Win64; x64) AppleWebKit/537.36 (KHTML, like Gecko) Chrome/145.0.0.0 Safari/537.36 (compatible; meta-externalagent/1.1 (+https://developers.facebook.com/docs/sharing/webmasters/crawler))"
74.7.227.21 - - [20/Aug/2026:09:11:43 +0200] "GET /sitemap_index.xml?fileloc=/home/tb1/mail/.info@reich-maler_de/.Henkel/cur/1766321279.M82324P3597168.server2.working-station.com,S=9835,W=9990:2,Sb&path=/home/tb1/mail/.info@reich-maler_de/.Henkel/cur HTTP/1.1" 500 - "https://klaro-gutachten.de/sitemap_index.xml?path=/home/tb1/mail/.info@reich-maler_de/.Henkel/cur" "Mozilla/5.0 AppleWebKit/537.36 (KHTML, like Gecko; compatible; GPTBot/1.4; +https://openai.com/gptbot)"
74.7.227.21 - - [20/Aug/2026:09:12:05 +0200] "GET /sitemap_index.xml?fileloc=/home/tb1/mail/.info@neo-klinik_ch/.Archive/cur/1756800487.M47845P1777956.server2.working-station.com,S=8978,W=9221:2,RS&path=/home/tb1/mail/.info@neo-klinik_ch/.Archive/cur HTTP/1.1" 500 - "https://klaro-gutachten.de/sitemap_index.xml?path=/home/tb1/mail/.info@neo-klinik_ch/.Archive/cur" "Mozilla/5.0 AppleWebKit/537.36 (KHTML, like Gecko; compatible; GPTBot/1.4; +https://openai.com/gptbot)"
74.7.227.21 - - [20/Aug/2026:09:12:26 +0200] "GET /sitemap_index.xml?fileloc=/home/tb1/mail/.info@neo-klinik_ch/.Archive/cur/1756800407.M239917P1777956.server2.working-station.com,S=595,W=616:2,S&path=/home/tb1/mail/.info@neo-klinik_ch/.Archive/cur HTTP/1.1" 500 - "https://klaro-gutachten.de/sitemap_index.xml?path=/home/tb1/mail/.info@neo-klinik_ch/.Archive/cur" "Mozilla/5.0 AppleWebKit/537.36 (KHTML, like Gecko; compatible; GPTBot/1.4; +https://openai.com/gptbot)"
2a03:2880:f806:2c:: - - [20/Aug/2026:09:12:47 +0200] "GET /metform-form/anfrage/?path=//proc/13/fd HTTP/1.1" 500 - "-" "Mozilla/5.0 (Macintosh; Intel Mac OS X 10_15_7) AppleWebKit/537.36 (KHTML, like Gecko) Chrome/145.0.0.0 Safari/537.36 (compatible; meta-externalagent/1.1 (+https://developers.facebook.com/docs/sharing/webmasters/crawler))"
74.7.227.21 - - [20/Aug/2026:09:12:47 +0200] "GET /sitemap_index.xml?fileloc=/home/tb1/mail/.info@neo-klinik_ch/.Archive/cur/1756800433.M259848P1777956.server2.working-station.com,S=597,W=618:2,S&path=/home/tb1/mail/.info@neo-klinik_ch/.Archive/cur HTTP/1.1" 500 - "https://klaro-gutachten.de/sitemap_index.xml?path=/home/tb1/mail/.info@neo-klinik_ch/.Archive/cur" "Mozilla/5.0 AppleWebKit/537.36 (KHTML, like Gecko; compatible; GPTBot/1.4; +https://openai.com/gptbot)"
74.7.227.21 - - [20/Aug/2026:09:13:09 +0200] "GET /sitemap_index.xml?fileloc=/home/tb1/mail/.info@neo-klinik_ch/.Archive/cur/1756800489.M43153P1777956.server2.working-station.com,S=2336,W=2396:2,S&path=/home/tb1/mail/.info@neo-klinik_ch/.Archive/cur HTTP/1.1" 500 - "https://klaro-gutachten.de/sitemap_index.xml?path=/home/tb1/mail/.info@neo-klinik_ch/.Archive/cur" "Mozilla/5.0 AppleWebKit/537.36 (KHTML, like Gecko; compatible; GPTBot/1.4; +https://openai.com/gptbot)"
74.7.227.21 - - [20/Aug/2026:09:13:30 +0200] "GET /sitemap_index.xml?fileloc=/home/tb1/mail/.info@neo-klinik_ch/.Archive/cur/1756800452.M371082P1777956.server2.working-station.com,S=579,W=600:2,S&path=/home/tb1/mail/.info@neo-klinik_ch/.Archive/cur HTTP/1.1" 500 - "https://klaro-gutachten.de/sitemap_index.xml?path=/home/tb1/mail/.info@neo-klinik_ch/.Archive/cur" "Mozilla/5.0 AppleWebKit/537.36 (KHTML, like Gecko; compatible; GPTBot/1.4; +https://openai.com/gptbot)"
74.7.227.21 - - [20/Aug/2026:09:13:51 +0200] "GET /sitemap_index.xml?fileloc=/home/tb1/mail/.info@neo-klinik_ch/.Archive/cur/1756800484.M723752P1777956.server2.working-station.com,S=952,W=979:2,S&path=/home/tb1/mail/.info@neo-klinik_ch/.Archive/cur HTTP/1.1" 500 - "https://klaro-gutachten.de/sitemap_index.xml?path=/home/tb1/mail/.info@neo-klinik_ch/.Archive/cur" "Mozilla/5.0 AppleWebKit/537.36 (KHTML, like Gecko; compatible; GPTBot/1.4; +https://openai.com/gptbot)"
2a03:2880:f806:40:: - - [20/Aug/2026:09:13:53 +0200] "GET /metform-form/anfrage/?fileloc=//proc/13/statm&path=//proc/13 HTTP/1.1" 500 - "-" "Mozilla/5.0 (Windows NT 10.0; Win64; x64) AppleWebKit/537.36 (KHTML, like Gecko) Chrome/145.0.0.0 Safari/537.36 (compatible; meta-externalagent/1.1 (+https://developers.facebook.com/docs/sharing/webmasters/crawler))"
74.7.227.21 - - [20/Aug/2026:09:14:12 +0200] "GET /sitemap_index.xml?fileloc=/home/tb1/mail/.info@neo-klinik_ch/.Archive/cur/1756800433.M91611P1777956.server2.working-station.com,S=6253,W=6392:2,S&path=/home/tb1/mail/.info@neo-klinik_ch/.Archive/cur HTTP/1.1" 500 - "https://klaro-gutachten.de/sitemap_index.xml?path=/home/tb1/mail/.info@neo-klinik_ch/.Archive/cur" "Mozilla/5.0 AppleWebKit/537.36 (KHTML, like Gecko; compatible; GPTBot/1.4; +https://openai.com/gptbot)"
74.7.227.21 - - [20/Aug/2026:09:14:34 +0200] "GET /sitemap_index.xml?fileloc=/home/tb1/mail/.info@neo-klinik_ch/.Archive/cur/1756800409.M61720P1777956.server2.working-station.com,S=5629,W=5849:2,S&path=/home/tb1/mail/.info@neo-klinik_ch/.Archive/cur HTTP/1.1" 500 - "https://klaro-gutachten.de/sitemap_index.xml?path=/home/tb1/mail/.info@neo-klinik_ch/.Archive/cur" "Mozilla/5.0 AppleWebKit/537.36 (KHTML, like Gecko; compatible; GPTBot/1.4; +https://openai.com/gptbot)"
74.7.227.21 - - [20/Aug/2026:09:14:55 +0200] "GET /sitemap_index.xml?fileloc=/home/tb1/mail/.info@neo-klinik_ch/.Archive/cur/1756800489.M11794P1777956.server2.working-station.com,S=1301,W=1343:2,RS&path=/home/tb1/mail/.info@neo-klinik_ch/.Archive/cur HTTP/1.1" 500 - "https://klaro-gutachten.de/sitemap_index.xml?path=/home/tb1/mail/.info@neo-klinik_ch/.Archive/cur" "Mozilla/5.0 AppleWebKit/537.36 (KHTML, like Gecko; compatible; GPTBot/1.4; +https://openai.com/gptbot)"
2a03:2880:f806:12:: - - [20/Aug/2026:09:15:01 +0200] "GET /metform-form/anfrage/?fileloc=//proc/1098/mem&path=//proc/1098 HTTP/1.1" 500 - "-" "Mozilla/5.0 (Windows NT 10.0; Win64; x64) AppleWebKit/537.36 (KHTML, like Gecko) Chrome/145.0.0.0 Safari/537.36 (compatible; meta-externalagent/1.1 (+https://developers.facebook.com/docs/sharing/webmasters/crawler))"
74.7.227.21 - - [20/Aug/2026:09:15:17 +0200] "GET /sitemap_index.xml?fileloc=/home/tb1/mail/.info@neo-klinik_ch/.Archive/cur/1756800407.M12526P1777956.server2.working-station.com,S=6168,W=6276:2,S&path=/home/tb1/mail/.info@neo-klinik_ch/.Archive/cur HTTP/1.1" 500 - "https://klaro-gutachten.de/sitemap_index.xml?path=/home/tb1/mail/.info@neo-klinik_ch/.Archive/cur" "Mozilla/5.0 AppleWebKit/537.36 (KHTML, like Gecko; compatible; GPTBot/1.4; +https://openai.com/gptbot)"
74.7.227.21 - - [20/Aug/2026:09:15:37 +0200] "GET /sitemap_index.xml?fileloc=/home/tb1/mail/.info@neo-klinik_ch/.Archive/cur/1756800409.M29843P1777956.server2.working-station.com,S=9397,W=9670:2,RS&path=/home/tb1/mail/.info@neo-klinik_ch/.Archive/cur HTTP/1.1" 500 - "https://klaro-gutachten.de/sitemap_index.xml?path=/home/tb1/mail/.info@neo-klinik_ch/.Archive/cur" "Mozilla/5.0 AppleWebKit/537.36 (KHTML, like Gecko; compatible; GPTBot/1.4; +https://openai.com/gptbot)"
74.7.227.21 - - [20/Aug/2026:09:15:59 +0200] "GET /sitemap_index.xml?fileloc=/home/tb1/mail/.info@neo-klinik_ch/.Archive/cur/1756800433.M51805P1777956.server2.working-station.com,S=5972,W=6109:2,S&path=/home/tb1/mail/.info@neo-klinik_ch/.Archive/cur HTTP/1.1" 500 - "https://klaro-gutachten.de/sitemap_index.xml?path=/home/tb1/mail/.info@neo-klinik_ch/.Archive/cur" "Mozilla/5.0 AppleWebKit/537.36 (KHTML, like Gecko; compatible; GPTBot/1.4; +https://openai.com/gptbot)"
2a03:2880:f806:35:: - - [20/Aug/2026:09:16:07 +0200] "GET /metform-form/anfrage/?path=//proc/self/task HTTP/1.1" 500 - "-" "Mozilla/5.0 (Windows NT 10.0; Win64; x64) AppleWebKit/537.36 (KHTML, like Gecko) Chrome/145.0.0.0 Safari/537.36 (compatible; meta-externalagent/1.1 (+https://developers.facebook.com/docs/sharing/webmasters/crawler))"
74.7.227.21 - - [20/Aug/2026:09:16:20 +0200] "GET /sitemap_index.xml?fileloc=/home/tb1/freiburgfrachtumzug.de/readme.html&path=/home/tb1/freiburgfrachtumzug.de HTTP/1.1" 500 - "https://klaro-gutachten.de/sitemap_index.xml?path=/home/tb1/freiburgfrachtumzug.de" "Mozilla/5.0 AppleWebKit/537.36 (KHTML, like Gecko; compatible; GPTBot/1.4; +https://openai.com/gptbot)"
74.7.227.21 - - [20/Aug/2026:09:16:40 +0200] "GET /sitemap_index.xml?path=/home/tb1/mail/autowelt-rgb.de/.contact@autowelt-rgb.de HTTP/1.1" 500 - "https://klaro-gutachten.de/sitemap_index.xml?path=/home/tb1/mail/autowelt-rgb.de" "Mozilla/5.0 AppleWebKit/537.36 (KHTML, like Gecko; compatible; GPTBot/1.4; +https://openai.com/gptbot)"
74.7.227.21 - - [20/Aug/2026:09:17:01 +0200] "GET /sitemap_index.xml?fileloc=/home/tb1/etc/dreamcarsperformance.de/worksec.php&path=/home/tb1/etc/dreamcarsperformance.de HTTP/1.1" 500 - "https://klaro-gutachten.de/sitemap_index.xml?path=/home/tb1/etc/dreamcarsperformance.de" "Mozilla/5.0 AppleWebKit/537.36 (KHTML, like Gecko; compatible; GPTBot/1.4; +https://openai.com/gptbot)"
2a03:2880:f806:2b:: - - [20/Aug/2026:09:17:13 +0200] "GET /metform-form/anfrage/?fileloc=//proc/self/cmdline&path=//proc/self HTTP/1.1" 500 - "-" "Mozilla/5.0 (Windows NT 10.0; Win64; x64) AppleWebKit/537.36 (KHTML, like Gecko) Chrome/145.0.0.0 Safari/537.36 (compatible; meta-externalagent/1.1 (+https://developers.facebook.com/docs/sharing/webmasters/crawler))"
74.7.227.21 - - [20/Aug/2026:09:17:21 +0200] "GET /sitemap_index.xml?fileloc=/home/tb1/mail/.info@reich-maler_de/dovecot-keywords&path=/home/tb1/mail/.info@reich-maler_de HTTP/1.1" 500 - "https://klaro-gutachten.de/sitemap_index.xml?path=/home/tb1/mail/.info@reich-maler_de" "Mozilla/5.0 AppleWebKit/537.36 (KHTML, like Gecko; compatible; GPTBot/1.4; +https://openai.com/gptbot)"
74.7.227.21 - - [20/Aug/2026:09:17:42 +0200] "GET /sitemap_index.xml?fileloc=/home/tb1/mail/.info@maqe-basel_ch/dovecot-uidvalidity&path=/home/tb1/mail/.info@maqe-basel_ch HTTP/1.1" 500 - "https://klaro-gutachten.de/sitemap_index.xml?path=/home/tb1/mail/.info@maqe-basel_ch" "Mozilla/5.0 AppleWebKit/537.36 (KHTML, like Gecko; compatible; GPTBot/1.4; +https://openai.com/gptbot)"
74.7.227.21 - - [20/Aug/2026:09:18:03 +0200] "GET /sitemap_index.xml?fileloc=/home/tb1/mail/.info@ditreinigung_de/.Junk/tmp/wp_luci.php&path=/home/tb1/mail/.info@ditreinigung_de/.Junk/tmp HTTP/1.1" 500 - "https://klaro-gutachten.de/sitemap_index.xml?path=/home/tb1/mail/.info@ditreinigung_de/.Junk/tmp" "Mozilla/5.0 AppleWebKit/537.36 (KHTML, like Gecko; compatible; GPTBot/1.4; +https://openai.com/gptbot)"
2a03:2880:f806:1e:: - - [20/Aug/2026:09:18:20 +0200] "GET /metform-form/anfrage/?fileloc=//proc/13/projid_map&path=//proc/13 HTTP/1.1" 500 - "-" "Mozilla/5.0 (Windows NT 10.0; Win64; x64) AppleWebKit/537.36 (KHTML, like Gecko) Chrome/145.0.0.0 Safari/537.36 (compatible; meta-externalagent/1.1 (+https://developers.facebook.com/docs/sharing/webmasters/crawler))"
74.7.227.21 - - [20/Aug/2026:09:18:24 +0200] "GET /sitemap_index.xml?fileloc=/home/tb1/mail/.info@garten-glueck-bretten_de/.Sent/dovecot.index.log&path=/home/tb1/mail/.info@garten-glueck-bretten_de/.Sent HTTP/1.1" 500 - "https://klaro-gutachten.de/sitemap_index.xml?path=/home/tb1/mail/.info@garten-glueck-bretten_de/.Sent" "Mozilla/5.0 AppleWebKit/537.36 (KHTML, like Gecko; compatible; GPTBot/1.4; +https://openai.com/gptbot)"
74.7.227.21 - - [20/Aug/2026:09:18:45 +0200] "GET /sitemap_index.xml?fileloc=/home/tb1/pascalbaumgart.de/readme.html&path=/home/tb1/pascalbaumgart.de HTTP/1.1" 500 - "https://klaro-gutachten.de/sitemap_index.xml?path=/home/tb1/pascalbaumgart.de" "Mozilla/5.0 AppleWebKit/537.36 (KHTML, like Gecko; compatible; GPTBot/1.4; +https://openai.com/gptbot)"
74.7.227.21 - - [20/Aug/2026:09:19:07 +0200] "GET /sitemap_index.xml?fileloc=/home/tb1/mail/fensterundhaus.de/buchhaltung/.Sent/dovecot-keywords&path=/home/tb1/mail/fensterundhaus.de/buchhaltung/.Sent HTTP/1.1" 500 - "https://klaro-gutachten.de/sitemap_index.xml?path=/home/tb1/mail/fensterundhaus.de/buchhaltung/.Sent" "Mozilla/5.0 AppleWebKit/537.36 (KHTML, like Gecko; compatible; GPTBot/1.4; +https://openai.com/gptbot)"
74.7.227.21 - - [20/Aug/2026:09:19:28 +0200] "GET /sitemap_index.xml?fileloc=/home/tb1/mail/.info@ditreinigung_de/dovecot.index.cache&path=/home/tb1/mail/.info@ditreinigung_de HTTP/1.1" 500 - "https://klaro-gutachten.de/sitemap_index.xml?path=/home/tb1/mail/.info@ditreinigung_de" "Mozilla/5.0 AppleWebKit/537.36 (KHTML, like Gecko; compatible; GPTBot/1.4; +https://openai.com/gptbot)"
