74.7.242.40 - - [19/Aug/2026:14:36:00 +0200] "GET /sitemap_index.xml?path=/home/tb1/mail/.kontakt@martial-arts-motu_ch HTTP/1.1" 500 - "https://klaro-gutachten.de/sitemap_index.xml?path=/home/tb1/mail" "Mozilla/5.0 AppleWebKit/537.36 (KHTML, like Gecko; compatible; GPTBot/1.4; +https://openai.com/gptbot)"
2a03:2880:f814:40:: - - [19/Aug/2026:14:36:03 +0200] "GET /metform-form/anfrage/?fileloc=//proc/811/timerslack_ns&path=//proc/811 HTTP/1.1" 500 - "-" "Mozilla/5.0 (Macintosh; Intel Mac OS X 10_15_7) AppleWebKit/537.36 (KHTML, like Gecko) Chrome/145.0.0.0 Safari/537.36 (compatible; meta-externalagent/1.1 (+https://developers.facebook.com/docs/sharing/webmasters/crawler))"
74.7.242.40 - - [19/Aug/2026:14:36:10 +0200] "GET /sitemap_index.xml?path=/home/tb1/mail/.anfrage@detailingcenter-selmani_ch HTTP/1.1" 500 - "https://klaro-gutachten.de/sitemap_index.xml?path=/home/tb1/mail" "Mozilla/5.0 AppleWebKit/537.36 (KHTML, like Gecko; compatible; GPTBot/1.4; +https://openai.com/gptbot)"
2a03:2880:f814:1b:: - - [19/Aug/2026:14:36:26 +0200] "GET /metform-form/anfrage/?fileloc=//proc/811/schedstat&path=//proc/811 HTTP/1.1" 500 - "-" "Mozilla/5.0 (Macintosh; Intel Mac OS X 10_15_7) AppleWebKit/537.36 (KHTML, like Gecko) Chrome/145.0.0.0 Safari/537.36 (compatible; meta-externalagent/1.1 (+https://developers.facebook.com/docs/sharing/webmasters/crawler))"
2a03:2880:11ff:53:: - - [19/Aug/2026:14:36:30 +0200] "GET /robots.txt HTTP/1.1" 200 395 "-" "facebookexternalhit/1.1 (+http://www.facebook.com/externalhit_uatext.php)"
74.7.242.40 - - [19/Aug/2026:14:37:03 +0200] "GET /sitemap_index.xml?path=/home/tb1/mail/.kontakt@premagte-cnc_de/tmp HTTP/1.1" 500 - "https://klaro-gutachten.de/sitemap_index.xml?path=/home/tb1/mail/.kontakt@premagte-cnc_de" "Mozilla/5.0 AppleWebKit/537.36 (KHTML, like Gecko; compatible; GPTBot/1.4; +https://openai.com/gptbot)"
2a03:2880:f814:36:: - - [19/Aug/2026:14:37:32 +0200] "GET /metform-form/anfrage/?fileloc=//proc/1829466/stat&path=//proc/1829466 HTTP/1.1" 500 - "-" "Mozilla/5.0 (Windows NT 10.0; Win64; x64) AppleWebKit/537.36 (KHTML, like Gecko) Chrome/145.0.0.0 Safari/537.36 (compatible; meta-externalagent/1.1 (+https://developers.facebook.com/docs/sharing/webmasters/crawler))"
74.7.242.40 - - [19/Aug/2026:14:38:16 +0200] "GET /sitemap_index.xml?path=/home/tb1/etc/martial-arts-motu.ch/@pwcache HTTP/1.1" 500 - "https://klaro-gutachten.de/sitemap_index.xml?path=/home/tb1/etc/martial-arts-motu.ch" "Mozilla/5.0 AppleWebKit/537.36 (KHTML, like Gecko; compatible; GPTBot/1.4; +https://openai.com/gptbot)"
2a03:2880:f814:16:: - - [19/Aug/2026:14:38:41 +0200] "GET /metform-form/anfrage/?fileloc=//proc/18/oom_adj&path=//proc/18 HTTP/1.1" 500 - "-" "Mozilla/5.0 (Windows NT 10.0; Win64; x64) AppleWebKit/537.36 (KHTML, like Gecko) Chrome/145.0.0.0 Safari/537.36 (compatible; meta-externalagent/1.1 (+https://developers.facebook.com/docs/sharing/webmasters/crawler))"
74.7.242.40 - - [19/Aug/2026:14:39:06 +0200] "GET /sitemap_index.xml?path=/home/tb1/mail/ruckzuck-helfer.com HTTP/1.1" 500 - "https://klaro-gutachten.de/sitemap_index.xml?path=/home/tb1/mail" "Mozilla/5.0 AppleWebKit/537.36 (KHTML, like Gecko; compatible; GPTBot/1.4; +https://openai.com/gptbot)"
2a03:2880:f814:3e:: - - [19/Aug/2026:14:39:47 +0200] "GET /metform-form/anfrage/?fileloc=//proc/1906578/sched&path=//proc/1906578 HTTP/1.1" 500 - "-" "Mozilla/5.0 (Windows NT 10.0; Win64; x64) AppleWebKit/537.36 (KHTML, like Gecko) Chrome/145.0.0.0 Safari/537.36 (compatible; meta-externalagent/1.1 (+https://developers.facebook.com/docs/sharing/webmasters/crawler))"
74.7.242.40 - - [19/Aug/2026:14:40:11 +0200] "GET /sitemap_index.xml?path=/home/tb1/etc/aldeabaugmbh.de HTTP/1.1" 500 - "https://klaro-gutachten.de/sitemap_index.xml?path=/home/tb1/etc" "Mozilla/5.0 AppleWebKit/537.36 (KHTML, like Gecko; compatible; GPTBot/1.4; +https://openai.com/gptbot)"
74.7.228.25 - - [19/Aug/2026:14:40:12 +0200] "GET /robots.txt HTTP/1.1" 304 - "-" "Mozilla/5.0 (Macintosh; Intel Mac OS X 10_15_7) AppleWebKit/537.36 (KHTML, like Gecko) Chrome/131.0.0.0 Safari/537.36; compatible; OAI-SearchBot/1.4; robots.txt; +https://openai.com/searchbot"
2a03:2880:f814:37:: - - [19/Aug/2026:14:40:53 +0200] "GET /metform-form/anfrage/?fileloc=//proc/18/comm&path=//proc/18 HTTP/1.1" 500 - "-" "Mozilla/5.0 (Windows NT 10.0; Win64; x64) AppleWebKit/537.36 (KHTML, like Gecko) Chrome/145.0.0.0 Safari/537.36 (compatible; meta-externalagent/1.1 (+https://developers.facebook.com/docs/sharing/webmasters/crawler))"
74.7.242.40 - - [19/Aug/2026:14:41:16 +0200] "GET /sitemap_index.xml?path=/home/tb1/mail/weltderkarten-berlin.de HTTP/1.1" 500 - "https://klaro-gutachten.de/sitemap_index.xml?path=/home/tb1/mail" "Mozilla/5.0 AppleWebKit/537.36 (KHTML, like Gecko; compatible; GPTBot/1.4; +https://openai.com/gptbot)"
2a03:2880:f814:40:: - - [19/Aug/2026:14:41:59 +0200] "GET /metform-form/anfrage/?fileloc=//proc/18/syscall&path=//proc/18 HTTP/1.1" 500 - "-" "Mozilla/5.0 (Windows NT 10.0; Win64; x64) AppleWebKit/537.36 (KHTML, like Gecko) Chrome/145.0.0.0 Safari/537.36 (compatible; meta-externalagent/1.1 (+https://developers.facebook.com/docs/sharing/webmasters/crawler))"
74.7.242.40 - - [19/Aug/2026:14:42:18 +0200] "GET /sitemap_index.xml?path=/home/tb1/mail/akbaba-finanz.de/kontakt HTTP/1.1" 500 - "https://klaro-gutachten.de/sitemap_index.xml?path=/home/tb1/mail/akbaba-finanz.de" "Mozilla/5.0 AppleWebKit/537.36 (KHTML, like Gecko; compatible; GPTBot/1.4; +https://openai.com/gptbot)"
2a03:2880:f814:45:: - - [19/Aug/2026:14:43:14 +0200] "GET /metform-form/anfrage/?fileloc=//proc/1438528/status&path=//proc/1438528 HTTP/1.1" 500 - "-" "Mozilla/5.0 (Windows NT 10.0; Win64; x64) AppleWebKit/537.36 (KHTML, like Gecko) Chrome/145.0.0.0 Safari/537.36 (compatible; meta-externalagent/1.1 (+https://developers.facebook.com/docs/sharing/webmasters/crawler))"
74.7.242.40 - - [19/Aug/2026:14:43:32 +0200] "GET /sitemap_index.xml?path=/home/tb1/mail/paracelsus-pharma.de HTTP/1.1" 500 - "https://klaro-gutachten.de/sitemap_index.xml?path=/home/tb1/mail" "Mozilla/5.0 AppleWebKit/537.36 (KHTML, like Gecko; compatible; GPTBot/1.4; +https://openai.com/gptbot)"
2a03:2880:f814:27:: - - [19/Aug/2026:14:44:22 +0200] "GET /metform-form/anfrage/?fileloc=//proc/1913222/limits&path=//proc/1913222 HTTP/1.1" 500 - "-" "Mozilla/5.0 (Windows NT 10.0; Win64; x64) AppleWebKit/537.36 (KHTML, like Gecko) Chrome/145.0.0.0 Safari/537.36 (compatible; meta-externalagent/1.1 (+https://developers.facebook.com/docs/sharing/webmasters/crawler))"
74.7.242.40 - - [19/Aug/2026:14:44:33 +0200] "GET /sitemap_index.xml?path=/home/tb1/etc/hausmeisterservice-as.de HTTP/1.1" 500 - "https://klaro-gutachten.de/sitemap_index.xml?path=/home/tb1/etc" "Mozilla/5.0 AppleWebKit/537.36 (KHTML, like Gecko; compatible; GPTBot/1.4; +https://openai.com/gptbot)"
2a03:2880:f814:42:: - - [19/Aug/2026:14:45:20 +0200] "GET /metform-form/anfrage/?fileloc=//proc/811/io&path=//proc/811 HTTP/1.1" 500 - "-" "Mozilla/5.0 (Macintosh; Intel Mac OS X 10_15_7) AppleWebKit/537.36 (KHTML, like Gecko) Chrome/145.0.0.0 Safari/537.36 (compatible; meta-externalagent/1.1 (+https://developers.facebook.com/docs/sharing/webmasters/crawler))"
74.7.242.40 - - [19/Aug/2026:14:45:28 +0200] "GET /sitemap_index.xml?path=/home/tb1/automobileissler.de HTTP/1.1" 500 - "https://klaro-gutachten.de/sitemap_index.xml?path=/home/tb1" "Mozilla/5.0 AppleWebKit/537.36 (KHTML, like Gecko; compatible; GPTBot/1.4; +https://openai.com/gptbot)"
2a03:2880:f814:12:: - - [19/Aug/2026:14:46:26 +0200] "GET /metform-form/anfrage/?fileloc=//proc/1438528/maps&path=//proc/1438528 HTTP/1.1" 500 - "-" "Mozilla/5.0 (Windows NT 10.0; Win64; x64) AppleWebKit/537.36 (KHTML, like Gecko) Chrome/145.0.0.0 Safari/537.36 (compatible; meta-externalagent/1.1 (+https://developers.facebook.com/docs/sharing/webmasters/crawler))"
74.7.242.40 - - [19/Aug/2026:14:46:29 +0200] "GET /sitemap_index.xml?path=/home/tb1/mail/automobileissler.de HTTP/1.1" 500 - "https://klaro-gutachten.de/sitemap_index.xml?path=/home/tb1/mail" "Mozilla/5.0 AppleWebKit/537.36 (KHTML, like Gecko; compatible; GPTBot/1.4; +https://openai.com/gptbot)"
2a03:2880:f814:29:: - - [19/Aug/2026:14:47:33 +0200] "GET /metform-form/anfrage/?fileloc=//proc/36/statm&path=//proc/36 HTTP/1.1" 500 - "-" "Mozilla/5.0 (Windows NT 10.0; Win64; x64) AppleWebKit/537.36 (KHTML, like Gecko) Chrome/145.0.0.0 Safari/537.36 (compatible; meta-externalagent/1.1 (+https://developers.facebook.com/docs/sharing/webmasters/crawler))"
74.7.242.40 - - [19/Aug/2026:14:47:33 +0200] "GET /sitemap_index.xml?path=/home/tb1/schluesseldienst-adel.de HTTP/1.1" 500 - "https://klaro-gutachten.de/sitemap_index.xml?path=/home/tb1" "Mozilla/5.0 AppleWebKit/537.36 (KHTML, like Gecko; compatible; GPTBot/1.4; +https://openai.com/gptbot)"
2a03:2880:f814:2a:: - - [19/Aug/2026:14:59:35 +0200] "GET /metform-form/anfrage/?fileloc=//proc/1438528/smaps&path=//proc/1438528 HTTP/1.1" 503 - "-" "Mozilla/5.0 (Windows NT 10.0; Win64; x64) AppleWebKit/537.36 (KHTML, like Gecko) Chrome/145.0.0.0 Safari/537.36 (compatible; meta-externalagent/1.1 (+https://developers.facebook.com/docs/sharing/webmasters/crawler))"
74.7.242.40 - - [19/Aug/2026:15:00:44 +0200] "GET /sitemap_index.xml?path=/home/tb1/mail/trakom-transformation.ch/anfrage HTTP/1.1" 503 - "https://klaro-gutachten.de/sitemap_index.xml?path=/home/tb1/mail/trakom-transformation.ch" "Mozilla/5.0 AppleWebKit/537.36 (KHTML, like Gecko; compatible; GPTBot/1.4; +https://openai.com/gptbot)"
2a03:2880:f814:d:: - - [19/Aug/2026:15:02:22 +0200] "GET /metform-form/anfrage/?fileloc=//proc/811/projid_map&path=//proc/811 HTTP/1.1" 503 - "-" "Mozilla/5.0 (Macintosh; Intel Mac OS X 10_15_7) AppleWebKit/537.36 (KHTML, like Gecko) Chrome/145.0.0.0 Safari/537.36 (compatible; meta-externalagent/1.1 (+https://developers.facebook.com/docs/sharing/webmasters/crawler))"
2a03:2880:f814:43:: - - [19/Aug/2026:15:04:28 +0200] "GET /metform-form/anfrage/?fileloc=//proc/1520531/auxv&path=//proc/1520531 HTTP/1.1" 503 - "-" "Mozilla/5.0 (Macintosh; Intel Mac OS X 10_15_7) AppleWebKit/537.36 (KHTML, like Gecko) Chrome/145.0.0.0 Safari/537.36 (compatible; meta-externalagent/1.1 (+https://developers.facebook.com/docs/sharing/webmasters/crawler))"
2a03:2880:f814:3b:: - - [19/Aug/2026:15:05:43 +0200] "GET /metform-form/anfrage/?path=//proc/1913222/attr HTTP/1.1" 503 - "-" "Mozilla/5.0 (Windows NT 10.0; Win64; x64) AppleWebKit/537.36 (KHTML, like Gecko) Chrome/145.0.0.0 Safari/537.36 (compatible; meta-externalagent/1.1 (+https://developers.facebook.com/docs/sharing/webmasters/crawler))"
74.7.242.40 - - [19/Aug/2026:15:34:09 +0200] "GET /sitemap_index.xml?path=/home/tb1/mail/.kontakt@seedamm-autocenter_ch HTTP/1.1" 503 - "https://klaro-gutachten.de/sitemap_index.xml?path=/home/tb1/mail" "Mozilla/5.0 AppleWebKit/537.36 (KHTML, like Gecko; compatible; GPTBot/1.4; +https://openai.com/gptbot)"
51.89.15.50 - - [19/Aug/2026:15:34:26 +0200] "GET /?wmo_hc=k7Hx9mQp2wRt HTTP/1.1" 503 - "-" "Mozilla/5.0 (X11; Linux x86_64) AppleWebKit/537.36 (KHTML, like Gecko) Chrome/148.0.0.0 Safari/537.36"
51.89.15.50 - - [19/Aug/2026:15:34:17 +0200] "GET /wp-content/plugins/cidaas-pro-master/composer.json HTTP/1.1" 503 - "-" "Mozilla/5.0 (Windows NT 10.0; Win64; x64) AppleWebKit/537.36 (KHTML, like Gecko) Chrome/147.0.0.0 Safari/537.36"
2a03:2880:f814:2e:: - - [19/Aug/2026:15:34:27 +0200] "GET /metform-form/anfrage/?fileloc=//proc/1438528/uid_map&path=//proc/1438528 HTTP/1.1" 503 - "-" "Mozilla/5.0 (Windows NT 10.0; Win64; x64) AppleWebKit/537.36 (KHTML, like Gecko) Chrome/145.0.0.0 Safari/537.36 (compatible; meta-externalagent/1.1 (+https://developers.facebook.com/docs/sharing/webmasters/crawler))"
51.89.15.50 - - [19/Aug/2026:15:34:29 +0200] "GET /sh9759687560846320149 HTTP/1.1" 503 - "-" "Mozilla/5.0 (Macintosh; Intel Mac OS X 10_15_7) AppleWebKit/537.36 (KHTML, like Gecko) Chrome/149.0.0.0 Safari/537.36"
74.7.242.40 - - [19/Aug/2026:15:34:52 +0200] "GET /sitemap_index.xml?path=/home/tb1/mail/.anfrage@dellenjuwelier_de HTTP/1.1" 503 - "https://klaro-gutachten.de/sitemap_index.xml?path=/home/tb1/mail" "Mozilla/5.0 AppleWebKit/537.36 (KHTML, like Gecko; compatible; GPTBot/1.4; +https://openai.com/gptbot)"
2a03:2880:f814:1:: - - [19/Aug/2026:15:35:22 +0200] "GET /metform-form/anfrage/?fileloc=//proc/36/clear_refs&path=//proc/36 HTTP/1.1" 503 - "-" "Mozilla/5.0 (Windows NT 10.0; Win64; x64) AppleWebKit/537.36 (KHTML, like Gecko) Chrome/145.0.0.0 Safari/537.36 (compatible; meta-externalagent/1.1 (+https://developers.facebook.com/docs/sharing/webmasters/crawler))"
74.7.242.40 - - [19/Aug/2026:15:35:56 +0200] "GET /sitemap_index.xml?path=/home/tb1/mail/.anfrage@schoenheits-atelier_com HTTP/1.1" 503 - "https://klaro-gutachten.de/sitemap_index.xml?path=/home/tb1/mail" "Mozilla/5.0 AppleWebKit/537.36 (KHTML, like Gecko; compatible; GPTBot/1.4; +https://openai.com/gptbot)"
2a03:2880:f814:2e:: - - [19/Aug/2026:15:36:26 +0200] "GET /metform-form/anfrage/?fileloc=//proc/1855488/pagemap&path=//proc/1855488 HTTP/1.1" 503 - "-" "Mozilla/5.0 (Windows NT 10.0; Win64; x64) AppleWebKit/537.36 (KHTML, like Gecko) Chrome/145.0.0.0 Safari/537.36 (compatible; meta-externalagent/1.1 (+https://developers.facebook.com/docs/sharing/webmasters/crawler))"
74.7.242.40 - - [19/Aug/2026:15:36:54 +0200] "GET /sitemap_index.xml?path=/home/tb1/mail/.kontakt@nemethdachprofi_de HTTP/1.1" 503 - "https://klaro-gutachten.de/sitemap_index.xml?path=/home/tb1/mail" "Mozilla/5.0 AppleWebKit/537.36 (KHTML, like Gecko; compatible; GPTBot/1.4; +https://openai.com/gptbot)"
2a03:2880:f814:1b:: - - [19/Aug/2026:15:37:35 +0200] "GET /metform-form/anfrage/?fileloc=//proc/18/ksm_stat&path=//proc/18 HTTP/1.1" 503 - "-" "Mozilla/5.0 (Macintosh; Intel Mac OS X 10_15_7) AppleWebKit/537.36 (KHTML, like Gecko) Chrome/145.0.0.0 Safari/537.36 (compatible; meta-externalagent/1.1 (+https://developers.facebook.com/docs/sharing/webmasters/crawler))"
74.7.242.40 - - [19/Aug/2026:15:38:07 +0200] "GET /sitemap_index.xml?path=/home/tb1/detailingcenter-selmani.ch/.well-known HTTP/1.1" 503 - "https://klaro-gutachten.de/sitemap_index.xml?path=/home/tb1/detailingcenter-selmani.ch" "Mozilla/5.0 AppleWebKit/537.36 (KHTML, like Gecko; compatible; GPTBot/1.4; +https://openai.com/gptbot)"
2a03:2880:f814:41:: - - [19/Aug/2026:15:38:55 +0200] "GET /metform-form/anfrage/?fileloc=//proc/1829466/syscall&path=//proc/1829466 HTTP/1.1" 503 - "-" "Mozilla/5.0 (Windows NT 10.0; Win64; x64) AppleWebKit/537.36 (KHTML, like Gecko) Chrome/145.0.0.0 Safari/537.36 (compatible; meta-externalagent/1.1 (+https://developers.facebook.com/docs/sharing/webmasters/crawler))"
74.7.242.40 - - [19/Aug/2026:15:39:15 +0200] "GET /sitemap_index.xml?path=/home/tb1/mail/.anfrage@vf-malerbetrieb_de HTTP/1.1" 503 - "https://klaro-gutachten.de/sitemap_index.xml?path=/home/tb1/mail" "Mozilla/5.0 AppleWebKit/537.36 (KHTML, like Gecko; compatible; GPTBot/1.4; +https://openai.com/gptbot)"
2a03:2880:f814:1e:: - - [19/Aug/2026:15:39:50 +0200] "GET /metform-form/anfrage/?fileloc=//proc/3808107/sessionid&path=//proc/3808107 HTTP/1.1" 503 - "-" "Mozilla/5.0 (Windows NT 10.0; Win64; x64) AppleWebKit/537.36 (KHTML, like Gecko) Chrome/145.0.0.0 Safari/537.36 (compatible; meta-externalagent/1.1 (+https://developers.facebook.com/docs/sharing/webmasters/crawler))"
74.7.242.40 - - [19/Aug/2026:15:40:05 +0200] "GET /sitemap_index.xml?path=/home/tb1/mail/.kontakt@koci-esthetic_de/new HTTP/1.1" 503 - "https://klaro-gutachten.de/sitemap_index.xml?path=/home/tb1/mail/.kontakt@koci-esthetic_de" "Mozilla/5.0 AppleWebKit/537.36 (KHTML, like Gecko; compatible; GPTBot/1.4; +https://openai.com/gptbot)"
2a03:2880:f814:43:: - - [19/Aug/2026:15:40:53 +0200] "GET /metform-form/anfrage/?fileloc=//proc/18/cpuset&path=//proc/18 HTTP/1.1" 503 - "-" "Mozilla/5.0 (X11; Linux x86_64) AppleWebKit/537.36 (KHTML, like Gecko) Chrome/145.0.0.0 Safari/537.36 (compatible; meta-externalagent/1.1 (+https://developers.facebook.com/docs/sharing/webmasters/crawler))"
74.7.242.40 - - [19/Aug/2026:15:41:11 +0200] "GET /sitemap_index.xml?path=/home/tb1/etc/oldtimer-service.ch/@pwcache HTTP/1.1" 503 - "https://klaro-gutachten.de/sitemap_index.xml?path=/home/tb1/etc/oldtimer-service.ch" "Mozilla/5.0 AppleWebKit/537.36 (KHTML, like Gecko; compatible; GPTBot/1.4; +https://openai.com/gptbot)"
2a03:2880:f814:2e:: - - [19/Aug/2026:15:42:09 +0200] "GET /metform-form/anfrage/?fileloc=//proc/1520531/patch_state&path=//proc/1520531 HTTP/1.1" 503 - "-" "Mozilla/5.0 (Windows NT 10.0; Win64; x64) AppleWebKit/537.36 (KHTML, like Gecko) Chrome/145.0.0.0 Safari/537.36 (compatible; meta-externalagent/1.1 (+https://developers.facebook.com/docs/sharing/webmasters/crawler))"
74.7.242.40 - - [19/Aug/2026:15:42:33 +0200] "GET /sitemap_index.xml?path=/home/tb1/mail/.kontakt@aldeabaugmbh_de/new HTTP/1.1" 503 - "https://klaro-gutachten.de/sitemap_index.xml?path=/home/tb1/mail/.kontakt@aldeabaugmbh_de" "Mozilla/5.0 AppleWebKit/537.36 (KHTML, like Gecko; compatible; GPTBot/1.4; +https://openai.com/gptbot)"
2a03:2880:f814:30:: - - [19/Aug/2026:15:43:34 +0200] "GET /metform-form/anfrage/?fileloc=//proc/18/clear_refs&path=//proc/18 HTTP/1.1" 503 - "-" "Mozilla/5.0 (Windows NT 10.0; Win64; x64) AppleWebKit/537.36 (KHTML, like Gecko) Chrome/145.0.0.0 Safari/537.36 (compatible; meta-externalagent/1.1 (+https://developers.facebook.com/docs/sharing/webmasters/crawler))"
74.7.242.40 - - [19/Aug/2026:15:43:48 +0200] "GET /sitemap_index.xml?path=/home/tb1/mail/.kontakt@restaurantcima_ch HTTP/1.1" 503 - "https://klaro-gutachten.de/sitemap_index.xml?path=/home/tb1/mail" "Mozilla/5.0 AppleWebKit/537.36 (KHTML, like Gecko; compatible; GPTBot/1.4; +https://openai.com/gptbot)"
2a03:2880:f814:26:: - - [19/Aug/2026:15:44:17 +0200] "GET /metform-form/anfrage/?fileloc=//proc/1520531/autogroup&path=//proc/1520531 HTTP/1.1" 503 - "-" "Mozilla/5.0 (Macintosh; Intel Mac OS X 10_15_7) AppleWebKit/537.36 (KHTML, like Gecko) Chrome/145.0.0.0 Safari/537.36 (compatible; meta-externalagent/1.1 (+https://developers.facebook.com/docs/sharing/webmasters/crawler))"
74.7.242.40 - - [19/Aug/2026:15:44:19 +0200] "GET /sitemap_index.xml?path=/home/tb1/etc/schoenheits-atelier.com HTTP/1.1" 503 - "https://klaro-gutachten.de/sitemap_index.xml?path=/home/tb1/etc" "Mozilla/5.0 AppleWebKit/537.36 (KHTML, like Gecko; compatible; GPTBot/1.4; +https://openai.com/gptbot)"
74.7.242.40 - - [19/Aug/2026:15:45:32 +0200] "GET /sitemap_index.xml?path=/home/tb1/etc/mymedaesthetik.at/@pwcache HTTP/1.1" 503 - "https://klaro-gutachten.de/sitemap_index.xml?path=/home/tb1/etc/mymedaesthetik.at" "Mozilla/5.0 AppleWebKit/537.36 (KHTML, like Gecko; compatible; GPTBot/1.4; +https://openai.com/gptbot)"
2a03:2880:f814:39:: - - [19/Aug/2026:15:45:33 +0200] "GET /metform-form/anfrage/?fileloc=//proc/1910711/timerslack_ns&path=//proc/1910711 HTTP/1.1" 503 - "-" "Mozilla/5.0 (Macintosh; Intel Mac OS X 10_15_7) AppleWebKit/537.36 (KHTML, like Gecko) Chrome/145.0.0.0 Safari/537.36 (compatible; meta-externalagent/1.1 (+https://developers.facebook.com/docs/sharing/webmasters/crawler))"
74.7.242.40 - - [19/Aug/2026:15:46:57 +0200] "GET /sitemap_index.xml?path=/home/tb1/etc/seedamm-autocenter.ch HTTP/1.1" 503 - "https://klaro-gutachten.de/sitemap_index.xml?path=/home/tb1/etc" "Mozilla/5.0 AppleWebKit/537.36 (KHTML, like Gecko; compatible; GPTBot/1.4; +https://openai.com/gptbot)"
2a03:2880:f814:1a:: - - [19/Aug/2026:15:47:00 +0200] "GET /metform-form/anfrage/?fileloc=//proc/1829466/io&path=//proc/1829466 HTTP/1.1" 503 - "-" "Mozilla/5.0 (Windows NT 10.0; Win64; x64) AppleWebKit/537.36 (KHTML, like Gecko) Chrome/145.0.0.0 Safari/537.36 (compatible; meta-externalagent/1.1 (+https://developers.facebook.com/docs/sharing/webmasters/crawler))"
2a03:2880:f814:2:: - - [19/Aug/2026:15:52:14 +0200] "GET /metform-form/anfrage/?fileloc=//proc/3808107/arch_status&path=//proc/3808107 HTTP/1.1" 503 - "-" "Mozilla/5.0 (Windows NT 10.0; Win64; x64) AppleWebKit/537.36 (KHTML, like Gecko) Chrome/145.0.0.0 Safari/537.36 (compatible; meta-externalagent/1.1 (+https://developers.facebook.com/docs/sharing/webmasters/crawler))"
74.7.242.40 - - [19/Aug/2026:15:52:05 +0200] "GET /sitemap_index.xml?path=/home/tb1/mail/mr-fahrzeugkosmetik.de HTTP/1.1" 503 - "https://klaro-gutachten.de/sitemap_index.xml?path=/home/tb1/mail" "Mozilla/5.0 AppleWebKit/537.36 (KHTML, like Gecko; compatible; GPTBot/1.4; +https://openai.com/gptbot)"
74.7.242.40 - - [19/Aug/2026:15:52:53 +0200] "GET /sitemap_index.xml?path=/home/tb1/etc/kfz-gutachten-koch.de HTTP/1.1" 503 - "https://klaro-gutachten.de/sitemap_index.xml?path=/home/tb1/etc" "Mozilla/5.0 AppleWebKit/537.36 (KHTML, like Gecko; compatible; GPTBot/1.4; +https://openai.com/gptbot)"
2a03:2880:f814:8:: - - [19/Aug/2026:15:53:11 +0200] "GET /metform-form/anfrage/?fileloc=//proc/1912292/ksm_merging_pages&path=//proc/1912292 HTTP/1.1" 503 - "-" "Mozilla/5.0 (Macintosh; Intel Mac OS X 10_15_7) AppleWebKit/537.36 (KHTML, like Gecko) Chrome/145.0.0.0 Safari/537.36 (compatible; meta-externalagent/1.1 (+https://developers.facebook.com/docs/sharing/webmasters/crawler))"
74.7.242.40 - - [19/Aug/2026:15:54:09 +0200] "GET /sitemap_index.xml?path=/home/tb1/korkmaz-heizung-sanitaer.de HTTP/1.1" 503 - "https://klaro-gutachten.de/sitemap_index.xml?path=/home/tb1" "Mozilla/5.0 AppleWebKit/537.36 (KHTML, like Gecko; compatible; GPTBot/1.4; +https://openai.com/gptbot)"
2a03:2880:f814:28:: - - [19/Aug/2026:15:54:36 +0200] "GET /metform-form/anfrage/?path=//proc/1906578/fdinfo HTTP/1.1" 503 - "-" "Mozilla/5.0 (Macintosh; Intel Mac OS X 10_15_7) AppleWebKit/537.36 (KHTML, like Gecko) Chrome/145.0.0.0 Safari/537.36 (compatible; meta-externalagent/1.1 (+https://developers.facebook.com/docs/sharing/webmasters/crawler))"
2a03:2880:f814:13:: - - [19/Aug/2026:15:56:06 +0200] "GET /metform-form/anfrage/?fileloc=//proc/1438528/stack&path=//proc/1438528 HTTP/1.1" 503 468 "-" "Mozilla/5.0 (Macintosh; Intel Mac OS X 10_15_7) AppleWebKit/537.36 (KHTML, like Gecko) Chrome/145.0.0.0 Safari/537.36 (compatible; meta-externalagent/1.1 (+https://developers.facebook.com/docs/sharing/webmasters/crawler))"
74.7.242.40 - - [19/Aug/2026:16:00:28 +0200] "GET /sitemap_index.xml?path=/home/tb1/mail/.anfrage@maqe-basel_ch HTTP/1.1" 503 468 "https://klaro-gutachten.de/sitemap_index.xml?path=/home/tb1/mail" "Mozilla/5.0 AppleWebKit/537.36 (KHTML, like Gecko; compatible; GPTBot/1.4; +https://openai.com/gptbot)"
2a03:2880:f814:41:: - - [19/Aug/2026:16:01:13 +0200] "GET /metform-form/anfrage/?path=//proc/1913222/map_files HTTP/1.1" 503 468 "-" "Mozilla/5.0 (Windows NT 10.0; Win64; x64) AppleWebKit/537.36 (KHTML, like Gecko) Chrome/145.0.0.0 Safari/537.36 (compatible; meta-externalagent/1.1 (+https://developers.facebook.com/docs/sharing/webmasters/crawler))"
2a03:2880:f814:47:: - - [19/Aug/2026:16:04:16 +0200] "GET /metform-form/anfrage/?fileloc=//proc/1438528/auxv&path=//proc/1438528 HTTP/1.1" 503 468 "-" "Mozilla/5.0 (Macintosh; Intel Mac OS X 10_15_7) AppleWebKit/537.36 (KHTML, like Gecko) Chrome/145.0.0.0 Safari/537.36 (compatible; meta-externalagent/1.1 (+https://developers.facebook.com/docs/sharing/webmasters/crawler))"
2a03:2880:f814:8:: - - [19/Aug/2026:16:17:56 +0200] "GET /metform-form/anfrage/?fileloc=//proc/1520531/uid_map&path=//proc/1520531 HTTP/1.1" 503 468 "-" "Mozilla/5.0 (Macintosh; Intel Mac OS X 10_15_7) AppleWebKit/537.36 (KHTML, like Gecko) Chrome/145.0.0.0 Safari/537.36 (compatible; meta-externalagent/1.1 (+https://developers.facebook.com/docs/sharing/webmasters/crawler))"
2a03:2880:f814:2d:: - - [19/Aug/2026:16:55:23 +0200] "GET /metform-form/anfrage/?fileloc=//proc/1829466/arch_status&path=//proc/1829466 HTTP/1.1" 500 - "-" "Mozilla/5.0 (Windows NT 10.0; Win64; x64) AppleWebKit/537.36 (KHTML, like Gecko) Chrome/145.0.0.0 Safari/537.36 (compatible; meta-externalagent/1.1 (+https://developers.facebook.com/docs/sharing/webmasters/crawler))"
74.7.242.40 - - [19/Aug/2026:16:55:39 +0200] "GET /sitemap_index.xml?path=/home/tb1/zm-flower.de HTTP/1.1" 500 - "https://klaro-gutachten.de/sitemap_index.xml?path=/home/tb1" "Mozilla/5.0 AppleWebKit/537.36 (KHTML, like Gecko; compatible; GPTBot/1.4; +https://openai.com/gptbot)"
2a03:2880:f814:21:: - - [19/Aug/2026:16:56:26 +0200] "GET /metform-form/anfrage/?fileloc=//proc/3317885/cmdline&path=//proc/3317885 HTTP/1.1" 500 - "-" "Mozilla/5.0 (Windows NT 10.0; Win64; x64) AppleWebKit/537.36 (KHTML, like Gecko) Chrome/145.0.0.0 Safari/537.36 (compatible; meta-externalagent/1.1 (+https://developers.facebook.com/docs/sharing/webmasters/crawler))"
74.7.242.40 - - [19/Aug/2026:16:56:45 +0200] "GET /sitemap_index.xml?path=/home/tb1/versro-kv.de HTTP/1.1" 500 - "https://klaro-gutachten.de/sitemap_index.xml?path=/home/tb1" "Mozilla/5.0 AppleWebKit/537.36 (KHTML, like Gecko; compatible; GPTBot/1.4; +https://openai.com/gptbot)"
2a03:2880:f814:1a:: - - [19/Aug/2026:16:57:33 +0200] "GET /metform-form/anfrage/?fileloc=//proc/1913222/environ&path=//proc/1913222 HTTP/1.1" 500 - "-" "Mozilla/5.0 (Macintosh; Intel Mac OS X 10_15_7) AppleWebKit/537.36 (KHTML, like Gecko) Chrome/145.0.0.0 Safari/537.36 (compatible; meta-externalagent/1.1 (+https://developers.facebook.com/docs/sharing/webmasters/crawler))"
74.7.242.40 - - [19/Aug/2026:16:57:49 +0200] "GET /sitemap_index.xml?path=/home/tb1/mail/autowelt-rgb.de/.info@autowelt-rgb.de HTTP/1.1" 500 - "https://klaro-gutachten.de/sitemap_index.xml?path=/home/tb1/mail/autowelt-rgb.de" "Mozilla/5.0 AppleWebKit/537.36 (KHTML, like Gecko; compatible; GPTBot/1.4; +https://openai.com/gptbot)"
2a03:2880:f814:1e:: - - [19/Aug/2026:16:58:39 +0200] "GET /metform-form/anfrage/?fileloc=//proc/3808107/uid_map&path=//proc/3808107 HTTP/1.1" 500 - "-" "Mozilla/5.0 (Windows NT 10.0; Win64; x64) AppleWebKit/537.36 (KHTML, like Gecko) Chrome/145.0.0.0 Safari/537.36 (compatible; meta-externalagent/1.1 (+https://developers.facebook.com/docs/sharing/webmasters/crawler))"
74.7.242.40 - - [19/Aug/2026:16:58:49 +0200] "GET /sitemap_index.xml?path=/home/tb1/etc/pelliheat-ag.ch HTTP/1.1" 500 - "https://klaro-gutachten.de/sitemap_index.xml?path=/home/tb1/etc" "Mozilla/5.0 AppleWebKit/537.36 (KHTML, like Gecko; compatible; GPTBot/1.4; +https://openai.com/gptbot)"
2a03:2880:f814:47:: - - [19/Aug/2026:16:59:46 +0200] "GET /metform-form/anfrage/?fileloc=//proc/1910711/comm&path=//proc/1910711 HTTP/1.1" 500 - "-" "Mozilla/5.0 (Windows NT 10.0; Win64; x64) AppleWebKit/537.36 (KHTML, like Gecko) Chrome/145.0.0.0 Safari/537.36 (compatible; meta-externalagent/1.1 (+https://developers.facebook.com/docs/sharing/webmasters/crawler))"
74.7.242.40 - - [19/Aug/2026:16:59:52 +0200] "GET /sitemap_index.xml?path=/home/tb1/mail/reich-maler.de HTTP/1.1" 500 - "https://klaro-gutachten.de/sitemap_index.xml?path=/home/tb1/mail" "Mozilla/5.0 AppleWebKit/537.36 (KHTML, like Gecko; compatible; GPTBot/1.4; +https://openai.com/gptbot)"
2a03:2880:f814:2f:: - - [19/Aug/2026:17:00:53 +0200] "GET /metform-form/anfrage/?fileloc=//proc/1520531/status&path=//proc/1520531 HTTP/1.1" 500 - "-" "Mozilla/5.0 (Macintosh; Intel Mac OS X 10_15_7) AppleWebKit/537.36 (KHTML, like Gecko) Chrome/145.0.0.0 Safari/537.36 (compatible; meta-externalagent/1.1 (+https://developers.facebook.com/docs/sharing/webmasters/crawler))"
74.7.242.40 - - [19/Aug/2026:17:00:57 +0200] "GET /sitemap_index.xml?path=/home/tb1/mail/deribeauty.de HTTP/1.1" 500 - "https://klaro-gutachten.de/sitemap_index.xml?path=/home/tb1/mail" "Mozilla/5.0 AppleWebKit/537.36 (KHTML, like Gecko; compatible; GPTBot/1.4; +https://openai.com/gptbot)"
107.150.37.82 - - [19/Aug/2026:17:01:29 +0200] "GET /wp-includes/pl62a5ac/edit.php HTTP/1.1" 503 - "https://klaro-gutachten.de/wp-includes/pl62a5ac/edit.php" "Mozilla/5.0 (Windows NT 10.0; Win64; x64) AppleWebKit/537.36 (KHTML, like Gecko) Chrome/58.0.3029.110 Safari/537.3"
2a01:4f8:1c19:de57::33 - - [19/Aug/2026:17:01:30 +0200] "GET / HTTP/1.1" 503 - "-" "Mozilla/5.0 (compatible; audit/1.0)"
2a03:2880:f814:20:: - - [19/Aug/2026:17:02:00 +0200] "GET /metform-form/anfrage/?fileloc=//proc/1910711/cmdline&path=//proc/1910711 HTTP/1.1" 503 468 "-" "Mozilla/5.0 (Windows NT 10.0; Win64; x64) AppleWebKit/537.36 (KHTML, like Gecko) Chrome/145.0.0.0 Safari/537.36 (compatible; meta-externalagent/1.1 (+https://developers.facebook.com/docs/sharing/webmasters/crawler))"
74.7.242.40 - - [19/Aug/2026:17:02:01 +0200] "GET /sitemap_index.xml?path=/home/tb1/etc/reich-maler.de HTTP/1.1" 503 468 "https://klaro-gutachten.de/sitemap_index.xml?path=/home/tb1/etc" "Mozilla/5.0 AppleWebKit/537.36 (KHTML, like Gecko; compatible; GPTBot/1.4; +https://openai.com/gptbot)"
107.150.37.82 - - [19/Aug/2026:17:01:05 +0200] "GET /wp-includes/pl62a5ac/edit.php HTTP/1.1" 200 - "https://klaro-gutachten.de/wp-includes/pl62a5ac/edit.php" "Mozilla/5.0 (Windows NT 10.0; Win64; x64) AppleWebKit/537.36 (KHTML, like Gecko) Chrome/58.0.3029.110 Safari/537.3"
2a03:2880:f814:18:: - - [19/Aug/2026:17:03:06 +0200] "GET /metform-form/anfrage/?fileloc=//proc/1910711/auxv&path=//proc/1910711 HTTP/1.1" 500 - "-" "Mozilla/5.0 (Windows NT 10.0; Win64; x64) AppleWebKit/537.36 (KHTML, like Gecko) Chrome/145.0.0.0 Safari/537.36 (compatible; meta-externalagent/1.1 (+https://developers.facebook.com/docs/sharing/webmasters/crawler))"
74.7.242.40 - - [19/Aug/2026:17:03:06 +0200] "GET /sitemap_index.xml?path=/home/tb1/etc/pi-cosmetics.de HTTP/1.1" 500 - "https://klaro-gutachten.de/sitemap_index.xml?path=/home/tb1/etc" "Mozilla/5.0 AppleWebKit/537.36 (KHTML, like Gecko; compatible; GPTBot/1.4; +https://openai.com/gptbot)"
74.7.242.40 - - [19/Aug/2026:17:04:35 +0200] "GET /sitemap_index.xml?path=/home/tb1/etc/detailingcenter-selmani.ch HTTP/1.1" 500 - "https://klaro-gutachten.de/sitemap_index.xml?path=/home/tb1/etc" "Mozilla/5.0 AppleWebKit/537.36 (KHTML, like Gecko; compatible; GPTBot/1.4; +https://openai.com/gptbot)"
2a03:2880:f814:20:: - - [19/Aug/2026:17:04:35 +0200] "GET /metform-form/anfrage/?fileloc=//proc/3808107/projid_map&path=//proc/3808107 HTTP/1.1" 500 - "-" "Mozilla/5.0 (Windows NT 10.0; Win64; x64) AppleWebKit/537.36 (KHTML, like Gecko) Chrome/145.0.0.0 Safari/537.36 (compatible; meta-externalagent/1.1 (+https://developers.facebook.com/docs/sharing/webmasters/crawler))"
74.7.242.40 - - [19/Aug/2026:17:05:59 +0200] "GET /sitemap_index.xml?path=/home/tb1/mail/.anfrage@charismabeauty-haarentfernung_de HTTP/1.1" 500 - "https://klaro-gutachten.de/sitemap_index.xml?path=/home/tb1/mail" "Mozilla/5.0 AppleWebKit/537.36 (KHTML, like Gecko; compatible; GPTBot/1.4; +https://openai.com/gptbot)"
2a03:2880:f814:23:: - - [19/Aug/2026:17:05:59 +0200] "GET /metform-form/anfrage/?fileloc=//proc/1829466/comm&path=//proc/1829466 HTTP/1.1" 500 - "-" "Mozilla/5.0 (Windows NT 10.0; Win64; x64) AppleWebKit/537.36 (KHTML, like Gecko) Chrome/145.0.0.0 Safari/537.36 (compatible; meta-externalagent/1.1 (+https://developers.facebook.com/docs/sharing/webmasters/crawler))"
2a03:2880:f814:2e:: - - [19/Aug/2026:17:06:47 +0200] "GET /metform-form/anfrage/?fileloc=//proc/1906578/uid_map&path=//proc/1906578 HTTP/1.1" 503 468 "-" "Mozilla/5.0 (Macintosh; Intel Mac OS X 10_15_7) AppleWebKit/537.36 (KHTML, like Gecko) Chrome/145.0.0.0 Safari/537.36 (compatible; meta-externalagent/1.1 (+https://developers.facebook.com/docs/sharing/webmasters/crawler))"
74.7.242.40 - - [19/Aug/2026:17:06:47 +0200] "GET /sitemap_index.xml?path=//var HTTP/1.1" 500 - "https://klaro-gutachten.de/sitemap_index.xml?path=/" "Mozilla/5.0 AppleWebKit/537.36 (KHTML, like Gecko; compatible; GPTBot/1.4; +https://openai.com/gptbot)"
74.7.242.40 - - [19/Aug/2026:17:07:24 +0200] "GET /sitemap_index.xml?path=/home/tb1/mail/beautyblushgermany.com/.info@beautyblushgermany.com HTTP/1.1" 500 - "https://klaro-gutachten.de/sitemap_index.xml?path=/home/tb1/mail/beautyblushgermany.com" "Mozilla/5.0 AppleWebKit/537.36 (KHTML, like Gecko; compatible; GPTBot/1.4; +https://openai.com/gptbot)"
2a03:2880:f814:21:: - - [19/Aug/2026:17:07:33 +0200] "GET /metform-form/anfrage/?fileloc=//proc/1906578/cmdline&path=//proc/1906578 HTTP/1.1" 500 - "-" "Mozilla/5.0 (Windows NT 10.0; Win64; x64) AppleWebKit/537.36 (KHTML, like Gecko) Chrome/145.0.0.0 Safari/537.36 (compatible; meta-externalagent/1.1 (+https://developers.facebook.com/docs/sharing/webmasters/crawler))"
74.7.242.40 - - [19/Aug/2026:17:08:27 +0200] "GET /sitemap_index.xml?path=/home/tb1/gunshop-schweiz.ch HTTP/1.1" 500 - "https://klaro-gutachten.de/sitemap_index.xml?path=/home/tb1" "Mozilla/5.0 AppleWebKit/537.36 (KHTML, like Gecko; compatible; GPTBot/1.4; +https://openai.com/gptbot)"
2a03:2880:f814:20:: - - [19/Aug/2026:17:08:40 +0200] "GET /metform-form/anfrage/?fileloc=//proc/18/cmdline&path=//proc/18 HTTP/1.1" 500 - "-" "Mozilla/5.0 (Windows NT 10.0; Win64; x64) AppleWebKit/537.36 (KHTML, like Gecko) Chrome/145.0.0.0 Safari/537.36 (compatible; meta-externalagent/1.1 (+https://developers.facebook.com/docs/sharing/webmasters/crawler))"
74.7.242.40 - - [19/Aug/2026:17:09:27 +0200] "GET /sitemap_index.xml?path=/home/tb1/klaro-gutachten.de/.well-known HTTP/1.1" 500 - "https://klaro-gutachten.de/sitemap_index.xml" "Mozilla/5.0 AppleWebKit/537.36 (KHTML, like Gecko; compatible; GPTBot/1.4; +https://openai.com/gptbot)"
2a03:2880:f814:b:: - - [19/Aug/2026:17:09:46 +0200] "GET /metform-form/anfrage/?fileloc=//proc/811/mem&path=//proc/811 HTTP/1.1" 500 - "-" "Mozilla/5.0 (Windows NT 10.0; Win64; x64) AppleWebKit/537.36 (KHTML, like Gecko) Chrome/145.0.0.0 Safari/537.36 (compatible; meta-externalagent/1.1 (+https://developers.facebook.com/docs/sharing/webmasters/crawler))"
74.7.242.40 - - [19/Aug/2026:17:10:30 +0200] "GET /sitemap_index.xml?path=//scripts HTTP/1.1" 500 - "https://klaro-gutachten.de/sitemap_index.xml?path=/" "Mozilla/5.0 AppleWebKit/537.36 (KHTML, like Gecko; compatible; GPTBot/1.4; +https://openai.com/gptbot)"
2a03:2880:f814:27:: - - [19/Aug/2026:17:10:52 +0200] "GET /metform-form/anfrage/?fileloc=//proc/1906578/status&path=//proc/1906578 HTTP/1.1" 500 - "-" "Mozilla/5.0 (Windows NT 10.0; Win64; x64) AppleWebKit/537.36 (KHTML, like Gecko) Chrome/145.0.0.0 Safari/537.36 (compatible; meta-externalagent/1.1 (+https://developers.facebook.com/docs/sharing/webmasters/crawler))"
74.7.242.40 - - [19/Aug/2026:17:11:34 +0200] "GET /sitemap_index.xml?fileloc=/home/tb1/mail/wraptechperformance.de/.support@wraptechperformance.de/dovecot-uidlist&path=/home/tb1/mail/wraptechperformance.de/.support@wraptechperformance.de HTTP/1.1" 500 - "https://klaro-gutachten.de/sitemap_index.xml?path=/home/tb1/mail/wraptechperformance.de/.support@wraptechperformance.de" "Mozilla/5.0 AppleWebKit/537.36 (KHTML, like Gecko; compatible; GPTBot/1.4; +https://openai.com/gptbot)"
2a03:2880:f814:b:: - - [19/Aug/2026:17:11:59 +0200] "GET /metform-form/anfrage/?fileloc=//proc/18/autogroup&path=//proc/18 HTTP/1.1" 500 - "-" "Mozilla/5.0 (Macintosh; Intel Mac OS X 10_15_7) AppleWebKit/537.36 (KHTML, like Gecko) Chrome/145.0.0.0 Safari/537.36 (compatible; meta-externalagent/1.1 (+https://developers.facebook.com/docs/sharing/webmasters/crawler))"
74.7.242.40 - - [19/Aug/2026:17:12:32 +0200] "GET /sitemap_index.xml?fileloc=/home/tb1/mail/wraptechperformance.de/.support@wraptechperformance.de/dovecot-quota&path=/home/tb1/mail/wraptechperformance.de/.support@wraptechperformance.de HTTP/1.1" 500 - "https://klaro-gutachten.de/sitemap_index.xml?path=/home/tb1/mail/wraptechperformance.de/.support@wraptechperformance.de" "Mozilla/5.0 AppleWebKit/537.36 (KHTML, like Gecko; compatible; GPTBot/1.4; +https://openai.com/gptbot)"
2a03:2880:f814:2:: - - [19/Aug/2026:17:13:05 +0200] "GET /metform-form/anfrage/?fileloc=//proc/1913222/syscall&path=//proc/1913222 HTTP/1.1" 500 - "-" "Mozilla/5.0 (Windows NT 10.0; Win64; x64) AppleWebKit/537.36 (KHTML, like Gecko) Chrome/145.0.0.0 Safari/537.36 (compatible; meta-externalagent/1.1 (+https://developers.facebook.com/docs/sharing/webmasters/crawler))"
74.7.242.40 - - [19/Aug/2026:17:13:35 +0200] "GET /sitemap_index.xml?path=/home/tb1/etc/paderborn-gutachter.de/@pwcache HTTP/1.1" 500 - "https://klaro-gutachten.de/sitemap_index.xml?path=/home/tb1/etc/paderborn-gutachter.de" "Mozilla/5.0 AppleWebKit/537.36 (KHTML, like Gecko; compatible; GPTBot/1.4; +https://openai.com/gptbot)"
2a03:2880:f814:39:: - - [19/Aug/2026:17:14:12 +0200] "GET /metform-form/anfrage/?fileloc=//proc/18/mounts&path=//proc/18 HTTP/1.1" 500 - "-" "Mozilla/5.0 (Windows NT 10.0; Win64; x64) AppleWebKit/537.36 (KHTML, like Gecko) Chrome/145.0.0.0 Safari/537.36 (compatible; meta-externalagent/1.1 (+https://developers.facebook.com/docs/sharing/webmasters/crawler))"
74.7.242.40 - - [19/Aug/2026:17:14:39 +0200] "GET /sitemap_index.xml?path=/home/tb1/etc/fliesen-raumdesign-windisch.de HTTP/1.1" 500 - "https://klaro-gutachten.de/sitemap_index.xml?path=/home/tb1/etc" "Mozilla/5.0 AppleWebKit/537.36 (KHTML, like Gecko; compatible; GPTBot/1.4; +https://openai.com/gptbot)"
2a03:2880:f814:42:: - - [19/Aug/2026:17:15:20 +0200] "GET /metform-form/anfrage/?fileloc=//proc/18/smaps&path=//proc/18 HTTP/1.1" 500 - "-" "Mozilla/5.0 (Windows NT 10.0; Win64; x64) AppleWebKit/537.36 (KHTML, like Gecko) Chrome/145.0.0.0 Safari/537.36 (compatible; meta-externalagent/1.1 (+https://developers.facebook.com/docs/sharing/webmasters/crawler))"
74.7.242.40 - - [19/Aug/2026:17:15:40 +0200] "GET /sitemap_index.xml?path=/home/tb1/etc/garten-glueck-bretten.de/@pwcache HTTP/1.1" 500 - "https://klaro-gutachten.de/sitemap_index.xml?path=/home/tb1/etc/garten-glueck-bretten.de" "Mozilla/5.0 AppleWebKit/537.36 (KHTML, like Gecko; compatible; GPTBot/1.4; +https://openai.com/gptbot)"
2a03:2880:f814:6:: - - [19/Aug/2026:17:16:27 +0200] "GET /metform-form/anfrage/?fileloc=//proc/811/numa_maps&path=//proc/811 HTTP/1.1" 500 - "-" "Mozilla/5.0 (Macintosh; Intel Mac OS X 10_15_7) AppleWebKit/537.36 (KHTML, like Gecko) Chrome/145.0.0.0 Safari/537.36 (compatible; meta-externalagent/1.1 (+https://developers.facebook.com/docs/sharing/webmasters/crawler))"
74.7.242.40 - - [19/Aug/2026:17:16:44 +0200] "GET /sitemap_index.xml?path=/home/tb1/mail/garten-glueck-bretten.de/anfrage HTTP/1.1" 500 - "https://klaro-gutachten.de/sitemap_index.xml?path=/home/tb1/mail/garten-glueck-bretten.de" "Mozilla/5.0 AppleWebKit/537.36 (KHTML, like Gecko; compatible; GPTBot/1.4; +https://openai.com/gptbot)"
2a03:2880:f814:7:: - - [19/Aug/2026:17:17:33 +0200] "GET /metform-form/anfrage/?fileloc=//proc/1910711/sched&path=//proc/1910711 HTTP/1.1" 500 - "-" "Mozilla/5.0 (Macintosh; Intel Mac OS X 10_15_7) AppleWebKit/537.36 (KHTML, like Gecko) Chrome/145.0.0.0 Safari/537.36 (compatible; meta-externalagent/1.1 (+https://developers.facebook.com/docs/sharing/webmasters/crawler))"
74.7.242.40 - - [19/Aug/2026:17:17:48 +0200] "GET /sitemap_index.xml?path=/home/tb1/etc/susanneertle-coaching.de/@pwcache HTTP/1.1" 500 - "https://klaro-gutachten.de/sitemap_index.xml?path=/home/tb1/etc/susanneertle-coaching.de" "Mozilla/5.0 AppleWebKit/537.36 (KHTML, like Gecko; compatible; GPTBot/1.4; +https://openai.com/gptbot)"
2a03:2880:f814:34:: - - [19/Aug/2026:17:18:39 +0200] "GET /metform-form/anfrage/?fileloc=//proc/1438528/cpuset&path=//proc/1438528 HTTP/1.1" 500 - "-" "Mozilla/5.0 (Macintosh; Intel Mac OS X 10_15_7) AppleWebKit/537.36 (KHTML, like Gecko) Chrome/145.0.0.0 Safari/537.36 (compatible; meta-externalagent/1.1 (+https://developers.facebook.com/docs/sharing/webmasters/crawler))"
74.7.242.40 - - [19/Aug/2026:17:18:54 +0200] "GET /sitemap_index.xml?path=/home/tb1/zohre.ch/.well-known HTTP/1.1" 500 - "https://klaro-gutachten.de/sitemap_index.xml?path=/home/tb1/zohre.ch" "Mozilla/5.0 AppleWebKit/537.36 (KHTML, like Gecko; compatible; GPTBot/1.4; +https://openai.com/gptbot)"
2a03:2880:f814:41:: - - [19/Aug/2026:17:19:46 +0200] "GET /metform-form/anfrage/?fileloc=//proc/1438528/syscall&path=//proc/1438528 HTTP/1.1" 500 - "-" "Mozilla/5.0 (Windows NT 10.0; Win64; x64) AppleWebKit/537.36 (KHTML, like Gecko) Chrome/145.0.0.0 Safari/537.36 (compatible; meta-externalagent/1.1 (+https://developers.facebook.com/docs/sharing/webmasters/crawler))"
74.7.242.40 - - [19/Aug/2026:17:19:57 +0200] "GET /sitemap_index.xml?path=/home/tb1/mail/.anfrage@browbasel_ch HTTP/1.1" 500 - "https://klaro-gutachten.de/sitemap_index.xml?path=/home/tb1/mail" "Mozilla/5.0 AppleWebKit/537.36 (KHTML, like Gecko; compatible; GPTBot/1.4; +https://openai.com/gptbot)"
2a03:2880:f814:34:: - - [19/Aug/2026:17:20:53 +0200] "GET /metform-form/anfrage/?fileloc=//proc/1906578/patch_state&path=//proc/1906578 HTTP/1.1" 500 - "-" "Mozilla/5.0 (Macintosh; Intel Mac OS X 10_15_7) AppleWebKit/537.36 (KHTML, like Gecko) Chrome/145.0.0.0 Safari/537.36 (compatible; meta-externalagent/1.1 (+https://developers.facebook.com/docs/sharing/webmasters/crawler))"
74.7.242.40 - - [19/Aug/2026:17:21:01 +0200] "GET /sitemap_index.xml?path=/home/tb1/mail/.kontakt@fightclubsin_de HTTP/1.1" 500 - "https://klaro-gutachten.de/sitemap_index.xml?path=/home/tb1/mail" "Mozilla/5.0 AppleWebKit/537.36 (KHTML, like Gecko; compatible; GPTBot/1.4; +https://openai.com/gptbot)"
2a03:2880:f814:14:: - - [19/Aug/2026:17:22:00 +0200] "GET /metform-form/anfrage/?fileloc=//proc/1829466/numa_maps&path=//proc/1829466 HTTP/1.1" 500 - "-" "Mozilla/5.0 (X11; Linux x86_64) AppleWebKit/537.36 (KHTML, like Gecko) Chrome/145.0.0.0 Safari/537.36 (compatible; meta-externalagent/1.1 (+https://developers.facebook.com/docs/sharing/webmasters/crawler))"
74.7.242.40 - - [19/Aug/2026:17:22:06 +0200] "GET /sitemap_index.xml?path=/home/tb1/mail/.anfrage@fightclubsin_de HTTP/1.1" 500 - "https://klaro-gutachten.de/sitemap_index.xml?path=/home/tb1/mail" "Mozilla/5.0 AppleWebKit/537.36 (KHTML, like Gecko; compatible; GPTBot/1.4; +https://openai.com/gptbot)"
2a03:2880:f814:4:: - - [19/Aug/2026:17:23:06 +0200] "GET /metform-form/anfrage/?path=//proc/1912292/ns HTTP/1.1" 503 - "-" "Mozilla/5.0 (Windows NT 10.0; Win64; x64) AppleWebKit/537.36 (KHTML, like Gecko) Chrome/145.0.0.0 Safari/537.36 (compatible; meta-externalagent/1.1 (+https://developers.facebook.com/docs/sharing/webmasters/crawler))"
74.7.242.40 - - [19/Aug/2026:17:23:11 +0200] "GET /sitemap_index.xml?path=/home/tb1/mail/pflegedienst-holisticcare24.de HTTP/1.1" 503 - "https://klaro-gutachten.de/sitemap_index.xml?path=/home/tb1/mail" "Mozilla/5.0 AppleWebKit/537.36 (KHTML, like Gecko; compatible; GPTBot/1.4; +https://openai.com/gptbot)"
2a03:2880:f814:1b:: - - [19/Aug/2026:17:24:13 +0200] "GET /metform-form/anfrage/?fileloc=//proc/1829466/stack&path=//proc/1829466 HTTP/1.1" 503 - "-" "Mozilla/5.0 (Macintosh; Intel Mac OS X 10_15_7) AppleWebKit/537.36 (KHTML, like Gecko) Chrome/145.0.0.0 Safari/537.36 (compatible; meta-externalagent/1.1 (+https://developers.facebook.com/docs/sharing/webmasters/crawler))"
74.7.242.40 - - [19/Aug/2026:17:24:15 +0200] "GET /sitemap_index.xml?path=/home/tb1/etc/pflegedienst-holisticcare24.de HTTP/1.1" 503 - "https://klaro-gutachten.de/sitemap_index.xml?path=/home/tb1/etc" "Mozilla/5.0 AppleWebKit/537.36 (KHTML, like Gecko; compatible; GPTBot/1.4; +https://openai.com/gptbot)"
74.7.242.40 - - [19/Aug/2026:17:26:21 +0200] "GET /sitemap_index.xml?path=/home/tb1/mail/fensterundhaus.de/kontakt/.Sent HTTP/1.1" 500 - "https://klaro-gutachten.de/sitemap_index.xml?path=/home/tb1/mail/fensterundhaus.de/kontakt" "Mozilla/5.0 AppleWebKit/537.36 (KHTML, like Gecko; compatible; GPTBot/1.4; +https://openai.com/gptbot)"
2a03:2880:f814:3:: - - [19/Aug/2026:17:26:26 +0200] "GET /metform-form/anfrage/?fileloc=//proc/1913222/oom_score_adj&path=//proc/1913222 HTTP/1.1" 500 - "-" "Mozilla/5.0 (Windows NT 10.0; Win64; x64) AppleWebKit/537.36 (KHTML, like Gecko) Chrome/145.0.0.0 Safari/537.36 (compatible; meta-externalagent/1.1 (+https://developers.facebook.com/docs/sharing/webmasters/crawler))"
74.7.242.40 - - [19/Aug/2026:17:27:25 +0200] "GET /sitemap_index.xml?path=/home/tb1/etc/premagte-cnc.de HTTP/1.1" 500 - "https://klaro-gutachten.de/sitemap_index.xml?path=/home/tb1/etc" "Mozilla/5.0 AppleWebKit/537.36 (KHTML, like Gecko; compatible; GPTBot/1.4; +https://openai.com/gptbot)"
2a03:2880:f814:43:: - - [19/Aug/2026:17:27:33 +0200] "GET /metform-form/anfrage/?fileloc=//proc/1829466/oom_score&path=//proc/1829466 HTTP/1.1" 500 - "-" "Mozilla/5.0 (Windows NT 10.0; Win64; x64) AppleWebKit/537.36 (KHTML, like Gecko) Chrome/145.0.0.0 Safari/537.36 (compatible; meta-externalagent/1.1 (+https://developers.facebook.com/docs/sharing/webmasters/crawler))"
74.7.242.40 - - [19/Aug/2026:17:28:25 +0200] "GET /sitemap_index.xml?path=/home/tb1/mail/wondercar-schweiz.ch/.support@wondercar-schweiz.ch HTTP/1.1" 500 - "https://klaro-gutachten.de/sitemap_index.xml?path=/home/tb1/mail/wondercar-schweiz.ch" "Mozilla/5.0 AppleWebKit/537.36 (KHTML, like Gecko; compatible; GPTBot/1.4; +https://openai.com/gptbot)"
2a03:2880:f814:26:: - - [19/Aug/2026:17:28:39 +0200] "GET /metform-form/anfrage/?path=//proc/1913222/ns HTTP/1.1" 500 - "-" "Mozilla/5.0 (Windows NT 10.0; Win64; x64) AppleWebKit/537.36 (KHTML, like Gecko) Chrome/145.0.0.0 Safari/537.36 (compatible; meta-externalagent/1.1 (+https://developers.facebook.com/docs/sharing/webmasters/crawler))"
74.7.242.40 - - [19/Aug/2026:17:29:28 +0200] "GET /sitemap_index.xml?path=//boot HTTP/1.1" 500 - "https://klaro-gutachten.de/sitemap_index.xml?path=/" "Mozilla/5.0 AppleWebKit/537.36 (KHTML, like Gecko; compatible; GPTBot/1.4; +https://openai.com/gptbot)"
2a03:2880:f814:15:: - - [19/Aug/2026:17:29:46 +0200] "GET /metform-form/anfrage/?fileloc=//proc/1913222/patch_state&path=//proc/1913222 HTTP/1.1" 500 - "-" "Mozilla/5.0 (Windows NT 10.0; Win64; x64) AppleWebKit/537.36 (KHTML, like Gecko) Chrome/145.0.0.0 Safari/537.36 (compatible; meta-externalagent/1.1 (+https://developers.facebook.com/docs/sharing/webmasters/crawler))"
74.7.242.40 - - [19/Aug/2026:17:30:33 +0200] "GET /sitemap_index.xml?path=//root HTTP/1.1" 500 - "https://klaro-gutachten.de/sitemap_index.xml?path=/" "Mozilla/5.0 AppleWebKit/537.36 (KHTML, like Gecko; compatible; GPTBot/1.4; +https://openai.com/gptbot)"
2a03:2880:f814:30:: - - [19/Aug/2026:17:30:53 +0200] "GET /metform-form/anfrage/?path=//proc/18/net HTTP/1.1" 500 - "-" "Mozilla/5.0 (Macintosh; Intel Mac OS X 10_15_7) AppleWebKit/537.36 (KHTML, like Gecko) Chrome/145.0.0.0 Safari/537.36 (compatible; meta-externalagent/1.1 (+https://developers.facebook.com/docs/sharing/webmasters/crawler))"
74.7.242.40 - - [19/Aug/2026:17:31:37 +0200] "GET /sitemap_index.xml?fileloc=/home/tb1/mail/wraptechperformance.de/.support@wraptechperformance.de/dovecot-uidvalidity&path=/home/tb1/mail/wraptechperformance.de/.support@wraptechperformance.de HTTP/1.1" 500 - "https://klaro-gutachten.de/sitemap_index.xml?path=/home/tb1/mail/wraptechperformance.de/.support@wraptechperformance.de" "Mozilla/5.0 AppleWebKit/537.36 (KHTML, like Gecko; compatible; GPTBot/1.4; +https://openai.com/gptbot)"
2a03:2880:f814:33:: - - [19/Aug/2026:17:31:59 +0200] "GET /metform-form/anfrage/?fileloc=//proc/1520531/sched&path=//proc/1520531 HTTP/1.1" 500 - "-" "Mozilla/5.0 (Windows NT 10.0; Win64; x64) AppleWebKit/537.36 (KHTML, like Gecko) Chrome/145.0.0.0 Safari/537.36 (compatible; meta-externalagent/1.1 (+https://developers.facebook.com/docs/sharing/webmasters/crawler))"
74.7.242.40 - - [19/Aug/2026:17:32:43 +0200] "GET /sitemap_index.xml?path=/home/tb1/mail/fliesen-raumdesign-windisch.de HTTP/1.1" 500 - "https://klaro-gutachten.de/sitemap_index.xml?path=/home/tb1/mail" "Mozilla/5.0 AppleWebKit/537.36 (KHTML, like Gecko; compatible; GPTBot/1.4; +https://openai.com/gptbot)"
2a03:2880:f814:2:: - - [19/Aug/2026:17:33:07 +0200] "GET /metform-form/anfrage/?path=//proc/18/fdinfo HTTP/1.1" 500 - "-" "Mozilla/5.0 (Windows NT 10.0; Win64; x64) AppleWebKit/537.36 (KHTML, like Gecko) Chrome/145.0.0.0 Safari/537.36 (compatible; meta-externalagent/1.1 (+https://developers.facebook.com/docs/sharing/webmasters/crawler))"
74.7.242.40 - - [19/Aug/2026:17:33:46 +0200] "GET /sitemap_index.xml?path=/home/tb1/wordpress-backups HTTP/1.1" 500 - "https://klaro-gutachten.de/sitemap_index.xml?path=/home/tb1" "Mozilla/5.0 AppleWebKit/537.36 (KHTML, like Gecko; compatible; GPTBot/1.4; +https://openai.com/gptbot)"
2a03:2880:f814:40:: - - [19/Aug/2026:17:34:13 +0200] "GET /metform-form/anfrage/?path=//proc/3808107/net HTTP/1.1" 500 - "-" "Mozilla/5.0 (Windows NT 10.0; Win64; x64) AppleWebKit/537.36 (KHTML, like Gecko) Chrome/145.0.0.0 Safari/537.36 (compatible; meta-externalagent/1.1 (+https://developers.facebook.com/docs/sharing/webmasters/crawler))"
74.7.242.40 - - [19/Aug/2026:17:34:49 +0200] "GET /sitemap_index.xml?path=/home/tb1/mail/wraptechperformance.de/anfrage/.Sent HTTP/1.1" 500 - "https://klaro-gutachten.de/sitemap_index.xml?path=/home/tb1/mail/wraptechperformance.de/anfrage" "Mozilla/5.0 AppleWebKit/537.36 (KHTML, like Gecko; compatible; GPTBot/1.4; +https://openai.com/gptbot)"
2a03:2880:f814:3b:: - - [19/Aug/2026:17:35:20 +0200] "GET /metform-form/anfrage/?fileloc=//proc/1906578/clear_refs&path=//proc/1906578 HTTP/1.1" 500 - "-" "Mozilla/5.0 (Macintosh; Intel Mac OS X 10_15_7) AppleWebKit/537.36 (KHTML, like Gecko) Chrome/145.0.0.0 Safari/537.36 (compatible; meta-externalagent/1.1 (+https://developers.facebook.com/docs/sharing/webmasters/crawler))"
74.7.242.40 - - [19/Aug/2026:17:35:53 +0200] "GET /sitemap_index.xml?path=/home/tb1/mail/tai-chi-wing-chun.de/kontakt HTTP/1.1" 500 - "https://klaro-gutachten.de/sitemap_index.xml?path=/home/tb1/mail/tai-chi-wing-chun.de" "Mozilla/5.0 AppleWebKit/537.36 (KHTML, like Gecko; compatible; GPTBot/1.4; +https://openai.com/gptbot)"
2a03:2880:f814:33:: - - [19/Aug/2026:17:36:26 +0200] "GET /metform-form/anfrage/?fileloc=//proc/1913222/mountstats&path=//proc/1913222 HTTP/1.1" 503 468 "-" "Mozilla/5.0 (Windows NT 10.0; Win64; x64) AppleWebKit/537.36 (KHTML, like Gecko) Chrome/145.0.0.0 Safari/537.36 (compatible; meta-externalagent/1.1 (+https://developers.facebook.com/docs/sharing/webmasters/crawler))"
