74.7.242.40 - - [19/Aug/2026:17:36:56 +0200] "GET /sitemap_index.xml?path=/home/tb1/mail/tai-chi-wing-chun.de/anfrage HTTP/1.1" 500 - "https://klaro-gutachten.de/sitemap_index.xml?path=/home/tb1/mail/tai-chi-wing-chun.de" "Mozilla/5.0 AppleWebKit/537.36 (KHTML, like Gecko; compatible; GPTBot/1.4; +https://openai.com/gptbot)"
107.150.37.82 - - [19/Aug/2026:17:35:41 +0200] "GET /wp-includes/pl62a5ac/edit.php HTTP/1.1" 200 - "https://klaro-gutachten.de/wp-includes/pl62a5ac/edit.php" "Mozilla/5.0 (Windows NT 10.0; Win64; x64) AppleWebKit/537.36 (KHTML, like Gecko) Chrome/58.0.3029.110 Safari/537.3"
2a03:2880:f814:22:: - - [19/Aug/2026:17:37:33 +0200] "GET /metform-form/anfrage/?fileloc=//proc/1906578/pagemap&path=//proc/1906578 HTTP/1.1" 500 - "-" "Mozilla/5.0 (Macintosh; Intel Mac OS X 10_15_7) AppleWebKit/537.36 (KHTML, like Gecko) Chrome/145.0.0.0 Safari/537.36 (compatible; meta-externalagent/1.1 (+https://developers.facebook.com/docs/sharing/webmasters/crawler))"
74.7.242.40 - - [19/Aug/2026:17:37:59 +0200] "GET /sitemap_index.xml?path=/home/tb1/schoenheits-atelier.com HTTP/1.1" 500 - "https://klaro-gutachten.de/sitemap_index.xml?path=/home/tb1" "Mozilla/5.0 AppleWebKit/537.36 (KHTML, like Gecko; compatible; GPTBot/1.4; +https://openai.com/gptbot)"
2a03:2880:f814:3a:: - - [19/Aug/2026:17:38:39 +0200] "GET /metform-form/anfrage/?fileloc=//proc/1829466/sched&path=//proc/1829466 HTTP/1.1" 500 - "-" "Mozilla/5.0 (Macintosh; Intel Mac OS X 10_15_7) AppleWebKit/537.36 (KHTML, like Gecko) Chrome/145.0.0.0 Safari/537.36 (compatible; meta-externalagent/1.1 (+https://developers.facebook.com/docs/sharing/webmasters/crawler))"
74.7.242.40 - - [19/Aug/2026:17:39:00 +0200] "GET /sitemap_index.xml?path=/home/tb1/mail/finanzexperten-bonn.de/marie.lorenz HTTP/1.1" 500 - "https://klaro-gutachten.de/sitemap_index.xml?path=/home/tb1/mail/finanzexperten-bonn.de" "Mozilla/5.0 AppleWebKit/537.36 (KHTML, like Gecko; compatible; GPTBot/1.4; +https://openai.com/gptbot)"
2a03:2880:f814:12:: - - [19/Aug/2026:17:39:46 +0200] "GET /metform-form/anfrage/?fileloc=//proc/1906578/environ&path=//proc/1906578 HTTP/1.1" 500 - "-" "Mozilla/5.0 (Windows NT 10.0; Win64; x64) AppleWebKit/537.36 (KHTML, like Gecko) Chrome/145.0.0.0 Safari/537.36 (compatible; meta-externalagent/1.1 (+https://developers.facebook.com/docs/sharing/webmasters/crawler))"
74.7.242.40 - - [19/Aug/2026:17:40:04 +0200] "GET /sitemap_index.xml?path=/home/tb1/mail/.anfrage@zm-flower_de HTTP/1.1" 500 - "https://klaro-gutachten.de/sitemap_index.xml?path=/home/tb1/mail" "Mozilla/5.0 AppleWebKit/537.36 (KHTML, like Gecko; compatible; GPTBot/1.4; +https://openai.com/gptbot)"
2a03:2880:f814:a:: - - [19/Aug/2026:17:40:53 +0200] "GET /metform-form/anfrage/?fileloc=//proc/1520531/clear_refs&path=//proc/1520531 HTTP/1.1" 500 - "-" "Mozilla/5.0 (Windows NT 10.0; Win64; x64) AppleWebKit/537.36 (KHTML, like Gecko) Chrome/145.0.0.0 Safari/537.36 (compatible; meta-externalagent/1.1 (+https://developers.facebook.com/docs/sharing/webmasters/crawler))"
74.7.242.40 - - [19/Aug/2026:17:41:08 +0200] "GET /sitemap_index.xml?path=/home/tb1/mail/.anfrage@neo-klinik_ch HTTP/1.1" 500 - "https://klaro-gutachten.de/sitemap_index.xml?path=/home/tb1/mail" "Mozilla/5.0 AppleWebKit/537.36 (KHTML, like Gecko; compatible; GPTBot/1.4; +https://openai.com/gptbot)"
2a03:2880:f814:f:: - - [19/Aug/2026:17:41:59 +0200] "GET /metform-form/anfrage/?fileloc=//proc/1829466/setgroups&path=//proc/1829466 HTTP/1.1" 500 - "-" "Mozilla/5.0 (Windows NT 10.0; Win64; x64) AppleWebKit/537.36 (KHTML, like Gecko) Chrome/145.0.0.0 Safari/537.36 (compatible; meta-externalagent/1.1 (+https://developers.facebook.com/docs/sharing/webmasters/crawler))"
74.7.242.40 - - [19/Aug/2026:17:42:11 +0200] "GET /sitemap_index.xml?path=/home/tb1/mail/.kontakt@autowelt-rgb_de HTTP/1.1" 500 - "https://klaro-gutachten.de/sitemap_index.xml?path=/home/tb1/mail" "Mozilla/5.0 AppleWebKit/537.36 (KHTML, like Gecko; compatible; GPTBot/1.4; +https://openai.com/gptbot)"
2a03:2880:f814:3e:: - - [19/Aug/2026:17:43:06 +0200] "GET /metform-form/anfrage/?fileloc=//proc/1910711/environ&path=//proc/1910711 HTTP/1.1" 500 - "-" "Mozilla/5.0 (Windows NT 10.0; Win64; x64) AppleWebKit/537.36 (KHTML, like Gecko) Chrome/145.0.0.0 Safari/537.36 (compatible; meta-externalagent/1.1 (+https://developers.facebook.com/docs/sharing/webmasters/crawler))"
74.7.242.40 - - [19/Aug/2026:17:43:13 +0200] "GET /sitemap_index.xml?path=/home/tb1/mail/.kontakt@zm-flower_de HTTP/1.1" 500 - "https://klaro-gutachten.de/sitemap_index.xml?path=/home/tb1/mail" "Mozilla/5.0 AppleWebKit/537.36 (KHTML, like Gecko; compatible; GPTBot/1.4; +https://openai.com/gptbot)"
2a03:2880:f814:1b:: - - [19/Aug/2026:17:44:13 +0200] "GET /metform-form/anfrage/?fileloc=//proc/1912292/sessionid&path=//proc/1912292 HTTP/1.1" 500 - "-" "Mozilla/5.0 (X11; Linux x86_64) AppleWebKit/537.36 (KHTML, like Gecko) Chrome/145.0.0.0 Safari/537.36 (compatible; meta-externalagent/1.1 (+https://developers.facebook.com/docs/sharing/webmasters/crawler))"
74.7.242.40 - - [19/Aug/2026:17:44:18 +0200] "GET /sitemap_index.xml?path=/home/tb1/mail/.anfrage@autowelt-rgb_de HTTP/1.1" 500 - "https://klaro-gutachten.de/sitemap_index.xml?path=/home/tb1/mail" "Mozilla/5.0 AppleWebKit/537.36 (KHTML, like Gecko; compatible; GPTBot/1.4; +https://openai.com/gptbot)"
2a03:2880:f814:b:: - - [19/Aug/2026:17:45:20 +0200] "GET /metform-form/anfrage/?fileloc=//proc/1913222/cpuset&path=//proc/1913222 HTTP/1.1" 500 - "-" "Mozilla/5.0 (Windows NT 10.0; Win64; x64) AppleWebKit/537.36 (KHTML, like Gecko) Chrome/145.0.0.0 Safari/537.36 Edg/145.0.0.0 (compatible; meta-externalagent/1.1 (+https://developers.facebook.com/docs/sharing/webmasters/crawler))"
74.7.242.40 - - [19/Aug/2026:17:45:21 +0200] "GET /sitemap_index.xml?path=/home/tb1/mail/premagte-cnc.de/anfrage/.Drafts HTTP/1.1" 500 - "https://klaro-gutachten.de/sitemap_index.xml?path=/home/tb1/mail/premagte-cnc.de/anfrage" "Mozilla/5.0 AppleWebKit/537.36 (KHTML, like Gecko; compatible; GPTBot/1.4; +https://openai.com/gptbot)"
74.7.242.40 - - [19/Aug/2026:17:46:25 +0200] "GET /sitemap_index.xml?path=/home/tb1/mail/premagte-cnc.de/anfrage/.Trash HTTP/1.1" 500 - "https://klaro-gutachten.de/sitemap_index.xml?path=/home/tb1/mail/premagte-cnc.de/anfrage" "Mozilla/5.0 AppleWebKit/537.36 (KHTML, like Gecko; compatible; GPTBot/1.4; +https://openai.com/gptbot)"
2a03:2880:f814:2d:: - - [19/Aug/2026:17:46:27 +0200] "GET /metform-form/anfrage/?fileloc=//proc/3808107/patch_state&path=//proc/3808107 HTTP/1.1" 500 - "-" "Mozilla/5.0 (Windows NT 10.0; Win64; x64) AppleWebKit/537.36 (KHTML, like Gecko) Chrome/145.0.0.0 Safari/537.36 (compatible; meta-externalagent/1.1 (+https://developers.facebook.com/docs/sharing/webmasters/crawler))"
20.102.65.165 - - [19/Aug/2026:17:47:41 +0200] "GET /wp-content/plugins/hellopress/wp_filemanager.php HTTP/1.1" 404 5750 "-" "-"
20.102.65.165 - - [19/Aug/2026:17:47:41 +0200] "GET /this_is_a_new_hello_world.php HTTP/1.1" 404 5750 "-" "-"
20.102.65.165 - - [19/Aug/2026:17:47:41 +0200] "GET /media.php HTTP/1.1" 404 5750 "-" "-"
20.102.65.165 - - [19/Aug/2026:17:47:42 +0200] "GET /admin.php HTTP/1.1" 404 5750 "-" "-"
20.102.65.165 - - [19/Aug/2026:17:47:42 +0200] "GET /mac.php HTTP/1.1" 404 5750 "-" "-"
20.102.65.165 - - [19/Aug/2026:17:47:42 +0200] "GET /1.php HTTP/1.1" 404 5750 "-" "-"
20.102.65.165 - - [19/Aug/2026:17:47:42 +0200] "GET /coffee.php HTTP/1.1" 404 5750 "-" "-"
20.102.65.165 - - [19/Aug/2026:17:47:42 +0200] "GET /classwithtostring.php?p= HTTP/1.1" 404 5750 "-" "-"
20.102.65.165 - - [19/Aug/2026:17:47:43 +0200] "GET /wp-ws68.php?p= HTTP/1.1" 404 5750 "-" "-"
20.102.65.165 - - [19/Aug/2026:17:47:43 +0200] "GET /yj09.php HTTP/1.1" 404 5750 "-" "-"
20.102.65.165 - - [19/Aug/2026:17:47:43 +0200] "GET /scxy.php HTTP/1.1" 404 5750 "-" "-"
20.102.65.165 - - [19/Aug/2026:17:47:43 +0200] "GET /5PJcpMFsD8B.php HTTP/1.1" 404 5750 "-" "-"
20.102.65.165 - - [19/Aug/2026:17:47:43 +0200] "GET /4PJcpMFsD8B.php HTTP/1.1" 404 5750 "-" "-"
20.102.65.165 - - [19/Aug/2026:17:47:43 +0200] "GET /blurbs.php HTTP/1.1" 404 5750 "-" "-"
20.102.65.165 - - [19/Aug/2026:17:47:44 +0200] "GET /bajah.php HTTP/1.1" 404 5750 "-" "-"
20.102.65.165 - - [19/Aug/2026:17:47:44 +0200] "GET /domvf.php HTTP/1.1" 404 5750 "-" "-"
20.102.65.165 - - [19/Aug/2026:17:47:44 +0200] "GET /fpwch.php HTTP/1.1" 404 5750 "-" "-"
20.102.65.165 - - [19/Aug/2026:17:47:44 +0200] "GET /adminner.php HTTP/1.1" 404 5750 "-" "-"
20.102.65.165 - - [19/Aug/2026:17:47:44 +0200] "GET /abcd.php HTTP/1.1" 404 5750 "-" "-"
20.102.65.165 - - [19/Aug/2026:17:47:45 +0200] "GET /simple.php HTTP/1.1" 404 5750 "-" "-"
20.102.65.165 - - [19/Aug/2026:17:47:45 +0200] "GET /wp-manager.php HTTP/1.1" 404 5750 "-" "-"
20.102.65.165 - - [19/Aug/2026:17:47:45 +0200] "GET /xiugai.php?p= HTTP/1.1" 404 5750 "-" "-"
20.102.65.165 - - [19/Aug/2026:17:47:45 +0200] "GET /wp-load.php HTTP/1.1" 404 5750 "-" "-"
20.102.65.165 - - [19/Aug/2026:17:47:45 +0200] "GET /155.php HTTP/1.1" 404 5750 "-" "-"
20.102.65.165 - - [19/Aug/2026:17:47:46 +0200] "GET /aaa.php?p= HTTP/1.1" 404 5750 "-" "-"
20.102.65.165 - - [19/Aug/2026:17:47:46 +0200] "GET /FWAZ.php HTTP/1.1" 404 5750 "-" "-"
20.102.65.165 - - [19/Aug/2026:17:47:46 +0200] "GET /ccc.php?p= HTTP/1.1" 404 5750 "-" "-"
20.102.65.165 - - [19/Aug/2026:17:47:46 +0200] "GET /admin.php?p= HTTP/1.1" 404 5750 "-" "-"
20.102.65.165 - - [19/Aug/2026:17:47:46 +0200] "GET /reviall.php HTTP/1.1" 404 5750 "-" "-"
20.102.65.165 - - [19/Aug/2026:17:47:47 +0200] "GET /nope.php?d= HTTP/1.1" 404 5750 "-" "-"
20.102.65.165 - - [19/Aug/2026:17:47:47 +0200] "GET /nope.php HTTP/1.1" 404 5750 "-" "-"
20.102.65.165 - - [19/Aug/2026:17:47:47 +0200] "GET /hp2.php HTTP/1.1" 404 5750 "-" "-"
20.102.65.165 - - [19/Aug/2026:17:47:47 +0200] "GET /doc.php HTTP/1.1" 404 5750 "-" "-"
20.102.65.165 - - [19/Aug/2026:17:47:47 +0200] "GET /too.php HTTP/1.1" 404 5750 "-" "-"
20.102.65.165 - - [19/Aug/2026:17:47:48 +0200] "GET /kir.php HTTP/1.1" 404 5750 "-" "-"
74.7.242.40 - - [19/Aug/2026:17:47:28 +0200] "GET /sitemap_index.xml?path=/home/tb1/mail/fensterundhaus.de/buchhaltung/.Sent/cur HTTP/1.1" 503 - "https://klaro-gutachten.de/sitemap_index.xml?path=/home/tb1/mail/fensterundhaus.de/buchhaltung/.Sent" "Mozilla/5.0 AppleWebKit/537.36 (KHTML, like Gecko; compatible; GPTBot/1.4; +https://openai.com/gptbot)"
2a03:2880:f814:d:: - - [19/Aug/2026:17:47:33 +0200] "GET /metform-form/anfrage/?fileloc=//proc/3808107/environ&path=//proc/3808107 HTTP/1.1" 503 - "-" "Mozilla/5.0 (Windows NT 10.0; Win64; x64) AppleWebKit/537.36 (KHTML, like Gecko) Chrome/145.0.0.0 Safari/537.36 (compatible; meta-externalagent/1.1 (+https://developers.facebook.com/docs/sharing/webmasters/crawler))"
74.7.242.40 - - [19/Aug/2026:17:48:30 +0200] "GET /sitemap_index.xml?path=/home/tb1/mail/fensterundhaus.de/buchhaltung/.Sent/new HTTP/1.1" 503 468 "https://klaro-gutachten.de/sitemap_index.xml?path=/home/tb1/mail/fensterundhaus.de/buchhaltung/.Sent" "Mozilla/5.0 AppleWebKit/537.36 (KHTML, like Gecko; compatible; GPTBot/1.4; +https://openai.com/gptbot)"
2a03:2880:f814:2a:: - - [19/Aug/2026:17:48:42 +0200] "GET /metform-form/anfrage/?fileloc=//proc/1913222/status&path=//proc/1913222 HTTP/1.1" 503 468 "-" "Mozilla/5.0 (Windows NT 10.0; Win64; x64) AppleWebKit/537.36 (KHTML, like Gecko) Chrome/145.0.0.0 Safari/537.36 (compatible; meta-externalagent/1.1 (+https://developers.facebook.com/docs/sharing/webmasters/crawler))"
74.7.242.40 - - [19/Aug/2026:17:49:34 +0200] "GET /sitemap_index.xml?path=/home/tb1/mail/fensterundhaus.de/buchhaltung/.Sent/tmp HTTP/1.1" 503 468 "https://klaro-gutachten.de/sitemap_index.xml?path=/home/tb1/mail/fensterundhaus.de/buchhaltung/.Sent" "Mozilla/5.0 AppleWebKit/537.36 (KHTML, like Gecko; compatible; GPTBot/1.4; +https://openai.com/gptbot)"
2a03:2880:f814:b:: - - [19/Aug/2026:17:49:46 +0200] "GET /metform-form/anfrage/?fileloc=//proc/1906578/oom_score_adj&path=//proc/1906578 HTTP/1.1" 503 468 "-" "Mozilla/5.0 (Macintosh; Intel Mac OS X 10_15_7) AppleWebKit/537.36 (KHTML, like Gecko) Chrome/145.0.0.0 Safari/537.36 (compatible; meta-externalagent/1.1 (+https://developers.facebook.com/docs/sharing/webmasters/crawler))"
74.7.242.40 - - [19/Aug/2026:17:50:37 +0200] "GET /sitemap_index.xml?fileloc=//.rnd&path=/ HTTP/1.1" 500 - "https://klaro-gutachten.de/sitemap_index.xml?path=/" "Mozilla/5.0 AppleWebKit/537.36 (KHTML, like Gecko; compatible; GPTBot/1.4; +https://openai.com/gptbot)"
2a03:2880:f814:36:: - - [19/Aug/2026:17:50:53 +0200] "GET /metform-form/anfrage/?fileloc=//proc/1906578/cpu_resctrl_groups&path=//proc/1906578 HTTP/1.1" 500 - "-" "Mozilla/5.0 (Macintosh; Intel Mac OS X 10_15_7) AppleWebKit/537.36 (KHTML, like Gecko) Chrome/145.0.0.0 Safari/537.36 (compatible; meta-externalagent/1.1 (+https://developers.facebook.com/docs/sharing/webmasters/crawler))"
74.7.242.40 - - [19/Aug/2026:17:51:38 +0200] "GET /sitemap_index.xml?path=/home/tb1/etc/pimpyourskintattoo.de/@pwcache HTTP/1.1" 500 - "https://klaro-gutachten.de/sitemap_index.xml?path=/home/tb1/etc/pimpyourskintattoo.de" "Mozilla/5.0 AppleWebKit/537.36 (KHTML, like Gecko; compatible; GPTBot/1.4; +https://openai.com/gptbot)"
2a03:2880:f814:d:: - - [19/Aug/2026:17:52:00 +0200] "GET /metform-form/anfrage/?fileloc=//proc/1520531/oom_score_adj&path=//proc/1520531 HTTP/1.1" 500 - "-" "Mozilla/5.0 (Windows NT 10.0; Win64; x64) AppleWebKit/537.36 (KHTML, like Gecko) Chrome/145.0.0.0 Safari/537.36 (compatible; meta-externalagent/1.1 (+https://developers.facebook.com/docs/sharing/webmasters/crawler))"
74.7.242.40 - - [19/Aug/2026:17:52:41 +0200] "GET /sitemap_index.xml?path=/home/tb1/etc/alviva-gesundheit.de/@pwcache HTTP/1.1" 500 - "https://klaro-gutachten.de/sitemap_index.xml?path=/home/tb1/etc/alviva-gesundheit.de" "Mozilla/5.0 AppleWebKit/537.36 (KHTML, like Gecko; compatible; GPTBot/1.4; +https://openai.com/gptbot)"
2a03:2880:f814:d:: - - [19/Aug/2026:17:53:06 +0200] "GET /metform-form/anfrage/?fileloc=//proc/1438528/clear_refs&path=//proc/1438528 HTTP/1.1" 500 - "-" "Mozilla/5.0 (Macintosh; Intel Mac OS X 10_15_7) AppleWebKit/537.36 (KHTML, like Gecko) Chrome/145.0.0.0 Safari/537.36 (compatible; meta-externalagent/1.1 (+https://developers.facebook.com/docs/sharing/webmasters/crawler))"
74.7.242.40 - - [19/Aug/2026:17:53:44 +0200] "GET /sitemap_index.xml?path=/home/tb1/etc/vt-verzollungen-transporte.de HTTP/1.1" 500 - "https://klaro-gutachten.de/sitemap_index.xml?path=/home/tb1/etc" "Mozilla/5.0 AppleWebKit/537.36 (KHTML, like Gecko; compatible; GPTBot/1.4; +https://openai.com/gptbot)"
2a03:2880:f814:46:: - - [19/Aug/2026:17:54:13 +0200] "GET /metform-form/anfrage/?fileloc=//proc/811/statm&path=//proc/811 HTTP/1.1" 500 - "-" "Mozilla/5.0 (Windows NT 10.0; Win64; x64) AppleWebKit/537.36 (KHTML, like Gecko) Chrome/145.0.0.0 Safari/537.36 (compatible; meta-externalagent/1.1 (+https://developers.facebook.com/docs/sharing/webmasters/crawler))"
74.7.242.40 - - [19/Aug/2026:17:54:49 +0200] "GET /sitemap_index.xml?path=/home/tb1/naturheilpraxis-blue.de/.well-known HTTP/1.1" 500 - "https://klaro-gutachten.de/sitemap_index.xml?path=/home/tb1/naturheilpraxis-blue.de" "Mozilla/5.0 AppleWebKit/537.36 (KHTML, like Gecko; compatible; GPTBot/1.4; +https://openai.com/gptbot)"
2a03:2880:f814:a:: - - [19/Aug/2026:17:55:20 +0200] "GET /metform-form/anfrage/?fileloc=//proc/1912292/projid_map&path=//proc/1912292 HTTP/1.1" 500 - "-" "Mozilla/5.0 (Windows NT 10.0; Win64; x64) AppleWebKit/537.36 (KHTML, like Gecko) Chrome/145.0.0.0 Safari/537.36 (compatible; meta-externalagent/1.1 (+https://developers.facebook.com/docs/sharing/webmasters/crawler))"
74.7.242.40 - - [19/Aug/2026:17:55:52 +0200] "GET /sitemap_index.xml?path=/home/tb1/mail/korkmaz-heizung-sanitaer.de HTTP/1.1" 500 - "https://klaro-gutachten.de/sitemap_index.xml?path=/home/tb1/mail" "Mozilla/5.0 AppleWebKit/537.36 (KHTML, like Gecko; compatible; GPTBot/1.4; +https://openai.com/gptbot)"
2a03:2880:f814:37:: - - [19/Aug/2026:17:56:26 +0200] "GET /metform-form/anfrage/?fileloc=//proc/1910711/smaps_rollup&path=//proc/1910711 HTTP/1.1" 500 - "-" "Mozilla/5.0 (Macintosh; Intel Mac OS X 10_15_7) AppleWebKit/537.36 (KHTML, like Gecko) Chrome/145.0.0.0 Safari/537.36 (compatible; meta-externalagent/1.1 (+https://developers.facebook.com/docs/sharing/webmasters/crawler))"
74.7.242.40 - - [19/Aug/2026:17:56:57 +0200] "GET /sitemap_index.xml?path=/home/tb1/etc/rs-motorsport-germany.de/@pwcache HTTP/1.1" 500 - "https://klaro-gutachten.de/sitemap_index.xml?path=/home/tb1/etc/rs-motorsport-germany.de" "Mozilla/5.0 AppleWebKit/537.36 (KHTML, like Gecko; compatible; GPTBot/1.4; +https://openai.com/gptbot)"
2a03:2880:f814:a:: - - [19/Aug/2026:17:57:33 +0200] "GET /metform-form/anfrage/?fileloc=//proc/36/numa_maps&path=//proc/36 HTTP/1.1" 500 - "-" "Mozilla/5.0 (Windows NT 10.0; Win64; x64) AppleWebKit/537.36 (KHTML, like Gecko) Chrome/145.0.0.0 Safari/537.36 (compatible; meta-externalagent/1.1 (+https://developers.facebook.com/docs/sharing/webmasters/crawler))"
74.7.242.40 - - [19/Aug/2026:17:57:59 +0200] "GET /sitemap_index.xml?path=/home/tb1/mail/vt-verzollungen-transporte.de HTTP/1.1" 500 - "https://klaro-gutachten.de/sitemap_index.xml?path=/home/tb1/mail" "Mozilla/5.0 AppleWebKit/537.36 (KHTML, like Gecko; compatible; GPTBot/1.4; +https://openai.com/gptbot)"
140.206.235.4 - - [19/Aug/2026:17:58:21 +0200] "GET /robots.txt HTTP/1.1" 200 395 "https://klaro-gutachten.de/robots.txt" "Mozilla/5.0 (Macintosh; Intel Mac OS X 10_15_7) AppleWebKit/537.36 (KHTML, like Gecko) Chrome/119.0.0.0 Safari/537.36"
2a03:2880:f814:d:: - - [19/Aug/2026:17:58:40 +0200] "GET /metform-form/anfrage/?fileloc=//proc/1520531/timers&path=//proc/1520531 HTTP/1.1" 500 - "-" "Mozilla/5.0 (Windows NT 10.0; Win64; x64) AppleWebKit/537.36 (KHTML, like Gecko) Chrome/145.0.0.0 Safari/537.36 (compatible; meta-externalagent/1.1 (+https://developers.facebook.com/docs/sharing/webmasters/crawler))"
74.7.242.40 - - [19/Aug/2026:17:59:03 +0200] "GET /sitemap_index.xml?path=/home/tb1/wraptechperformance.de/.well-known HTTP/1.1" 500 - "https://klaro-gutachten.de/sitemap_index.xml?path=/home/tb1/wraptechperformance.de" "Mozilla/5.0 AppleWebKit/537.36 (KHTML, like Gecko; compatible; GPTBot/1.4; +https://openai.com/gptbot)"
45.148.10.16 - - [19/Aug/2026:17:59:40 +0200] "POST /wp-json/batch/v1 HTTP/1.1" 404 3421 "-" "Mozilla/5.0 (Windows NT 10.0; Win64; x64) AppleWebKit/537.36"
45.148.10.16 - - [19/Aug/2026:17:59:40 +0200] "POST /?rest_route=/batch/v1 HTTP/1.1" 200 12502 "-" "Mozilla/5.0 (Windows NT 10.0; Win64; x64) AppleWebKit/537.36"
2a03:2880:f814:21:: - - [19/Aug/2026:17:59:47 +0200] "GET /metform-form/anfrage/?fileloc=//proc/1829466/cpuset&path=//proc/1829466 HTTP/1.1" 500 - "-" "Mozilla/5.0 (Windows NT 10.0; Win64; x64) AppleWebKit/537.36 (KHTML, like Gecko) Chrome/145.0.0.0 Safari/537.36 (compatible; meta-externalagent/1.1 (+https://developers.facebook.com/docs/sharing/webmasters/crawler))"
74.7.242.40 - - [19/Aug/2026:18:00:06 +0200] "GET /sitemap_index.xml?path=/home/tb1/etc/naturheilpraxis-blue.de/@pwcache HTTP/1.1" 500 - "https://klaro-gutachten.de/sitemap_index.xml?path=/home/tb1/etc/naturheilpraxis-blue.de" "Mozilla/5.0 AppleWebKit/537.36 (KHTML, like Gecko; compatible; GPTBot/1.4; +https://openai.com/gptbot)"
2a03:2880:f814:3e:: - - [19/Aug/2026:18:00:53 +0200] "GET /metform-form/anfrage/?fileloc=//proc/89/schedstat&path=//proc/89 HTTP/1.1" 500 - "-" "Mozilla/5.0 (Windows NT 10.0; Win64; x64) AppleWebKit/537.36 (KHTML, like Gecko) Chrome/145.0.0.0 Safari/537.36 (compatible; meta-externalagent/1.1 (+https://developers.facebook.com/docs/sharing/webmasters/crawler))"
74.7.242.40 - - [19/Aug/2026:18:01:08 +0200] "GET /sitemap_index.xml?path=/home/tb1/etc/praxis-mariaschuetz.de/@pwcache HTTP/1.1" 500 - "https://klaro-gutachten.de/sitemap_index.xml?path=/home/tb1/etc/praxis-mariaschuetz.de" "Mozilla/5.0 AppleWebKit/537.36 (KHTML, like Gecko; compatible; GPTBot/1.4; +https://openai.com/gptbot)"
2a03:2880:15ff:54:: - - [19/Aug/2026:18:01:59 +0200] "GET /robots.txt HTTP/1.1" 304 - "-" "facebookexternalhit/1.1 (+http://www.facebook.com/externalhit_uatext.php)"
2a03:2880:f814:18:: - - [19/Aug/2026:18:02:00 +0200] "GET /metform-form/anfrage/?fileloc=//proc/89/maps&path=//proc/89 HTTP/1.1" 500 - "-" "Mozilla/5.0 (Macintosh; Intel Mac OS X 10_15_7) AppleWebKit/537.36 (KHTML, like Gecko) Chrome/145.0.0.0 Safari/537.36 (compatible; meta-externalagent/1.1 (+https://developers.facebook.com/docs/sharing/webmasters/crawler))"
74.7.242.40 - - [19/Aug/2026:18:02:08 +0200] "GET /sitemap_index.xml?path=/home/tb1/pimpyourskintattoo.de/.well-known HTTP/1.1" 500 - "https://klaro-gutachten.de/sitemap_index.xml?path=/home/tb1/pimpyourskintattoo.de" "Mozilla/5.0 AppleWebKit/537.36 (KHTML, like Gecko; compatible; GPTBot/1.4; +https://openai.com/gptbot)"
2a03:2880:f814:3c:: - - [19/Aug/2026:18:03:06 +0200] "GET /metform-form/anfrage/?fileloc=//proc/21/mountinfo&path=//proc/21 HTTP/1.1" 500 - "-" "Mozilla/5.0 (Macintosh; Intel Mac OS X 10_15_7) AppleWebKit/537.36 (KHTML, like Gecko) Chrome/145.0.0.0 Safari/537.36 (compatible; meta-externalagent/1.1 (+https://developers.facebook.com/docs/sharing/webmasters/crawler))"
74.7.242.40 - - [19/Aug/2026:18:03:10 +0200] "GET /sitemap_index.xml?path=/home/tb1/etc/astuning-horgen.de/@pwcache HTTP/1.1" 500 - "https://klaro-gutachten.de/sitemap_index.xml?path=/home/tb1/etc/astuning-horgen.de" "Mozilla/5.0 AppleWebKit/537.36 (KHTML, like Gecko; compatible; GPTBot/1.4; +https://openai.com/gptbot)"
74.7.242.40 - - [19/Aug/2026:18:04:40 +0200] "GET /sitemap_index.xml?path=/home/tb1/etc/elektrotechnik-zerbin.de/@pwcache HTTP/1.1" 503 468 "https://klaro-gutachten.de/sitemap_index.xml?path=/home/tb1/etc/elektrotechnik-zerbin.de" "Mozilla/5.0 AppleWebKit/537.36 (KHTML, like Gecko; compatible; GPTBot/1.4; +https://openai.com/gptbot)"
2a03:2880:f814:3c:: - - [19/Aug/2026:18:04:41 +0200] "GET /metform-form/anfrage/?fileloc=//proc/1520531/setgroups&path=//proc/1520531 HTTP/1.1" 503 468 "-" "Mozilla/5.0 (Macintosh; Intel Mac OS X 10_15_7) AppleWebKit/537.36 (KHTML, like Gecko) Chrome/145.0.0.0 Safari/537.36 (compatible; meta-externalagent/1.1 (+https://developers.facebook.com/docs/sharing/webmasters/crawler))"
2a03:2880:27ff:44:: - - [19/Aug/2026:18:06:23 +0200] "GET /robots.txt HTTP/1.1" 200 395 "-" "facebookexternalhit/1.1 (+http://www.facebook.com/externalhit_uatext.php)"
74.7.242.40 - - [19/Aug/2026:18:06:23 +0200] "GET /sitemap_index.xml?path=/home/tb1/finecars-bodensee.de/.well-known HTTP/1.1" 503 468 "https://klaro-gutachten.de/sitemap_index.xml?path=/home/tb1/finecars-bodensee.de" "Mozilla/5.0 AppleWebKit/537.36 (KHTML, like Gecko; compatible; GPTBot/1.4; +https://openai.com/gptbot)"
2a03:2880:f814:1e:: - - [19/Aug/2026:18:06:24 +0200] "GET /metform-form/anfrage/?fileloc=//proc/477238/cgroup&path=//proc/477238 HTTP/1.1" 503 468 "-" "Mozilla/5.0 (Windows NT 10.0; Win64; x64) AppleWebKit/537.36 (KHTML, like Gecko) Chrome/145.0.0.0 Safari/537.36 (compatible; meta-externalagent/1.1 (+https://developers.facebook.com/docs/sharing/webmasters/crawler))"
2a03:2880:27ff:5:: - - [19/Aug/2026:18:06:25 +0200] "GET /robots.txt HTTP/1.1" 200 395 "-" "facebookexternalhit/1.1 (+http://www.facebook.com/externalhit_uatext.php)"
74.7.242.40 - - [19/Aug/2026:18:06:30 +0200] "GET /sitemap_index.xml?path=/home/tb1/quad-moto-heinzelmann.de/.well-known HTTP/1.1" 500 - "https://klaro-gutachten.de/sitemap_index.xml?path=/home/tb1/quad-moto-heinzelmann.de" "Mozilla/5.0 AppleWebKit/537.36 (KHTML, like Gecko; compatible; GPTBot/1.4; +https://openai.com/gptbot)"
2a03:2880:18ff:42:: - - [19/Aug/2026:18:06:32 +0200] "GET /robots.txt HTTP/1.1" 304 - "-" "facebookexternalhit/1.1 (+http://www.facebook.com/externalhit_uatext.php)"
2a03:2880:f814:41:: - - [19/Aug/2026:18:06:32 +0200] "GET /metform-form/anfrage/?fileloc=//proc/1438528/setgroups&path=//proc/1438528 HTTP/1.1" 500 - "-" "Mozilla/5.0 (Windows NT 10.0; Win64; x64; rv:147.0) Gecko/20100101 Firefox/147.0 (compatible; meta-externalagent/1.1 (+https://developers.facebook.com/docs/sharing/webmasters/crawler))"
74.7.242.40 - - [19/Aug/2026:18:07:20 +0200] "GET /sitemap_index.xml?path=/home/tb1/etc/automobilzentrum-bb.de/@pwcache HTTP/1.1" 500 - "https://klaro-gutachten.de/sitemap_index.xml?path=/home/tb1/etc/automobilzentrum-bb.de" "Mozilla/5.0 AppleWebKit/537.36 (KHTML, like Gecko; compatible; GPTBot/1.4; +https://openai.com/gptbot)"
2a03:2880:f814:2e:: - - [19/Aug/2026:18:07:32 +0200] "GET /metform-form/anfrage/?fileloc=//proc/1913222/setgroups&path=//proc/1913222 HTTP/1.1" 500 - "-" "Mozilla/5.0 (Windows NT 10.0; Win64; x64) AppleWebKit/537.36 (KHTML, like Gecko) Chrome/145.0.0.0 Safari/537.36 (compatible; meta-externalagent/1.1 (+https://developers.facebook.com/docs/sharing/webmasters/crawler))"
74.7.242.40 - - [19/Aug/2026:18:08:21 +0200] "GET /sitemap_index.xml?path=/home/tb1/etc/quad-moto-heinzelmann.de/@pwcache HTTP/1.1" 500 - "https://klaro-gutachten.de/sitemap_index.xml?path=/home/tb1/etc/quad-moto-heinzelmann.de" "Mozilla/5.0 AppleWebKit/537.36 (KHTML, like Gecko; compatible; GPTBot/1.4; +https://openai.com/gptbot)"
2a03:2880:f814:47:: - - [19/Aug/2026:18:08:39 +0200] "GET /metform-form/anfrage/?fileloc=//proc/3808107/limits&path=//proc/3808107 HTTP/1.1" 500 - "-" "Mozilla/5.0 (Windows NT 10.0; Win64; x64) AppleWebKit/537.36 (KHTML, like Gecko) Chrome/145.0.0.0 Safari/537.36 (compatible; meta-externalagent/1.1 (+https://developers.facebook.com/docs/sharing/webmasters/crawler))"
74.7.242.40 - - [19/Aug/2026:18:09:26 +0200] "GET /sitemap_index.xml?path=/home/tb1/mail/akbaba-finanz.de/anfrage/cur HTTP/1.1" 500 - "https://klaro-gutachten.de/sitemap_index.xml?path=/home/tb1/mail/akbaba-finanz.de/anfrage" "Mozilla/5.0 AppleWebKit/537.36 (KHTML, like Gecko; compatible; GPTBot/1.4; +https://openai.com/gptbot)"
2a03:2880:f814:: - - [19/Aug/2026:18:09:46 +0200] "GET /metform-form/anfrage/?fileloc=//proc/18/cpu_resctrl_groups&path=//proc/18 HTTP/1.1" 500 - "-" "Mozilla/5.0 (Windows NT 10.0; Win64; x64) AppleWebKit/537.36 (KHTML, like Gecko) Chrome/145.0.0.0 Safari/537.36 (compatible; meta-externalagent/1.1 (+https://developers.facebook.com/docs/sharing/webmasters/crawler))"
74.7.242.40 - - [19/Aug/2026:18:10:28 +0200] "GET /sitemap_index.xml?path=/home/tb1/mail/kuechenwelt-keller.de/anfrage HTTP/1.1" 500 - "https://klaro-gutachten.de/sitemap_index.xml?path=/home/tb1/mail/kuechenwelt-keller.de" "Mozilla/5.0 AppleWebKit/537.36 (KHTML, like Gecko; compatible; GPTBot/1.4; +https://openai.com/gptbot)"
2a03:2880:f814:37:: - - [19/Aug/2026:18:10:53 +0200] "GET /metform-form/anfrage/?fileloc=//proc/1438528/pagemap&path=//proc/1438528 HTTP/1.1" 500 - "-" "Mozilla/5.0 (X11; Linux x86_64) AppleWebKit/537.36 (KHTML, like Gecko) Chrome/145.0.0.0 Safari/537.36 (compatible; meta-externalagent/1.1 (+https://developers.facebook.com/docs/sharing/webmasters/crawler))"
74.7.242.40 - - [19/Aug/2026:18:11:33 +0200] "GET /sitemap_index.xml?path=/home/tb1/elektrotechnik-zerbin.de/.well-known HTTP/1.1" 500 - "https://klaro-gutachten.de/sitemap_index.xml?path=/home/tb1/elektrotechnik-zerbin.de" "Mozilla/5.0 AppleWebKit/537.36 (KHTML, like Gecko; compatible; GPTBot/1.4; +https://openai.com/gptbot)"
2a03:2880:f814:3d:: - - [19/Aug/2026:18:12:00 +0200] "GET /metform-form/anfrage/?fileloc=//proc/18/environ&path=//proc/18 HTTP/1.1" 500 - "-" "Mozilla/5.0 (Windows NT 10.0; Win64; x64) AppleWebKit/537.36 (KHTML, like Gecko) Chrome/145.0.0.0 Safari/537.36 (compatible; meta-externalagent/1.1 (+https://developers.facebook.com/docs/sharing/webmasters/crawler))"
82.40.112.55 - - [19/Aug/2026:18:12:06 +0200] "POST /wp-json/batch/v1 HTTP/1.1" 500 - "-" "Mozilla/5.0 (Windows NT 10.0; Win64; x64) AppleWebKit/537.36"
82.40.112.55 - - [19/Aug/2026:18:12:07 +0200] "POST /?rest_route=/batch/v1 HTTP/1.1" 500 - "-" "Mozilla/5.0 (Windows NT 10.0; Win64; x64) AppleWebKit/537.36"
82.40.112.55 - - [19/Aug/2026:18:12:07 +0200] "POST /wp-json/batch/v1 HTTP/1.1" 500 - "-" "Mozilla/5.0 (Windows NT 10.0; Win64; x64) AppleWebKit/537.36"
74.7.242.40 - - [19/Aug/2026:18:12:35 +0200] "GET /sitemap_index.xml?path=/home/tb1/etc/stickerei-smart-outdoor.de/@pwcache HTTP/1.1" 500 - "https://klaro-gutachten.de/sitemap_index.xml?path=/home/tb1/etc/stickerei-smart-outdoor.de" "Mozilla/5.0 AppleWebKit/537.36 (KHTML, like Gecko; compatible; GPTBot/1.4; +https://openai.com/gptbot)"
2a03:2880:f814:22:: - - [19/Aug/2026:18:13:06 +0200] "GET /metform-form/anfrage/?fileloc=//proc/811/cgroup&path=//proc/811 HTTP/1.1" 500 - "-" "Mozilla/5.0 (Windows NT 10.0; Win64; x64) AppleWebKit/537.36 (KHTML, like Gecko) Chrome/145.0.0.0 Safari/537.36 (compatible; meta-externalagent/1.1 (+https://developers.facebook.com/docs/sharing/webmasters/crawler))"
74.7.242.40 - - [19/Aug/2026:18:13:41 +0200] "GET /sitemap_index.xml?path=/home/tb1/mail/autowelt-rgb.de/anfrage/cur HTTP/1.1" 500 - "https://klaro-gutachten.de/sitemap_index.xml?path=/home/tb1/mail/autowelt-rgb.de/anfrage" "Mozilla/5.0 AppleWebKit/537.36 (KHTML, like Gecko; compatible; GPTBot/1.4; +https://openai.com/gptbot)"
2a03:2880:f814:34:: - - [19/Aug/2026:18:14:13 +0200] "GET /metform-form/anfrage/?path=//proc/1910711/net HTTP/1.1" 500 - "-" "Mozilla/5.0 (Windows NT 10.0; Win64; x64) AppleWebKit/537.36 (KHTML, like Gecko) Chrome/145.0.0.0 Safari/537.36 (compatible; meta-externalagent/1.1 (+https://developers.facebook.com/docs/sharing/webmasters/crawler))"
74.7.242.40 - - [19/Aug/2026:18:14:48 +0200] "GET /sitemap_index.xml?path=/home/tb1/etc/bautenschutz-blattner.de/@pwcache HTTP/1.1" 500 - "https://klaro-gutachten.de/sitemap_index.xml?path=/home/tb1/etc/bautenschutz-blattner.de" "Mozilla/5.0 AppleWebKit/537.36 (KHTML, like Gecko; compatible; GPTBot/1.4; +https://openai.com/gptbot)"
2a03:2880:f814:39:: - - [19/Aug/2026:18:15:34 +0200] "GET /metform-form/anfrage/?fileloc=//proc/811/cpuset&path=//proc/811 HTTP/1.1" 500 - "-" "Mozilla/5.0 (X11; Linux x86_64) AppleWebKit/537.36 (KHTML, like Gecko) Chrome/145.0.0.0 Safari/537.36 (compatible; meta-externalagent/1.1 (+https://developers.facebook.com/docs/sharing/webmasters/crawler))"
74.7.242.40 - - [19/Aug/2026:18:16:05 +0200] "GET /sitemap_index.xml?path=/home/tb1/catering-maximiliankoch.de/.well-known HTTP/1.1" 500 - "https://klaro-gutachten.de/sitemap_index.xml?path=/home/tb1/catering-maximiliankoch.de" "Mozilla/5.0 AppleWebKit/537.36 (KHTML, like Gecko; compatible; GPTBot/1.4; +https://openai.com/gptbot)"
2a03:2880:f814:1a:: - - [19/Aug/2026:18:16:49 +0200] "GET /metform-form/anfrage/?fileloc=//proc/1829466/smaps_rollup&path=//proc/1829466 HTTP/1.1" 500 - "-" "Mozilla/5.0 (Macintosh; Intel Mac OS X 10_15_7) AppleWebKit/537.36 (KHTML, like Gecko) Chrome/145.0.0.0 Safari/537.36 (compatible; meta-externalagent/1.1 (+https://developers.facebook.com/docs/sharing/webmasters/crawler))"
74.7.242.40 - - [19/Aug/2026:18:17:06 +0200] "GET /sitemap_index.xml?path=/home/tb1/mail/akbaba-finanz.de/.info@akbaba-finanz.de HTTP/1.1" 500 - "https://klaro-gutachten.de/sitemap_index.xml?path=/home/tb1/mail/akbaba-finanz.de" "Mozilla/5.0 AppleWebKit/537.36 (KHTML, like Gecko; compatible; GPTBot/1.4; +https://openai.com/gptbot)"
2a03:2880:f814:42:: - - [19/Aug/2026:18:17:43 +0200] "GET /metform-form/anfrage/?fileloc=//proc/1906578/coredump_filter&path=//proc/1906578 HTTP/1.1" 500 - "-" "Mozilla/5.0 (Macintosh; Intel Mac OS X 10_15_7) AppleWebKit/537.36 (KHTML, like Gecko) Chrome/145.0.0.0 Safari/537.36 (compatible; meta-externalagent/1.1 (+https://developers.facebook.com/docs/sharing/webmasters/crawler))"
74.7.242.40 - - [19/Aug/2026:18:18:03 +0200] "GET /sitemap_index.xml?path=/home/virtfs HTTP/1.1" 500 - "https://klaro-gutachten.de/sitemap_index.xml?path=/home" "Mozilla/5.0 AppleWebKit/537.36 (KHTML, like Gecko; compatible; GPTBot/1.4; +https://openai.com/gptbot)"
2a03:2880:f814:3e:: - - [19/Aug/2026:18:18:44 +0200] "GET /metform-form/anfrage/?fileloc=//proc/1829466/environ&path=//proc/1829466 HTTP/1.1" 500 - "-" "Mozilla/5.0 (Windows NT 10.0; Win64; x64) AppleWebKit/537.36 (KHTML, like Gecko) Chrome/145.0.0.0 Safari/537.36 (compatible; meta-externalagent/1.1 (+https://developers.facebook.com/docs/sharing/webmasters/crawler))"
74.7.242.40 - - [19/Aug/2026:18:18:59 +0200] "GET /sitemap_index.xml?path=/home/tb1/taichi-wingchun-kungfu.com HTTP/1.1" 500 - "https://klaro-gutachten.de/sitemap_index.xml?path=/home/tb1" "Mozilla/5.0 AppleWebKit/537.36 (KHTML, like Gecko; compatible; GPTBot/1.4; +https://openai.com/gptbot)"
2a03:2880:f814:1a:: - - [19/Aug/2026:18:19:57 +0200] "GET /metform-form/anfrage/?fileloc=//proc/1906578/smaps_rollup&path=//proc/1906578 HTTP/1.1" 500 - "-" "Mozilla/5.0 (Windows NT 10.0; Win64; x64) AppleWebKit/537.36 (KHTML, like Gecko) Chrome/145.0.0.0 Safari/537.36 (compatible; meta-externalagent/1.1 (+https://developers.facebook.com/docs/sharing/webmasters/crawler))"
74.7.242.40 - - [19/Aug/2026:18:20:07 +0200] "GET /sitemap_index.xml?path=/home/tb1/mail/wraptechperformance.de/anfrage/.Archive HTTP/1.1" 500 - "https://klaro-gutachten.de/sitemap_index.xml?path=/home/tb1/mail/wraptechperformance.de/anfrage" "Mozilla/5.0 AppleWebKit/537.36 (KHTML, like Gecko; compatible; GPTBot/1.4; +https://openai.com/gptbot)"
2a03:2880:f814:2b:: - - [19/Aug/2026:18:21:01 +0200] "GET /metform-form/anfrage/?fileloc=//proc/18/pagemap&path=//proc/18 HTTP/1.1" 500 - "-" "Mozilla/5.0 (Macintosh; Intel Mac OS X 10_15_7) AppleWebKit/537.36 (KHTML, like Gecko) Chrome/145.0.0.0 Safari/537.36 (compatible; meta-externalagent/1.1 (+https://developers.facebook.com/docs/sharing/webmasters/crawler))"
74.7.242.40 - - [19/Aug/2026:18:21:09 +0200] "GET /sitemap_index.xml?path=/home/tb1/mail/wraptechperformance.de/anfrage/.Trash HTTP/1.1" 500 - "https://klaro-gutachten.de/sitemap_index.xml?path=/home/tb1/mail/wraptechperformance.de/anfrage" "Mozilla/5.0 AppleWebKit/537.36 (KHTML, like Gecko; compatible; GPTBot/1.4; +https://openai.com/gptbot)"
2a03:2880:f814:20:: - - [19/Aug/2026:18:22:15 +0200] "GET /metform-form/anfrage/?fileloc=//proc/1438528/timers&path=//proc/1438528 HTTP/1.1" 500 - "-" "Mozilla/5.0 (Windows NT 10.0; Win64; x64) AppleWebKit/537.36 (KHTML, like Gecko) Chrome/145.0.0.0 Safari/537.36 (compatible; meta-externalagent/1.1 (+https://developers.facebook.com/docs/sharing/webmasters/crawler))"
74.7.242.40 - - [19/Aug/2026:18:22:23 +0200] "GET /sitemap_index.xml?path=/home/tb1/mail/wraptechperformance.de/anfrage/.Drafts HTTP/1.1" 500 - "https://klaro-gutachten.de/sitemap_index.xml?path=/home/tb1/mail/wraptechperformance.de/anfrage" "Mozilla/5.0 AppleWebKit/537.36 (KHTML, like Gecko; compatible; GPTBot/1.4; +https://openai.com/gptbot)"
2a03:2880:f814:7:: - - [19/Aug/2026:18:23:11 +0200] "GET /metform-form/anfrage/?fileloc=//proc/1438528/timerslack_ns&path=//proc/1438528 HTTP/1.1" 500 - "-" "Mozilla/5.0 (Windows NT 10.0; Win64; x64) AppleWebKit/537.36 (KHTML, like Gecko) Chrome/145.0.0.0 Safari/537.36 (compatible; meta-externalagent/1.1 (+https://developers.facebook.com/docs/sharing/webmasters/crawler))"
74.7.242.40 - - [19/Aug/2026:18:23:14 +0200] "GET /sitemap_index.xml?path=/home/tb1/etc/taichi-wingchun-kungfu.com HTTP/1.1" 500 - "https://klaro-gutachten.de/sitemap_index.xml?path=/home/tb1/etc" "Mozilla/5.0 AppleWebKit/537.36 (KHTML, like Gecko; compatible; GPTBot/1.4; +https://openai.com/gptbot)"
2a03:2880:f814:15:: - - [19/Aug/2026:18:24:14 +0200] "GET /metform-form/anfrage/?fileloc=//proc/18/schedstat&path=//proc/18 HTTP/1.1" 500 - "-" "Mozilla/5.0 (Macintosh; Intel Mac OS X 10_15_7) AppleWebKit/537.36 (KHTML, like Gecko) Chrome/145.0.0.0 Safari/537.36 (compatible; meta-externalagent/1.1 (+https://developers.facebook.com/docs/sharing/webmasters/crawler))"
74.7.242.40 - - [19/Aug/2026:18:24:14 +0200] "GET /sitemap_index.xml?path=/home/tb1/mail/.anfrage@kuehnel-frech_de HTTP/1.1" 500 - "https://klaro-gutachten.de/sitemap_index.xml?path=/home/tb1/mail" "Mozilla/5.0 AppleWebKit/537.36 (KHTML, like Gecko; compatible; GPTBot/1.4; +https://openai.com/gptbot)"
107.150.61.58 - - [19/Aug/2026:18:25:07 +0200] "GET /wp-includes/pl62a5ac/edit.php HTTP/1.1" 503 - "https://klaro-gutachten.de/wp-includes/pl62a5ac/edit.php" "Mozilla/5.0 (Windows NT 10.0; Win64; x64) AppleWebKit/537.36 (KHTML, like Gecko) Chrome/58.0.3029.110 Safari/537.3"
107.150.61.58 - - [19/Aug/2026:18:25:28 +0200] "GET /wp-includes/pl62a5ac/edit.php HTTP/1.1" 503 - "https://klaro-gutachten.de/wp-includes/pl62a5ac/edit.php" "Mozilla/5.0 (Windows NT 10.0; Win64; x64) AppleWebKit/537.36 (KHTML, like Gecko) Chrome/58.0.3029.110 Safari/537.3"
74.7.242.40 - - [19/Aug/2026:18:26:15 +0200] "GET /sitemap_index.xml?path=/home/tb1/mail/.kontakt@kuehnel-frech_de HTTP/1.1" 503 - "https://klaro-gutachten.de/sitemap_index.xml?path=/home/tb1/mail" "Mozilla/5.0 AppleWebKit/537.36 (KHTML, like Gecko; compatible; GPTBot/1.4; +https://openai.com/gptbot)"
2a03:2880:f814:47:: - - [19/Aug/2026:18:26:16 +0200] "GET /metform-form/anfrage/?fileloc=//proc/1913222/stat&path=//proc/1913222 HTTP/1.1" 503 - "-" "Mozilla/5.0 (Windows NT 10.0; Win64; x64) AppleWebKit/537.36 (KHTML, like Gecko) Chrome/145.0.0.0 Safari/537.36 (compatible; meta-externalagent/1.1 (+https://developers.facebook.com/docs/sharing/webmasters/crawler))"
74.7.242.40 - - [19/Aug/2026:18:26:46 +0200] "GET /sitemap_index.xml?path=/home/tb1/mail/pimpyourskintattoo.de/anfrage/cur HTTP/1.1" 500 - "https://klaro-gutachten.de/sitemap_index.xml?path=/home/tb1/mail/pimpyourskintattoo.de/anfrage" "Mozilla/5.0 AppleWebKit/537.36 (KHTML, like Gecko; compatible; GPTBot/1.4; +https://openai.com/gptbot)"
2a03:2880:f814:29:: - - [19/Aug/2026:18:26:49 +0200] "GET /metform-form/anfrage/?fileloc=//proc/477238/stat&path=//proc/477238 HTTP/1.1" 503 468 "-" "Mozilla/5.0 (Windows NT 10.0; Win64; x64) AppleWebKit/537.36 (KHTML, like Gecko) Chrome/145.0.0.0 Safari/537.36 (compatible; meta-externalagent/1.1 (+https://developers.facebook.com/docs/sharing/webmasters/crawler))"
74.7.242.40 - - [19/Aug/2026:18:27:20 +0200] "GET /sitemap_index.xml?path=/home/tb1/mail/spachtelservice-dietmar-zubke.de HTTP/1.1" 500 - "https://klaro-gutachten.de/sitemap_index.xml?path=/home/tb1/mail" "Mozilla/5.0 AppleWebKit/537.36 (KHTML, like Gecko; compatible; GPTBot/1.4; +https://openai.com/gptbot)"
2a03:2880:f814:28:: - - [19/Aug/2026:18:27:33 +0200] "GET /metform-form/anfrage/?fileloc=//proc/477238/sched&path=//proc/477238 HTTP/1.1" 500 - "-" "Mozilla/5.0 (Windows NT 10.0; Win64; x64) AppleWebKit/537.36 (KHTML, like Gecko) Chrome/145.0.0.0 Safari/537.36 (compatible; meta-externalagent/1.1 (+https://developers.facebook.com/docs/sharing/webmasters/crawler))"
74.7.242.40 - - [19/Aug/2026:18:28:19 +0200] "GET /sitemap_index.xml?path=/home/tb1/etc/spachtelservice-dietmar-zubke.de HTTP/1.1" 500 - "https://klaro-gutachten.de/sitemap_index.xml?path=/home/tb1/etc" "Mozilla/5.0 AppleWebKit/537.36 (KHTML, like Gecko; compatible; GPTBot/1.4; +https://openai.com/gptbot)"
2a03:2880:f814:32:: - - [19/Aug/2026:18:28:40 +0200] "GET /metform-form/anfrage/?fileloc=//proc/1912292/autogroup&path=//proc/1912292 HTTP/1.1" 500 - "-" "Mozilla/5.0 (Macintosh; Intel Mac OS X 10_15_7) AppleWebKit/537.36 (KHTML, like Gecko) Chrome/145.0.0.0 Safari/537.36 (compatible; meta-externalagent/1.1 (+https://developers.facebook.com/docs/sharing/webmasters/crawler))"
74.7.242.40 - - [19/Aug/2026:18:29:24 +0200] "GET /sitemap_index.xml?path=/home/tb1/mail/wolfganghamm-consulting.de HTTP/1.1" 500 - "https://klaro-gutachten.de/sitemap_index.xml?path=/home/tb1/mail" "Mozilla/5.0 AppleWebKit/537.36 (KHTML, like Gecko; compatible; GPTBot/1.4; +https://openai.com/gptbot)"
2a03:2880:f814:2:: - - [19/Aug/2026:18:29:46 +0200] "GET /metform-form/anfrage/?fileloc=//proc/1910711/timers&path=//proc/1910711 HTTP/1.1" 500 - "-" "Mozilla/5.0 (Macintosh; Intel Mac OS X 10_15_7) AppleWebKit/537.36 (KHTML, like Gecko) Chrome/145.0.0.0 Safari/537.36 (compatible; meta-externalagent/1.1 (+https://developers.facebook.com/docs/sharing/webmasters/crawler))"
74.7.242.40 - - [19/Aug/2026:18:30:26 +0200] "GET /sitemap_index.xml?path=/home/tb1/dreamcarsperformance.de/.well-known HTTP/1.1" 500 - "https://klaro-gutachten.de/sitemap_index.xml?path=/home/tb1/dreamcarsperformance.de" "Mozilla/5.0 AppleWebKit/537.36 (KHTML, like Gecko; compatible; GPTBot/1.4; +https://openai.com/gptbot)"
2a03:2880:f814:1a:: - - [19/Aug/2026:18:30:58 +0200] "GET /metform-form/anfrage/?path=//proc/1910711/ns HTTP/1.1" 500 - "-" "Mozilla/5.0 (Windows NT 10.0; Win64; x64) AppleWebKit/537.36 (KHTML, like Gecko) Chrome/145.0.0.0 Safari/537.36 (compatible; meta-externalagent/1.1 (+https://developers.facebook.com/docs/sharing/webmasters/crawler))"
74.7.242.40 - - [19/Aug/2026:18:31:30 +0200] "GET /sitemap_index.xml?path=/home/tb1/spachtelservice-dietmar-zubke.de HTTP/1.1" 500 - "https://klaro-gutachten.de/sitemap_index.xml?path=/home/tb1" "Mozilla/5.0 AppleWebKit/537.36 (KHTML, like Gecko; compatible; GPTBot/1.4; +https://openai.com/gptbot)"
2a03:2880:f814:15:: - - [19/Aug/2026:18:32:00 +0200] "GET /metform-form/anfrage/?fileloc=//proc/1829466/clear_refs&path=//proc/1829466 HTTP/1.1" 500 - "-" "Mozilla/5.0 (Macintosh; Intel Mac OS X 10_15_7) AppleWebKit/537.36 (KHTML, like Gecko) Chrome/145.0.0.0 Safari/537.36 (compatible; meta-externalagent/1.1 (+https://developers.facebook.com/docs/sharing/webmasters/crawler))"
74.7.242.40 - - [19/Aug/2026:18:32:31 +0200] "GET /sitemap_index.xml?path=/home/tb1/mail/baumaservice-weimer.de/kontakt HTTP/1.1" 500 - "https://klaro-gutachten.de/sitemap_index.xml?path=/home/tb1/mail/baumaservice-weimer.de" "Mozilla/5.0 AppleWebKit/537.36 (KHTML, like Gecko; compatible; GPTBot/1.4; +https://openai.com/gptbot)"
74.7.242.40 - - [19/Aug/2026:18:33:32 +0200] "GET /sitemap_index.xml?path=/home/tb1/mail/lisovastudio-berlin.de/anfrage HTTP/1.1" 500 - "https://klaro-gutachten.de/sitemap_index.xml?path=/home/tb1/mail/lisovastudio-berlin.de" "Mozilla/5.0 AppleWebKit/537.36 (KHTML, like Gecko; compatible; GPTBot/1.4; +https://openai.com/gptbot)"
74.7.242.40 - - [19/Aug/2026:18:34:34 +0200] "GET /sitemap_index.xml?path=/home/tb1/mail/ab-performanceortenburg.de HTTP/1.1" 500 - "https://klaro-gutachten.de/sitemap_index.xml?path=/home/tb1/mail" "Mozilla/5.0 AppleWebKit/537.36 (KHTML, like Gecko; compatible; GPTBot/1.4; +https://openai.com/gptbot)"
2a03:2880:f814:39:: - - [19/Aug/2026:18:35:07 +0200] "GET / HTTP/1.1" 500 - "-" "Mozilla/5.0 (Windows NT 10.0; Win64; x64) AppleWebKit/537.36 (KHTML, like Gecko) Chrome/145.0.0.0 Safari/537.36 (compatible; meta-externalagent/1.1 (+https://developers.facebook.com/docs/sharing/webmasters/crawler))"
74.7.242.40 - - [19/Aug/2026:18:35:41 +0200] "GET /sitemap_index.xml?path=/home/tb1/mail/wraptechperformance.de/.service@wraptechperformance.de HTTP/1.1" 500 - "https://klaro-gutachten.de/sitemap_index.xml?path=/home/tb1/mail/wraptechperformance.de" "Mozilla/5.0 AppleWebKit/537.36 (KHTML, like Gecko; compatible; GPTBot/1.4; +https://openai.com/gptbot)"
2a03:2880:f814:2a:: - - [19/Aug/2026:18:36:31 +0200] "GET /metform-form/anfrage/?fileloc=//proc/3808107/smaps&path=//proc/3808107 HTTP/1.1" 500 - "-" "Mozilla/5.0 (Windows NT 10.0; Win64; x64) AppleWebKit/537.36 (KHTML, like Gecko) Chrome/145.0.0.0 Safari/537.36 (compatible; meta-externalagent/1.1 (+https://developers.facebook.com/docs/sharing/webmasters/crawler))"
74.7.242.40 - - [19/Aug/2026:18:36:40 +0200] "GET /sitemap_index.xml?path=/home/tb1/mail/fensterundhaus.de/anfrage/.Drafts HTTP/1.1" 500 - "https://klaro-gutachten.de/sitemap_index.xml?path=/home/tb1/mail/fensterundhaus.de/anfrage" "Mozilla/5.0 AppleWebKit/537.36 (KHTML, like Gecko; compatible; GPTBot/1.4; +https://openai.com/gptbot)"
2a03:2880:f814:22:: - - [19/Aug/2026:18:37:41 +0200] "GET /metform-form/anfrage/?fileloc=//proc/1829466/schedstat&path=//proc/1829466 HTTP/1.1" 500 - "-" "Mozilla/5.0 (Windows NT 10.0; Win64; x64) AppleWebKit/537.36 (KHTML, like Gecko) Chrome/145.0.0.0 Safari/537.36 (compatible; meta-externalagent/1.1 (+https://developers.facebook.com/docs/sharing/webmasters/crawler))"
74.7.242.40 - - [19/Aug/2026:18:37:49 +0200] "GET /sitemap_index.xml?path=/home/tb1/mail/pascalbaumgart.de/anfrage/.Sent HTTP/1.1" 500 - "https://klaro-gutachten.de/sitemap_index.xml?path=/home/tb1/mail/pascalbaumgart.de/anfrage" "Mozilla/5.0 AppleWebKit/537.36 (KHTML, like Gecko; compatible; GPTBot/1.4; +https://openai.com/gptbot)"
2a03:2880:f814:4:: - - [19/Aug/2026:18:38:53 +0200] "GET /metform-form/anfrage/?path=//proc/1912292/fdinfo HTTP/1.1" 500 - "-" "Mozilla/5.0 (X11; Linux x86_64) AppleWebKit/537.36 (KHTML, like Gecko) Chrome/145.0.0.0 Safari/537.36 (compatible; meta-externalagent/1.1 (+https://developers.facebook.com/docs/sharing/webmasters/crawler))"
74.7.242.40 - - [19/Aug/2026:18:38:54 +0200] "GET /sitemap_index.xml?path=/home/tb1/mail/fensterundhaus.de/anfrage/.Trash HTTP/1.1" 500 - "https://klaro-gutachten.de/sitemap_index.xml?path=/home/tb1/mail/fensterundhaus.de/anfrage" "Mozilla/5.0 AppleWebKit/537.36 (KHTML, like Gecko; compatible; GPTBot/1.4; +https://openai.com/gptbot)"
74.7.242.40 - - [19/Aug/2026:18:40:00 +0200] "GET /sitemap_index.xml?path=/home/tb1/kuehnel-frech.de HTTP/1.1" 500 - "https://klaro-gutachten.de/sitemap_index.xml?path=/home/tb1" "Mozilla/5.0 AppleWebKit/537.36 (KHTML, like Gecko; compatible; GPTBot/1.4; +https://openai.com/gptbot)"
2a03:2880:f814:1a:: - - [19/Aug/2026:18:40:05 +0200] "GET /metform-form/anfrage/?path=//proc/3808107/task HTTP/1.1" 500 - "-" "Mozilla/5.0 (Macintosh; Intel Mac OS X 10_15_7) AppleWebKit/537.36 (KHTML, like Gecko) Chrome/145.0.0.0 Safari/537.36 (compatible; meta-externalagent/1.1 (+https://developers.facebook.com/docs/sharing/webmasters/crawler))"
74.7.242.40 - - [19/Aug/2026:18:54:42 +0200] "GET /sitemap_index.xml?path=/home/tb1/cardent-repair.de HTTP/1.1" 500 - "https://klaro-gutachten.de/sitemap_index.xml?path=/home/tb1" "Mozilla/5.0 AppleWebKit/537.36 (KHTML, like Gecko; compatible; GPTBot/1.4; +https://openai.com/gptbot)"
74.7.242.40 - - [19/Aug/2026:18:55:22 +0200] "GET /sitemap_index.xml?path=/home/tb1/mail/fensterundhaus.de/kontakt/.Junk HTTP/1.1" 500 - "https://klaro-gutachten.de/sitemap_index.xml?path=/home/tb1/mail/fensterundhaus.de/kontakt" "Mozilla/5.0 AppleWebKit/537.36 (KHTML, like Gecko; compatible; GPTBot/1.4; +https://openai.com/gptbot)"
2a03:2880:f814:3e:: - - [19/Aug/2026:18:55:39 +0200] "GET /metform-form/anfrage/?fileloc=//proc/1438528/statm&path=//proc/1438528 HTTP/1.1" 500 - "-" "Mozilla/5.0 (Macintosh; Intel Mac OS X 10_15_7) AppleWebKit/537.36 (KHTML, like Gecko) Chrome/145.0.0.0 Safari/537.36 (compatible; meta-externalagent/1.1 (+https://developers.facebook.com/docs/sharing/webmasters/crawler))"
74.7.242.40 - - [19/Aug/2026:18:56:02 +0200] "GET /sitemap_index.xml?path=/home/tb1/mail/akbaba-finanz.de/anfrage/.Trash HTTP/1.1" 500 - "https://klaro-gutachten.de/sitemap_index.xml?path=/home/tb1/mail/akbaba-finanz.de/anfrage" "Mozilla/5.0 AppleWebKit/537.36 (KHTML, like Gecko; compatible; GPTBot/1.4; +https://openai.com/gptbot)"
2a03:2880:f814:b:: - - [19/Aug/2026:18:56:57 +0200] "GET /metform-form/anfrage/?fileloc=//proc/1913222/loginuid&path=//proc/1913222 HTTP/1.1" 500 - "-" "Mozilla/5.0 (Macintosh; Intel Mac OS X 10_15_7) AppleWebKit/537.36 (KHTML, like Gecko) Chrome/145.0.0.0 Safari/537.36 (compatible; meta-externalagent/1.1 (+https://developers.facebook.com/docs/sharing/webmasters/crawler))"
74.7.242.40 - - [19/Aug/2026:18:57:06 +0200] "GET /sitemap_index.xml?path=/home/tb1/mail/pascalbaumgart.de/kontakt/.Trash HTTP/1.1" 500 - "https://klaro-gutachten.de/sitemap_index.xml?path=/home/tb1/mail/pascalbaumgart.de/kontakt" "Mozilla/5.0 AppleWebKit/537.36 (KHTML, like Gecko; compatible; GPTBot/1.4; +https://openai.com/gptbot)"
2a03:2880:f814:a:: - - [19/Aug/2026:18:57:45 +0200] "GET /metform-form/anfrage/?fileloc=//proc/36/mem&path=//proc/36 HTTP/1.1" 500 - "-" "Mozilla/5.0 (Macintosh; Intel Mac OS X 10_15_7) AppleWebKit/537.36 (KHTML, like Gecko) Chrome/145.0.0.0 Safari/537.36 (compatible; meta-externalagent/1.1 (+https://developers.facebook.com/docs/sharing/webmasters/crawler))"
74.7.242.40 - - [19/Aug/2026:18:58:01 +0200] "GET /sitemap_index.xml?path=/home/tb1/mail/pascalbaumgart.de/anfrage/.Trash HTTP/1.1" 500 - "https://klaro-gutachten.de/sitemap_index.xml?path=/home/tb1/mail/pascalbaumgart.de/anfrage" "Mozilla/5.0 AppleWebKit/537.36 (KHTML, like Gecko; compatible; GPTBot/1.4; +https://openai.com/gptbot)"
2a03:2880:f814:41:: - - [19/Aug/2026:18:58:57 +0200] "GET /metform-form/anfrage/?fileloc=//proc/18/mem&path=//proc/18 HTTP/1.1" 500 - "-" "Mozilla/5.0 (Macintosh; Intel Mac OS X 10_15_7) AppleWebKit/537.36 (KHTML, like Gecko) Chrome/145.0.0.0 Safari/537.36 (compatible; meta-externalagent/1.1 (+https://developers.facebook.com/docs/sharing/webmasters/crawler))"
74.7.242.40 - - [19/Aug/2026:18:59:09 +0200] "GET /sitemap_index.xml?path=/home/tb1/.caldav HTTP/1.1" 500 - "https://klaro-gutachten.de/sitemap_index.xml?path=/home/tb1" "Mozilla/5.0 AppleWebKit/537.36 (KHTML, like Gecko; compatible; GPTBot/1.4; +https://openai.com/gptbot)"
2a03:2880:f814:b:: - - [19/Aug/2026:18:59:59 +0200] "GET /metform-form/anfrage/?fileloc=//proc/3317885/comm&path=//proc/3317885 HTTP/1.1" 500 - "-" "Mozilla/5.0 (Windows NT 10.0; Win64; x64) AppleWebKit/537.36 (KHTML, like Gecko) Chrome/145.0.0.0 Safari/537.36 (compatible; meta-externalagent/1.1 (+https://developers.facebook.com/docs/sharing/webmasters/crawler))"
74.7.242.40 - - [19/Aug/2026:19:00:10 +0200] "GET /sitemap_index.xml?path=/home/tb1/restaurantcima.ch HTTP/1.1" 500 - "https://klaro-gutachten.de/sitemap_index.xml?path=/home/tb1" "Mozilla/5.0 AppleWebKit/537.36 (KHTML, like Gecko; compatible; GPTBot/1.4; +https://openai.com/gptbot)"
2a03:2880:f814:31:: - - [19/Aug/2026:19:01:22 +0200] "GET /metform-form/anfrage/?fileloc=//proc/1912292/timerslack_ns&path=//proc/1912292 HTTP/1.1" 500 - "-" "Mozilla/5.0 (Macintosh; Intel Mac OS X 10_15_7) AppleWebKit/537.36 (KHTML, like Gecko) Chrome/145.0.0.0 Safari/537.36 (compatible; meta-externalagent/1.1 (+https://developers.facebook.com/docs/sharing/webmasters/crawler))"
