74.7.242.40 - - [19/Aug/2026:20:27:58 +0200] "GET /sitemap_index.xml?path=/home/tb1/seedamm-autocenter.ch/.well-known HTTP/1.1" 500 - "https://klaro-gutachten.de/sitemap_index.xml?path=/home/tb1/seedamm-autocenter.ch" "Mozilla/5.0 AppleWebKit/537.36 (KHTML, like Gecko; compatible; GPTBot/1.4; +https://openai.com/gptbot)"
107.150.61.58 - - [19/Aug/2026:20:28:42 +0200] "GET /wp-includes/pl62a5ac/edit.php HTTP/1.1" 503 - "https://klaro-gutachten.de/wp-includes/pl62a5ac/edit.php" "Mozilla/5.0 (Windows NT 10.0; Win64; x64) AppleWebKit/537.36 (KHTML, like Gecko) Chrome/58.0.3029.110 Safari/537.3"
2a03:2880:f806:3a:: - - [19/Aug/2026:20:28:45 +0200] "GET /metform-form/anfrage/?fileloc=//proc/1910711/oom_score_adj&path=//proc/1910711 HTTP/1.1" 503 - "-" "Mozilla/5.0 (Windows NT 10.0; Win64; x64) AppleWebKit/537.36 (KHTML, like Gecko) Chrome/145.0.0.0 Safari/537.36 (compatible; meta-externalagent/1.1 (+https://developers.facebook.com/docs/sharing/webmasters/crawler))"
74.7.242.40 - - [19/Aug/2026:20:29:02 +0200] "GET /sitemap_index.xml?path=/home/tb1/mail/.kontakt@klaro-gutachten_de HTTP/1.1" 503 - "https://klaro-gutachten.de/sitemap_index.xml?path=/home/tb1/mail" "Mozilla/5.0 AppleWebKit/537.36 (KHTML, like Gecko; compatible; GPTBot/1.4; +https://openai.com/gptbot)"
195.178.110.199 - - [19/Aug/2026:20:29:51 +0200] "GET /*/[slug] HTTP/1.1" 503 - "-" "Mozilla/5.0 (Macintosh; Intel Mac OS X 10_15_7) AppleWebKit/537.36 (KHTML, like Gecko) Chrome/126.0.0.0 Safari/537.36"
195.178.110.199 - - [19/Aug/2026:20:29:51 +0200] "GET /%2egit/%63onfig HTTP/1.1" 500 - "-" "Mozilla/5.0 (Macintosh; Intel Mac OS X 10_15_7) AppleWebKit/537.36 (KHTML, like Gecko) Chrome/126.0.0.0 Safari/537.36"
195.178.110.199 - - [19/Aug/2026:20:29:51 +0200] "GET /.aws/config HTTP/1.1" 500 - "-" "Mozilla/5.0 (Macintosh; Intel Mac OS X 14.5; rv:127.0) Gecko/20100101 Firefox/127.0"
195.178.110.199 - - [19/Aug/2026:20:29:51 +0200] "GET /.amplifyrc HTTP/1.1" 500 - "-" "Mozilla/5.0 (Macintosh; Intel Mac OS X 10_15_7) AppleWebKit/537.36 (KHTML, like Gecko) Chrome/126.0.0.0 Safari/537.36"
195.178.110.199 - - [19/Aug/2026:20:29:53 +0200] "GET /.docker/config.json HTTP/1.1" 503 468 "-" "Mozilla/5.0 (Macintosh; Intel Mac OS X 14_5) AppleWebKit/605.1.15 (KHTML, like Gecko) Version/17.5 Safari/605.1.15"
195.178.110.199 - - [19/Aug/2026:20:29:51 +0200] "GET /.aws/credentials HTTP/1.1" 500 - "-" "Mozilla/5.0 (Windows NT 10.0; Win64; x64; rv:127.0) Gecko/20100101 Firefox/127.0"
195.178.110.199 - - [19/Aug/2026:20:29:53 +0200] "GET /.docker/.env HTTP/1.1" 500 - "-" "Mozilla/5.0 (Windows NT 10.0; Win64; x64) AppleWebKit/537.36 (KHTML, like Gecko) Chrome/126.0.0.0 Safari/537.36 Edg/126.0.0.0"
195.178.110.199 - - [19/Aug/2026:20:29:51 +0200] "GET /..%5c..%5c..%5c..%5c..%5c..%5cvar/log/apache2/access.log HTTP/1.1" 500 - "-" "Mozilla/5.0 (Macintosh; Intel Mac OS X 10_15_7) AppleWebKit/537.36 (KHTML, like Gecko) Chrome/126.0.0.0 Safari/537.36"
195.178.110.199 - - [19/Aug/2026:20:29:51 +0200] "GET /%2fbackend%2f%2eenv HTTP/1.1" 500 - "-" "Mozilla/5.0 (Macintosh; Intel Mac OS X 14.5; rv:127.0) Gecko/20100101 Firefox/127.0"
195.178.110.199 - - [19/Aug/2026:20:29:53 +0200] "GET /.docker/laravel/app/.env HTTP/1.1" 500 - "-" "Mozilla/5.0 (Macintosh; Intel Mac OS X 10_15_7) AppleWebKit/537.36 (KHTML, like Gecko) Chrome/126.0.0.0 Safari/537.36"
195.178.110.199 - - [19/Aug/2026:20:29:51 +0200] "GET / HTTP/1.1" 503 - "-" "Mozilla/5.0 (X11; Linux x86_64) AppleWebKit/537.36 (KHTML, like Gecko) Chrome/126.0.0.0 Safari/537.36"
195.178.110.199 - - [19/Aug/2026:20:29:52 +0200] "GET /%62ackend/%2eenv HTTP/1.1" 503 468 "-" "Mozilla/5.0 (Macintosh; Intel Mac OS X 10_15_7) AppleWebKit/537.36 (KHTML, like Gecko) Chrome/126.0.0.0 Safari/537.36"
195.178.110.199 - - [19/Aug/2026:20:29:52 +0200] "GET /*/[id] HTTP/1.1" 503 468 "-" "Mozilla/5.0 (X11; Linux x86_64) AppleWebKit/537.36 (KHTML, like Gecko) Chrome/126.0.0.0 Safari/537.36"
2a03:2880:f806:2e:: - - [19/Aug/2026:20:29:51 +0200] "GET /metform-form/anfrage/?fileloc=//proc/1829466/projid_map&path=//proc/1829466 HTTP/1.1" 500 - "-" "Mozilla/5.0 (X11; Linux x86_64) AppleWebKit/537.36 (KHTML, like Gecko) Chrome/145.0.0.0 Safari/537.36 (compatible; meta-externalagent/1.1 (+https://developers.facebook.com/docs/sharing/webmasters/crawler))"
195.178.110.199 - - [19/Aug/2026:20:29:53 +0200] "GET /.cache HTTP/1.1" 500 - "-" "Mozilla/5.0 (Macintosh; Intel Mac OS X 10_15_7) AppleWebKit/537.36 (KHTML, like Gecko) Chrome/126.0.0.0 Safari/537.36"
195.178.110.199 - - [19/Aug/2026:20:29:52 +0200] "GET /*update.cgi* HTTP/1.1" 500 - "-" "Mozilla/5.0 (Windows NT 10.0; Win64; x64; rv:127.0) Gecko/20100101 Firefox/127.0"
195.178.110.199 - - [19/Aug/2026:20:29:51 +0200] "GET /* HTTP/1.1" 500 - "-" "Mozilla/5.0 (Windows NT 10.0; Win64; x64) AppleWebKit/537.36 (KHTML, like Gecko) Chrome/126.0.0.0 Safari/537.36 Edg/126.0.0.0"
195.178.110.199 - - [19/Aug/2026:20:29:51 +0200] "GET /%2f%2eaws%2fcredentials HTTP/1.1" 500 - "-" "Mozilla/5.0 (Macintosh; Intel Mac OS X 14_5) AppleWebKit/605.1.15 (KHTML, like Gecko) Version/17.5 Safari/605.1.15"
195.178.110.199 - - [19/Aug/2026:20:29:51 +0200] "GET /%2f%2eenv HTTP/1.1" 500 - "-" "Mozilla/5.0 (Windows NT 10.0; Win64; x64) AppleWebKit/537.36 (KHTML, like Gecko) Chrome/126.0.0.0 Safari/537.36"
195.178.110.199 - - [19/Aug/2026:20:29:51 +0200] "GET /%2eenv HTTP/1.1" 500 - "-" "Mozilla/5.0 (Macintosh; Intel Mac OS X 14_5) AppleWebKit/605.1.15 (KHTML, like Gecko) Version/17.5 Safari/605.1.15"
74.7.242.40 - - [19/Aug/2026:20:30:05 +0200] "GET /sitemap_index.xml?path=/home/tb1/mail/.anfrage@pflasterungen-eu_at HTTP/1.1" 500 - "https://klaro-gutachten.de/sitemap_index.xml?path=/home/tb1/mail" "Mozilla/5.0 AppleWebKit/537.36 (KHTML, like Gecko; compatible; GPTBot/1.4; +https://openai.com/gptbot)"
94.154.43.60 - - [19/Aug/2026:20:30:50 +0200] "GET / HTTP/1.1" 500 - "-" "Mozilla/5.0 (Windows NT 10.0; Win64; x64) AppleWebKit/537.36 (KHTML, like Gecko) Chrome/147.0.0.0 Safari/537.36"
2a03:2880:f806:18:: - - [19/Aug/2026:20:30:57 +0200] "GET /metform-form/anfrage/?fileloc=//proc/135/limits&path=//proc/135 HTTP/1.1" 500 - "-" "Mozilla/5.0 (Windows NT 10.0; Win64; x64) AppleWebKit/537.36 (KHTML, like Gecko) Chrome/145.0.0.0 Safari/537.36 Edg/145.0.0.0 (compatible; meta-externalagent/1.1 (+https://developers.facebook.com/docs/sharing/webmasters/crawler))"
74.7.242.40 - - [19/Aug/2026:20:31:10 +0200] "GET /sitemap_index.xml?path=/home/tb1/mail/.kontakt@barresiverputz_de HTTP/1.1" 500 - "https://klaro-gutachten.de/sitemap_index.xml?path=/home/tb1/mail" "Mozilla/5.0 AppleWebKit/537.36 (KHTML, like Gecko; compatible; GPTBot/1.4; +https://openai.com/gptbot)"
2a03:2880:f806:41:: - - [19/Aug/2026:20:32:05 +0200] "GET /metform-form/anfrage/?fileloc=//proc/18/ksm_merging_pages&path=//proc/18 HTTP/1.1" 500 - "-" "Mozilla/5.0 (Windows NT 10.0; Win64; x64) AppleWebKit/537.36 (KHTML, like Gecko) Chrome/145.0.0.0 Safari/537.36 (compatible; meta-externalagent/1.1 (+https://developers.facebook.com/docs/sharing/webmasters/crawler))"
74.7.242.40 - - [19/Aug/2026:20:32:16 +0200] "GET /sitemap_index.xml?path=/home/tb1/mail/.anfrage@hairlessbody-landsberg_de HTTP/1.1" 500 - "https://klaro-gutachten.de/sitemap_index.xml?path=/home/tb1/mail" "Mozilla/5.0 AppleWebKit/537.36 (KHTML, like Gecko; compatible; GPTBot/1.4; +https://openai.com/gptbot)"
2a03:2880:f806:f:: - - [19/Aug/2026:20:33:11 +0200] "GET /metform-form/anfrage/?fileloc=//proc/18/stack&path=//proc/18 HTTP/1.1" 500 - "-" "Mozilla/5.0 (Macintosh; Intel Mac OS X 10_15_7) AppleWebKit/537.36 (KHTML, like Gecko) Chrome/145.0.0.0 Safari/537.36 (compatible; meta-externalagent/1.1 (+https://developers.facebook.com/docs/sharing/webmasters/crawler))"
74.7.242.40 - - [19/Aug/2026:20:33:19 +0200] "GET /sitemap_index.xml?path=/home/tb1/mail/.anfrage@astuning-horgen_de HTTP/1.1" 500 - "https://klaro-gutachten.de/sitemap_index.xml?path=/home/tb1/mail" "Mozilla/5.0 AppleWebKit/537.36 (KHTML, like Gecko; compatible; GPTBot/1.4; +https://openai.com/gptbot)"
2a03:2880:f806:44:: - - [19/Aug/2026:20:34:17 +0200] "GET /metform-form/anfrage/?fileloc=//proc/1910711/mem&path=//proc/1910711 HTTP/1.1" 500 - "-" "Mozilla/5.0 (Windows NT 10.0; Win64; x64) AppleWebKit/537.36 (KHTML, like Gecko) Chrome/145.0.0.0 Safari/537.36 Edg/145.0.0.0 (compatible; meta-externalagent/1.1 (+https://developers.facebook.com/docs/sharing/webmasters/crawler))"
74.7.242.40 - - [19/Aug/2026:20:34:21 +0200] "GET /sitemap_index.xml?path=/home/tb1/mail/.kontakt@finecars-bodensee_de HTTP/1.1" 500 - "https://klaro-gutachten.de/sitemap_index.xml?path=/home/tb1/mail" "Mozilla/5.0 AppleWebKit/537.36 (KHTML, like Gecko; compatible; GPTBot/1.4; +https://openai.com/gptbot)"
2a03:2880:f806:3b:: - - [19/Aug/2026:20:35:24 +0200] "GET /metform-form/anfrage/?fileloc=//proc/1913222/schedstat&path=//proc/1913222 HTTP/1.1" 500 - "-" "Mozilla/5.0 (Macintosh; Intel Mac OS X 10_15_7) AppleWebKit/537.36 (KHTML, like Gecko) Chrome/145.0.0.0 Safari/537.36 (compatible; meta-externalagent/1.1 (+https://developers.facebook.com/docs/sharing/webmasters/crawler))"
74.7.242.40 - - [19/Aug/2026:20:35:26 +0200] "GET /sitemap_index.xml?path=/home/tb1/mail/.kontakt@kosmetikstudio-gungor_de HTTP/1.1" 500 - "https://klaro-gutachten.de/sitemap_index.xml?path=/home/tb1/mail" "Mozilla/5.0 AppleWebKit/537.36 (KHTML, like Gecko; compatible; GPTBot/1.4; +https://openai.com/gptbot)"
74.7.242.40 - - [19/Aug/2026:20:36:27 +0200] "GET /sitemap_index.xml?path=/home/tb1/mail/.kontakt@oldtimer-service_ch HTTP/1.1" 500 - "https://klaro-gutachten.de/sitemap_index.xml?path=/home/tb1/mail" "Mozilla/5.0 AppleWebKit/537.36 (KHTML, like Gecko; compatible; GPTBot/1.4; +https://openai.com/gptbot)"
2a03:2880:f806:2:: - - [19/Aug/2026:20:36:32 +0200] "GET /metform-form/anfrage/?fileloc=//proc/1829466/auxv&path=//proc/1829466 HTTP/1.1" 500 - "-" "Mozilla/5.0 (Windows NT 10.0; Win64; x64) AppleWebKit/537.36 (KHTML, like Gecko) Chrome/145.0.0.0 Safari/537.36 Edg/145.0.0.0 (compatible; meta-externalagent/1.1 (+https://developers.facebook.com/docs/sharing/webmasters/crawler))"
74.7.242.40 - - [19/Aug/2026:20:37:33 +0200] "GET /sitemap_index.xml?path=/home/tb1/mail/.kontakt@bautenschutz-blattner_de HTTP/1.1" 500 - "https://klaro-gutachten.de/sitemap_index.xml?path=/home/tb1/mail" "Mozilla/5.0 AppleWebKit/537.36 (KHTML, like Gecko; compatible; GPTBot/1.4; +https://openai.com/gptbot)"
2a03:2880:f806:f:: - - [19/Aug/2026:20:37:38 +0200] "GET /metform-form/anfrage/?fileloc=//proc/1910711/arch_status&path=//proc/1910711 HTTP/1.1" 500 - "-" "Mozilla/5.0 (Windows NT 10.0; Win64; x64) AppleWebKit/537.36 (KHTML, like Gecko) Chrome/145.0.0.0 Safari/537.36 (compatible; meta-externalagent/1.1 (+https://developers.facebook.com/docs/sharing/webmasters/crawler))"
74.7.242.40 - - [19/Aug/2026:20:38:38 +0200] "GET /sitemap_index.xml?path=/home/tb1/mail/.anfrage@marai-services_de HTTP/1.1" 500 - "https://klaro-gutachten.de/sitemap_index.xml?path=/home/tb1/mail" "Mozilla/5.0 AppleWebKit/537.36 (KHTML, like Gecko; compatible; GPTBot/1.4; +https://openai.com/gptbot)"
2a03:2880:f806:3:: - - [19/Aug/2026:20:38:44 +0200] "GET /metform-form/anfrage/?fileloc=//proc/3317885/cpu_resctrl_groups&path=//proc/3317885 HTTP/1.1" 500 - "-" "Mozilla/5.0 (Windows NT 10.0; Win64; x64) AppleWebKit/537.36 (KHTML, like Gecko) Chrome/145.0.0.0 Safari/537.36 (compatible; meta-externalagent/1.1 (+https://developers.facebook.com/docs/sharing/webmasters/crawler))"
74.7.242.40 - - [19/Aug/2026:20:39:43 +0200] "GET /sitemap_index.xml?path=/home/tb1/mail/.kontakt@astuning-horgen_de HTTP/1.1" 500 - "https://klaro-gutachten.de/sitemap_index.xml?path=/home/tb1/mail" "Mozilla/5.0 AppleWebKit/537.36 (KHTML, like Gecko; compatible; GPTBot/1.4; +https://openai.com/gptbot)"
2a03:2880:f806:21:: - - [19/Aug/2026:20:39:50 +0200] "GET /metform-form/anfrage/?fileloc=//proc/3317885/timens_offsets&path=//proc/3317885 HTTP/1.1" 500 - "-" "Mozilla/5.0 (Windows NT 10.0; Win64; x64) AppleWebKit/537.36 (KHTML, like Gecko) Chrome/145.0.0.0 Safari/537.36 (compatible; meta-externalagent/1.1 (+https://developers.facebook.com/docs/sharing/webmasters/crawler))"
74.7.242.40 - - [19/Aug/2026:20:40:44 +0200] "GET /sitemap_index.xml?path=/home/tb1/mail/.anfrage@susanneertle-coaching_de HTTP/1.1" 500 - "https://klaro-gutachten.de/sitemap_index.xml?path=/home/tb1/mail" "Mozilla/5.0 AppleWebKit/537.36 (KHTML, like Gecko; compatible; GPTBot/1.4; +https://openai.com/gptbot)"
74.7.228.25 - - [19/Aug/2026:20:40:45 +0200] "GET /robots.txt HTTP/1.1" 304 - "-" "Mozilla/5.0 (Macintosh; Intel Mac OS X 10_15_7) AppleWebKit/537.36 (KHTML, like Gecko) Chrome/131.0.0.0 Safari/537.36; compatible; OAI-SearchBot/1.4; robots.txt; +https://openai.com/searchbot"
2a03:2880:f806:7:: - - [19/Aug/2026:20:40:57 +0200] "GET /metform-form/anfrage/?fileloc=//proc/1829466/oom_adj&path=//proc/1829466 HTTP/1.1" 500 - "-" "Mozilla/5.0 (Windows NT 10.0; Win64; x64) AppleWebKit/537.36 (KHTML, like Gecko) Chrome/145.0.0.0 Safari/537.36 (compatible; meta-externalagent/1.1 (+https://developers.facebook.com/docs/sharing/webmasters/crawler))"
74.7.242.40 - - [19/Aug/2026:20:41:46 +0200] "GET /sitemap_index.xml?path=/home/tb1/mail/.kontakt@lisovastudio-berlin_de HTTP/1.1" 500 - "https://klaro-gutachten.de/sitemap_index.xml?path=/home/tb1/mail" "Mozilla/5.0 AppleWebKit/537.36 (KHTML, like Gecko; compatible; GPTBot/1.4; +https://openai.com/gptbot)"
2a03:2880:f806:32:: - - [19/Aug/2026:20:42:05 +0200] "GET /metform-form/anfrage/?path=//proc/135/attr HTTP/1.1" 500 - "-" "Mozilla/5.0 (Macintosh; Intel Mac OS X 10_15_7) AppleWebKit/537.36 (KHTML, like Gecko) Chrome/145.0.0.0 Safari/537.36 (compatible; meta-externalagent/1.1 (+https://developers.facebook.com/docs/sharing/webmasters/crawler))"
74.7.242.40 - - [19/Aug/2026:20:42:50 +0200] "GET /sitemap_index.xml?path=/home/tb1/etc/pflasterungen-eu.at/@pwcache HTTP/1.1" 500 - "https://klaro-gutachten.de/sitemap_index.xml?path=/home/tb1/etc/pflasterungen-eu.at" "Mozilla/5.0 AppleWebKit/537.36 (KHTML, like Gecko; compatible; GPTBot/1.4; +https://openai.com/gptbot)"
2a03:2880:f806:2c:: - - [19/Aug/2026:20:43:11 +0200] "GET /metform-form/anfrage/?fileloc=//proc/1906578/arch_status&path=//proc/1906578 HTTP/1.1" 500 - "-" "Mozilla/5.0 (Windows NT 10.0; Win64; x64) AppleWebKit/537.36 (KHTML, like Gecko) Chrome/145.0.0.0 Safari/537.36 (compatible; meta-externalagent/1.1 (+https://developers.facebook.com/docs/sharing/webmasters/crawler))"
74.7.242.40 - - [19/Aug/2026:20:43:56 +0200] "GET /sitemap_index.xml?path=/home/tb1/mail/.kontakt@marai-services_de HTTP/1.1" 500 - "https://klaro-gutachten.de/sitemap_index.xml?path=/home/tb1/mail" "Mozilla/5.0 AppleWebKit/537.36 (KHTML, like Gecko; compatible; GPTBot/1.4; +https://openai.com/gptbot)"
2a03:2880:f806:2d:: - - [19/Aug/2026:20:44:17 +0200] "GET /metform-form/anfrage/?fileloc=//proc/1910711/io&path=//proc/1910711 HTTP/1.1" 500 - "-" "Mozilla/5.0 (Windows NT 10.0; Win64; x64) AppleWebKit/537.36 (KHTML, like Gecko) Chrome/145.0.0.0 Safari/537.36 (compatible; meta-externalagent/1.1 (+https://developers.facebook.com/docs/sharing/webmasters/crawler))"
74.7.242.40 - - [19/Aug/2026:20:44:58 +0200] "GET /sitemap_index.xml?path=/home/tb1/mail/.anfrage@barresiverputz_de HTTP/1.1" 500 - "https://klaro-gutachten.de/sitemap_index.xml?path=/home/tb1/mail" "Mozilla/5.0 AppleWebKit/537.36 (KHTML, like Gecko; compatible; GPTBot/1.4; +https://openai.com/gptbot)"
2a03:2880:f806:38:: - - [19/Aug/2026:20:45:24 +0200] "GET /metform-form/anfrage/?fileloc=//proc/18/loginuid&path=//proc/18 HTTP/1.1" 500 - "-" "Mozilla/5.0 (Macintosh; Intel Mac OS X 10_15_7) AppleWebKit/537.36 (KHTML, like Gecko) Chrome/145.0.0.0 Safari/537.36 (compatible; meta-externalagent/1.1 (+https://developers.facebook.com/docs/sharing/webmasters/crawler))"
74.7.242.40 - - [19/Aug/2026:20:45:58 +0200] "GET /sitemap_index.xml?path=/home/tb1/mail/.kontakt@paracelsus-pharma_de HTTP/1.1" 500 - "https://klaro-gutachten.de/sitemap_index.xml?path=/home/tb1/mail" "Mozilla/5.0 AppleWebKit/537.36 (KHTML, like Gecko; compatible; GPTBot/1.4; +https://openai.com/gptbot)"
2a03:2880:f806:2a:: - - [19/Aug/2026:20:46:31 +0200] "GET /metform-form/anfrage/?fileloc=//proc/3808107/statm&path=//proc/3808107 HTTP/1.1" 500 - "-" "Mozilla/5.0 (Windows NT 10.0; Win64; x64) AppleWebKit/537.36 (KHTML, like Gecko) Chrome/145.0.0.0 Safari/537.36 (compatible; meta-externalagent/1.1 (+https://developers.facebook.com/docs/sharing/webmasters/crawler))"
74.7.242.40 - - [19/Aug/2026:20:47:00 +0200] "GET /sitemap_index.xml?path=/home/tb1/mail/.anfrage@ab-performanceortenburg_de HTTP/1.1" 500 - "https://klaro-gutachten.de/sitemap_index.xml?path=/home/tb1/mail" "Mozilla/5.0 AppleWebKit/537.36 (KHTML, like Gecko; compatible; GPTBot/1.4; +https://openai.com/gptbot)"
2a03:2880:f806:44:: - - [19/Aug/2026:20:47:38 +0200] "GET /metform-form/anfrage/?fileloc=//proc/1520531/gid_map&path=//proc/1520531 HTTP/1.1" 503 468 "-" "Mozilla/5.0 (Windows NT 10.0; Win64; x64) AppleWebKit/537.36 (KHTML, like Gecko) Chrome/145.0.0.0 Safari/537.36 (compatible; meta-externalagent/1.1 (+https://developers.facebook.com/docs/sharing/webmasters/crawler))"
74.7.242.40 - - [19/Aug/2026:20:48:04 +0200] "GET /sitemap_index.xml?path=/home/tb1/mail/.kontakt@universa-agentur-dalena_de HTTP/1.1" 500 - "https://klaro-gutachten.de/sitemap_index.xml?path=/home/tb1/mail" "Mozilla/5.0 AppleWebKit/537.36 (KHTML, like Gecko; compatible; GPTBot/1.4; +https://openai.com/gptbot)"
2a03:2880:f806:3a:: - - [19/Aug/2026:20:48:45 +0200] "GET /metform-form/anfrage/?fileloc=//proc/1906578/maps&path=//proc/1906578 HTTP/1.1" 500 - "-" "Mozilla/5.0 (Windows NT 10.0; Win64; x64) AppleWebKit/537.36 (KHTML, like Gecko) Chrome/144.0.0.0 Safari/537.36 Edg/144.0.0.0 (compatible; meta-externalagent/1.1 (+https://developers.facebook.com/docs/sharing/webmasters/crawler))"
74.7.242.40 - - [19/Aug/2026:20:49:07 +0200] "GET /sitemap_index.xml?path=/home/tb1/mail/.anfrage@finecars-bodensee_de HTTP/1.1" 500 - "https://klaro-gutachten.de/sitemap_index.xml?path=/home/tb1/mail" "Mozilla/5.0 AppleWebKit/537.36 (KHTML, like Gecko; compatible; GPTBot/1.4; +https://openai.com/gptbot)"
2a03:2880:f806:3f:: - - [19/Aug/2026:20:49:51 +0200] "GET /metform-form/anfrage/?path=//proc/1910711/attr HTTP/1.1" 500 - "-" "Mozilla/5.0 (Macintosh; Intel Mac OS X 10_15_7) AppleWebKit/537.36 (KHTML, like Gecko) Chrome/145.0.0.0 Safari/537.36 (compatible; meta-externalagent/1.1 (+https://developers.facebook.com/docs/sharing/webmasters/crawler))"
74.7.242.40 - - [19/Aug/2026:20:50:10 +0200] "GET /sitemap_index.xml?path=/home/tb1/mail/.anfrage@rs-motorsport-germany_de HTTP/1.1" 500 - "https://klaro-gutachten.de/sitemap_index.xml?path=/home/tb1/mail" "Mozilla/5.0 AppleWebKit/537.36 (KHTML, like Gecko; compatible; GPTBot/1.4; +https://openai.com/gptbot)"
2a03:2880:f806:16:: - - [19/Aug/2026:20:50:57 +0200] "GET /metform-form/anfrage/?fileloc=//proc/811/autogroup&path=//proc/811 HTTP/1.1" 500 - "-" "Mozilla/5.0 (Windows NT 10.0; Win64; x64) AppleWebKit/537.36 (KHTML, like Gecko) Chrome/145.0.0.0 Safari/537.36 (compatible; meta-externalagent/1.1 (+https://developers.facebook.com/docs/sharing/webmasters/crawler))"
74.7.242.40 - - [19/Aug/2026:20:51:10 +0200] "GET /sitemap_index.xml?path=/home/tb1/ssl/certs HTTP/1.1" 500 - "https://klaro-gutachten.de/sitemap_index.xml?path=/home/tb1/ssl" "Mozilla/5.0 AppleWebKit/537.36 (KHTML, like Gecko; compatible; GPTBot/1.4; +https://openai.com/gptbot)"
2a03:2880:f806:2b:: - - [19/Aug/2026:20:52:05 +0200] "GET /metform-form/anfrage/?fileloc=//proc/1906578/timens_offsets&path=//proc/1906578 HTTP/1.1" 500 - "-" "Mozilla/5.0 (Windows NT 10.0; Win64; x64) AppleWebKit/537.36 (KHTML, like Gecko) Chrome/145.0.0.0 Safari/537.36 (compatible; meta-externalagent/1.1 (+https://developers.facebook.com/docs/sharing/webmasters/crawler))"
74.7.242.40 - - [19/Aug/2026:20:52:12 +0200] "GET /sitemap_index.xml?path=/home/tb1/ssl/keys HTTP/1.1" 500 - "https://klaro-gutachten.de/sitemap_index.xml?path=/home/tb1/ssl" "Mozilla/5.0 AppleWebKit/537.36 (KHTML, like Gecko; compatible; GPTBot/1.4; +https://openai.com/gptbot)"
2a03:2880:f806:b:: - - [19/Aug/2026:20:53:11 +0200] "GET /metform-form/anfrage/?fileloc=//proc/477238/wchan&path=//proc/477238 HTTP/1.1" 500 - "-" "Mozilla/5.0 (Windows NT 10.0; Win64; x64) AppleWebKit/537.36 (KHTML, like Gecko) Chrome/145.0.0.0 Safari/537.36 (compatible; meta-externalagent/1.1 (+https://developers.facebook.com/docs/sharing/webmasters/crawler))"
74.7.242.40 - - [19/Aug/2026:20:53:16 +0200] "GET /sitemap_index.xml?path=/home/tb1/.cpaddons HTTP/1.1" 500 - "https://klaro-gutachten.de/sitemap_index.xml?path=/home/tb1" "Mozilla/5.0 AppleWebKit/537.36 (KHTML, like Gecko; compatible; GPTBot/1.4; +https://openai.com/gptbot)"
2a03:2880:f806:1f:: - - [19/Aug/2026:20:54:18 +0200] "GET /metform-form/anfrage/?fileloc=//proc/18/coredump_filter&path=//proc/18 HTTP/1.1" 500 - "-" "Mozilla/5.0 (Macintosh; Intel Mac OS X 10_15_7) AppleWebKit/537.36 (KHTML, like Gecko) Chrome/145.0.0.0 Safari/537.36 (compatible; meta-externalagent/1.1 (+https://developers.facebook.com/docs/sharing/webmasters/crawler))"
74.7.242.40 - - [19/Aug/2026:20:54:22 +0200] "GET /sitemap_index.xml?path=/home/tb1/public_html HTTP/1.1" 500 - "https://klaro-gutachten.de/sitemap_index.xml?path=/home/tb1" "Mozilla/5.0 AppleWebKit/537.36 (KHTML, like Gecko; compatible; GPTBot/1.4; +https://openai.com/gptbot)"
2a03:2880:f806:29:: - - [19/Aug/2026:20:55:24 +0200] "GET /metform-form/anfrage/?fileloc=//proc/89/clear_refs&path=//proc/89 HTTP/1.1" 500 - "-" "Mozilla/5.0 (Windows NT 10.0; Win64; x64) AppleWebKit/537.36 (KHTML, like Gecko) Chrome/145.0.0.0 Safari/537.36 (compatible; meta-externalagent/1.1 (+https://developers.facebook.com/docs/sharing/webmasters/crawler))"
74.7.242.40 - - [19/Aug/2026:20:55:27 +0200] "GET /sitemap_index.xml?path=/home/tb1/etc/postfix HTTP/1.1" 500 - "https://klaro-gutachten.de/sitemap_index.xml?path=/home/tb1/etc" "Mozilla/5.0 AppleWebKit/537.36 (KHTML, like Gecko; compatible; GPTBot/1.4; +https://openai.com/gptbot)"
74.7.242.40 - - [19/Aug/2026:20:56:29 +0200] "GET /sitemap_index.xml?path=/home/tb1/.htpasswds HTTP/1.1" 500 - "https://klaro-gutachten.de/sitemap_index.xml?path=/home/tb1" "Mozilla/5.0 AppleWebKit/537.36 (KHTML, like Gecko; compatible; GPTBot/1.4; +https://openai.com/gptbot)"
2a03:2880:f806:1f:: - - [19/Aug/2026:20:56:31 +0200] "GET /metform-form/anfrage/?fileloc=//proc/477238/timens_offsets&path=//proc/477238 HTTP/1.1" 500 - "-" "Mozilla/5.0 (Windows NT 10.0; Win64; x64) AppleWebKit/537.36 (KHTML, like Gecko) Chrome/145.0.0.0 Safari/537.36 (compatible; meta-externalagent/1.1 (+https://developers.facebook.com/docs/sharing/webmasters/crawler))"
74.7.242.40 - - [19/Aug/2026:20:57:30 +0200] "GET /sitemap_index.xml?path=/home/tb1/ssl/csrs HTTP/1.1" 500 - "https://klaro-gutachten.de/sitemap_index.xml?path=/home/tb1/ssl" "Mozilla/5.0 AppleWebKit/537.36 (KHTML, like Gecko; compatible; GPTBot/1.4; +https://openai.com/gptbot)"
2a03:2880:f806:1b:: - - [19/Aug/2026:20:57:38 +0200] "GET /metform-form/anfrage/?fileloc=//proc/18/timers&path=//proc/18 HTTP/1.1" 500 - "-" "Mozilla/5.0 (Windows NT 10.0; Win64; x64) AppleWebKit/537.36 (KHTML, like Gecko) Chrome/145.0.0.0 Safari/537.36 (compatible; meta-externalagent/1.1 (+https://developers.facebook.com/docs/sharing/webmasters/crawler))"
74.7.242.40 - - [19/Aug/2026:20:58:35 +0200] "GET /sitemap_index.xml?path=//backup HTTP/1.1" 500 - "https://klaro-gutachten.de/sitemap_index.xml?path=/" "Mozilla/5.0 AppleWebKit/537.36 (KHTML, like Gecko; compatible; GPTBot/1.4; +https://openai.com/gptbot)"
2a03:2880:f806:f:: - - [19/Aug/2026:20:58:45 +0200] "GET /metform-form/anfrage/?fileloc=//proc/3317885/mountinfo&path=//proc/3317885 HTTP/1.1" 500 - "-" "Mozilla/5.0 (Macintosh; Intel Mac OS X 10_15_7) AppleWebKit/537.36 (KHTML, like Gecko) Chrome/145.0.0.0 Safari/537.36 (compatible; meta-externalagent/1.1 (+https://developers.facebook.com/docs/sharing/webmasters/crawler))"
74.7.242.40 - - [19/Aug/2026:20:59:37 +0200] "GET /sitemap_index.xml?path=/home/tb1/mail/detailingcenter-selmani.ch HTTP/1.1" 500 - "https://klaro-gutachten.de/sitemap_index.xml?path=/home/tb1/mail" "Mozilla/5.0 AppleWebKit/537.36 (KHTML, like Gecko; compatible; GPTBot/1.4; +https://openai.com/gptbot)"
2a03:2880:f806:21:: - - [19/Aug/2026:20:59:51 +0200] "GET /metform-form/anfrage/?fileloc=//proc/135/auxv&path=//proc/135 HTTP/1.1" 500 - "-" "Mozilla/5.0 (Windows NT 10.0; Win64; x64) AppleWebKit/537.36 (KHTML, like Gecko) Chrome/145.0.0.0 Safari/537.36 (compatible; meta-externalagent/1.1 (+https://developers.facebook.com/docs/sharing/webmasters/crawler))"
74.7.242.40 - - [19/Aug/2026:21:00:39 +0200] "GET /sitemap_index.xml?path=//proc HTTP/1.1" 500 - "https://klaro-gutachten.de/sitemap_index.xml?path=/" "Mozilla/5.0 AppleWebKit/537.36 (KHTML, like Gecko; compatible; GPTBot/1.4; +https://openai.com/gptbot)"
2a03:2880:f806:2b:: - - [19/Aug/2026:21:00:58 +0200] "GET /metform-form/anfrage/?fileloc=//proc/1906578/comm&path=//proc/1906578 HTTP/1.1" 500 - "-" "Mozilla/5.0 (X11; Linux x86_64) AppleWebKit/537.36 (KHTML, like Gecko) Chrome/145.0.0.0 Safari/537.36 (compatible; meta-externalagent/1.1 (+https://developers.facebook.com/docs/sharing/webmasters/crawler))"
195.178.110.211 - - [19/Aug/2026:21:01:12 +0200] "GET /wp-json/gravitysmtp/v1/tests/mock-data?page=gravitysmtp-settings HTTP/1.1" 404 3421 "http://webmail.klaro-gutachten.de/wp-json/gravitysmtp/v1/tests/mock-data?page=gravitysmtp-settings" "Mozilla/5.0 (compatible; SecurityResearch/1.0; )"
74.7.242.40 - - [19/Aug/2026:21:01:47 +0200] "GET /sitemap_index.xml?path=/home/tb1/mail/.buchhaltung@fensterundhaus_de HTTP/1.1" 503 468 "https://klaro-gutachten.de/sitemap_index.xml?path=/home/tb1/mail" "Mozilla/5.0 AppleWebKit/537.36 (KHTML, like Gecko; compatible; GPTBot/1.4; +https://openai.com/gptbot)"
107.150.61.58 - - [19/Aug/2026:21:01:43 +0200] "GET /wp-includes/pl62a5ac/edit.php HTTP/1.1" 503 - "https://klaro-gutachten.de/wp-includes/pl62a5ac/edit.php" "Mozilla/5.0 (Windows NT 10.0; Win64; x64) AppleWebKit/537.36 (KHTML, like Gecko) Chrome/58.0.3029.110 Safari/537.3"
107.150.61.58 - - [19/Aug/2026:21:01:58 +0200] "GET /wp-includes/pl62a5ac/edit.php HTTP/1.1" 503 - "https://klaro-gutachten.de/wp-includes/pl62a5ac/edit.php" "Mozilla/5.0 (Windows NT 10.0; Win64; x64) AppleWebKit/537.36 (KHTML, like Gecko) Chrome/58.0.3029.110 Safari/537.3"
2a03:2880:f806:38:: - - [19/Aug/2026:21:02:19 +0200] "GET /metform-form/anfrage/?fileloc=//proc/1829466/mountstats&path=//proc/1829466 HTTP/1.1" 503 - "-" "Mozilla/5.0 (Windows NT 10.0; Win64; x64) AppleWebKit/537.36 (KHTML, like Gecko) Chrome/145.0.0.0 Safari/537.36 (compatible; meta-externalagent/1.1 (+https://developers.facebook.com/docs/sharing/webmasters/crawler))"
74.7.242.40 - - [19/Aug/2026:21:02:51 +0200] "GET /sitemap_index.xml?path=/home/tb1/mail/.anfrage@naturpraxis-shaktigarten_de HTTP/1.1" 503 - "https://klaro-gutachten.de/sitemap_index.xml?path=/home/tb1/mail" "Mozilla/5.0 AppleWebKit/537.36 (KHTML, like Gecko; compatible; GPTBot/1.4; +https://openai.com/gptbot)"
2a03:2880:f806:20:: - - [19/Aug/2026:21:03:17 +0200] "GET /metform-form/anfrage/?fileloc=//proc/1906578/smaps&path=//proc/1906578 HTTP/1.1" 500 - "-" "Mozilla/5.0 (Windows NT 10.0; Win64; x64) AppleWebKit/537.36 (KHTML, like Gecko) Chrome/145.0.0.0 Safari/537.36 (compatible; meta-externalagent/1.1 (+https://developers.facebook.com/docs/sharing/webmasters/crawler))"
74.7.242.40 - - [19/Aug/2026:21:03:58 +0200] "GET /sitemap_index.xml?path=/home/tb1/mail/.anfrage@pimpyourskintattoo_de HTTP/1.1" 500 - "https://klaro-gutachten.de/sitemap_index.xml?path=/home/tb1/mail" "Mozilla/5.0 AppleWebKit/537.36 (KHTML, like Gecko; compatible; GPTBot/1.4; +https://openai.com/gptbot)"
2a03:2880:f806:33:: - - [19/Aug/2026:21:04:30 +0200] "GET /metform-form/anfrage/?fileloc=//proc/3808107/wchan&path=//proc/3808107 HTTP/1.1" 500 - "-" "Mozilla/5.0 (Windows NT 10.0; Win64; x64) AppleWebKit/537.36 (KHTML, like Gecko) Chrome/145.0.0.0 Safari/537.36 (compatible; meta-externalagent/1.1 (+https://developers.facebook.com/docs/sharing/webmasters/crawler))"
74.7.242.40 - - [19/Aug/2026:21:05:01 +0200] "GET /sitemap_index.xml?path=/home/tb1/mail/.kontakt@wraptechperformance_de HTTP/1.1" 500 - "https://klaro-gutachten.de/sitemap_index.xml?path=/home/tb1/mail" "Mozilla/5.0 AppleWebKit/537.36 (KHTML, like Gecko; compatible; GPTBot/1.4; +https://openai.com/gptbot)"
2a03:2880:f806:4:: - - [19/Aug/2026:21:05:30 +0200] "GET /metform-form/anfrage/?fileloc=//proc/3808107/numa_maps&path=//proc/3808107 HTTP/1.1" 500 - "-" "Mozilla/5.0 (Windows NT 10.0; Win64; x64) AppleWebKit/537.36 (KHTML, like Gecko) Chrome/145.0.0.0 Safari/537.36 (compatible; meta-externalagent/1.1 (+https://developers.facebook.com/docs/sharing/webmasters/crawler))"
74.7.242.40 - - [19/Aug/2026:21:05:59 +0200] "GET /sitemap_index.xml?path=/home/tb1/mail/saubereluft-pf.de/.info@saubereluft-pf.de HTTP/1.1" 500 - "https://klaro-gutachten.de/sitemap_index.xml?path=/home/tb1/mail/saubereluft-pf.de" "Mozilla/5.0 AppleWebKit/537.36 (KHTML, like Gecko; compatible; GPTBot/1.4; +https://openai.com/gptbot)"
2a03:2880:f806:26:: - - [19/Aug/2026:21:06:39 +0200] "GET /impressum/ HTTP/1.1" 500 - "-" "Mozilla/5.0 (Macintosh; Intel Mac OS X 10_15_7) AppleWebKit/537.36 (KHTML, like Gecko) Chrome/145.0.0.0 Safari/537.36 (compatible; meta-externalagent/1.1 (+https://developers.facebook.com/docs/sharing/webmasters/crawler))"
74.7.242.40 - - [19/Aug/2026:21:07:07 +0200] "GET /sitemap_index.xml?path=/home/tb1/freiburgfrachtumzug.de/.well-known HTTP/1.1" 500 - "https://klaro-gutachten.de/sitemap_index.xml?path=/home/tb1/freiburgfrachtumzug.de" "Mozilla/5.0 AppleWebKit/537.36 (KHTML, like Gecko; compatible; GPTBot/1.4; +https://openai.com/gptbot)"
2a03:2880:f806:23:: - - [19/Aug/2026:21:07:59 +0200] "GET /metform-form/anfrage/?fileloc=//proc/1829466/pagemap&path=//proc/1829466 HTTP/1.1" 500 - "-" "Mozilla/5.0 (Windows NT 10.0; Win64; x64) AppleWebKit/537.36 (KHTML, like Gecko) Chrome/145.0.0.0 Safari/537.36 Edg/145.0.0.0 (compatible; meta-externalagent/1.1 (+https://developers.facebook.com/docs/sharing/webmasters/crawler))"
74.7.242.40 - - [19/Aug/2026:21:08:43 +0200] "GET /sitemap_index.xml?path=/home/tb1/etc/korkmaz-heizung-sanitaer.de HTTP/1.1" 500 - "https://klaro-gutachten.de/sitemap_index.xml?path=/home/tb1/etc" "Mozilla/5.0 AppleWebKit/537.36 (KHTML, like Gecko; compatible; GPTBot/1.4; +https://openai.com/gptbot)"
2a03:2880:f806:4:: - - [19/Aug/2026:21:09:37 +0200] "GET /metform-form/anfrage/?fileloc=//proc/3317885/maps&path=//proc/3317885 HTTP/1.1" 500 - "-" "Mozilla/5.0 (Macintosh; Intel Mac OS X 10_15_7) AppleWebKit/537.36 (KHTML, like Gecko) Chrome/145.0.0.0 Safari/537.36 (compatible; meta-externalagent/1.1 (+https://developers.facebook.com/docs/sharing/webmasters/crawler))"
74.7.242.40 - - [19/Aug/2026:21:09:50 +0200] "GET /sitemap_index.xml?path=/home/tb1/naturpraxis-shaktigarten.de/.well-known HTTP/1.1" 500 - "https://klaro-gutachten.de/sitemap_index.xml?path=/home/tb1/naturpraxis-shaktigarten.de" "Mozilla/5.0 AppleWebKit/537.36 (KHTML, like Gecko; compatible; GPTBot/1.4; +https://openai.com/gptbot)"
2a03:2880:f806:4:: - - [19/Aug/2026:21:10:20 +0200] "GET /metform-form/anfrage/?fileloc=//proc/3317885/loginuid&path=//proc/3317885 HTTP/1.1" 503 468 "-" "Mozilla/5.0 (Windows NT 10.0; Win64; x64) AppleWebKit/537.36 (KHTML, like Gecko) Chrome/145.0.0.0 Safari/537.36 Edg/145.0.0.0 (compatible; meta-externalagent/1.1 (+https://developers.facebook.com/docs/sharing/webmasters/crawler))"
74.7.242.40 - - [19/Aug/2026:21:10:35 +0200] "GET /sitemap_index.xml?path=/home/tb1/lisovastudio-berlin.de/.well-known HTTP/1.1" 500 - "https://klaro-gutachten.de/sitemap_index.xml?path=/home/tb1/lisovastudio-berlin.de" "Mozilla/5.0 AppleWebKit/537.36 (KHTML, like Gecko; compatible; GPTBot/1.4; +https://openai.com/gptbot)"
2a03:2880:f806:2a:: - - [19/Aug/2026:21:11:40 +0200] "GET /metform-form/anfrage/?fileloc=//proc/135/timens_offsets&path=//proc/135 HTTP/1.1" 500 - "-" "Mozilla/5.0 (Windows NT 10.0; Win64; x64) AppleWebKit/537.36 (KHTML, like Gecko) Chrome/145.0.0.0 Safari/537.36 (compatible; meta-externalagent/1.1 (+https://developers.facebook.com/docs/sharing/webmasters/crawler))"
74.7.242.40 - - [19/Aug/2026:21:11:44 +0200] "GET /sitemap_index.xml?path=/home/tb1/susanneertle-coaching.de/.well-known HTTP/1.1" 500 - "https://klaro-gutachten.de/sitemap_index.xml?path=/home/tb1/susanneertle-coaching.de" "Mozilla/5.0 AppleWebKit/537.36 (KHTML, like Gecko; compatible; GPTBot/1.4; +https://openai.com/gptbot)"
2a03:2880:f806:2d:: - - [19/Aug/2026:21:12:27 +0200] "GET /metform-form/anfrage/?fileloc=//proc/811/sched&path=//proc/811 HTTP/1.1" 500 - "-" "Mozilla/5.0 (Windows NT 10.0; Win64; x64) AppleWebKit/537.36 (KHTML, like Gecko) Chrome/146.0.0.0 Safari/537.36 Edg/146.0.0.0 (compatible; meta-externalagent/1.1 (+https://developers.facebook.com/docs/sharing/webmasters/crawler))"
74.7.242.40 - - [19/Aug/2026:21:12:32 +0200] "GET /sitemap_index.xml?path=/home/tb1/rs-motorsport-germany.de/.well-known HTTP/1.1" 500 - "https://klaro-gutachten.de/sitemap_index.xml?path=/home/tb1/rs-motorsport-germany.de" "Mozilla/5.0 AppleWebKit/537.36 (KHTML, like Gecko; compatible; GPTBot/1.4; +https://openai.com/gptbot)"
2a03:2880:f806:19:: - - [19/Aug/2026:21:13:29 +0200] "GET /metform-form/anfrage/?fileloc=//proc/1438528/gid_map&path=//proc/1438528 HTTP/1.1" 500 - "-" "Mozilla/5.0 (Windows NT 10.0; Win64; x64) AppleWebKit/537.36 (KHTML, like Gecko) Chrome/145.0.0.0 Safari/537.36 (compatible; meta-externalagent/1.1 (+https://developers.facebook.com/docs/sharing/webmasters/crawler))"
74.7.242.40 - - [19/Aug/2026:21:13:37 +0200] "GET /sitemap_index.xml?path=/home/tb1/baumaservice-weimer.de/.well-known HTTP/1.1" 500 - "https://klaro-gutachten.de/sitemap_index.xml?path=/home/tb1/baumaservice-weimer.de" "Mozilla/5.0 AppleWebKit/537.36 (KHTML, like Gecko; compatible; GPTBot/1.4; +https://openai.com/gptbot)"
74.7.242.40 - - [19/Aug/2026:21:14:43 +0200] "GET /sitemap_index.xml?path=/home/tb1/paracelsus-pharma.de/.well-known HTTP/1.1" 500 - "https://klaro-gutachten.de/sitemap_index.xml?path=/home/tb1/paracelsus-pharma.de" "Mozilla/5.0 AppleWebKit/537.36 (KHTML, like Gecko; compatible; GPTBot/1.4; +https://openai.com/gptbot)"
2a03:2880:f806:1d:: - - [19/Aug/2026:21:14:43 +0200] "GET /metform-form/anfrage/?path=//proc/1906578/fd HTTP/1.1" 500 - "-" "Mozilla/5.0 (Macintosh; Intel Mac OS X 10_15_7) AppleWebKit/537.36 (KHTML, like Gecko) Chrome/145.0.0.0 Safari/537.36 (compatible; meta-externalagent/1.1 (+https://developers.facebook.com/docs/sharing/webmasters/crawler))"
74.7.242.40 - - [19/Aug/2026:21:15:29 +0200] "GET /sitemap_index.xml?path=/home/tb1/goettler-services.de/.well-known HTTP/1.1" 500 - "https://klaro-gutachten.de/sitemap_index.xml?path=/home/tb1/goettler-services.de" "Mozilla/5.0 AppleWebKit/537.36 (KHTML, like Gecko; compatible; GPTBot/1.4; +https://openai.com/gptbot)"
2a03:2880:f806:30:: - - [19/Aug/2026:21:15:30 +0200] "GET /metform-form/anfrage/?fileloc=//proc/1911923/oom_score_adj&path=//proc/1911923 HTTP/1.1" 500 - "-" "Mozilla/5.0 (Windows NT 10.0; Win64; x64) AppleWebKit/537.36 (KHTML, like Gecko) Chrome/145.0.0.0 Safari/537.36 (compatible; meta-externalagent/1.1 (+https://developers.facebook.com/docs/sharing/webmasters/crawler))"
74.7.242.40 - - [19/Aug/2026:21:16:37 +0200] "GET /sitemap_index.xml?path=/home/tb1/universa-agentur-dalena.de/.well-known HTTP/1.1" 500 - "https://klaro-gutachten.de/sitemap_index.xml?path=/home/tb1/universa-agentur-dalena.de" "Mozilla/5.0 AppleWebKit/537.36 (KHTML, like Gecko; compatible; GPTBot/1.4; +https://openai.com/gptbot)"
2a03:2880:f806:14:: - - [19/Aug/2026:21:16:41 +0200] "GET /metform-form/anfrage/?path=//proc/95/attr HTTP/1.1" 500 - "-" "Mozilla/5.0 (Macintosh; Intel Mac OS X 10_15_7) AppleWebKit/537.36 (KHTML, like Gecko) Chrome/145.0.0.0 Safari/537.36 (compatible; meta-externalagent/1.1 (+https://developers.facebook.com/docs/sharing/webmasters/crawler))"
74.7.242.40 - - [19/Aug/2026:21:17:28 +0200] "GET /sitemap_index.xml?path=/home/tb1/hausmeisterservice-as.de/.well-known HTTP/1.1" 500 - "https://klaro-gutachten.de/sitemap_index.xml?path=/home/tb1/hausmeisterservice-as.de" "Mozilla/5.0 AppleWebKit/537.36 (KHTML, like Gecko; compatible; GPTBot/1.4; +https://openai.com/gptbot)"
2a03:2880:f806:2a:: - - [19/Aug/2026:21:17:38 +0200] "GET /metform-form/anfrage/?fileloc=//proc/1906578/statm&path=//proc/1906578 HTTP/1.1" 500 - "-" "Mozilla/5.0 (Macintosh; Intel Mac OS X 10_15_7) AppleWebKit/537.36 (KHTML, like Gecko) Chrome/145.0.0.0 Safari/537.36 (compatible; meta-externalagent/1.1 (+https://developers.facebook.com/docs/sharing/webmasters/crawler))"
74.7.242.40 - - [19/Aug/2026:21:18:37 +0200] "GET /sitemap_index.xml?path=/home/tb1/alviva-gesundheit.de/.well-known HTTP/1.1" 500 - "https://klaro-gutachten.de/sitemap_index.xml?path=/home/tb1/alviva-gesundheit.de" "Mozilla/5.0 AppleWebKit/537.36 (KHTML, like Gecko; compatible; GPTBot/1.4; +https://openai.com/gptbot)"
2a03:2880:f806:3a:: - - [19/Aug/2026:21:18:48 +0200] "GET /metform-form/anfrage/?fileloc=//proc/3317885/syscall&path=//proc/3317885 HTTP/1.1" 500 - "-" "Mozilla/5.0 (Macintosh; Intel Mac OS X 10_15_7) AppleWebKit/537.36 (KHTML, like Gecko) Chrome/145.0.0.0 Safari/537.36 (compatible; meta-externalagent/1.1 (+https://developers.facebook.com/docs/sharing/webmasters/crawler))"
74.7.242.40 - - [19/Aug/2026:21:19:43 +0200] "GET /sitemap_index.xml?path=/home/tb1/stickerei-smart-outdoor.de/.well-known HTTP/1.1" 500 - "https://klaro-gutachten.de/sitemap_index.xml?path=/home/tb1/stickerei-smart-outdoor.de" "Mozilla/5.0 AppleWebKit/537.36 (KHTML, like Gecko; compatible; GPTBot/1.4; +https://openai.com/gptbot)"
2a03:2880:f806:37:: - - [19/Aug/2026:21:19:59 +0200] "GET /metform-form/anfrage/?path=//proc/1906578/ns HTTP/1.1" 500 - "-" "Mozilla/5.0 (Windows NT 10.0; Win64; x64) AppleWebKit/537.36 (KHTML, like Gecko) Chrome/145.0.0.0 Safari/537.36 (compatible; meta-externalagent/1.1 (+https://developers.facebook.com/docs/sharing/webmasters/crawler))"
74.7.242.40 - - [19/Aug/2026:21:21:33 +0200] "GET /sitemap_index.xml?path=/home/tb1/etc/lisovastudio-berlin.de/@pwcache HTTP/1.1" 500 - "https://klaro-gutachten.de/sitemap_index.xml?path=/home/tb1/etc/lisovastudio-berlin.de" "Mozilla/5.0 AppleWebKit/537.36 (KHTML, like Gecko; compatible; GPTBot/1.4; +https://openai.com/gptbot)"
2a03:2880:f806:9:: - - [19/Aug/2026:21:23:40 +0200] "GET /metform-form/anfrage/?fileloc=//proc/1520531/oom_adj&path=//proc/1520531 HTTP/1.1" 500 - "-" "Mozilla/5.0 (Windows NT 10.0; Win64; x64) AppleWebKit/537.36 (KHTML, like Gecko) Chrome/145.0.0.0 Safari/537.36 (compatible; meta-externalagent/1.1 (+https://developers.facebook.com/docs/sharing/webmasters/crawler))"
2a03:2880:f806:17:: - - [19/Aug/2026:21:25:40 +0200] "GET /metform-form/anfrage/?fileloc=//proc/1913222/coredump_filter&path=//proc/1913222 HTTP/1.1" 500 - "-" "Mozilla/5.0 (Windows NT 10.0; Win64; x64) AppleWebKit/537.36 (KHTML, like Gecko) Chrome/145.0.0.0 Safari/537.36 (compatible; meta-externalagent/1.1 (+https://developers.facebook.com/docs/sharing/webmasters/crawler))"
74.7.242.40 - - [19/Aug/2026:21:26:13 +0200] "GET /sitemap_index.xml?path=/home/tb1/mail/.info@reich-maler_de/.mail.virtual.info@reich-maler_de HTTP/1.1" 500 - "https://klaro-gutachten.de/sitemap_index.xml?path=/home/tb1/mail/.info@reich-maler_de" "Mozilla/5.0 AppleWebKit/537.36 (KHTML, like Gecko; compatible; GPTBot/1.4; +https://openai.com/gptbot)"
2a03:2880:f806:2b:: - - [19/Aug/2026:21:26:37 +0200] "GET /metform-form/anfrage/?fileloc=//proc/1912292/oom_adj&path=//proc/1912292 HTTP/1.1" 500 - "-" "Mozilla/5.0 (Windows NT 10.0; Win64; x64) AppleWebKit/537.36 (KHTML, like Gecko) Chrome/145.0.0.0 Safari/537.36 (compatible; meta-externalagent/1.1 (+https://developers.facebook.com/docs/sharing/webmasters/crawler))"
74.7.242.40 - - [19/Aug/2026:21:27:04 +0200] "GET /sitemap_index.xml?path=/home/tb1/mail/.kontakt@koci-esthetic_de/.Sent HTTP/1.1" 500 - "https://klaro-gutachten.de/sitemap_index.xml?path=/home/tb1/mail/.kontakt@koci-esthetic_de" "Mozilla/5.0 AppleWebKit/537.36 (KHTML, like Gecko; compatible; GPTBot/1.4; +https://openai.com/gptbot)"
2a03:2880:f806:2f:: - - [19/Aug/2026:21:27:48 +0200] "GET /metform-form/anfrage/?fileloc=//proc/1910711/stat&path=//proc/1910711 HTTP/1.1" 500 - "-" "Mozilla/5.0 (Windows NT 10.0; Win64; x64) AppleWebKit/537.36 (KHTML, like Gecko) Chrome/145.0.0.0 Safari/537.36 (compatible; meta-externalagent/1.1 (+https://developers.facebook.com/docs/sharing/webmasters/crawler))"
74.7.242.40 - - [19/Aug/2026:21:28:10 +0200] "GET /sitemap_index.xml?path=/home/tb1/mail/.kontakt@koci-esthetic_de/cur HTTP/1.1" 500 - "https://klaro-gutachten.de/sitemap_index.xml?path=/home/tb1/mail/.kontakt@koci-esthetic_de" "Mozilla/5.0 AppleWebKit/537.36 (KHTML, like Gecko; compatible; GPTBot/1.4; +https://openai.com/gptbot)"
2a03:2880:f806:37:: - - [19/Aug/2026:21:28:55 +0200] "GET /metform-form/anfrage/?fileloc=//proc/3808107/autogroup&path=//proc/3808107 HTTP/1.1" 500 - "-" "Mozilla/5.0 (Windows NT 10.0; Win64; x64) AppleWebKit/537.36 (KHTML, like Gecko) Chrome/145.0.0.0 Safari/537.36 (compatible; meta-externalagent/1.1 (+https://developers.facebook.com/docs/sharing/webmasters/crawler))"
74.7.242.40 - - [19/Aug/2026:21:29:11 +0200] "GET /sitemap_index.xml?path=/home/tb1/mail/.kontakt@charismabeauty-haarentfernung_de HTTP/1.1" 500 - "https://klaro-gutachten.de/sitemap_index.xml?path=/home/tb1/mail" "Mozilla/5.0 AppleWebKit/537.36 (KHTML, like Gecko; compatible; GPTBot/1.4; +https://openai.com/gptbot)"
2a03:2880:f806:1a:: - - [19/Aug/2026:21:30:05 +0200] "GET /metform-form/anfrage/?fileloc=//proc/3317885/statm&path=//proc/3317885 HTTP/1.1" 500 - "-" "Mozilla/5.0 (Macintosh; Intel Mac OS X 10_15_7) AppleWebKit/537.36 (KHTML, like Gecko) Chrome/145.0.0.0 Safari/537.36 (compatible; meta-externalagent/1.1 (+https://developers.facebook.com/docs/sharing/webmasters/crawler))"
74.7.242.40 - - [19/Aug/2026:21:30:21 +0200] "GET /sitemap_index.xml?path=/home/tb1/mail/barresiverputz.de/.info@barresiverputz.de HTTP/1.1" 500 - "https://klaro-gutachten.de/sitemap_index.xml?path=/home/tb1/mail/barresiverputz.de" "Mozilla/5.0 AppleWebKit/537.36 (KHTML, like Gecko; compatible; GPTBot/1.4; +https://openai.com/gptbot)"
2a03:2880:f806:40:: - - [19/Aug/2026:21:31:04 +0200] "GET /metform-form/anfrage/?path=//proc/1438528/fdinfo HTTP/1.1" 500 - "-" "Mozilla/5.0 (Windows NT 10.0; Win64; x64) AppleWebKit/537.36 (KHTML, like Gecko) Chrome/145.0.0.0 Safari/537.36 (compatible; meta-externalagent/1.1 (+https://developers.facebook.com/docs/sharing/webmasters/crawler))"
74.7.242.40 - - [19/Aug/2026:21:31:12 +0200] "GET /sitemap_index.xml?path=/home/tb1/mail/.kontakt@aldeabaugmbh_de/.Sent HTTP/1.1" 500 - "https://klaro-gutachten.de/sitemap_index.xml?path=/home/tb1/mail/.kontakt@aldeabaugmbh_de" "Mozilla/5.0 AppleWebKit/537.36 (KHTML, like Gecko; compatible; GPTBot/1.4; +https://openai.com/gptbot)"
2a03:2880:f806:3b:: - - [19/Aug/2026:21:32:08 +0200] "GET /metform-form/anfrage/?fileloc=//proc/3317885/arch_status&path=//proc/3317885 HTTP/1.1" 500 - "-" "Mozilla/5.0 (Windows NT 10.0; Win64; x64) AppleWebKit/537.36 (KHTML, like Gecko) Chrome/145.0.0.0 Safari/537.36 (compatible; meta-externalagent/1.1 (+https://developers.facebook.com/docs/sharing/webmasters/crawler))"
74.7.242.40 - - [19/Aug/2026:21:32:13 +0200] "GET /sitemap_index.xml?path=/home/tb1/mail/.kontakt@aldeabaugmbh_de/.Junk HTTP/1.1" 500 - "https://klaro-gutachten.de/sitemap_index.xml?path=/home/tb1/mail/.kontakt@aldeabaugmbh_de" "Mozilla/5.0 AppleWebKit/537.36 (KHTML, like Gecko; compatible; GPTBot/1.4; +https://openai.com/gptbot)"
74.7.242.40 - - [19/Aug/2026:21:34:25 +0200] "GET /sitemap_index.xml?path=/home/tb1/mail/.kontakt@taximirko_ch/.Trash HTTP/1.1" 500 - "https://klaro-gutachten.de/sitemap_index.xml?path=/home/tb1/mail/.kontakt@taximirko_ch" "Mozilla/5.0 AppleWebKit/537.36 (KHTML, like Gecko; compatible; GPTBot/1.4; +https://openai.com/gptbot)"
2a03:2880:f806:41:: - - [19/Aug/2026:21:34:26 +0200] "GET /metform-form/anfrage/?fileloc=//proc/3317885/numa_maps&path=//proc/3317885 HTTP/1.1" 503 468 "-" "Mozilla/5.0 (X11; Linux x86_64) AppleWebKit/537.36 (KHTML, like Gecko) Chrome/145.0.0.0 Safari/537.36 (compatible; meta-externalagent/1.1 (+https://developers.facebook.com/docs/sharing/webmasters/crawler))"
74.7.242.40 - - [19/Aug/2026:21:35:25 +0200] "GET /sitemap_index.xml?path=/home/tb1/autoaufbereitung-glanzzeit.de/.well-known HTTP/1.1" 500 - "https://klaro-gutachten.de/sitemap_index.xml?path=/home/tb1/autoaufbereitung-glanzzeit.de" "Mozilla/5.0 AppleWebKit/537.36 (KHTML, like Gecko; compatible; GPTBot/1.4; +https://openai.com/gptbot)"
2a03:2880:f806:26:: - - [19/Aug/2026:21:35:28 +0200] "GET /metform-form/anfrage/?fileloc=//proc/89/sched&path=//proc/89 HTTP/1.1" 500 - "-" "Mozilla/5.0 (Windows NT 10.0; Win64; x64) AppleWebKit/537.36 (KHTML, like Gecko) Chrome/145.0.0.0 Safari/537.36 (compatible; meta-externalagent/1.1 (+https://developers.facebook.com/docs/sharing/webmasters/crawler))"
74.7.242.40 - - [19/Aug/2026:21:35:46 +0200] "GET /sitemap_index.xml?path=/home/tb1/akdeniz-haushaltsaufloesung.de/.well-known HTTP/1.1" 500 - "https://klaro-gutachten.de/sitemap_index.xml?path=/home/tb1/akdeniz-haushaltsaufloesung.de" "Mozilla/5.0 AppleWebKit/537.36 (KHTML, like Gecko; compatible; GPTBot/1.4; +https://openai.com/gptbot)"
2a03:2880:f806:39:: - - [19/Aug/2026:21:35:53 +0200] "GET /metform-form/anfrage/?fileloc=//proc/1910711/smaps&path=//proc/1910711 HTTP/1.1" 500 - "-" "Mozilla/5.0 (Windows NT 10.0; Win64; x64) AppleWebKit/537.36 (KHTML, like Gecko) Chrome/145.0.0.0 Safari/537.36 (compatible; meta-externalagent/1.1 (+https://developers.facebook.com/docs/sharing/webmasters/crawler))"
74.7.242.40 - - [19/Aug/2026:21:36:22 +0200] "GET /sitemap_index.xml?path=/home/tb1/mail/zerspanungstechnik-rica.de HTTP/1.1" 500 - "https://klaro-gutachten.de/sitemap_index.xml?path=/home/tb1/mail" "Mozilla/5.0 AppleWebKit/537.36 (KHTML, like Gecko; compatible; GPTBot/1.4; +https://openai.com/gptbot)"
2a03:2880:f806:3:: - - [19/Aug/2026:21:36:40 +0200] "GET /metform-form/anfrage/?fileloc=//proc/3808107/oom_adj&path=//proc/3808107 HTTP/1.1" 500 - "-" "Mozilla/5.0 (Windows NT 10.0; Win64; x64) AppleWebKit/537.36 (KHTML, like Gecko) Chrome/145.0.0.0 Safari/537.36 (compatible; meta-externalagent/1.1 (+https://developers.facebook.com/docs/sharing/webmasters/crawler))"
74.7.242.40 - - [19/Aug/2026:21:37:19 +0200] "GET /sitemap_index.xml?path=/home/tb1/mail/.anfrage@fliesen-raumdesign-windisch_de HTTP/1.1" 500 - "https://klaro-gutachten.de/sitemap_index.xml?path=/home/tb1/mail" "Mozilla/5.0 AppleWebKit/537.36 (KHTML, like Gecko; compatible; GPTBot/1.4; +https://openai.com/gptbot)"
2a03:2880:f806:3:: - - [19/Aug/2026:21:37:38 +0200] "GET /metform-form/anfrage/?path=//proc/811/task HTTP/1.1" 500 - "-" "Mozilla/5.0 (Windows NT 10.0; Win64; x64) AppleWebKit/537.36 (KHTML, like Gecko) Chrome/145.0.0.0 Safari/537.36 (compatible; meta-externalagent/1.1 (+https://developers.facebook.com/docs/sharing/webmasters/crawler))"
94.154.43.84 - - [19/Aug/2026:21:38:16 +0200] "GET / HTTP/1.1" 500 - "-" "Mozilla/5.0 (Windows NT 10.0; Win64; x64) AppleWebKit/537.36 (KHTML, like Gecko) Chrome/147.0.0.0 Safari/537.36"
74.7.242.40 - - [19/Aug/2026:21:38:22 +0200] "GET /sitemap_index.xml?path=/home/tb1/mail/premagte-cnc.de/.service@premagte-cnc.de HTTP/1.1" 500 - "https://klaro-gutachten.de/sitemap_index.xml?path=/home/tb1/mail/premagte-cnc.de" "Mozilla/5.0 AppleWebKit/537.36 (KHTML, like Gecko; compatible; GPTBot/1.4; +https://openai.com/gptbot)"
2a03:2880:f806:3d:: - - [19/Aug/2026:21:38:45 +0200] "GET /metform-form/anfrage/?fileloc=//proc/95/oom_score&path=//proc/95 HTTP/1.1" 500 - "-" "Mozilla/5.0 (Windows NT 10.0; Win64; x64) AppleWebKit/537.36 (KHTML, like Gecko) Chrome/145.0.0.0 Safari/537.36 (compatible; meta-externalagent/1.1 (+https://developers.facebook.com/docs/sharing/webmasters/crawler))"
94.154.43.129 - - [19/Aug/2026:21:38:53 +0200] "GET / HTTP/1.1" 200 40080 "-" "Mozilla/5.0 (Windows NT 10.0; Win64; x64) AppleWebKit/537.36 (KHTML, like Gecko) Chrome/147.0.0.0 Safari/537.36"
74.7.242.40 - - [19/Aug/2026:21:39:23 +0200] "GET /sitemap_index.xml?path=/home/tb1/deribeauty.de HTTP/1.1" 500 - "https://klaro-gutachten.de/sitemap_index.xml?path=/home/tb1" "Mozilla/5.0 AppleWebKit/537.36 (KHTML, like Gecko; compatible; GPTBot/1.4; +https://openai.com/gptbot)"
2a03:2880:f806:3d:: - - [19/Aug/2026:21:39:51 +0200] "GET /metform-form/anfrage/?fileloc=//proc/1829466/coredump_filter&path=//proc/1829466 HTTP/1.1" 500 - "-" "Mozilla/5.0 (Windows NT 10.0; Win64; x64) AppleWebKit/537.36 (KHTML, like Gecko) Chrome/145.0.0.0 Safari/537.36 (compatible; meta-externalagent/1.1 (+https://developers.facebook.com/docs/sharing/webmasters/crawler))"
74.7.242.40 - - [19/Aug/2026:21:40:27 +0200] "GET /sitemap_index.xml?path=/home/tb1/gutachter-gebhard.de/.well-known HTTP/1.1" 500 - "https://klaro-gutachten.de/sitemap_index.xml?path=/home/tb1/gutachter-gebhard.de" "Mozilla/5.0 AppleWebKit/537.36 (KHTML, like Gecko; compatible; GPTBot/1.4; +https://openai.com/gptbot)"
2a03:2880:f806:6:: - - [19/Aug/2026:21:40:58 +0200] "GET /metform-form/anfrage/?fileloc=//proc/1912292/timers&path=//proc/1912292 HTTP/1.1" 500 - "-" "Mozilla/5.0 (Windows NT 10.0; Win64; x64) AppleWebKit/537.36 (KHTML, like Gecko) Chrome/145.0.0.0 Safari/537.36 (compatible; meta-externalagent/1.1 (+https://developers.facebook.com/docs/sharing/webmasters/crawler))"
74.7.242.40 - - [19/Aug/2026:21:41:29 +0200] "GET /sitemap_index.xml?path=/home/tb1/praxis-mariaschuetz.de/.well-known HTTP/1.1" 500 - "https://klaro-gutachten.de/sitemap_index.xml?path=/home/tb1/praxis-mariaschuetz.de" "Mozilla/5.0 AppleWebKit/537.36 (KHTML, like Gecko; compatible; GPTBot/1.4; +https://openai.com/gptbot)"
