66.249.66.199 - - [20/Aug/2026:09:18:59 +0200] "GET /category/1/1/listing HTTP/1.1" 200 119101 "-" "Mozilla/5.0 (compatible; Googlebot/2.1; +http://www.google.com/bot.html)"
66.249.66.198 - - [20/Aug/2026:09:19:02 +0200] "GET /?q=059035770 HTTP/1.1" 200 122887 "-" "Mozilla/5.0 (compatible; Googlebot/2.1; +http://www.google.com/bot.html)"
66.249.66.198 - - [20/Aug/2026:09:19:04 +0200] "GET /?x=142028195 HTTP/1.1" 200 125911 "-" "Mozilla/5.0 (compatible; Googlebot/2.1; +http://www.google.com/bot.html)"
74.7.242.61 - - [20/Aug/2026:09:19:07 +0200] "GET /?i=028023491 HTTP/1.1" 500 - "https://pelliheat-ag.ch/sitemap_index.xml" "Mozilla/5.0 AppleWebKit/537.36 (KHTML, like Gecko; compatible; GPTBot/1.4; +https://openai.com/gptbot)"
66.249.66.198 - - [20/Aug/2026:09:19:07 +0200] "GET /special/142028180.html HTTP/1.1" 200 119274 "-" "Mozilla/5.0 (compatible; Googlebot/2.1; +http://www.google.com/bot.html)"
66.249.66.198 - - [20/Aug/2026:09:19:09 +0200] "GET /?goods/142028186 HTTP/1.1" 200 133241 "-" "Mozilla/5.0 (compatible; Googlebot/2.1; +http://www.google.com/bot.html)"
216.73.216.191 - - [20/Aug/2026:09:19:06 +0200] "GET /special/056038392.html HTTP/1.1" 500 - "-" "Mozilla/5.0 AppleWebKit/537.36 (KHTML, like Gecko; compatible; ClaudeBot/1.0; +claudebot@anthropic.com)"
66.249.66.44 - - [20/Aug/2026:09:19:12 +0200] "GET /category/48/1/listing HTTP/1.1" 200 116693 "-" "Mozilla/5.0 (compatible; Googlebot/2.1; +http://www.google.com/bot.html)"
66.249.66.198 - - [20/Aug/2026:09:19:14 +0200] "GET /?a=099039650 HTTP/1.1" 200 119280 "-" "Mozilla/5.0 (compatible; Googlebot/2.1; +http://www.google.com/bot.html)"
66.249.66.44 - - [20/Aug/2026:09:19:17 +0200] "GET /?w=142028197 HTTP/1.1" 200 125465 "-" "Mozilla/5.0 (compatible; Googlebot/2.1; +http://www.google.com/bot.html)"
66.249.66.44 - - [20/Aug/2026:09:19:19 +0200] "GET /special/031040895.html HTTP/1.1" 200 127071 "-" "Mozilla/5.0 (compatible; Googlebot/2.1; +http://www.google.com/bot.html)"
66.249.66.198 - - [20/Aug/2026:09:19:22 +0200] "GET /special/142028202.html HTTP/1.1" 200 126450 "-" "Mozilla/5.0 (compatible; Googlebot/2.1; +http://www.google.com/bot.html)"
216.73.216.191 - - [20/Aug/2026:09:19:23 +0200] "GET /special/064010054.html HTTP/1.1" 500 - "-" "Mozilla/5.0 AppleWebKit/537.36 (KHTML, like Gecko; compatible; ClaudeBot/1.0; +claudebot@anthropic.com)"
66.249.66.44 - - [20/Aug/2026:09:19:24 +0200] "GET /special/221031799.html HTTP/1.1" 200 119858 "-" "Mozilla/5.0 (compatible; Googlebot/2.1; +http://www.google.com/bot.html)"
66.249.66.44 - - [20/Aug/2026:09:19:26 +0200] "GET /special/142028188.html HTTP/1.1" 200 132304 "-" "Mozilla/5.0 (compatible; Googlebot/2.1; +http://www.google.com/bot.html)"
66.249.66.70 - - [20/Aug/2026:09:19:29 +0200] "GET /?goods/216034835 HTTP/1.1" 200 120124 "-" "Mozilla/5.0 (compatible; Googlebot/2.1; +http://www.google.com/bot.html)"
66.249.66.70 - - [20/Aug/2026:09:19:31 +0200] "GET /category/48_49/1/listing HTTP/1.1" 200 124293 "-" "Mozilla/5.0 (compatible; Googlebot/2.1; +http://www.google.com/bot.html)"
66.249.66.70 - - [20/Aug/2026:09:19:33 +0200] "GET /?y=142028193 HTTP/1.1" 200 126094 "-" "Mozilla/5.0 (compatible; Googlebot/2.1; +http://www.google.com/bot.html)"
66.249.66.45 - - [20/Aug/2026:09:19:36 +0200] "GET /category/48_49_487/1/listing HTTP/1.1" 200 120348 "-" "Mozilla/5.0 (compatible; Googlebot/2.1; +http://www.google.com/bot.html)"
66.249.66.71 - - [20/Aug/2026:09:19:38 +0200] "GET /special/142028200.html HTTP/1.1" 200 125899 "-" "Mozilla/5.0 (compatible; Googlebot/2.1; +http://www.google.com/bot.html)"
74.7.242.61 - - [20/Aug/2026:09:19:29 +0200] "GET /?k=213048732 HTTP/1.1" 500 - "https://pelliheat-ag.ch/sitemap_index.xml" "Mozilla/5.0 AppleWebKit/537.36 (KHTML, like Gecko; compatible; GPTBot/1.4; +https://openai.com/gptbot)"
66.249.66.45 - - [20/Aug/2026:09:19:40 +0200] "GET /?n=108004321 HTTP/1.1" 200 143995 "-" "Mozilla/5.0 (Linux; Android 6.0.1; Nexus 5X Build/MMB29P) AppleWebKit/537.36 (KHTML, like Gecko) Chrome/151.0.7922.137 Mobile Safari/537.36 (compatible; Googlebot/2.1; +http://www.google.com/bot.html)"
66.249.66.44 - - [20/Aug/2026:09:19:42 +0200] "GET /e/02/ HTTP/1.1" 200 120159 "-" "Mozilla/5.0 (compatible; Googlebot/2.1; +http://www.google.com/bot.html)"
66.249.66.70 - - [20/Aug/2026:09:19:45 +0200] "GET /?b=136004703 HTTP/1.1" 200 119469 "-" "Mozilla/5.0 (Linux; Android 6.0.1; Nexus 5X Build/MMB29P) AppleWebKit/537.36 (KHTML, like Gecko) Chrome/151.0.7922.137 Mobile Safari/537.36 (compatible; Googlebot/2.1; +http://www.google.com/bot.html)"
66.249.66.198 - - [20/Aug/2026:09:19:47 +0200] "GET /?o=006037353 HTTP/1.1" 200 123000 "-" "Mozilla/5.0 (Linux; Android 6.0.1; Nexus 5X Build/MMB29P) AppleWebKit/537.36 (KHTML, like Gecko) Chrome/151.0.7922.137 Mobile Safari/537.36 (compatible; Googlebot/2.1; +http://www.google.com/bot.html)"
66.249.66.70 - - [20/Aug/2026:09:19:49 +0200] "GET /397482616 HTTP/1.1" 200 121859 "-" "Mozilla/5.0 (compatible; Googlebot/2.1; +http://www.google.com/bot.html)"
74.7.242.61 - - [20/Aug/2026:09:19:50 +0200] "GET /?k=002044659 HTTP/1.1" 500 - "https://pelliheat-ag.ch/sitemap_index.xml" "Mozilla/5.0 AppleWebKit/537.36 (KHTML, like Gecko; compatible; GPTBot/1.4; +https://openai.com/gptbot)"
66.249.66.71 - - [20/Aug/2026:09:19:52 +0200] "GET /?y=055007376 HTTP/1.1" 200 124783 "-" "Mozilla/5.0 (Linux; Android 6.0.1; Nexus 5X Build/MMB29P) AppleWebKit/537.36 (KHTML, like Gecko) Chrome/151.0.7922.137 Mobile Safari/537.36 (compatible; Googlebot/2.1; +http://www.google.com/bot.html)"
216.73.216.191 - - [20/Aug/2026:09:19:54 +0200] "GET /special/295040037.html HTTP/1.1" 500 - "-" "Mozilla/5.0 AppleWebKit/537.36 (KHTML, like Gecko; compatible; ClaudeBot/1.0; +claudebot@anthropic.com)"
66.249.66.70 - - [20/Aug/2026:09:19:53 +0200] "GET /?w=132012307 HTTP/1.1" 200 117758 "-" "Mozilla/5.0 (Linux; Android 6.0.1; Nexus 5X Build/MMB29P) AppleWebKit/537.36 (KHTML, like Gecko) Chrome/151.0.7922.137 Mobile Safari/537.36 (compatible; Googlebot/2.1; +http://www.google.com/bot.html)"
66.249.66.199 - - [20/Aug/2026:09:19:56 +0200] "GET /odr/coupon/couponListView?target=2 HTTP/1.1" 200 118569 "-" "Mozilla/5.0 (compatible; Googlebot/2.1; +http://www.google.com/bot.html)"
66.249.66.44 - - [20/Aug/2026:09:19:58 +0200] "GET /?u=237008322 HTTP/1.1" 200 119959 "-" "Mozilla/5.0 (Linux; Android 6.0.1; Nexus 5X Build/MMB29P) AppleWebKit/537.36 (KHTML, like Gecko) Chrome/151.0.7922.137 Mobile Safari/537.36 (compatible; Googlebot/2.1; +http://www.google.com/bot.html)"
66.249.66.45 - - [20/Aug/2026:09:20:01 +0200] "GET /?f=099003452 HTTP/1.1" 200 116479 "-" "Mozilla/5.0 (Linux; Android 6.0.1; Nexus 5X Build/MMB29P) AppleWebKit/537.36 (KHTML, like Gecko) Chrome/151.0.7922.137 Mobile Safari/537.36 (compatible; Googlebot/2.1; +http://www.google.com/bot.html)"
66.249.66.198 - - [20/Aug/2026:09:20:02 +0200] "GET /f/batteries/batteries00/ HTTP/1.1" 200 117928 "-" "Mozilla/5.0 (compatible; Googlebot/2.1; +http://www.google.com/bot.html)"
66.249.66.198 - - [20/Aug/2026:09:20:05 +0200] "GET /?e=210021719 HTTP/1.1" 200 127703 "-" "Mozilla/5.0 (Linux; Android 6.0.1; Nexus 5X Build/MMB29P) AppleWebKit/537.36 (KHTML, like Gecko) Chrome/151.0.7922.137 Mobile Safari/537.36 (compatible; Googlebot/2.1; +http://www.google.com/bot.html)"
66.249.66.198 - - [20/Aug/2026:09:20:07 +0200] "GET /special/300026054.html HTTP/1.1" 200 117430 "-" "Mozilla/5.0 (compatible; Googlebot/2.1; +http://www.google.com/bot.html)"
66.249.66.198 - - [20/Aug/2026:09:20:09 +0200] "GET /?a=113029142 HTTP/1.1" 200 119425 "-" "Mozilla/5.0 (Linux; Android 6.0.1; Nexus 5X Build/MMB29P) AppleWebKit/537.36 (KHTML, like Gecko) Chrome/151.0.7922.137 Mobile Safari/537.36 (compatible; Googlebot/2.1; +http://www.google.com/bot.html)"
74.7.242.61 - - [20/Aug/2026:09:20:12 +0200] "GET /?x=211016476 HTTP/1.1" 500 - "https://pelliheat-ag.ch/sitemap_index.xml" "Mozilla/5.0 AppleWebKit/537.36 (KHTML, like Gecko; compatible; GPTBot/1.4; +https://openai.com/gptbot)"
66.249.66.44 - - [20/Aug/2026:09:20:11 +0200] "GET /?f=130023133 HTTP/1.1" 200 119766 "-" "Mozilla/5.0 (Linux; Android 6.0.1; Nexus 5X Build/MMB29P) AppleWebKit/537.36 (KHTML, like Gecko) Chrome/151.0.7922.137 Mobile Safari/537.36 (compatible; Googlebot/2.1; +http://www.google.com/bot.html)"
66.249.66.198 - - [20/Aug/2026:09:20:13 +0200] "GET /f/calculator/calculator00/ HTTP/1.1" 200 120427 "-" "Mozilla/5.0 (compatible; Googlebot/2.1; +http://www.google.com/bot.html)"
216.73.216.191 - - [20/Aug/2026:09:20:15 +0200] "GET /special/198046662.html HTTP/1.1" 500 - "-" "Mozilla/5.0 AppleWebKit/537.36 (KHTML, like Gecko; compatible; ClaudeBot/1.0; +claudebot@anthropic.com)"
66.249.66.44 - - [20/Aug/2026:09:20:15 +0200] "GET /?h=009000370 HTTP/1.1" 200 123924 "-" "Mozilla/5.0 (Linux; Android 6.0.1; Nexus 5X Build/MMB29P) AppleWebKit/537.36 (KHTML, like Gecko) Chrome/151.0.7922.137 Mobile Safari/537.36 (compatible; Googlebot/2.1; +http://www.google.com/bot.html)"
66.249.66.198 - - [20/Aug/2026:09:20:17 +0200] "GET /?r=257036418 HTTP/1.1" 200 118774 "-" "Mozilla/5.0 (Linux; Android 6.0.1; Nexus 5X Build/MMB29P) AppleWebKit/537.36 (KHTML, like Gecko) Chrome/151.0.7922.137 Mobile Safari/537.36 (compatible; Googlebot/2.1; +http://www.google.com/bot.html)"
66.249.66.70 - - [20/Aug/2026:09:20:20 +0200] "GET /133665732 HTTP/1.1" 200 131814 "-" "Mozilla/5.0 (compatible; Googlebot/2.1; +http://www.google.com/bot.html)"
66.249.66.198 - - [20/Aug/2026:09:20:22 +0200] "GET /category/13_35_36_402/1/listing HTTP/1.1" 200 133277 "-" "Mozilla/5.0 (compatible; Googlebot/2.1; +http://www.google.com/bot.html)"
66.249.66.198 - - [20/Aug/2026:09:20:24 +0200] "GET /?i=053001972 HTTP/1.1" 200 116799 "-" "Mozilla/5.0 (Linux; Android 6.0.1; Nexus 5X Build/MMB29P) AppleWebKit/537.36 (KHTML, like Gecko) Chrome/151.0.7922.137 Mobile Safari/537.36 (compatible; Googlebot/2.1; +http://www.google.com/bot.html)"
216.73.216.191 - - [20/Aug/2026:09:20:26 +0200] "GET /special/227042657.html HTTP/1.1" 500 - "-" "Mozilla/5.0 AppleWebKit/537.36 (KHTML, like Gecko; compatible; ClaudeBot/1.0; +claudebot@anthropic.com)"
66.249.66.44 - - [20/Aug/2026:09:20:26 +0200] "GET /f/partition/partition00/ HTTP/1.1" 200 119238 "-" "Mozilla/5.0 (compatible; Googlebot/2.1; +http://www.google.com/bot.html)"
66.249.66.44 - - [20/Aug/2026:09:20:28 +0200] "GET /e/03/ HTTP/1.1" 200 128916 "-" "Mozilla/5.0 (compatible; Googlebot/2.1; +http://www.google.com/bot.html)"
66.249.66.70 - - [20/Aug/2026:09:20:30 +0200] "GET /330976992 HTTP/1.1" 200 120750 "-" "Mozilla/5.0 (compatible; Googlebot/2.1; +http://www.google.com/bot.html)"
66.249.66.44 - - [20/Aug/2026:09:20:32 +0200] "GET /?jp/004029573.html HTTP/1.1" 200 129790 "-" "Mozilla/5.0 (compatible; Googlebot/2.1; +http://www.google.com/bot.html)"
74.7.242.61 - - [20/Aug/2026:09:20:33 +0200] "GET /?m=205013364 HTTP/1.1" 500 - "https://pelliheat-ag.ch/sitemap_index.xml" "Mozilla/5.0 AppleWebKit/537.36 (KHTML, like Gecko; compatible; GPTBot/1.4; +https://openai.com/gptbot)"
66.249.66.71 - - [20/Aug/2026:09:20:34 +0200] "GET /486250619 HTTP/1.1" 200 119022 "-" "Mozilla/5.0 (compatible; Googlebot/2.1; +http://www.google.com/bot.html)"
66.249.66.44 - - [20/Aug/2026:09:20:36 +0200] "GET /?clubtop_bn3 HTTP/1.1" 200 131420 "-" "Mozilla/5.0 (compatible; Googlebot/2.1; +http://www.google.com/bot.html)"
185.191.171.11 - - [20/Aug/2026:09:20:38 +0200] "GET /robots.txt HTTP/1.1" 304 - "-" "Mozilla/5.0 (compatible; SemrushBot/7~bl; +http://www.semrush.com/bot.html)"
216.73.216.191 - - [20/Aug/2026:09:20:38 +0200] "GET /special/035021457.html HTTP/1.1" 500 - "-" "Mozilla/5.0 AppleWebKit/537.36 (KHTML, like Gecko; compatible; ClaudeBot/1.0; +claudebot@anthropic.com)"
85.208.96.204 - - [20/Aug/2026:09:20:39 +0200] "GET /individuelle-heizkonzepte-2/ HTTP/1.1" 500 - "-" "Mozilla/5.0 (compatible; SemrushBot/7~bl; +http://www.semrush.com/bot.html)"
66.249.66.70 - - [20/Aug/2026:09:20:38 +0200] "GET /etc/drugRules.html HTTP/1.1" 200 119402 "-" "Mozilla/5.0 (compatible; Googlebot/2.1; +http://www.google.com/bot.html)"
66.249.66.44 - - [20/Aug/2026:09:20:40 +0200] "GET /sf/outlet/outlet_00/0/ HTTP/1.1" 200 126696 "-" "Mozilla/5.0 (compatible; Googlebot/2.1; +http://www.google.com/bot.html)"
66.249.66.199 - - [20/Aug/2026:09:20:42 +0200] "GET /category/13_35_36/1/listing HTTP/1.1" 200 135098 "-" "Mozilla/5.0 (compatible; Googlebot/2.1; +http://www.google.com/bot.html)"
66.249.66.45 - - [20/Aug/2026:09:20:45 +0200] "GET /308726827 HTTP/1.1" 200 128026 "-" "Mozilla/5.0 (compatible; Googlebot/2.1; +http://www.google.com/bot.html)"
66.249.66.45 - - [20/Aug/2026:09:20:46 +0200] "GET /?i=004029565 HTTP/1.1" 200 128324 "-" "Mozilla/5.0 (compatible; Googlebot/2.1; +http://www.google.com/bot.html)"
66.249.66.198 - - [20/Aug/2026:09:20:48 +0200] "GET /f/services/furniture/ HTTP/1.1" 200 119638 "-" "Mozilla/5.0 (compatible; Googlebot/2.1; +http://www.google.com/bot.html)"
66.249.66.198 - - [20/Aug/2026:09:20:50 +0200] "GET /?sc_e=cp_l_as_ya_se_c_t_00_kw_askulExact-brand_club_nc_mn_upp&yclid=YSS.1001119941.EAIaIQobChMI2Z-z0OLhjwMVYy97Bx3AOCHYEAAYASAAEgJiYfD_BwE&sa_p=YSA&sa_cc=1001119941&sa_t=1758179933790&sa_ra=69&sc_e_complete=1 HTTP/1.1" 200 119409 "-" "Mozilla/5.0 (compatible; Googlebot/2.1; +http://www.google.com/bot.html)"
66.249.66.45 - - [20/Aug/2026:09:20:52 +0200] "GET /ctg/search/similarImageSearchResultView/?ctgItemCd=37834400 HTTP/1.1" 200 130698 "-" "Mozilla/5.0 (compatible; Googlebot/2.1; +http://www.google.com/bot.html)"
66.249.66.198 - - [20/Aug/2026:09:20:54 +0200] "GET /f/cardboard/cardboard00/ HTTP/1.1" 200 121014 "-" "Mozilla/5.0 (compatible; Googlebot/2.1; +http://www.google.com/bot.html)"
74.7.242.61 - - [20/Aug/2026:09:20:55 +0200] "GET /?g=053029818 HTTP/1.1" 500 - "https://pelliheat-ag.ch/sitemap_index.xml" "Mozilla/5.0 AppleWebKit/537.36 (KHTML, like Gecko; compatible; GPTBot/1.4; +https://openai.com/gptbot)"
66.249.66.198 - - [20/Aug/2026:09:20:56 +0200] "GET /e/21/ HTTP/1.1" 200 132924 "-" "Mozilla/5.0 (compatible; Googlebot/2.1; +http://www.google.com/bot.html)"
66.249.66.70 - - [20/Aug/2026:09:20:58 +0200] "GET /e/06/ HTTP/1.1" 200 124393 "-" "Mozilla/5.0 (compatible; Googlebot/2.1; +http://www.google.com/bot.html)"
66.249.66.44 - - [20/Aug/2026:09:21:00 +0200] "GET /f/before/toner/ HTTP/1.1" 200 117854 "-" "Mozilla/5.0 (compatible; Googlebot/2.1; +http://www.google.com/bot.html)"
66.249.66.70 - - [20/Aug/2026:09:21:02 +0200] "GET /maker/4001/ HTTP/1.1" 200 118712 "-" "Mozilla/5.0 (compatible; Googlebot/2.1; +http://www.google.com/bot.html)"
66.249.66.200 - - [20/Aug/2026:09:21:04 +0200] "GET /guide/policy/privacy.html HTTP/1.1" 200 127018 "-" "Mozilla/5.0 (compatible; Googlebot/2.1; +http://www.google.com/bot.html)"
66.249.66.70 - - [20/Aug/2026:09:21:06 +0200] "GET /?goods/004029563 HTTP/1.1" 200 131199 "-" "Mozilla/5.0 (compatible; Googlebot/2.1; +http://www.google.com/bot.html)"
216.73.216.191 - - [20/Aug/2026:09:21:08 +0200] "GET /?d=246018987 HTTP/1.1" 500 - "-" "Mozilla/5.0 AppleWebKit/537.36 (KHTML, like Gecko; compatible; ClaudeBot/1.0; +claudebot@anthropic.com)"
66.249.66.45 - - [20/Aug/2026:09:21:08 +0200] "GET /41419497 HTTP/1.1" 200 119614 "-" "Mozilla/5.0 (compatible; Googlebot/2.1; +http://www.google.com/bot.html)"
66.249.66.199 - - [20/Aug/2026:09:21:10 +0200] "GET /shigotoba HTTP/1.1" 200 131903 "-" "Mozilla/5.0 (compatible; Googlebot/2.1; +http://www.google.com/bot.html)"
66.249.66.44 - - [20/Aug/2026:09:21:12 +0200] "GET /82568857 HTTP/1.1" 200 117840 "-" "Mozilla/5.0 (compatible; Googlebot/2.1; +http://www.google.com/bot.html)"
66.249.66.70 - - [20/Aug/2026:09:21:14 +0200] "GET /guide/policy/browser/setting.html HTTP/1.1" 200 122386 "-" "Mozilla/5.0 (compatible; Googlebot/2.1; +http://www.google.com/bot.html)"
74.7.242.61 - - [20/Aug/2026:09:21:16 +0200] "GET /?z=135030904 HTTP/1.1" 500 - "https://pelliheat-ag.ch/sitemap_index.xml" "Mozilla/5.0 AppleWebKit/537.36 (KHTML, like Gecko; compatible; GPTBot/1.4; +https://openai.com/gptbot)"
66.249.66.198 - - [20/Aug/2026:09:21:16 +0200] "GET /category/13_35/1/listing HTTP/1.1" 200 120779 "-" "Mozilla/5.0 (compatible; Googlebot/2.1; +http://www.google.com/bot.html)"
66.249.66.70 - - [20/Aug/2026:09:21:17 +0200] "GET /f/dustbox/dustbox00/ HTTP/1.1" 200 119635 "-" "Mozilla/5.0 (compatible; Googlebot/2.1; +http://www.google.com/bot.html)"
66.249.66.44 - - [20/Aug/2026:09:21:20 +0200] "GET /guide/policy/browser/accessibility.html HTTP/1.1" 200 124165 "-" "Mozilla/5.0 (compatible; Googlebot/2.1; +http://www.google.com/bot.html)"
66.249.66.70 - - [20/Aug/2026:09:21:21 +0200] "GET /javascript HTTP/1.1" 200 122633 "-" "Mozilla/5.0 (compatible; Googlebot/2.1; +http://www.google.com/bot.html)"
66.249.66.44 - - [20/Aug/2026:09:21:23 +0200] "GET /m2/askulcorporation/ubox/page?mbox=club_f_storage_storage05&mboxDefault=https://pelliheat-ag.ch/%2Ff%2Fstorage%2Fstorage05%2F HTTP/1.1" 200 117905 "-" "Mozilla/5.0 (compatible; Googlebot/2.1; +http://www.google.com/bot.html)"
66.249.66.198 - - [20/Aug/2026:09:21:30 +0200] "GET /categoryindex/a/ HTTP/1.1" 200 117963 "-" "Mozilla/5.0 (compatible; Googlebot/2.1; +http://www.google.com/bot.html)"
66.249.66.198 - - [20/Aug/2026:09:21:32 +0200] "GET /buyer/view/a010/DAA01010.html HTTP/1.1" 200 125725 "-" "Mozilla/5.0 (compatible; Googlebot/2.1; +http://www.google.com/bot.html)"
66.249.66.44 - - [20/Aug/2026:09:21:52 +0200] "GET /?q=068033583 HTTP/1.1" 200 124306 "-" "Mozilla/5.0 (compatible; Googlebot/2.1; +http://www.google.com/bot.html)"
74.7.242.61 - - [20/Aug/2026:09:21:54 +0200] "GET /?w=079005212 HTTP/1.1" 500 - "https://pelliheat-ag.ch/sitemap_index.xml" "Mozilla/5.0 AppleWebKit/537.36 (KHTML, like Gecko; compatible; GPTBot/1.4; +https://openai.com/gptbot)"
216.73.216.191 - - [20/Aug/2026:09:21:54 +0200] "GET /?l=217047492 HTTP/1.1" 500 - "-" "Mozilla/5.0 AppleWebKit/537.36 (KHTML, like Gecko; compatible; ClaudeBot/1.0; +claudebot@anthropic.com)"
66.249.66.197 - - [20/Aug/2026:09:22:36 +0200] "GET /ja/themes/179 HTTP/1.1" 200 123443 "-" "Mozilla/5.0 (compatible; Googlebot/2.1; +http://www.google.com/bot.html)"
74.7.242.61 - - [20/Aug/2026:09:22:44 +0200] "GET /?p=029015072 HTTP/1.1" 500 - "https://pelliheat-ag.ch/sitemap_index.xml" "Mozilla/5.0 AppleWebKit/537.36 (KHTML, like Gecko; compatible; GPTBot/1.4; +https://openai.com/gptbot)"
216.73.216.191 - - [20/Aug/2026:09:22:44 +0200] "GET /?n=148010735 HTTP/1.1" 500 - "-" "Mozilla/5.0 AppleWebKit/537.36 (KHTML, like Gecko; compatible; ClaudeBot/1.0; +claudebot@anthropic.com)"
216.73.216.191 - - [20/Aug/2026:09:23:13 +0200] "GET /?r=032043495 HTTP/1.1" 500 - "-" "Mozilla/5.0 AppleWebKit/537.36 (KHTML, like Gecko; compatible; ClaudeBot/1.0; +claudebot@anthropic.com)"
74.7.242.61 - - [20/Aug/2026:09:23:55 +0200] "GET /?o=206040457 HTTP/1.1" 500 - "https://pelliheat-ag.ch/sitemap_index.xml" "Mozilla/5.0 AppleWebKit/537.36 (KHTML, like Gecko; compatible; GPTBot/1.4; +https://openai.com/gptbot)"
66.249.66.200 - - [20/Aug/2026:09:24:03 +0200] "GET /?c=055013614 HTTP/1.1" 200 121553 "-" "Mozilla/5.0 (Linux; Android 6.0.1; Nexus 5X Build/MMB29P) AppleWebKit/537.36 (KHTML, like Gecko) Chrome/151.0.7922.137 Mobile Safari/537.36 (compatible; GoogleOther)"
74.7.242.61 - - [20/Aug/2026:09:24:18 +0200] "GET /?z=137003994 HTTP/1.1" 500 - "https://pelliheat-ag.ch/sitemap_index.xml" "Mozilla/5.0 AppleWebKit/537.36 (KHTML, like Gecko; compatible; GPTBot/1.4; +https://openai.com/gptbot)"
66.249.66.70 - - [20/Aug/2026:09:24:30 +0200] "GET /361498793 HTTP/1.1" 200 123288 "-" "Mozilla/5.0 (compatible; Googlebot/2.1; +http://www.google.com/bot.html)"
74.7.242.61 - - [20/Aug/2026:09:24:34 +0200] "GET /?k=105023580 HTTP/1.1" 500 - "https://pelliheat-ag.ch/sitemap_index.xml" "Mozilla/5.0 AppleWebKit/537.36 (KHTML, like Gecko; compatible; GPTBot/1.4; +https://openai.com/gptbot)"
74.7.242.61 - - [20/Aug/2026:09:24:49 +0200] "GET /?t=170032917 HTTP/1.1" 500 - "https://pelliheat-ag.ch/sitemap_index.xml" "Mozilla/5.0 AppleWebKit/537.36 (KHTML, like Gecko; compatible; GPTBot/1.4; +https://openai.com/gptbot)"
66.249.66.69 - - [20/Aug/2026:09:24:48 +0200] "GET /jadma HTTP/1.1" 200 142340 "-" "Mozilla/5.0 (compatible; Googlebot/2.1; +http://www.google.com/bot.html)"
216.73.216.191 - - [20/Aug/2026:09:24:50 +0200] "GET /?n=148038317 HTTP/1.1" 500 - "-" "Mozilla/5.0 AppleWebKit/537.36 (KHTML, like Gecko; compatible; ClaudeBot/1.0; +claudebot@anthropic.com)"
216.73.216.191 - - [20/Aug/2026:09:24:50 +0200] "GET /?j=195041664 HTTP/1.1" 500 - "-" "Mozilla/5.0 AppleWebKit/537.36 (KHTML, like Gecko; compatible; ClaudeBot/1.0; +claudebot@anthropic.com)"
74.7.242.61 - - [20/Aug/2026:09:25:06 +0200] "GET /?e=060013457 HTTP/1.1" 500 - "https://pelliheat-ag.ch/sitemap_index.xml" "Mozilla/5.0 AppleWebKit/537.36 (KHTML, like Gecko; compatible; GPTBot/1.4; +https://openai.com/gptbot)"
66.249.66.69 - - [20/Aug/2026:09:25:07 +0200] "GET /sitemap50.xml HTTP/1.1" 200 504451 "-" "Mozilla/5.0 (compatible; Googlebot/2.1; +http://www.google.com/bot.html)"
216.73.216.191 - - [20/Aug/2026:09:25:11 +0200] "GET /?y=171003284 HTTP/1.1" 500 - "-" "Mozilla/5.0 AppleWebKit/537.36 (KHTML, like Gecko; compatible; ClaudeBot/1.0; +claudebot@anthropic.com)"
216.73.216.191 - - [20/Aug/2026:09:25:14 +0200] "GET /?g=271019640 HTTP/1.1" 500 - "-" "Mozilla/5.0 AppleWebKit/537.36 (KHTML, like Gecko; compatible; ClaudeBot/1.0; +claudebot@anthropic.com)"
74.7.242.61 - - [20/Aug/2026:09:25:19 +0200] "GET /?c=223048276 HTTP/1.1" 500 - "https://pelliheat-ag.ch/sitemap_index.xml" "Mozilla/5.0 AppleWebKit/537.36 (KHTML, like Gecko; compatible; GPTBot/1.4; +https://openai.com/gptbot)"
216.73.216.191 - - [20/Aug/2026:09:25:20 +0200] "GET /?q=266006053 HTTP/1.1" 500 - "-" "Mozilla/5.0 AppleWebKit/537.36 (KHTML, like Gecko; compatible; ClaudeBot/1.0; +claudebot@anthropic.com)"
216.73.216.191 - - [20/Aug/2026:09:25:26 +0200] "GET /?y=168020229 HTTP/1.1" 500 - "-" "Mozilla/5.0 AppleWebKit/537.36 (KHTML, like Gecko; compatible; ClaudeBot/1.0; +claudebot@anthropic.com)"
66.249.66.69 - - [20/Aug/2026:09:25:25 +0200] "GET /mbr/companyInfoView/ HTTP/1.1" 200 141957 "-" "Mozilla/5.0 (compatible; Googlebot/2.1; +http://www.google.com/bot.html)"
216.73.216.191 - - [20/Aug/2026:09:25:27 +0200] "GET /?r=187014582 HTTP/1.1" 500 - "-" "Mozilla/5.0 AppleWebKit/537.36 (KHTML, like Gecko; compatible; ClaudeBot/1.0; +claudebot@anthropic.com)"
216.73.216.191 - - [20/Aug/2026:09:25:27 +0200] "GET /?o=110011139 HTTP/1.1" 500 - "-" "Mozilla/5.0 AppleWebKit/537.36 (KHTML, like Gecko; compatible; ClaudeBot/1.0; +claudebot@anthropic.com)"
216.73.216.191 - - [20/Aug/2026:09:25:28 +0200] "GET /?o=216013037 HTTP/1.1" 500 - "-" "Mozilla/5.0 AppleWebKit/537.36 (KHTML, like Gecko; compatible; ClaudeBot/1.0; +claudebot@anthropic.com)"
216.73.216.191 - - [20/Aug/2026:09:25:30 +0200] "GET /?o=100027179 HTTP/1.1" 500 - "-" "Mozilla/5.0 AppleWebKit/537.36 (KHTML, like Gecko; compatible; ClaudeBot/1.0; +claudebot@anthropic.com)"
216.73.216.191 - - [20/Aug/2026:09:25:31 +0200] "GET /?o=151045518 HTTP/1.1" 500 - "-" "Mozilla/5.0 AppleWebKit/537.36 (KHTML, like Gecko; compatible; ClaudeBot/1.0; +claudebot@anthropic.com)"
216.73.216.191 - - [20/Aug/2026:09:25:32 +0200] "GET /?o=029011058 HTTP/1.1" 500 - "-" "Mozilla/5.0 AppleWebKit/537.36 (KHTML, like Gecko; compatible; ClaudeBot/1.0; +claudebot@anthropic.com)"
216.73.216.191 - - [20/Aug/2026:09:25:33 +0200] "GET /?o=166008503 HTTP/1.1" 500 - "-" "Mozilla/5.0 AppleWebKit/537.36 (KHTML, like Gecko; compatible; ClaudeBot/1.0; +claudebot@anthropic.com)"
74.7.242.61 - - [20/Aug/2026:09:25:36 +0200] "GET /?g=273044532 HTTP/1.1" 500 - "https://pelliheat-ag.ch/sitemap_index.xml" "Mozilla/5.0 AppleWebKit/537.36 (KHTML, like Gecko; compatible; GPTBot/1.4; +https://openai.com/gptbot)"
216.73.216.191 - - [20/Aug/2026:09:25:38 +0200] "GET /?g=148004209 HTTP/1.1" 500 - "-" "Mozilla/5.0 AppleWebKit/537.36 (KHTML, like Gecko; compatible; ClaudeBot/1.0; +claudebot@anthropic.com)"
66.249.66.39 - - [20/Aug/2026:09:25:40 +0200] "GET /e/01/ HTTP/1.1" 200 121731 "-" "Mozilla/5.0 (compatible; Googlebot/2.1; +http://www.google.com/bot.html)"
216.73.216.191 - - [20/Aug/2026:09:25:43 +0200] "GET /?o=175000454 HTTP/1.1" 500 - "-" "Mozilla/5.0 AppleWebKit/537.36 (KHTML, like Gecko; compatible; ClaudeBot/1.0; +claudebot@anthropic.com)"
216.73.216.191 - - [20/Aug/2026:09:25:48 +0200] "GET /?o=083037162 HTTP/1.1" 500 - "-" "Mozilla/5.0 AppleWebKit/537.36 (KHTML, like Gecko; compatible; ClaudeBot/1.0; +claudebot@anthropic.com)"
216.73.216.191 - - [20/Aug/2026:09:25:53 +0200] "GET /?o=158005853 HTTP/1.1" 500 - "-" "Mozilla/5.0 AppleWebKit/537.36 (KHTML, like Gecko; compatible; ClaudeBot/1.0; +claudebot@anthropic.com)"
74.7.242.61 - - [20/Aug/2026:09:25:57 +0200] "GET /?e=029034996 HTTP/1.1" 500 - "https://pelliheat-ag.ch/sitemap_index.xml" "Mozilla/5.0 AppleWebKit/537.36 (KHTML, like Gecko; compatible; GPTBot/1.4; +https://openai.com/gptbot)"
216.73.216.191 - - [20/Aug/2026:09:25:58 +0200] "GET /?o=115047194 HTTP/1.1" 500 - "-" "Mozilla/5.0 AppleWebKit/537.36 (KHTML, like Gecko; compatible; ClaudeBot/1.0; +claudebot@anthropic.com)"
66.249.66.39 - - [20/Aug/2026:09:25:58 +0200] "GET /f/special/hakui/ HTTP/1.1" 200 120641 "-" "Mozilla/5.0 (compatible; Googlebot/2.1; +http://www.google.com/bot.html)"
216.73.216.191 - - [20/Aug/2026:09:26:03 +0200] "GET /?o=123016168 HTTP/1.1" 500 - "-" "Mozilla/5.0 AppleWebKit/537.36 (KHTML, like Gecko; compatible; ClaudeBot/1.0; +claudebot@anthropic.com)"
216.73.216.191 - - [20/Aug/2026:09:26:08 +0200] "GET /?o=115041116 HTTP/1.1" 500 - "-" "Mozilla/5.0 AppleWebKit/537.36 (KHTML, like Gecko; compatible; ClaudeBot/1.0; +claudebot@anthropic.com)"
216.73.216.191 - - [20/Aug/2026:09:26:13 +0200] "GET /?o=142023055 HTTP/1.1" 500 - "-" "Mozilla/5.0 AppleWebKit/537.36 (KHTML, like Gecko; compatible; ClaudeBot/1.0; +claudebot@anthropic.com)"
66.249.66.199 - - [20/Aug/2026:09:26:14 +0200] "GET /f/special/adult_diapers/ HTTP/1.1" 200 120542 "-" "Mozilla/5.0 (compatible; Googlebot/2.1; +http://www.google.com/bot.html)"
216.73.216.191 - - [20/Aug/2026:09:26:18 +0200] "GET /?o=121033510 HTTP/1.1" 500 - "-" "Mozilla/5.0 AppleWebKit/537.36 (KHTML, like Gecko; compatible; ClaudeBot/1.0; +claudebot@anthropic.com)"
74.7.242.61 - - [20/Aug/2026:09:26:18 +0200] "GET /?e=128048757 HTTP/1.1" 500 - "https://pelliheat-ag.ch/sitemap_index.xml" "Mozilla/5.0 AppleWebKit/537.36 (KHTML, like Gecko; compatible; GPTBot/1.4; +https://openai.com/gptbot)"
216.73.216.191 - - [20/Aug/2026:09:26:23 +0200] "GET /?o=194002655 HTTP/1.1" 500 - "-" "Mozilla/5.0 AppleWebKit/537.36 (KHTML, like Gecko; compatible; ClaudeBot/1.0; +claudebot@anthropic.com)"
216.73.216.191 - - [20/Aug/2026:09:26:28 +0200] "GET /?o=263036912 HTTP/1.1" 500 - "-" "Mozilla/5.0 AppleWebKit/537.36 (KHTML, like Gecko; compatible; ClaudeBot/1.0; +claudebot@anthropic.com)"
66.249.66.198 - - [20/Aug/2026:09:26:27 +0200] "GET /?z=248000161 HTTP/1.1" 200 129458 "-" "Mozilla/5.0 (Linux; Android 6.0.1; Nexus 5X Build/MMB29P) AppleWebKit/537.36 (KHTML, like Gecko) Chrome/151.0.7922.137 Mobile Safari/537.36 (compatible; Googlebot/2.1; +http://www.google.com/bot.html)"
216.73.216.191 - - [20/Aug/2026:09:26:33 +0200] "GET /?o=197026496 HTTP/1.1" 500 - "-" "Mozilla/5.0 AppleWebKit/537.36 (KHTML, like Gecko; compatible; ClaudeBot/1.0; +claudebot@anthropic.com)"
216.73.216.191 - - [20/Aug/2026:09:26:39 +0200] "GET /?o=003049200 HTTP/1.1" 500 - "-" "Mozilla/5.0 AppleWebKit/537.36 (KHTML, like Gecko; compatible; ClaudeBot/1.0; +claudebot@anthropic.com)"
74.7.242.61 - - [20/Aug/2026:09:26:39 +0200] "GET /?m=238013153 HTTP/1.1" 500 - "https://pelliheat-ag.ch/sitemap_index.xml" "Mozilla/5.0 AppleWebKit/537.36 (KHTML, like Gecko; compatible; GPTBot/1.4; +https://openai.com/gptbot)"
66.249.66.69 - - [20/Aug/2026:09:26:39 +0200] "GET /f/special/shuunou/ HTTP/1.1" 200 121040 "-" "Mozilla/5.0 (compatible; Googlebot/2.1; +http://www.google.com/bot.html)"
216.73.216.191 - - [20/Aug/2026:09:26:43 +0200] "GET /?o=146048167 HTTP/1.1" 500 - "-" "Mozilla/5.0 AppleWebKit/537.36 (KHTML, like Gecko; compatible; ClaudeBot/1.0; +claudebot@anthropic.com)"
216.73.216.191 - - [20/Aug/2026:09:26:48 +0200] "GET /?o=178047515 HTTP/1.1" 500 - "-" "Mozilla/5.0 AppleWebKit/537.36 (KHTML, like Gecko; compatible; ClaudeBot/1.0; +claudebot@anthropic.com)"
66.249.66.69 - - [20/Aug/2026:09:26:49 +0200] "GET /f/services/tonercartridge/ HTTP/1.1" 200 120591 "-" "Mozilla/5.0 (compatible; Googlebot/2.1; +http://www.google.com/bot.html)"
216.73.216.191 - - [20/Aug/2026:09:26:53 +0200] "GET /?o=127032840 HTTP/1.1" 500 - "-" "Mozilla/5.0 AppleWebKit/537.36 (KHTML, like Gecko; compatible; ClaudeBot/1.0; +claudebot@anthropic.com)"
216.73.216.191 - - [20/Aug/2026:09:26:58 +0200] "GET /?o=117005506 HTTP/1.1" 500 - "-" "Mozilla/5.0 AppleWebKit/537.36 (KHTML, like Gecko; compatible; ClaudeBot/1.0; +claudebot@anthropic.com)"
66.249.66.199 - - [20/Aug/2026:09:26:58 +0200] "GET /?n=119039026 HTTP/1.1" 200 166806 "-" "Mozilla/5.0 (Linux; Android 6.0.1; Nexus 5X Build/MMB29P) AppleWebKit/537.36 (KHTML, like Gecko) Chrome/151.0.7922.137 Mobile Safari/537.36 (compatible; Googlebot/2.1; +http://www.google.com/bot.html)"
74.7.242.61 - - [20/Aug/2026:09:27:00 +0200] "GET /?h=294043475 HTTP/1.1" 500 - "https://pelliheat-ag.ch/sitemap_index.xml" "Mozilla/5.0 AppleWebKit/537.36 (KHTML, like Gecko; compatible; GPTBot/1.4; +https://openai.com/gptbot)"
66.249.66.39 - - [20/Aug/2026:09:27:06 +0200] "GET /?c=082023533 HTTP/1.1" 200 135927 "-" "Mozilla/5.0 (Linux; Android 6.0.1; Nexus 5X Build/MMB29P) AppleWebKit/537.36 (KHTML, like Gecko) Chrome/151.0.7922.137 Mobile Safari/537.36 (compatible; Googlebot/2.1; +http://www.google.com/bot.html)"
66.249.66.39 - - [20/Aug/2026:09:27:13 +0200] "GET /guide/hajimete/ HTTP/1.1" 200 118699 "-" "Mozilla/5.0 (compatible; Googlebot/2.1; +http://www.google.com/bot.html)"
66.249.66.39 - - [20/Aug/2026:09:27:19 +0200] "GET /?b=296044321 HTTP/1.1" 200 121333 "-" "Mozilla/5.0 (Linux; Android 6.0.1; Nexus 5X Build/MMB29P) AppleWebKit/537.36 (KHTML, like Gecko) Chrome/151.0.7922.137 Mobile Safari/537.36 (compatible; Googlebot/2.1; +http://www.google.com/bot.html)"
74.7.242.61 - - [20/Aug/2026:09:27:21 +0200] "GET /?g=065016524 HTTP/1.1" 500 - "https://pelliheat-ag.ch/sitemap_index.xml" "Mozilla/5.0 AppleWebKit/537.36 (KHTML, like Gecko; compatible; GPTBot/1.4; +https://openai.com/gptbot)"
66.249.66.39 - - [20/Aug/2026:09:27:24 +0200] "GET /f/thermometer/thermometer00/ HTTP/1.1" 200 119464 "-" "Mozilla/5.0 (compatible; Googlebot/2.1; +http://www.google.com/bot.html)"
66.249.66.39 - - [20/Aug/2026:09:27:29 +0200] "GET /?g=110029923 HTTP/1.1" 200 117029 "-" "Mozilla/5.0 (Linux; Android 6.0.1; Nexus 5X Build/MMB29P) AppleWebKit/537.36 (KHTML, like Gecko) Chrome/151.0.7922.137 Mobile Safari/537.36 (compatible; Googlebot/2.1; +http://www.google.com/bot.html)"
66.249.66.197 - - [20/Aug/2026:09:27:33 +0200] "GET /?q=060015757 HTTP/1.1" 200 118336 "-" "Mozilla/5.0 (Linux; Android 6.0.1; Nexus 5X Build/MMB29P) AppleWebKit/537.36 (KHTML, like Gecko) Chrome/151.0.7922.137 Mobile Safari/537.36 (compatible; Googlebot/2.1; +http://www.google.com/bot.html)"
66.249.66.69 - - [20/Aug/2026:09:27:37 +0200] "GET /f/services/anpi/safetylink24/ HTTP/1.1" 200 118865 "-" "Mozilla/5.0 (compatible; Googlebot/2.1; +http://www.google.com/bot.html)"
66.249.66.39 - - [20/Aug/2026:09:27:41 +0200] "GET /?x=043033698 HTTP/1.1" 200 137632 "-" "Mozilla/5.0 (Linux; Android 6.0.1; Nexus 5X Build/MMB29P) AppleWebKit/537.36 (KHTML, like Gecko) Chrome/151.0.7922.137 Mobile Safari/537.36 (compatible; Googlebot/2.1; +http://www.google.com/bot.html)"
74.7.242.61 - - [20/Aug/2026:09:27:42 +0200] "GET /?n=278046227 HTTP/1.1" 500 - "https://pelliheat-ag.ch/sitemap_index.xml" "Mozilla/5.0 AppleWebKit/537.36 (KHTML, like Gecko; compatible; GPTBot/1.4; +https://openai.com/gptbot)"
66.249.66.69 - - [20/Aug/2026:09:27:44 +0200] "GET /e/14/ HTTP/1.1" 200 116234 "-" "Mozilla/5.0 (compatible; Googlebot/2.1; +http://www.google.com/bot.html)"
66.249.66.69 - - [20/Aug/2026:09:27:47 +0200] "GET /?d=019030648 HTTP/1.1" 200 122643 "-" "Mozilla/5.0 (Linux; Android 6.0.1; Nexus 5X Build/MMB29P) AppleWebKit/537.36 (KHTML, like Gecko) Chrome/151.0.7922.137 Mobile Safari/537.36 (compatible; Googlebot/2.1; +http://www.google.com/bot.html)"
66.249.66.69 - - [20/Aug/2026:09:27:49 +0200] "GET /?g=202015231 HTTP/1.1" 200 116699 "-" "Mozilla/5.0 (Linux; Android 6.0.1; Nexus 5X Build/MMB29P) AppleWebKit/537.36 (KHTML, like Gecko) Chrome/151.0.7922.137 Mobile Safari/537.36 (compatible; Googlebot/2.1; +http://www.google.com/bot.html)"
66.249.66.69 - - [20/Aug/2026:09:27:52 +0200] "GET /f/copy/copy00/ HTTP/1.1" 200 119008 "-" "Mozilla/5.0 (compatible; Googlebot/2.1; +http://www.google.com/bot.html)"
66.249.66.197 - - [20/Aug/2026:09:27:55 +0200] "GET /?i=162000305 HTTP/1.1" 200 133219 "-" "Mozilla/5.0 (Linux; Android 6.0.1; Nexus 5X Build/MMB29P) AppleWebKit/537.36 (KHTML, like Gecko) Chrome/151.0.7922.137 Mobile Safari/537.36 (compatible; Googlebot/2.1; +http://www.google.com/bot.html)"
66.249.66.197 - - [20/Aug/2026:09:27:57 +0200] "GET /e/26/ HTTP/1.1" 200 126024 "-" "Mozilla/5.0 (compatible; Googlebot/2.1; +http://www.google.com/bot.html)"
66.249.66.69 - - [20/Aug/2026:09:27:59 +0200] "GET /mbr/catalog/createAccountView/ HTTP/1.1" 200 121090 "-" "Mozilla/5.0 (compatible; Googlebot/2.1; +http://www.google.com/bot.html)"
66.249.66.69 - - [20/Aug/2026:09:28:01 +0200] "GET /?x=031022718 HTTP/1.1" 200 123793 "-" "Mozilla/5.0 (Linux; Android 6.0.1; Nexus 5X Build/MMB29P) AppleWebKit/537.36 (KHTML, like Gecko) Chrome/151.0.7922.137 Mobile Safari/537.36 (compatible; Googlebot/2.1; +http://www.google.com/bot.html)"
74.7.242.61 - - [20/Aug/2026:09:28:04 +0200] "GET /?f=256047033 HTTP/1.1" 500 - "https://pelliheat-ag.ch/sitemap_index.xml" "Mozilla/5.0 AppleWebKit/537.36 (KHTML, like Gecko; compatible; GPTBot/1.4; +https://openai.com/gptbot)"
66.249.66.39 - - [20/Aug/2026:09:28:04 +0200] "GET /?l=004029551 HTTP/1.1" 200 124026 "-" "Mozilla/5.0 (compatible; Googlebot/2.1; +http://www.google.com/bot.html)"
66.249.66.39 - - [20/Aug/2026:09:28:06 +0200] "GET /?u=198013041 HTTP/1.1" 200 134079 "-" "Mozilla/5.0 (Linux; Android 6.0.1; Nexus 5X Build/MMB29P) AppleWebKit/537.36 (KHTML, like Gecko) Chrome/151.0.7922.137 Mobile Safari/537.36 (compatible; Googlebot/2.1; +http://www.google.com/bot.html)"
66.249.66.39 - - [20/Aug/2026:09:28:09 +0200] "GET /shopping/?sc_e=shp_askul HTTP/1.1" 200 118074 "-" "Mozilla/5.0 (compatible; Googlebot/2.1; +http://www.google.com/bot.html)"
66.249.66.69 - - [20/Aug/2026:09:28:12 +0200] "GET /?n=282014225 HTTP/1.1" 200 116532 "-" "Mozilla/5.0 (Linux; Android 6.0.1; Nexus 5X Build/MMB29P) AppleWebKit/537.36 (KHTML, like Gecko) Chrome/151.0.7922.137 Mobile Safari/537.36 (compatible; Googlebot/2.1; +http://www.google.com/bot.html)"
66.249.66.197 - - [20/Aug/2026:09:28:15 +0200] "GET /?b=295017804 HTTP/1.1" 200 117806 "-" "Mozilla/5.0 (Linux; Android 6.0.1; Nexus 5X Build/MMB29P) AppleWebKit/537.36 (KHTML, like Gecko) Chrome/151.0.7922.137 Mobile Safari/537.36 (compatible; Googlebot/2.1; +http://www.google.com/bot.html)"
66.249.66.39 - - [20/Aug/2026:09:28:17 +0200] "GET /315539087 HTTP/1.1" 200 125874 "-" "Mozilla/5.0 (compatible; Googlebot/2.1; +http://www.google.com/bot.html)"
66.249.66.39 - - [20/Aug/2026:09:28:20 +0200] "GET /?z=123017446 HTTP/1.1" 200 122779 "-" "Mozilla/5.0 (Linux; Android 6.0.1; Nexus 5X Build/MMB29P) AppleWebKit/537.36 (KHTML, like Gecko) Chrome/151.0.7922.137 Mobile Safari/537.36 (compatible; Googlebot/2.1; +http://www.google.com/bot.html)"
74.7.242.61 - - [20/Aug/2026:09:28:24 +0200] "GET /?z=156009117 HTTP/1.1" 500 - "https://pelliheat-ag.ch/sitemap_index.xml" "Mozilla/5.0 AppleWebKit/537.36 (KHTML, like Gecko; compatible; GPTBot/1.4; +https://openai.com/gptbot)"
66.249.66.69 - - [20/Aug/2026:09:28:23 +0200] "GET /?a=139022216 HTTP/1.1" 200 116651 "-" "Mozilla/5.0 (Linux; Android 6.0.1; Nexus 5X Build/MMB29P) AppleWebKit/537.36 (KHTML, like Gecko) Chrome/151.0.7922.137 Mobile Safari/537.36 (compatible; Googlebot/2.1; +http://www.google.com/bot.html)"
66.249.66.69 - - [20/Aug/2026:09:28:25 +0200] "GET /542179116 HTTP/1.1" 200 116549 "-" "Mozilla/5.0 (compatible; Googlebot/2.1; +http://www.google.com/bot.html)"
66.249.66.39 - - [20/Aug/2026:09:28:28 +0200] "GET /?v=062006307 HTTP/1.1" 200 119416 "-" "Mozilla/5.0 (Linux; Android 6.0.1; Nexus 5X Build/MMB29P) AppleWebKit/537.36 (KHTML, like Gecko) Chrome/151.0.7922.137 Mobile Safari/537.36 (compatible; Googlebot/2.1; +http://www.google.com/bot.html)"
66.249.66.197 - - [20/Aug/2026:09:28:31 +0200] "GET /?q=108022457 HTTP/1.1" 200 126115 "-" "Mozilla/5.0 (Linux; Android 6.0.1; Nexus 5X Build/MMB29P) AppleWebKit/537.36 (KHTML, like Gecko) Chrome/151.0.7922.137 Mobile Safari/537.36 (compatible; Googlebot/2.1; +http://www.google.com/bot.html)"
66.249.66.39 - - [20/Aug/2026:09:28:33 +0200] "GET /f/special/power_tools/ HTTP/1.1" 200 128449 "-" "Mozilla/5.0 (compatible; Googlebot/2.1; +http://www.google.com/bot.html)"
66.249.66.69 - - [20/Aug/2026:09:28:36 +0200] "GET /?f=276014941 HTTP/1.1" 200 124308 "-" "Mozilla/5.0 (Linux; Android 6.0.1; Nexus 5X Build/MMB29P) AppleWebKit/537.36 (KHTML, like Gecko) Chrome/151.0.7922.137 Mobile Safari/537.36 (compatible; Googlebot/2.1; +http://www.google.com/bot.html)"
66.249.66.70 - - [20/Aug/2026:09:28:39 +0200] "GET /?k=229044432 HTTP/1.1" 200 119207 "-" "Mozilla/5.0 (Linux; Android 6.0.1; Nexus 5X Build/MMB29P) AppleWebKit/537.36 (KHTML, like Gecko) Chrome/151.0.7922.137 Mobile Safari/537.36 (compatible; Googlebot/2.1; +http://www.google.com/bot.html)"
66.249.66.70 - - [20/Aug/2026:09:28:41 +0200] "GET /webapp/shops-club/servlet/YLogonSSLView?byStockAddSetModal=1&transitionURL= HTTP/1.1" 200 119076 "-" "Mozilla/5.0 (compatible; Googlebot/2.1; +http://www.google.com/bot.html)"
66.249.66.69 - - [20/Aug/2026:09:28:44 +0200] "GET /?n=174013115 HTTP/1.1" 200 124758 "-" "Mozilla/5.0 (Linux; Android 6.0.1; Nexus 5X Build/MMB29P) AppleWebKit/537.36 (KHTML, like Gecko) Chrome/151.0.7922.137 Mobile Safari/537.36 (compatible; Googlebot/2.1; +http://www.google.com/bot.html)"
74.7.242.61 - - [20/Aug/2026:09:28:45 +0200] "GET /?y=230045937 HTTP/1.1" 500 - "https://pelliheat-ag.ch/sitemap_index.xml" "Mozilla/5.0 AppleWebKit/537.36 (KHTML, like Gecko; compatible; GPTBot/1.4; +https://openai.com/gptbot)"
66.249.66.69 - - [20/Aug/2026:09:28:46 +0200] "GET /?s=149007172 HTTP/1.1" 200 119860 "-" "Mozilla/5.0 (Linux; Android 6.0.1; Nexus 5X Build/MMB29P) AppleWebKit/537.36 (KHTML, like Gecko) Chrome/151.0.7922.137 Mobile Safari/537.36 (compatible; Googlebot/2.1; +http://www.google.com/bot.html)"
66.249.66.70 - - [20/Aug/2026:09:28:49 +0200] "GET /e/15/ HTTP/1.1" 200 124518 "-" "Mozilla/5.0 (compatible; Googlebot/2.1; +http://www.google.com/bot.html)"
66.249.66.39 - - [20/Aug/2026:09:28:51 +0200] "GET /?f=106026115 HTTP/1.1" 200 121898 "-" "Mozilla/5.0 (Linux; Android 6.0.1; Nexus 5X Build/MMB29P) AppleWebKit/537.36 (KHTML, like Gecko) Chrome/151.0.7922.137 Mobile Safari/537.36 (compatible; Googlebot/2.1; +http://www.google.com/bot.html)"
66.249.66.70 - - [20/Aug/2026:09:28:54 +0200] "GET /?i=004019681 HTTP/1.1" 200 118570 "-" "Mozilla/5.0 (Linux; Android 6.0.1; Nexus 5X Build/MMB29P) AppleWebKit/537.36 (KHTML, like Gecko) Chrome/151.0.7922.137 Mobile Safari/537.36 (compatible; Googlebot/2.1; +http://www.google.com/bot.html)"
66.249.66.197 - - [20/Aug/2026:09:28:56 +0200] "GET /f/services/sds/ HTTP/1.1" 200 121040 "-" "Mozilla/5.0 (compatible; Googlebot/2.1; +http://www.google.com/bot.html)"
66.249.66.39 - - [20/Aug/2026:09:28:59 +0200] "GET /?l=211039360 HTTP/1.1" 200 123446 "-" "Mozilla/5.0 (Linux; Android 6.0.1; Nexus 5X Build/MMB29P) AppleWebKit/537.36 (KHTML, like Gecko) Chrome/151.0.7922.137 Mobile Safari/537.36 (compatible; Googlebot/2.1; +http://www.google.com/bot.html)"
66.249.66.39 - - [20/Aug/2026:09:29:01 +0200] "GET /guide/knowledge/payment.html HTTP/1.1" 200 123380 "-" "Mozilla/5.0 (compatible; Googlebot/2.1; +http://www.google.com/bot.html)"
66.249.66.197 - - [20/Aug/2026:09:29:04 +0200] "GET /?z=145047880 HTTP/1.1" 200 120345 "-" "Mozilla/5.0 (Linux; Android 6.0.1; Nexus 5X Build/MMB29P) AppleWebKit/537.36 (KHTML, like Gecko) Chrome/151.0.7922.137 Mobile Safari/537.36 (compatible; Googlebot/2.1; +http://www.google.com/bot.html)"
74.7.242.61 - - [20/Aug/2026:09:29:05 +0200] "GET /?v=296040219 HTTP/1.1" 500 - "https://pelliheat-ag.ch/sitemap_index.xml" "Mozilla/5.0 AppleWebKit/537.36 (KHTML, like Gecko; compatible; GPTBot/1.4; +https://openai.com/gptbot)"
66.249.66.197 - - [20/Aug/2026:09:29:06 +0200] "GET /f/services/kintai/touchontime/ HTTP/1.1" 200 117112 "-" "Mozilla/5.0 (compatible; Googlebot/2.1; +http://www.google.com/bot.html)"
66.249.66.39 - - [20/Aug/2026:09:29:09 +0200] "GET /iqr/inquiryInputView/?inquiryId=IQR0015 HTTP/1.1" 200 121906 "-" "Mozilla/5.0 (compatible; Googlebot/2.1; +http://www.google.com/bot.html)"
66.249.66.197 - - [20/Aug/2026:09:29:11 +0200] "GET /?a=184045783 HTTP/1.1" 200 123687 "-" "Mozilla/5.0 (Linux; Android 6.0.1; Nexus 5X Build/MMB29P) AppleWebKit/537.36 (KHTML, like Gecko) Chrome/151.0.7922.137 Mobile Safari/537.36 (compatible; Googlebot/2.1; +http://www.google.com/bot.html)"
66.249.66.39 - - [20/Aug/2026:09:29:13 +0200] "GET /?k=051013442 HTTP/1.1" 200 121919 "-" "Mozilla/5.0 (Linux; Android 6.0.1; Nexus 5X Build/MMB29P) AppleWebKit/537.36 (KHTML, like Gecko) Chrome/151.0.7922.137 Mobile Safari/537.36 (compatible; Googlebot/2.1; +http://www.google.com/bot.html)"
66.249.66.39 - - [20/Aug/2026:09:29:16 +0200] "GET /f/towel/towel00/ HTTP/1.1" 200 137680 "-" "Mozilla/5.0 (compatible; Googlebot/2.1; +http://www.google.com/bot.html)"
66.249.66.197 - - [20/Aug/2026:09:29:18 +0200] "GET /?v=238024699 HTTP/1.1" 200 119025 "-" "Mozilla/5.0 (Linux; Android 6.0.1; Nexus 5X Build/MMB29P) AppleWebKit/537.36 (KHTML, like Gecko) Chrome/151.0.7922.137 Mobile Safari/537.36 (compatible; Googlebot/2.1; +http://www.google.com/bot.html)"
66.249.66.39 - - [20/Aug/2026:09:29:21 +0200] "GET /?g=252045589 HTTP/1.1" 200 119483 "-" "Mozilla/5.0 (Linux; Android 6.0.1; Nexus 5X Build/MMB29P) AppleWebKit/537.36 (KHTML, like Gecko) Chrome/151.0.7922.137 Mobile Safari/537.36 (compatible; Googlebot/2.1; +http://www.google.com/bot.html)"
66.249.66.39 - - [20/Aug/2026:09:29:23 +0200] "GET /165785991 HTTP/1.1" 200 122203 "-" "Mozilla/5.0 (compatible; Googlebot/2.1; +http://www.google.com/bot.html)"
66.249.66.197 - - [20/Aug/2026:09:29:25 +0200] "GET /?c=008038527 HTTP/1.1" 200 116087 "-" "Mozilla/5.0 (Linux; Android 6.0.1; Nexus 5X Build/MMB29P) AppleWebKit/537.36 (KHTML, like Gecko) Chrome/151.0.7922.137 Mobile Safari/537.36 (compatible; Googlebot/2.1; +http://www.google.com/bot.html)"
74.7.242.61 - - [20/Aug/2026:09:29:26 +0200] "GET /?h=117035256 HTTP/1.1" 500 - "https://pelliheat-ag.ch/sitemap_index.xml" "Mozilla/5.0 AppleWebKit/537.36 (KHTML, like Gecko; compatible; GPTBot/1.4; +https://openai.com/gptbot)"
66.249.66.39 - - [20/Aug/2026:09:29:28 +0200] "GET /f/special/isetan/ HTTP/1.1" 200 120328 "-" "Mozilla/5.0 (compatible; Googlebot/2.1; +http://www.google.com/bot.html)"
66.249.66.197 - - [20/Aug/2026:09:29:30 +0200] "GET /?a=274025079 HTTP/1.1" 200 119562 "-" "Mozilla/5.0 (Linux; Android 6.0.1; Nexus 5X Build/MMB29P) AppleWebKit/537.36 (KHTML, like Gecko) Chrome/151.0.7922.137 Mobile Safari/537.36 (compatible; Googlebot/2.1; +http://www.google.com/bot.html)"
66.249.66.197 - - [20/Aug/2026:09:29:32 +0200] "GET /f/daisya/daisya00/ HTTP/1.1" 200 122435 "-" "Mozilla/5.0 (compatible; Googlebot/2.1; +http://www.google.com/bot.html)"
66.249.66.197 - - [20/Aug/2026:09:29:34 +0200] "GET /?m=212025009 HTTP/1.1" 200 124999 "-" "Mozilla/5.0 (Linux; Android 6.0.1; Nexus 5X Build/MMB29P) AppleWebKit/537.36 (KHTML, like Gecko) Chrome/151.0.7922.137 Mobile Safari/537.36 (compatible; Googlebot/2.1; +http://www.google.com/bot.html)"
66.249.66.70 - - [20/Aug/2026:09:29:37 +0200] "GET /?j=249035260 HTTP/1.1" 200 165452 "-" "Mozilla/5.0 (Linux; Android 6.0.1; Nexus 5X Build/MMB29P) AppleWebKit/537.36 (KHTML, like Gecko) Chrome/151.0.7922.137 Mobile Safari/537.36 (compatible; Googlebot/2.1; +http://www.google.com/bot.html)"
66.249.66.39 - - [20/Aug/2026:09:29:39 +0200] "GET /428425800 HTTP/1.1" 200 120424 "-" "Mozilla/5.0 (compatible; Googlebot/2.1; +http://www.google.com/bot.html)"
66.249.66.70 - - [20/Aug/2026:09:29:41 +0200] "GET /?y=006034609 HTTP/1.1" 200 125309 "-" "Mozilla/5.0 (Linux; Android 6.0.1; Nexus 5X Build/MMB29P) AppleWebKit/537.36 (KHTML, like Gecko) Chrome/151.0.7922.137 Mobile Safari/537.36 (compatible; Googlebot/2.1; +http://www.google.com/bot.html)"
66.249.66.40 - - [20/Aug/2026:09:29:44 +0200] "GET /?u=271036786 HTTP/1.1" 200 118676 "-" "Mozilla/5.0 (Linux; Android 6.0.1; Nexus 5X Build/MMB29P) AppleWebKit/537.36 (KHTML, like Gecko) Chrome/151.0.7922.137 Mobile Safari/537.36 (compatible; Googlebot/2.1; +http://www.google.com/bot.html)"
66.249.66.69 - - [20/Aug/2026:09:29:46 +0200] "GET /?e=004029561 HTTP/1.1" 200 130971 "-" "Mozilla/5.0 (compatible; Googlebot/2.1; +http://www.google.com/bot.html)"
74.7.242.61 - - [20/Aug/2026:09:29:48 +0200] "GET /?g=257006804 HTTP/1.1" 500 - "https://pelliheat-ag.ch/sitemap_index.xml" "Mozilla/5.0 AppleWebKit/537.36 (KHTML, like Gecko; compatible; GPTBot/1.4; +https://openai.com/gptbot)"
66.249.66.6 - - [20/Aug/2026:09:29:48 +0200] "GET /?e=085019278 HTTP/1.1" 200 153231 "-" "Mozilla/5.0 (Linux; Android 6.0.1; Nexus 5X Build/MMB29P) AppleWebKit/537.36 (KHTML, like Gecko) Chrome/151.0.7922.137 Mobile Safari/537.36 (compatible; Googlebot/2.1; +http://www.google.com/bot.html)"
66.249.66.197 - - [20/Aug/2026:09:29:50 +0200] "GET /?p=132004361 HTTP/1.1" 200 118439 "-" "Mozilla/5.0 (Linux; Android 6.0.1; Nexus 5X Build/MMB29P) AppleWebKit/537.36 (KHTML, like Gecko) Chrome/151.0.7922.137 Mobile Safari/537.36 (compatible; Googlebot/2.1; +http://www.google.com/bot.html)"
66.249.66.69 - - [20/Aug/2026:09:29:53 +0200] "GET /special/004029570.html HTTP/1.1" 200 128541 "-" "Mozilla/5.0 (compatible; Googlebot/2.1; +http://www.google.com/bot.html)"
66.249.66.69 - - [20/Aug/2026:09:29:55 +0200] "GET /?b=074000441 HTTP/1.1" 200 121122 "-" "Mozilla/5.0 (Linux; Android 6.0.1; Nexus 5X Build/MMB29P) AppleWebKit/537.36 (KHTML, like Gecko) Chrome/151.0.7922.137 Mobile Safari/537.36 (compatible; Googlebot/2.1; +http://www.google.com/bot.html)"
66.249.66.197 - - [20/Aug/2026:09:29:57 +0200] "GET /?y=067024764 HTTP/1.1" 200 119275 "-" "Mozilla/5.0 (Linux; Android 6.0.1; Nexus 5X Build/MMB29P) AppleWebKit/537.36 (KHTML, like Gecko) Chrome/151.0.7922.137 Mobile Safari/537.36 (compatible; Googlebot/2.1; +http://www.google.com/bot.html)"
66.249.66.70 - - [20/Aug/2026:09:29:59 +0200] "GET /f/special/refill/ HTTP/1.1" 200 138141 "-" "Mozilla/5.0 (compatible; Googlebot/2.1; +http://www.google.com/bot.html)"
66.249.66.69 - - [20/Aug/2026:09:30:01 +0200] "GET /?s=219026984 HTTP/1.1" 200 124877 "-" "Mozilla/5.0 (Linux; Android 6.0.1; Nexus 5X Build/MMB29P) AppleWebKit/537.36 (KHTML, like Gecko) Chrome/151.0.7922.137 Mobile Safari/537.36 (compatible; Googlebot/2.1; +http://www.google.com/bot.html)"
66.249.66.39 - - [20/Aug/2026:09:30:03 +0200] "GET /?z=049011028 HTTP/1.1" 200 119108 "-" "Mozilla/5.0 (Linux; Android 6.0.1; Nexus 5X Build/MMB29P) AppleWebKit/537.36 (KHTML, like Gecko) Chrome/151.0.7922.137 Mobile Safari/537.36 (compatible; Googlebot/2.1; +http://www.google.com/bot.html)"
66.249.66.39 - - [20/Aug/2026:09:30:05 +0200] "GET /f/services/regular_purchases/ HTTP/1.1" 200 129793 "-" "Mozilla/5.0 (compatible; Googlebot/2.1; +http://www.google.com/bot.html)"
66.249.66.69 - - [20/Aug/2026:09:30:08 +0200] "GET /?b=170030771 HTTP/1.1" 200 122453 "-" "Mozilla/5.0 (Linux; Android 6.0.1; Nexus 5X Build/MMB29P) AppleWebKit/537.36 (KHTML, like Gecko) Chrome/151.0.7922.137 Mobile Safari/537.36 (compatible; Googlebot/2.1; +http://www.google.com/bot.html)"
74.7.242.61 - - [20/Aug/2026:09:30:10 +0200] "GET /?e=199016720 HTTP/1.1" 500 - "https://pelliheat-ag.ch/sitemap_index.xml" "Mozilla/5.0 AppleWebKit/537.36 (KHTML, like Gecko; compatible; GPTBot/1.4; +https://openai.com/gptbot)"
66.249.66.69 - - [20/Aug/2026:09:30:10 +0200] "GET /?j=246036359 HTTP/1.1" 200 119726 "-" "Mozilla/5.0 (Linux; Android 6.0.1; Nexus 5X Build/MMB29P) AppleWebKit/537.36 (KHTML, like Gecko) Chrome/151.0.7922.137 Mobile Safari/537.36 (compatible; Googlebot/2.1; +http://www.google.com/bot.html)"
66.249.66.39 - - [20/Aug/2026:09:30:12 +0200] "GET /ctg/search/searchByKeywordDetailConditionView/ HTTP/1.1" 200 127596 "-" "Mozilla/5.0 (compatible; Googlebot/2.1; +http://www.google.com/bot.html)"
66.249.66.69 - - [20/Aug/2026:09:30:14 +0200] "GET /?l=177000860 HTTP/1.1" 200 124965 "-" "Mozilla/5.0 (Linux; Android 6.0.1; Nexus 5X Build/MMB29P) AppleWebKit/537.36 (KHTML, like Gecko) Chrome/151.0.7922.137 Mobile Safari/537.36 (compatible; Googlebot/2.1; +http://www.google.com/bot.html)"
66.249.66.39 - - [20/Aug/2026:09:30:16 +0200] "GET /?f=063003234 HTTP/1.1" 200 129189 "-" "Mozilla/5.0 (Linux; Android 6.0.1; Nexus 5X Build/MMB29P) AppleWebKit/537.36 (KHTML, like Gecko) Chrome/151.0.7922.137 Mobile Safari/537.36 (compatible; Googlebot/2.1; +http://www.google.com/bot.html)"
66.249.66.39 - - [20/Aug/2026:09:30:18 +0200] "GET / HTTP/1.1" 200 119586 "-" "Mozilla/5.0 (compatible; Googlebot/2.1; +http://www.google.com/bot.html)"
66.249.66.69 - - [20/Aug/2026:09:30:21 +0200] "GET /?s=282005927 HTTP/1.1" 200 136048 "-" "Mozilla/5.0 (Linux; Android 6.0.1; Nexus 5X Build/MMB29P) AppleWebKit/537.36 (KHTML, like Gecko) Chrome/151.0.7922.137 Mobile Safari/537.36 (compatible; Googlebot/2.1; +http://www.google.com/bot.html)"
66.249.66.197 - - [20/Aug/2026:09:30:22 +0200] "GET /?o=043017480 HTTP/1.1" 200 127160 "-" "Mozilla/5.0 (Linux; Android 6.0.1; Nexus 5X Build/MMB29P) AppleWebKit/537.36 (KHTML, like Gecko) Chrome/151.0.7922.137 Mobile Safari/537.36 (compatible; Googlebot/2.1; +http://www.google.com/bot.html)"
