216.73.216.191 - - [20/Aug/2026:11:13:31 +0200] "GET /?i=297014928 HTTP/1.1" 500 - "-" "Mozilla/5.0 AppleWebKit/537.36 (KHTML, like Gecko; compatible; ClaudeBot/1.0; +claudebot@anthropic.com)"
74.7.242.61 - - [20/Aug/2026:11:13:31 +0200] "GET /?h=183038374 HTTP/1.1" 500 - "https://pelliheat-ag.ch/sitemap_index.xml" "Mozilla/5.0 AppleWebKit/537.36 (KHTML, like Gecko; compatible; GPTBot/1.4; +https://openai.com/gptbot)"
66.249.66.71 - - [20/Aug/2026:11:13:31 +0200] "GET /special/242029388.html HTTP/1.1" 200 118583 "-" "Mozilla/5.0 (compatible; Googlebot/2.1; +http://www.google.com/bot.html)"
66.249.66.45 - - [20/Aug/2026:11:13:33 +0200] "GET /category/25_1446_1447/1/listing HTTP/1.1" 200 123175 "-" "Mozilla/5.0 (compatible; Googlebot/2.1; +http://www.google.com/bot.html)"
216.73.216.191 - - [20/Aug/2026:11:13:34 +0200] "GET /?m=236043031 HTTP/1.1" 500 - "-" "Mozilla/5.0 AppleWebKit/537.36 (KHTML, like Gecko; compatible; ClaudeBot/1.0; +claudebot@anthropic.com)"
66.249.66.45 - - [20/Aug/2026:11:13:34 +0200] "GET /category/25_1446/1/listing HTTP/1.1" 200 120107 "-" "Mozilla/5.0 (compatible; Googlebot/2.1; +http://www.google.com/bot.html)"
66.249.66.70 - - [20/Aug/2026:11:13:36 +0200] "GET /special/157036353.html HTTP/1.1" 200 134633 "-" "Mozilla/5.0 (compatible; Googlebot/2.1; +http://www.google.com/bot.html)"
66.249.66.70 - - [20/Aug/2026:11:13:38 +0200] "GET /?y=157036350 HTTP/1.1" 200 134779 "-" "Mozilla/5.0 (compatible; Googlebot/2.1; +http://www.google.com/bot.html)"
216.73.216.191 - - [20/Aug/2026:11:13:39 +0200] "GET /?n=092049755 HTTP/1.1" 500 - "-" "Mozilla/5.0 AppleWebKit/537.36 (KHTML, like Gecko; compatible; ClaudeBot/1.0; +claudebot@anthropic.com)"
66.249.66.70 - - [20/Aug/2026:11:13:40 +0200] "GET /special/157036349.html HTTP/1.1" 200 134303 "-" "Mozilla/5.0 (compatible; Googlebot/2.1; +http://www.google.com/bot.html)"
66.249.66.44 - - [20/Aug/2026:11:13:41 +0200] "GET /special/006010022.html HTTP/1.1" 200 125469 "-" "Mozilla/5.0 (compatible; Googlebot/2.1; +http://www.google.com/bot.html)"
66.249.66.70 - - [20/Aug/2026:11:13:43 +0200] "GET /special/157036351.html HTTP/1.1" 200 133866 "-" "Mozilla/5.0 (compatible; Googlebot/2.1; +http://www.google.com/bot.html)"
216.73.216.191 - - [20/Aug/2026:11:13:44 +0200] "GET /?u=158010151 HTTP/1.1" 500 - "-" "Mozilla/5.0 AppleWebKit/537.36 (KHTML, like Gecko; compatible; ClaudeBot/1.0; +claudebot@anthropic.com)"
66.249.66.71 - - [20/Aug/2026:11:13:44 +0200] "GET /special/048030120.html HTTP/1.1" 200 117857 "-" "Mozilla/5.0 (compatible; Googlebot/2.1; +http://www.google.com/bot.html)"
66.249.66.71 - - [20/Aug/2026:11:13:45 +0200] "GET /?c=157036356 HTTP/1.1" 200 134699 "-" "Mozilla/5.0 (compatible; Googlebot/2.1; +http://www.google.com/bot.html)"
66.249.66.70 - - [20/Aug/2026:11:13:47 +0200] "GET /category/407_1533_3328/1/listing HTTP/1.1" 200 125453 "-" "Mozilla/5.0 (compatible; Googlebot/2.1; +http://www.google.com/bot.html)"
74.7.242.61 - - [20/Aug/2026:11:13:48 +0200] "GET /?i=119007234 HTTP/1.1" 500 - "https://pelliheat-ag.ch/sitemap_index.xml" "Mozilla/5.0 AppleWebKit/537.36 (KHTML, like Gecko; compatible; GPTBot/1.4; +https://openai.com/gptbot)"
216.73.216.191 - - [20/Aug/2026:11:13:49 +0200] "GET /?e=210006303 HTTP/1.1" 500 - "-" "Mozilla/5.0 AppleWebKit/537.36 (KHTML, like Gecko; compatible; ClaudeBot/1.0; +claudebot@anthropic.com)"
66.249.66.66 - - [20/Aug/2026:11:13:49 +0200] "GET /special/080022138.html HTTP/1.1" 200 125316 "-" "Mozilla/5.0 (compatible; Googlebot/2.1; +http://www.google.com/bot.html)"
20.106.102.5 - - [20/Aug/2026:11:13:51 +0200] "GET /wp-content/plugins/hellopress/wp_filemanager.php HTTP/1.1" 404 5750 "-" "-"
20.106.102.5 - - [20/Aug/2026:11:13:52 +0200] "GET /this_is_a_new_hello_world.php HTTP/1.1" 404 5750 "-" "-"
66.249.66.198 - - [20/Aug/2026:11:13:51 +0200] "GET /special/190020240.html HTTP/1.1" 200 119811 "-" "Mozilla/5.0 (compatible; Googlebot/2.1; +http://www.google.com/bot.html)"
20.106.102.5 - - [20/Aug/2026:11:13:52 +0200] "GET /doti.php HTTP/1.1" 404 5750 "-" "-"
20.106.102.5 - - [20/Aug/2026:11:13:52 +0200] "GET /ton.php HTTP/1.1" 404 5750 "-" "-"
20.106.102.5 - - [20/Aug/2026:11:13:53 +0200] "GET /nfile.php HTTP/1.1" 404 5750 "-" "-"
66.249.66.198 - - [20/Aug/2026:11:13:52 +0200] "GET /?t=132029535 HTTP/1.1" 200 160772 "-" "Mozilla/5.0 (compatible; Googlebot/2.1; +http://www.google.com/bot.html)"
20.106.102.5 - - [20/Aug/2026:11:13:53 +0200] "GET /wfile.php HTTP/1.1" 404 5750 "-" "-"
20.106.102.5 - - [20/Aug/2026:11:13:53 +0200] "GET /acp.php HTTP/1.1" 404 5750 "-" "-"
20.106.102.5 - - [20/Aug/2026:11:13:53 +0200] "GET /asas.php HTTP/1.1" 404 5750 "-" "-"
20.106.102.5 - - [20/Aug/2026:11:13:54 +0200] "GET /222.php HTTP/1.1" 404 5750 "-" "-"
20.106.102.5 - - [20/Aug/2026:11:13:54 +0200] "GET /wp-configs.php HTTP/1.1" 404 5750 "-" "-"
66.249.66.199 - - [20/Aug/2026:11:13:54 +0200] "GET /?w=132029537 HTTP/1.1" 200 129001 "-" "Mozilla/5.0 (compatible; Googlebot/2.1; +http://www.google.com/bot.html)"
20.106.102.5 - - [20/Aug/2026:11:13:54 +0200] "GET /33.php HTTP/1.1" 404 5750 "-" "-"
216.73.216.191 - - [20/Aug/2026:11:13:54 +0200] "GET /?q=275031894 HTTP/1.1" 500 - "-" "Mozilla/5.0 AppleWebKit/537.36 (KHTML, like Gecko; compatible; ClaudeBot/1.0; +claudebot@anthropic.com)"
20.106.102.5 - - [20/Aug/2026:11:13:55 +0200] "GET /555.php HTTP/1.1" 404 5750 "-" "-"
20.106.102.5 - - [20/Aug/2026:11:13:55 +0200] "GET /ppp.php HTTP/1.1" 404 5750 "-" "-"
20.106.102.5 - - [20/Aug/2026:11:13:55 +0200] "GET /file88.php HTTP/1.1" 404 5750 "-" "-"
66.249.66.199 - - [20/Aug/2026:11:13:55 +0200] "GET /category/407/1/listing HTTP/1.1" 200 116425 "-" "Mozilla/5.0 (compatible; Googlebot/2.1; +http://www.google.com/bot.html)"
20.106.102.5 - - [20/Aug/2026:11:13:56 +0200] "GET /file5.php HTTP/1.1" 404 5750 "-" "-"
20.106.102.5 - - [20/Aug/2026:11:13:56 +0200] "GET /ava.php HTTP/1.1" 404 5750 "-" "-"
20.106.102.5 - - [20/Aug/2026:11:13:56 +0200] "GET /403.php HTTP/1.1" 404 5750 "-" "-"
20.106.102.5 - - [20/Aug/2026:11:13:56 +0200] "GET /geck.php HTTP/1.1" 404 5750 "-" "-"
20.106.102.5 - - [20/Aug/2026:11:13:57 +0200] "GET /build.php HTTP/1.1" 404 5750 "-" "-"
20.106.102.5 - - [20/Aug/2026:11:13:57 +0200] "GET /p.php HTTP/1.1" 404 5750 "-" "-"
20.106.102.5 - - [20/Aug/2026:11:13:57 +0200] "GET /cc.php HTTP/1.1" 404 5750 "-" "-"
66.249.66.198 - - [20/Aug/2026:11:13:57 +0200] "GET /?n=099045022 HTTP/1.1" 200 128033 "-" "Mozilla/5.0 (compatible; Googlebot/2.1; +http://www.google.com/bot.html)"
20.106.102.5 - - [20/Aug/2026:11:13:58 +0200] "GET /v1.php HTTP/1.1" 404 5750 "-" "-"
20.106.102.5 - - [20/Aug/2026:11:13:58 +0200] "GET /0x.php HTTP/1.1" 404 5750 "-" "-"
20.106.102.5 - - [20/Aug/2026:11:13:58 +0200] "GET /class629.php HTTP/1.1" 404 5750 "-" "-"
20.106.102.5 - - [20/Aug/2026:11:13:59 +0200] "GET /file21.php HTTP/1.1" 404 5750 "-" "-"
20.106.102.5 - - [20/Aug/2026:11:13:59 +0200] "GET /yellow.php HTTP/1.1" 404 5750 "-" "-"
20.106.102.5 - - [20/Aug/2026:11:13:59 +0200] "GET /777.php HTTP/1.1" 404 5750 "-" "-"
66.249.66.72 - - [20/Aug/2026:11:13:59 +0200] "GET /?d=132029533 HTTP/1.1" 200 157574 "-" "Mozilla/5.0 (compatible; Googlebot/2.1; +http://www.google.com/bot.html)"
20.106.102.5 - - [20/Aug/2026:11:13:59 +0200] "GET /030.php HTTP/1.1" 404 5750 "-" "-"
20.106.102.5 - - [20/Aug/2026:11:14:00 +0200] "GET /cfile.php HTTP/1.1" 404 5750 "-" "-"
20.106.102.5 - - [20/Aug/2026:11:14:00 +0200] "GET /aaa.php HTTP/1.1" 404 5750 "-" "-"
20.106.102.5 - - [20/Aug/2026:11:14:00 +0200] "GET /class.php HTTP/1.1" 404 5750 "-" "-"
20.106.102.5 - - [20/Aug/2026:11:14:01 +0200] "GET /vee.php HTTP/1.1" 404 5750 "-" "-"
66.249.66.198 - - [20/Aug/2026:11:14:00 +0200] "GET /?detail/13202954213705 HTTP/1.1" 200 147790 "-" "Mozilla/5.0 (compatible; Googlebot/2.1; +http://www.google.com/bot.html)"
20.106.102.5 - - [20/Aug/2026:11:14:01 +0200] "GET /ws33.php HTTP/1.1" 404 5750 "-" "-"
20.106.102.5 - - [20/Aug/2026:11:14:01 +0200] "GET /menu.php HTTP/1.1" 404 5750 "-" "-"
20.106.102.5 - - [20/Aug/2026:11:14:02 +0200] "GET /1.php HTTP/1.1" 404 5750 "-" "-"
20.106.102.5 - - [20/Aug/2026:11:14:02 +0200] "GET /aa.php HTTP/1.1" 404 5750 "-" "-"
20.106.102.5 - - [20/Aug/2026:11:14:02 +0200] "GET /bolt.php HTTP/1.1" 404 5750 "-" "-"
66.249.66.70 - - [20/Aug/2026:11:14:02 +0200] "GET /?f=132029531 HTTP/1.1" 200 132991 "-" "Mozilla/5.0 (compatible; Googlebot/2.1; +http://www.google.com/bot.html)"
20.106.102.5 - - [20/Aug/2026:11:14:02 +0200] "GET /v2.php HTTP/1.1" 404 5750 "-" "-"
20.106.102.5 - - [20/Aug/2026:11:14:03 +0200] "GET /class9.php HTTP/1.1" 404 5750 "-" "-"
20.106.102.5 - - [20/Aug/2026:11:14:03 +0200] "GET /abc.php HTTP/1.1" 404 5750 "-" "-"
20.106.102.5 - - [20/Aug/2026:11:14:03 +0200] "GET /f6.php HTTP/1.1" 404 5750 "-" "-"
20.106.102.5 - - [20/Aug/2026:11:14:04 +0200] "GET /new4.php HTTP/1.1" 404 5750 "-" "-"
66.249.66.71 - - [20/Aug/2026:11:14:03 +0200] "GET /special/269023587.html HTTP/1.1" 200 116123 "-" "Mozilla/5.0 (compatible; Googlebot/2.1; +http://www.google.com/bot.html)"
20.106.102.5 - - [20/Aug/2026:11:14:04 +0200] "GET /xxx.php HTTP/1.1" 404 5750 "-" "-"
20.106.102.5 - - [20/Aug/2026:11:14:04 +0200] "GET /moon3.php HTTP/1.1" 404 5750 "-" "-"
20.106.102.5 - - [20/Aug/2026:11:14:04 +0200] "GET /wb.php HTTP/1.1" 404 5750 "-" "-"
216.73.216.191 - - [20/Aug/2026:11:14:04 +0200] "GET /?o=239049286 HTTP/1.1" 500 - "-" "Mozilla/5.0 AppleWebKit/537.36 (KHTML, like Gecko; compatible; ClaudeBot/1.0; +claudebot@anthropic.com)"
20.106.102.5 - - [20/Aug/2026:11:14:05 +0200] "GET /mlex.php HTTP/1.1" 404 5750 "-" "-"
216.73.216.191 - - [20/Aug/2026:11:13:59 +0200] "GET /?c=103012450 HTTP/1.1" 500 - "-" "Mozilla/5.0 AppleWebKit/537.36 (KHTML, like Gecko; compatible; ClaudeBot/1.0; +claudebot@anthropic.com)"
20.106.102.5 - - [20/Aug/2026:11:14:05 +0200] "GET /tox.php HTTP/1.1" 404 5750 "-" "-"
20.106.102.5 - - [20/Aug/2026:11:14:05 +0200] "GET /v3.php HTTP/1.1" 404 5750 "-" "-"
66.249.66.70 - - [20/Aug/2026:11:14:05 +0200] "GET /special/086015462.html HTTP/1.1" 200 115783 "-" "Mozilla/5.0 (compatible; Googlebot/2.1; +http://www.google.com/bot.html)"
20.106.102.5 - - [20/Aug/2026:11:14:06 +0200] "GET /wp-is.php HTTP/1.1" 404 5750 "-" "-"
20.106.102.5 - - [20/Aug/2026:11:14:06 +0200] "GET /lala.php HTTP/1.1" 404 5750 "-" "-"
20.106.102.5 - - [20/Aug/2026:11:14:06 +0200] "GET /fileas.php HTTP/1.1" 404 5750 "-" "-"
20.106.102.5 - - [20/Aug/2026:11:14:07 +0200] "GET /file8.php HTTP/1.1" 404 5750 "-" "-"
20.106.102.5 - - [20/Aug/2026:11:14:07 +0200] "GET /x7.php HTTP/1.1" 404 5750 "-" "-"
20.106.102.5 - - [20/Aug/2026:11:14:07 +0200] "GET /moon.php HTTP/1.1" 404 5750 "-" "-"
20.106.102.5 - - [20/Aug/2026:11:14:07 +0200] "GET /fs.php HTTP/1.1" 404 5750 "-" "-"
20.106.102.5 - - [20/Aug/2026:11:14:08 +0200] "GET /v4.php HTTP/1.1" 404 5750 "-" "-"
66.249.66.198 - - [20/Aug/2026:11:14:07 +0200] "GET /?s=132029539 HTTP/1.1" 200 146379 "-" "Mozilla/5.0 (compatible; Googlebot/2.1; +http://www.google.com/bot.html)"
20.106.102.5 - - [20/Aug/2026:11:14:08 +0200] "GET /wto.php HTTP/1.1" 404 5750 "-" "-"
20.106.102.5 - - [20/Aug/2026:11:14:08 +0200] "GET /CLA.php HTTP/1.1" 404 5750 "-" "-"
216.73.216.191 - - [20/Aug/2026:11:14:08 +0200] "GET /?o=289022972 HTTP/1.1" 500 - "-" "Mozilla/5.0 AppleWebKit/537.36 (KHTML, like Gecko; compatible; ClaudeBot/1.0; +claudebot@anthropic.com)"
20.106.102.5 - - [20/Aug/2026:11:14:09 +0200] "GET /file1.php HTTP/1.1" 404 5750 "-" "-"
20.106.102.5 - - [20/Aug/2026:11:14:09 +0200] "GET /pp.php HTTP/1.1" 404 5750 "-" "-"
66.249.66.198 - - [20/Aug/2026:11:14:08 +0200] "GET /?detail/132029543960 HTTP/1.1" 200 180911 "-" "Mozilla/5.0 (compatible; Googlebot/2.1; +http://www.google.com/bot.html)"
20.106.102.5 - - [20/Aug/2026:11:14:09 +0200] "GET /mds.php HTTP/1.1" 404 5750 "-" "-"
20.106.102.5 - - [20/Aug/2026:11:14:10 +0200] "GET /0x0x.php HTTP/1.1" 404 5750 "-" "-"
20.106.102.5 - - [20/Aug/2026:11:14:10 +0200] "GET /file17.php HTTP/1.1" 404 5750 "-" "-"
20.106.102.5 - - [20/Aug/2026:11:14:10 +0200] "GET /flower.php HTTP/1.1" 404 5750 "-" "-"
74.7.242.61 - - [20/Aug/2026:11:14:10 +0200] "GET /?c=088039251 HTTP/1.1" 500 - "https://pelliheat-ag.ch/sitemap_index.xml" "Mozilla/5.0 AppleWebKit/537.36 (KHTML, like Gecko; compatible; GPTBot/1.4; +https://openai.com/gptbot)"
20.106.102.5 - - [20/Aug/2026:11:14:10 +0200] "GET /444.php HTTP/1.1" 404 5750 "-" "-"
20.106.102.5 - - [20/Aug/2026:11:14:11 +0200] "GET /finny.php HTTP/1.1" 404 5750 "-" "-"
20.106.102.5 - - [20/Aug/2026:11:14:11 +0200] "GET /x.php HTTP/1.1" 404 5750 "-" "-"
66.249.66.198 - - [20/Aug/2026:11:14:10 +0200] "GET /special/156005366.html HTTP/1.1" 200 119217 "-" "Mozilla/5.0 (compatible; Googlebot/2.1; +http://www.google.com/bot.html)"
20.106.102.5 - - [20/Aug/2026:11:14:11 +0200] "GET /1aa.php HTTP/1.1" 404 5750 "-" "-"
20.106.102.5 - - [20/Aug/2026:11:14:12 +0200] "GET /2.php HTTP/1.1" 404 5750 "-" "-"
20.106.102.5 - - [20/Aug/2026:11:14:12 +0200] "GET /class19.php HTTP/1.1" 404 5750 "-" "-"
20.106.102.5 - - [20/Aug/2026:11:14:12 +0200] "GET /he.php HTTP/1.1" 404 5750 "-" "-"
20.106.102.5 - - [20/Aug/2026:11:14:13 +0200] "GET /bless11.php HTTP/1.1" 404 5750 "-" "-"
20.106.102.5 - - [20/Aug/2026:11:14:13 +0200] "GET /sko.php HTTP/1.1" 404 5750 "-" "-"
20.106.102.5 - - [20/Aug/2026:11:14:13 +0200] "GET /o.php HTTP/1.1" 404 5750 "-" "-"
20.106.102.5 - - [20/Aug/2026:11:14:13 +0200] "GET /ws34.php HTTP/1.1" 404 5750 "-" "-"
20.106.102.5 - - [20/Aug/2026:11:14:14 +0200] "GET /mini.php HTTP/1.1" 404 5750 "-" "-"
20.106.102.5 - - [20/Aug/2026:11:14:14 +0200] "GET /inde.php HTTP/1.1" 404 5750 "-" "-"
20.106.102.5 - - [20/Aug/2026:11:14:14 +0200] "GET /111.php HTTP/1.1" 404 5750 "-" "-"
20.106.102.5 - - [20/Aug/2026:11:14:15 +0200] "GET /xxxx.php HTTP/1.1" 404 5750 "-" "-"
66.249.66.198 - - [20/Aug/2026:11:14:14 +0200] "GET /special/132029548.html HTTP/1.1" 200 136981 "-" "Mozilla/5.0 (compatible; Googlebot/2.1; +http://www.google.com/bot.html)"
20.106.102.5 - - [20/Aug/2026:11:14:15 +0200] "GET /an7.php HTTP/1.1" 404 5750 "-" "-"
20.106.102.5 - - [20/Aug/2026:11:14:15 +0200] "GET /666.php HTTP/1.1" 404 5750 "-" "-"
20.106.102.5 - - [20/Aug/2026:11:14:16 +0200] "GET /a.php HTTP/1.1" 404 5750 "-" "-"
20.106.102.5 - - [20/Aug/2026:11:14:16 +0200] "GET /bless.php HTTP/1.1" 404 5750 "-" "-"
20.106.102.5 - - [20/Aug/2026:11:14:16 +0200] "GET /file9.php HTTP/1.1" 404 5750 "-" "-"
66.249.66.206 - - [20/Aug/2026:11:14:16 +0200] "GET /category/407_1533/1/listing HTTP/1.1" 200 118171 "-" "Mozilla/5.0 (compatible; Googlebot/2.1; +http://www.google.com/bot.html)"
20.106.102.5 - - [20/Aug/2026:11:14:16 +0200] "GET /a2.php HTTP/1.1" 404 5750 "-" "-"
20.106.102.5 - - [20/Aug/2026:11:14:17 +0200] "GET /file4.php HTTP/1.1" 404 5750 "-" "-"
20.106.102.5 - - [20/Aug/2026:11:14:17 +0200] "GET /plss3.php HTTP/1.1" 404 5750 "-" "-"
20.106.102.5 - - [20/Aug/2026:11:14:17 +0200] "GET /file15.php HTTP/1.1" 404 5750 "-" "-"
66.249.66.198 - - [20/Aug/2026:11:14:17 +0200] "GET /special/019019051.html HTTP/1.1" 200 119665 "-" "Mozilla/5.0 (compatible; Googlebot/2.1; +http://www.google.com/bot.html)"
20.106.102.5 - - [20/Aug/2026:11:14:18 +0200] "GET /wsd.php HTTP/1.1" 404 5750 "-" "-"
20.106.102.5 - - [20/Aug/2026:11:14:18 +0200] "GET /shell.php HTTP/1.1" 404 5750 "-" "-"
20.106.102.5 - - [20/Aug/2026:11:14:18 +0200] "GET /akk.php HTTP/1.1" 404 5750 "-" "-"
66.249.66.198 - - [20/Aug/2026:11:14:18 +0200] "GET /category/1_44_1039_1040/1/listing HTTP/1.1" 200 120434 "-" "Mozilla/5.0 (compatible; Googlebot/2.1; +http://www.google.com/bot.html)"
20.106.102.5 - - [20/Aug/2026:11:14:19 +0200] "GET /n.php HTTP/1.1" 404 5750 "-" "-"
20.106.102.5 - - [20/Aug/2026:11:14:19 +0200] "GET /ws36.php HTTP/1.1" 404 5750 "-" "-"
20.106.102.5 - - [20/Aug/2026:11:14:19 +0200] "GET /ws45.php HTTP/1.1" 404 5750 "-" "-"
20.106.102.5 - - [20/Aug/2026:11:14:19 +0200] "GET /file30.php HTTP/1.1" 404 5750 "-" "-"
66.249.66.198 - - [20/Aug/2026:11:14:19 +0200] "GET /?y=156005355 HTTP/1.1" 200 120698 "-" "Mozilla/5.0 (compatible; Googlebot/2.1; +http://www.google.com/bot.html)"
20.106.102.5 - - [20/Aug/2026:11:14:20 +0200] "GET /racs3.php HTTP/1.1" 404 5750 "-" "-"
20.106.102.5 - - [20/Aug/2026:11:14:20 +0200] "GET /cccc.php HTTP/1.1" 404 5750 "-" "-"
20.106.102.5 - - [20/Aug/2026:11:14:20 +0200] "GET /file3.php HTTP/1.1" 404 5750 "-" "-"
216.73.216.191 - - [20/Aug/2026:11:14:20 +0200] "GET /special/200025946.html HTTP/1.1" 500 - "-" "Mozilla/5.0 AppleWebKit/537.36 (KHTML, like Gecko; compatible; ClaudeBot/1.0; +claudebot@anthropic.com)"
66.249.66.198 - - [20/Aug/2026:11:14:20 +0200] "GET /?goods/156005363 HTTP/1.1" 200 120873 "-" "Mozilla/5.0 (compatible; Googlebot/2.1; +http://www.google.com/bot.html)"
20.106.102.5 - - [20/Aug/2026:11:14:21 +0200] "GET /mail.php HTTP/1.1" 404 5750 "-" "-"
20.106.102.5 - - [20/Aug/2026:11:14:21 +0200] "GET /lm13.php HTTP/1.1" 404 5750 "-" "-"
20.106.102.5 - - [20/Aug/2026:11:14:21 +0200] "GET /xeqdlun.php HTTP/1.1" 404 5750 "-" "-"
20.106.102.5 - - [20/Aug/2026:11:14:22 +0200] "GET /file18.php HTTP/1.1" 404 5750 "-" "-"
20.106.102.5 - - [20/Aug/2026:11:14:22 +0200] "GET /hook.php HTTP/1.1" 404 5750 "-" "-"
20.106.102.5 - - [20/Aug/2026:11:14:23 +0200] "GET /ffile.php HTTP/1.1" 404 5750 "-" "-"
66.249.66.44 - - [20/Aug/2026:11:14:22 +0200] "GET /?j=156005389 HTTP/1.1" 200 123251 "-" "Mozilla/5.0 (compatible; Googlebot/2.1; +http://www.google.com/bot.html)"
20.106.102.5 - - [20/Aug/2026:11:14:23 +0200] "GET /file2.php HTTP/1.1" 404 5750 "-" "-"
20.106.102.5 - - [20/Aug/2026:11:14:23 +0200] "GET /xxw.php HTTP/1.1" 404 5750 "-" "-"
216.73.216.191 - - [20/Aug/2026:11:14:14 +0200] "GET /special/200026656.html HTTP/1.1" 500 - "-" "Mozilla/5.0 AppleWebKit/537.36 (KHTML, like Gecko; compatible; ClaudeBot/1.0; +claudebot@anthropic.com)"
20.106.102.5 - - [20/Aug/2026:11:14:23 +0200] "GET /wcas.php HTTP/1.1" 404 5750 "-" "-"
20.106.102.5 - - [20/Aug/2026:11:14:24 +0200] "GET /000.php HTTP/1.1" 404 5750 "-" "-"
20.106.102.5 - - [20/Aug/2026:11:14:24 +0200] "GET /tor.php HTTP/1.1" 404 5750 "-" "-"
66.249.66.198 - - [20/Aug/2026:11:14:23 +0200] "GET /category/1_44_1039/1/listing HTTP/1.1" 200 119165 "-" "Mozilla/5.0 (compatible; Googlebot/2.1; +http://www.google.com/bot.html)"
20.106.102.5 - - [20/Aug/2026:11:14:24 +0200] "GET /ws37.php HTTP/1.1" 404 5750 "-" "-"
20.106.102.5 - - [20/Aug/2026:11:14:25 +0200] "GET /class20.php HTTP/1.1" 404 5750 "-" "-"
20.106.102.5 - - [20/Aug/2026:11:14:25 +0200] "GET /card.php HTTP/1.1" 404 5750 "-" "-"
20.106.102.5 - - [20/Aug/2026:11:14:25 +0200] "GET /031.php HTTP/1.1" 404 5750 "-" "-"
216.73.216.191 - - [20/Aug/2026:11:14:25 +0200] "GET /special/080010204.html HTTP/1.1" 500 - "-" "Mozilla/5.0 AppleWebKit/537.36 (KHTML, like Gecko; compatible; ClaudeBot/1.0; +claudebot@anthropic.com)"
20.106.102.5 - - [20/Aug/2026:11:14:25 +0200] "GET /size.php HTTP/1.1" 404 5750 "-" "-"
20.106.102.5 - - [20/Aug/2026:11:14:26 +0200] "GET /error.php HTTP/1.1" 404 5750 "-" "-"
66.249.66.44 - - [20/Aug/2026:11:14:25 +0200] "GET /?p=219022182 HTTP/1.1" 200 122635 "-" "Mozilla/5.0 (compatible; Googlebot/2.1; +http://www.google.com/bot.html)"
20.106.102.5 - - [20/Aug/2026:11:14:26 +0200] "GET /404.php HTTP/1.1" 404 5750 "-" "-"
20.106.102.5 - - [20/Aug/2026:11:14:26 +0200] "GET /file32.php HTTP/1.1" 404 5750 "-" "-"
20.106.102.5 - - [20/Aug/2026:11:14:27 +0200] "GET /lol.php HTTP/1.1" 404 5750 "-" "-"
20.106.102.5 - - [20/Aug/2026:11:14:27 +0200] "GET /haa.php HTTP/1.1" 404 5750 "-" "-"
20.106.102.5 - - [20/Aug/2026:11:14:27 +0200] "GET /333.php HTTP/1.1" 404 5750 "-" "-"
20.106.102.5 - - [20/Aug/2026:11:14:28 +0200] "GET /ws38.php HTTP/1.1" 404 5750 "-" "-"
66.249.66.198 - - [20/Aug/2026:11:14:27 +0200] "GET /special/156005370.html HTTP/1.1" 200 120906 "-" "Mozilla/5.0 (compatible; Googlebot/2.1; +http://www.google.com/bot.html)"
20.106.102.5 - - [20/Aug/2026:11:14:28 +0200] "GET /xx.php HTTP/1.1" 404 5750 "-" "-"
20.106.102.5 - - [20/Aug/2026:11:14:28 +0200] "GET /klex.php HTTP/1.1" 404 5750 "-" "-"
20.106.102.5 - - [20/Aug/2026:11:14:28 +0200] "GET /tx38.php HTTP/1.1" 404 5750 "-" "-"
20.106.102.5 - - [20/Aug/2026:11:14:29 +0200] "GET /ilex.php HTTP/1.1" 404 5750 "-" "-"
66.249.66.45 - - [20/Aug/2026:11:14:28 +0200] "GET /?w=251029418 HTTP/1.1" 200 127046 "-" "Mozilla/5.0 (compatible; Googlebot/2.1; +http://www.google.com/bot.html)"
20.106.102.5 - - [20/Aug/2026:11:14:29 +0200] "GET /file.php HTTP/1.1" 404 5750 "-" "-"
20.106.102.5 - - [20/Aug/2026:11:14:29 +0200] "GET /k.php HTTP/1.1" 404 5750 "-" "-"
20.106.102.5 - - [20/Aug/2026:11:14:30 +0200] "GET /alpa.php HTTP/1.1" 404 5750 "-" "-"
20.106.102.5 - - [20/Aug/2026:11:14:30 +0200] "GET /bless5.php HTTP/1.1" 404 5750 "-" "-"
20.106.102.5 - - [20/Aug/2026:11:14:30 +0200] "GET /bless3.php HTTP/1.1" 404 5750 "-" "-"
66.249.66.44 - - [20/Aug/2026:11:14:30 +0200] "GET /special/133012059.html HTTP/1.1" 200 127230 "-" "Mozilla/5.0 (compatible; Googlebot/2.1; +http://www.google.com/bot.html)"
20.106.102.5 - - [20/Aug/2026:11:14:31 +0200] "GET /gmo.php HTTP/1.1" 404 5750 "-" "-"
20.106.102.5 - - [20/Aug/2026:11:14:31 +0200] "GET /12.php HTTP/1.1" 404 5750 "-" "-"
20.106.102.5 - - [20/Aug/2026:11:14:31 +0200] "GET /100.kb.php HTTP/1.1" 404 5750 "-" "-"
66.249.66.44 - - [20/Aug/2026:11:14:31 +0200] "GET /?z=273020952 HTTP/1.1" 200 120651 "-" "Mozilla/5.0 (compatible; Googlebot/2.1; +http://www.google.com/bot.html)"
66.249.66.45 - - [20/Aug/2026:11:14:33 +0200] "GET /?n=156005383 HTTP/1.1" 200 127223 "-" "Mozilla/5.0 (compatible; Googlebot/2.1; +http://www.google.com/bot.html)"
66.249.66.199 - - [20/Aug/2026:11:14:35 +0200] "GET /?detail/1560053773973 HTTP/1.1" 200 120837 "-" "Mozilla/5.0 (compatible; Googlebot/2.1; +http://www.google.com/bot.html)"
66.249.66.198 - - [20/Aug/2026:11:14:36 +0200] "GET /?t=156005373 HTTP/1.1" 200 119764 "-" "Mozilla/5.0 (compatible; Googlebot/2.1; +http://www.google.com/bot.html)"
74.7.242.61 - - [20/Aug/2026:11:14:32 +0200] "GET /?p=070020353 HTTP/1.1" 500 - "https://pelliheat-ag.ch/sitemap_index.xml" "Mozilla/5.0 AppleWebKit/537.36 (KHTML, like Gecko; compatible; GPTBot/1.4; +https://openai.com/gptbot)"
66.249.66.199 - - [20/Aug/2026:11:14:38 +0200] "GET /special/020043816.html HTTP/1.1" 200 117180 "-" "Mozilla/5.0 (compatible; Googlebot/2.1; +http://www.google.com/bot.html)"
216.73.216.191 - - [20/Aug/2026:11:14:30 +0200] "GET /special/012012196.html HTTP/1.1" 500 - "-" "Mozilla/5.0 AppleWebKit/537.36 (KHTML, like Gecko; compatible; ClaudeBot/1.0; +claudebot@anthropic.com)"
66.249.66.45 - - [20/Aug/2026:11:14:39 +0200] "GET /?b=255031724 HTTP/1.1" 200 122671 "-" "Mozilla/5.0 (compatible; Googlebot/2.1; +http://www.google.com/bot.html)"
216.73.216.191 - - [20/Aug/2026:11:14:42 +0200] "GET /special/133003145.html HTTP/1.1" 500 - "-" "Mozilla/5.0 AppleWebKit/537.36 (KHTML, like Gecko; compatible; ClaudeBot/1.0; +claudebot@anthropic.com)"
66.249.66.44 - - [20/Aug/2026:11:14:42 +0200] "GET /special/281047039.html HTTP/1.1" 200 121623 "-" "Mozilla/5.0 (compatible; Googlebot/2.1; +http://www.google.com/bot.html)"
66.249.66.44 - - [20/Aug/2026:11:14:43 +0200] "GET /?l=067011902 HTTP/1.1" 200 150308 "-" "Mozilla/5.0 (compatible; Googlebot/2.1; +http://www.google.com/bot.html)"
66.249.66.44 - - [20/Aug/2026:11:14:44 +0200] "GET /special/281047035.html HTTP/1.1" 200 126455 "-" "Mozilla/5.0 (compatible; Googlebot/2.1; +http://www.google.com/bot.html)"
216.73.216.191 - - [20/Aug/2026:11:14:47 +0200] "GET /special/110012406.html HTTP/1.1" 500 - "-" "Mozilla/5.0 AppleWebKit/537.36 (KHTML, like Gecko; compatible; ClaudeBot/1.0; +claudebot@anthropic.com)"
66.249.66.32 - - [20/Aug/2026:11:14:46 +0200] "GET /special/281047043.html HTTP/1.1" 200 121363 "-" "Mozilla/5.0 (compatible; Googlebot/2.1; +http://www.google.com/bot.html)"
66.249.66.32 - - [20/Aug/2026:11:14:48 +0200] "GET /?s=281047032 HTTP/1.1" 200 122436 "-" "Mozilla/5.0 (compatible; Googlebot/2.1; +http://www.google.com/bot.html)"
66.249.66.44 - - [20/Aug/2026:11:14:49 +0200] "GET /category/186_3800_24021/1/listing HTTP/1.1" 200 118476 "-" "Mozilla/5.0 (compatible; Googlebot/2.1; +http://www.google.com/bot.html)"
66.249.66.70 - - [20/Aug/2026:11:14:51 +0200] "GET /special/037026171.html HTTP/1.1" 200 122103 "-" "Mozilla/5.0 (compatible; Googlebot/2.1; +http://www.google.com/bot.html)"
216.73.216.191 - - [20/Aug/2026:11:14:52 +0200] "GET /special/033010683.html HTTP/1.1" 500 - "-" "Mozilla/5.0 AppleWebKit/537.36 (KHTML, like Gecko; compatible; ClaudeBot/1.0; +claudebot@anthropic.com)"
66.249.66.44 - - [20/Aug/2026:11:14:52 +0200] "GET /?detail/2810470264660 HTTP/1.1" 200 125319 "-" "Mozilla/5.0 (compatible; Googlebot/2.1; +http://www.google.com/bot.html)"
66.249.66.32 - - [20/Aug/2026:11:14:53 +0200] "GET /?s=090023567 HTTP/1.1" 200 116410 "-" "Mozilla/5.0 (compatible; Googlebot/2.1; +http://www.google.com/bot.html)"
74.7.242.61 - - [20/Aug/2026:11:14:54 +0200] "GET /?e=080037075 HTTP/1.1" 500 - "https://pelliheat-ag.ch/sitemap_index.xml" "Mozilla/5.0 AppleWebKit/537.36 (KHTML, like Gecko; compatible; GPTBot/1.4; +https://openai.com/gptbot)"
66.249.66.71 - - [20/Aug/2026:11:14:55 +0200] "GET /?i=281047050 HTTP/1.1" 200 123592 "-" "Mozilla/5.0 (compatible; Googlebot/2.1; +http://www.google.com/bot.html)"
66.249.66.44 - - [20/Aug/2026:11:14:56 +0200] "GET /special/281047027.html HTTP/1.1" 200 125415 "-" "Mozilla/5.0 (compatible; Googlebot/2.1; +http://www.google.com/bot.html)"
216.73.216.191 - - [20/Aug/2026:11:14:57 +0200] "GET /special/034018530.html HTTP/1.1" 500 - "-" "Mozilla/5.0 AppleWebKit/537.36 (KHTML, like Gecko; compatible; ClaudeBot/1.0; +claudebot@anthropic.com)"
66.249.66.71 - - [20/Aug/2026:11:14:58 +0200] "GET /special/281047047.html HTTP/1.1" 200 125572 "-" "Mozilla/5.0 (compatible; Googlebot/2.1; +http://www.google.com/bot.html)"
66.249.66.32 - - [20/Aug/2026:11:15:00 +0200] "GET /category/186_3800/1/listing HTTP/1.1" 200 127178 "-" "Mozilla/5.0 (compatible; Googlebot/2.1; +http://www.google.com/bot.html)"
66.249.66.72 - - [20/Aug/2026:11:15:01 +0200] "GET /?g=268035495 HTTP/1.1" 200 119596 "-" "Mozilla/5.0 (compatible; Googlebot/2.1; +http://www.google.com/bot.html)"
216.73.216.191 - - [20/Aug/2026:11:15:02 +0200] "GET /special/082006076.html HTTP/1.1" 500 - "-" "Mozilla/5.0 AppleWebKit/537.36 (KHTML, like Gecko; compatible; ClaudeBot/1.0; +claudebot@anthropic.com)"
66.249.66.72 - - [20/Aug/2026:11:15:03 +0200] "GET /special/090020384.html HTTP/1.1" 200 135183 "-" "Mozilla/5.0 (compatible; Googlebot/2.1; +http://www.google.com/bot.html)"
66.249.66.71 - - [20/Aug/2026:11:15:04 +0200] "GET /special/090020374.html HTTP/1.1" 200 135614 "-" "Mozilla/5.0 (compatible; Googlebot/2.1; +http://www.google.com/bot.html)"
66.249.66.78 - - [20/Aug/2026:11:15:06 +0200] "GET /?b=090020377 HTTP/1.1" 200 147889 "-" "Mozilla/5.0 (compatible; Googlebot/2.1; +http://www.google.com/bot.html)"
216.73.216.191 - - [20/Aug/2026:11:15:07 +0200] "GET /special/200000338.html HTTP/1.1" 500 - "-" "Mozilla/5.0 AppleWebKit/537.36 (KHTML, like Gecko; compatible; ClaudeBot/1.0; +claudebot@anthropic.com)"
66.249.66.65 - - [20/Aug/2026:11:15:08 +0200] "GET /special/090020378.html HTTP/1.1" 200 128198 "-" "Mozilla/5.0 (compatible; Googlebot/2.1; +http://www.google.com/bot.html)"
66.249.66.198 - - [20/Aug/2026:11:15:10 +0200] "GET /?z=287048664 HTTP/1.1" 200 134575 "-" "Mozilla/5.0 (compatible; Googlebot/2.1; +http://www.google.com/bot.html)"
66.249.66.198 - - [20/Aug/2026:11:15:11 +0200] "GET /?c=090020383 HTTP/1.1" 200 159865 "-" "Mozilla/5.0 (compatible; Googlebot/2.1; +http://www.google.com/bot.html)"
216.73.216.191 - - [20/Aug/2026:11:15:12 +0200] "GET /special/088024184.html HTTP/1.1" 500 - "-" "Mozilla/5.0 AppleWebKit/537.36 (KHTML, like Gecko; compatible; ClaudeBot/1.0; +claudebot@anthropic.com)"
66.249.66.71 - - [20/Aug/2026:11:15:13 +0200] "GET /category/407_837/1/listing HTTP/1.1" 200 139453 "-" "Mozilla/5.0 (compatible; Googlebot/2.1; +http://www.google.com/bot.html)"
74.7.242.61 - - [20/Aug/2026:11:15:14 +0200] "GET /?u=097007120 HTTP/1.1" 500 - "https://pelliheat-ag.ch/sitemap_index.xml" "Mozilla/5.0 AppleWebKit/537.36 (KHTML, like Gecko; compatible; GPTBot/1.4; +https://openai.com/gptbot)"
66.249.66.67 - - [20/Aug/2026:11:15:14 +0200] "GET /?goods/140007464 HTTP/1.1" 200 117119 "-" "Mozilla/5.0 (compatible; Googlebot/2.1; +http://www.google.com/bot.html)"
216.73.216.191 - - [20/Aug/2026:11:15:18 +0200] "GET /special/204048236.html HTTP/1.1" 500 - "-" "Mozilla/5.0 AppleWebKit/537.36 (KHTML, like Gecko; compatible; ClaudeBot/1.0; +claudebot@anthropic.com)"
66.249.66.70 - - [20/Aug/2026:11:15:17 +0200] "GET /?b=090020381 HTTP/1.1" 200 134662 "-" "Mozilla/5.0 (compatible; Googlebot/2.1; +http://www.google.com/bot.html)"
66.249.66.70 - - [20/Aug/2026:11:15:18 +0200] "GET /special/136003400.html HTTP/1.1" 200 118681 "-" "Mozilla/5.0 (compatible; Googlebot/2.1; +http://www.google.com/bot.html)"
66.249.66.70 - - [20/Aug/2026:11:15:20 +0200] "GET /special/122005074.html HTTP/1.1" 200 143435 "-" "Mozilla/5.0 (compatible; Googlebot/2.1; +http://www.google.com/bot.html)"
66.249.66.198 - - [20/Aug/2026:11:15:21 +0200] "GET /?w=090020371 HTTP/1.1" 200 134359 "-" "Mozilla/5.0 (compatible; Googlebot/2.1; +http://www.google.com/bot.html)"
216.73.216.191 - - [20/Aug/2026:11:15:23 +0200] "GET /special/092043930.html HTTP/1.1" 500 - "-" "Mozilla/5.0 AppleWebKit/537.36 (KHTML, like Gecko; compatible; ClaudeBot/1.0; +claudebot@anthropic.com)"
66.249.66.198 - - [20/Aug/2026:11:15:22 +0200] "GET /?l=090020375 HTTP/1.1" 200 132571 "-" "Mozilla/5.0 (compatible; Googlebot/2.1; +http://www.google.com/bot.html)"
66.249.66.199 - - [20/Aug/2026:11:15:24 +0200] "GET /?i=284027097 HTTP/1.1" 200 121736 "-" "Mozilla/5.0 (compatible; Googlebot/2.1; +http://www.google.com/bot.html)"
66.249.66.199 - - [20/Aug/2026:11:15:25 +0200] "GET /special/022019860.html HTTP/1.1" 200 124244 "-" "Mozilla/5.0 (compatible; Googlebot/2.1; +http://www.google.com/bot.html)"
66.249.66.199 - - [20/Aug/2026:11:15:26 +0200] "GET /special/284027098.html HTTP/1.1" 200 119475 "-" "Mozilla/5.0 (compatible; Googlebot/2.1; +http://www.google.com/bot.html)"
216.73.216.191 - - [20/Aug/2026:11:15:28 +0200] "GET /special/034010924.html HTTP/1.1" 500 - "-" "Mozilla/5.0 AppleWebKit/537.36 (KHTML, like Gecko; compatible; ClaudeBot/1.0; +claudebot@anthropic.com)"
66.249.66.199 - - [20/Aug/2026:11:15:27 +0200] "GET /?detail/2840270962464 HTTP/1.1" 200 121878 "-" "Mozilla/5.0 (compatible; Googlebot/2.1; +http://www.google.com/bot.html)"
66.249.66.199 - - [20/Aug/2026:11:15:29 +0200] "GET /?y=053011264 HTTP/1.1" 200 133566 "-" "Mozilla/5.0 (compatible; Googlebot/2.1; +http://www.google.com/bot.html)"
66.249.66.198 - - [20/Aug/2026:11:15:31 +0200] "GET /?s=284027093 HTTP/1.1" 200 121822 "-" "Mozilla/5.0 (compatible; Googlebot/2.1; +http://www.google.com/bot.html)"
216.73.216.191 - - [20/Aug/2026:11:15:33 +0200] "GET /special/128009056.html HTTP/1.1" 500 - "-" "Mozilla/5.0 AppleWebKit/537.36 (KHTML, like Gecko; compatible; ClaudeBot/1.0; +claudebot@anthropic.com)"
66.249.66.198 - - [20/Aug/2026:11:15:32 +0200] "GET /category/25_161_1679/1/listing HTTP/1.1" 200 129785 "-" "Mozilla/5.0 (compatible; Googlebot/2.1; +http://www.google.com/bot.html)"
66.249.66.197 - - [20/Aug/2026:11:15:34 +0200] "GET /?g=019024898 HTTP/1.1" 200 161212 "-" "Mozilla/5.0 (compatible; Googlebot/2.1; +http://www.google.com/bot.html)"
74.7.242.61 - - [20/Aug/2026:11:15:36 +0200] "GET /?f=102011491 HTTP/1.1" 500 - "https://pelliheat-ag.ch/sitemap_index.xml" "Mozilla/5.0 AppleWebKit/537.36 (KHTML, like Gecko; compatible; GPTBot/1.4; +https://openai.com/gptbot)"
66.249.66.199 - - [20/Aug/2026:11:15:36 +0200] "GET /?s=201022162 HTTP/1.1" 200 118657 "-" "Mozilla/5.0 (compatible; Googlebot/2.1; +http://www.google.com/bot.html)"
66.249.66.45 - - [20/Aug/2026:11:15:37 +0200] "GET /?x=276007971 HTTP/1.1" 200 124075 "-" "Mozilla/5.0 (compatible; Googlebot/2.1; +http://www.google.com/bot.html)"
216.73.216.191 - - [20/Aug/2026:11:15:38 +0200] "GET /special/222017576.html HTTP/1.1" 500 - "-" "Mozilla/5.0 AppleWebKit/537.36 (KHTML, like Gecko; compatible; ClaudeBot/1.0; +claudebot@anthropic.com)"
66.249.66.199 - - [20/Aug/2026:11:15:38 +0200] "GET /special/284027094.html HTTP/1.1" 200 122412 "-" "Mozilla/5.0 (compatible; Googlebot/2.1; +http://www.google.com/bot.html)"
66.249.66.199 - - [20/Aug/2026:11:15:39 +0200] "GET /?jp/284027099.html HTTP/1.1" 200 119945 "-" "Mozilla/5.0 (compatible; Googlebot/2.1; +http://www.google.com/bot.html)"
66.249.66.45 - - [20/Aug/2026:11:15:41 +0200] "GET /?l=284027095 HTTP/1.1" 200 119803 "-" "Mozilla/5.0 (compatible; Googlebot/2.1; +http://www.google.com/bot.html)"
66.249.66.198 - - [20/Aug/2026:11:15:42 +0200] "GET /special/284027100.html HTTP/1.1" 200 120236 "-" "Mozilla/5.0 (compatible; Googlebot/2.1; +http://www.google.com/bot.html)"
216.73.216.191 - - [20/Aug/2026:11:15:43 +0200] "GET /special/016001100.html HTTP/1.1" 500 - "-" "Mozilla/5.0 AppleWebKit/537.36 (KHTML, like Gecko; compatible; ClaudeBot/1.0; +claudebot@anthropic.com)"
216.73.216.191 - - [20/Aug/2026:11:15:54 +0200] "GET /special/231049641.html HTTP/1.1" 500 - "-" "Mozilla/5.0 AppleWebKit/537.36 (KHTML, like Gecko; compatible; ClaudeBot/1.0; +claudebot@anthropic.com)"
74.7.242.61 - - [20/Aug/2026:11:15:57 +0200] "GET /?t=065006790 HTTP/1.1" 500 - "https://pelliheat-ag.ch/sitemap_index.xml" "Mozilla/5.0 AppleWebKit/537.36 (KHTML, like Gecko; compatible; GPTBot/1.4; +https://openai.com/gptbot)"
216.73.216.191 - - [20/Aug/2026:11:15:59 +0200] "GET /special/118018930.html HTTP/1.1" 500 - "-" "Mozilla/5.0 AppleWebKit/537.36 (KHTML, like Gecko; compatible; ClaudeBot/1.0; +claudebot@anthropic.com)"
66.249.66.72 - - [20/Aug/2026:11:15:59 +0200] "GET /?b=071041322 HTTP/1.1" 200 124846 "-" "Mozilla/5.0 (compatible; Googlebot/2.1; +http://www.google.com/bot.html)"
66.249.66.72 - - [20/Aug/2026:11:16:00 +0200] "GET /special/115044305.html HTTP/1.1" 200 121236 "-" "Mozilla/5.0 (compatible; Googlebot/2.1; +http://www.google.com/bot.html)"
66.249.66.32 - - [20/Aug/2026:11:16:02 +0200] "GET /special/178019824.html HTTP/1.1" 200 158157 "-" "Mozilla/5.0 (compatible; Googlebot/2.1; +http://www.google.com/bot.html)"
216.73.216.191 - - [20/Aug/2026:11:16:04 +0200] "GET /special/148045816.html HTTP/1.1" 500 - "-" "Mozilla/5.0 AppleWebKit/537.36 (KHTML, like Gecko; compatible; ClaudeBot/1.0; +claudebot@anthropic.com)"
66.249.66.70 - - [20/Aug/2026:11:16:04 +0200] "GET /?w=139037324 HTTP/1.1" 200 120091 "-" "Mozilla/5.0 (compatible; Googlebot/2.1; +http://www.google.com/bot.html)"
66.249.66.44 - - [20/Aug/2026:11:16:05 +0200] "GET /special/063012565.html HTTP/1.1" 200 119664 "-" "Mozilla/5.0 (compatible; Googlebot/2.1; +http://www.google.com/bot.html)"
66.249.66.45 - - [20/Aug/2026:11:16:06 +0200] "GET /?v=128029577 HTTP/1.1" 200 130461 "-" "Mozilla/5.0 (compatible; Googlebot/2.1; +http://www.google.com/bot.html)"
66.249.66.44 - - [20/Aug/2026:11:16:07 +0200] "GET /?jp/293030873.html HTTP/1.1" 200 124606 "-" "Mozilla/5.0 (compatible; Googlebot/2.1; +http://www.google.com/bot.html)"
66.249.66.70 - - [20/Aug/2026:11:16:09 +0200] "GET /special/223017739.html HTTP/1.1" 200 118669 "-" "Mozilla/5.0 (compatible; Googlebot/2.1; +http://www.google.com/bot.html)"
66.249.66.44 - - [20/Aug/2026:11:16:10 +0200] "GET /special/186042022.html HTTP/1.1" 200 119402 "-" "Mozilla/5.0 (compatible; Googlebot/2.1; +http://www.google.com/bot.html)"
66.249.66.44 - - [20/Aug/2026:11:16:11 +0200] "GET /category/25_161_1679_1943/1/listing HTTP/1.1" 200 117769 "-" "Mozilla/5.0 (compatible; Googlebot/2.1; +http://www.google.com/bot.html)"
66.249.66.70 - - [20/Aug/2026:11:16:13 +0200] "GET /special/237030275.html HTTP/1.1" 200 122088 "-" "Mozilla/5.0 (compatible; Googlebot/2.1; +http://www.google.com/bot.html)"
66.249.66.44 - - [20/Aug/2026:11:16:14 +0200] "GET /?jp/178019828.html HTTP/1.1" 200 162438 "-" "Mozilla/5.0 (compatible; Googlebot/2.1; +http://www.google.com/bot.html)"
216.73.216.191 - - [20/Aug/2026:11:16:09 +0200] "GET /special/155018853.html HTTP/1.1" 500 - "-" "Mozilla/5.0 AppleWebKit/537.36 (KHTML, like Gecko; compatible; ClaudeBot/1.0; +claudebot@anthropic.com)"
66.249.66.70 - - [20/Aug/2026:11:16:15 +0200] "GET /?c=014024355 HTTP/1.1" 200 117140 "-" "Mozilla/5.0 (compatible; Googlebot/2.1; +http://www.google.com/bot.html)"
66.249.66.70 - - [20/Aug/2026:11:16:16 +0200] "GET /?x=127046828 HTTP/1.1" 200 120744 "-" "Mozilla/5.0 (compatible; Googlebot/2.1; +http://www.google.com/bot.html)"
66.249.66.70 - - [20/Aug/2026:11:16:18 +0200] "GET /?p=073019878 HTTP/1.1" 200 119956 "-" "Mozilla/5.0 (compatible; Googlebot/2.1; +http://www.google.com/bot.html)"
216.73.216.191 - - [20/Aug/2026:11:16:18 +0200] "GET /special/002022984.html HTTP/1.1" 500 - "-" "Mozilla/5.0 AppleWebKit/537.36 (KHTML, like Gecko; compatible; ClaudeBot/1.0; +claudebot@anthropic.com)"
66.249.66.44 - - [20/Aug/2026:11:16:19 +0200] "GET /?detail/118021341856 HTTP/1.1" 200 117616 "-" "Mozilla/5.0 (compatible; Googlebot/2.1; +http://www.google.com/bot.html)"
66.249.66.199 - - [20/Aug/2026:11:16:21 +0200] "GET /?o=137049282 HTTP/1.1" 200 120573 "-" "Mozilla/5.0 (compatible; Googlebot/2.1; +http://www.google.com/bot.html)"
66.249.66.198 - - [20/Aug/2026:11:16:22 +0200] "GET /special/265016201.html HTTP/1.1" 200 130578 "-" "Mozilla/5.0 (compatible; Googlebot/2.1; +http://www.google.com/bot.html)"
66.249.66.44 - - [20/Aug/2026:11:16:23 +0200] "GET /?goods/077026965 HTTP/1.1" 200 119246 "-" "Mozilla/5.0 (compatible; Googlebot/2.1; +http://www.google.com/bot.html)"
216.73.216.191 - - [20/Aug/2026:11:16:24 +0200] "GET /special/234046966.html HTTP/1.1" 500 - "-" "Mozilla/5.0 AppleWebKit/537.36 (KHTML, like Gecko; compatible; ClaudeBot/1.0; +claudebot@anthropic.com)"
216.73.216.191 - - [20/Aug/2026:11:16:14 +0200] "GET /special/230049532.html HTTP/1.1" 500 - "-" "Mozilla/5.0 AppleWebKit/537.36 (KHTML, like Gecko; compatible; ClaudeBot/1.0; +claudebot@anthropic.com)"
66.249.66.71 - - [20/Aug/2026:11:16:25 +0200] "GET /special/073019887.html HTTP/1.1" 200 118845 "-" "Mozilla/5.0 (compatible; Googlebot/2.1; +http://www.google.com/bot.html)"
66.249.66.71 - - [20/Aug/2026:11:16:26 +0200] "GET /special/092046170.html HTTP/1.1" 200 128143 "-" "Mozilla/5.0 (compatible; Googlebot/2.1; +http://www.google.com/bot.html)"
74.7.242.61 - - [20/Aug/2026:11:16:17 +0200] "GET /?l=114021107 HTTP/1.1" 500 - "https://pelliheat-ag.ch/sitemap_index.xml" "Mozilla/5.0 AppleWebKit/537.36 (KHTML, like Gecko; compatible; GPTBot/1.4; +https://openai.com/gptbot)"
66.249.66.70 - - [20/Aug/2026:11:16:28 +0200] "GET /special/206012048.html HTTP/1.1" 200 121269 "-" "Mozilla/5.0 (compatible; Googlebot/2.1; +http://www.google.com/bot.html)"
66.249.66.198 - - [20/Aug/2026:11:16:29 +0200] "GET /?o=237019682 HTTP/1.1" 200 117554 "-" "Mozilla/5.0 (compatible; Googlebot/2.1; +http://www.google.com/bot.html)"
66.249.66.71 - - [20/Aug/2026:11:16:30 +0200] "GET /?goods/206012045 HTTP/1.1" 200 121846 "-" "Mozilla/5.0 (compatible; Googlebot/2.1; +http://www.google.com/bot.html)"
66.249.66.70 - - [20/Aug/2026:11:16:32 +0200] "GET /special/039029343.html HTTP/1.1" 200 117315 "-" "Mozilla/5.0 (compatible; Googlebot/2.1; +http://www.google.com/bot.html)"
66.249.66.71 - - [20/Aug/2026:11:16:33 +0200] "GET /?u=206012043 HTTP/1.1" 200 119919 "-" "Mozilla/5.0 (compatible; Googlebot/2.1; +http://www.google.com/bot.html)"
66.249.66.198 - - [20/Aug/2026:11:16:34 +0200] "GET /special/105033415.html HTTP/1.1" 200 118889 "-" "Mozilla/5.0 (compatible; Googlebot/2.1; +http://www.google.com/bot.html)"
66.249.66.199 - - [20/Aug/2026:11:16:36 +0200] "GET /?detail/20601204721477 HTTP/1.1" 200 120758 "-" "Mozilla/5.0 (compatible; Googlebot/2.1; +http://www.google.com/bot.html)"
66.249.66.199 - - [20/Aug/2026:11:16:37 +0200] "GET /special/151028511.html HTTP/1.1" 200 119571 "-" "Mozilla/5.0 (compatible; Googlebot/2.1; +http://www.google.com/bot.html)"
66.249.66.71 - - [20/Aug/2026:11:16:39 +0200] "GET /?b=039003098 HTTP/1.1" 200 151506 "-" "Mozilla/5.0 (compatible; Googlebot/2.1; +http://www.google.com/bot.html)"
216.73.216.191 - - [20/Aug/2026:11:16:29 +0200] "GET /special/112004866.html HTTP/1.1" 500 - "-" "Mozilla/5.0 AppleWebKit/537.36 (KHTML, like Gecko; compatible; ClaudeBot/1.0; +claudebot@anthropic.com)"
216.73.216.191 - - [20/Aug/2026:11:16:40 +0200] "GET /?y=025035710 HTTP/1.1" 500 - "-" "Mozilla/5.0 AppleWebKit/537.36 (KHTML, like Gecko; compatible; ClaudeBot/1.0; +claudebot@anthropic.com)"
66.249.66.70 - - [20/Aug/2026:11:16:40 +0200] "GET /special/299010287.html HTTP/1.1" 200 116601 "-" "Mozilla/5.0 (compatible; Googlebot/2.1; +http://www.google.com/bot.html)"
66.249.66.70 - - [20/Aug/2026:11:16:41 +0200] "GET /?u=093044162 HTTP/1.1" 200 125579 "-" "Mozilla/5.0 (compatible; Googlebot/2.1; +http://www.google.com/bot.html)"
66.249.66.70 - - [20/Aug/2026:11:16:43 +0200] "GET /?j=230046939 HTTP/1.1" 200 122220 "-" "Mozilla/5.0 (compatible; Googlebot/2.1; +http://www.google.com/bot.html)"
66.249.66.199 - - [20/Aug/2026:11:16:44 +0200] "GET /?y=126011471 HTTP/1.1" 200 126161 "-" "Mozilla/5.0 (compatible; Googlebot/2.1; +http://www.google.com/bot.html)"
216.73.216.191 - - [20/Aug/2026:11:16:45 +0200] "GET /?t=227031242 HTTP/1.1" 500 - "-" "Mozilla/5.0 AppleWebKit/537.36 (KHTML, like Gecko; compatible; ClaudeBot/1.0; +claudebot@anthropic.com)"
66.249.66.199 - - [20/Aug/2026:11:16:45 +0200] "GET /?c=281007320 HTTP/1.1" 200 117479 "-" "Mozilla/5.0 (compatible; Googlebot/2.1; +http://www.google.com/bot.html)"
66.249.66.200 - - [20/Aug/2026:11:16:47 +0200] "GET /?jp/093044180.html HTTP/1.1" 200 125807 "-" "Mozilla/5.0 (compatible; Googlebot/2.1; +http://www.google.com/bot.html)"
74.7.242.61 - - [20/Aug/2026:11:16:39 +0200] "GET /?q=094003089 HTTP/1.1" 500 - "https://pelliheat-ag.ch/sitemap_index.xml" "Mozilla/5.0 AppleWebKit/537.36 (KHTML, like Gecko; compatible; GPTBot/1.4; +https://openai.com/gptbot)"
66.249.66.198 - - [20/Aug/2026:11:16:48 +0200] "GET /?y=154017327 HTTP/1.1" 200 122151 "-" "Mozilla/5.0 (compatible; Googlebot/2.1; +http://www.google.com/bot.html)"
66.249.66.199 - - [20/Aug/2026:11:16:49 +0200] "GET /special/046047140.html HTTP/1.1" 200 125455 "-" "Mozilla/5.0 (compatible; Googlebot/2.1; +http://www.google.com/bot.html)"
66.249.66.70 - - [20/Aug/2026:11:16:51 +0200] "GET /special/232033030.html HTTP/1.1" 200 119441 "-" "Mozilla/5.0 (compatible; Googlebot/2.1; +http://www.google.com/bot.html)"
66.249.66.198 - - [20/Aug/2026:11:16:52 +0200] "GET /?jp/231022727.html HTTP/1.1" 200 118364 "-" "Mozilla/5.0 (compatible; Googlebot/2.1; +http://www.google.com/bot.html)"
66.249.66.200 - - [20/Aug/2026:11:16:54 +0200] "GET /special/231022733.html HTTP/1.1" 200 120981 "-" "Mozilla/5.0 (compatible; Googlebot/2.1; +http://www.google.com/bot.html)"
66.249.66.200 - - [20/Aug/2026:11:16:55 +0200] "GET /?jp/231022737.html HTTP/1.1" 200 119350 "-" "Mozilla/5.0 (compatible; Googlebot/2.1; +http://www.google.com/bot.html)"
66.249.66.200 - - [20/Aug/2026:11:16:56 +0200] "GET /special/074024856.html HTTP/1.1" 200 125738 "-" "Mozilla/5.0 (compatible; Googlebot/2.1; +http://www.google.com/bot.html)"
66.249.66.200 - - [20/Aug/2026:11:16:57 +0200] "GET /special/181024925.html HTTP/1.1" 200 122846 "-" "Mozilla/5.0 (compatible; Googlebot/2.1; +http://www.google.com/bot.html)"
66.249.66.200 - - [20/Aug/2026:11:16:59 +0200] "GET /special/077036509.html HTTP/1.1" 200 120756 "-" "Mozilla/5.0 (compatible; Googlebot/2.1; +http://www.google.com/bot.html)"
74.7.242.61 - - [20/Aug/2026:11:17:00 +0200] "GET /?n=228024203 HTTP/1.1" 500 - "https://pelliheat-ag.ch/sitemap_index.xml" "Mozilla/5.0 AppleWebKit/537.36 (KHTML, like Gecko; compatible; GPTBot/1.4; +https://openai.com/gptbot)"
216.73.216.191 - - [20/Aug/2026:11:16:50 +0200] "GET /special/200010942.html HTTP/1.1" 500 - "-" "Mozilla/5.0 AppleWebKit/537.36 (KHTML, like Gecko; compatible; ClaudeBot/1.0; +claudebot@anthropic.com)"
66.249.66.201 - - [20/Aug/2026:11:17:00 +0200] "GET /special/146017416.html HTTP/1.1" 200 119390 "-" "Mozilla/5.0 (compatible; Googlebot/2.1; +http://www.google.com/bot.html)"
66.249.66.199 - - [20/Aug/2026:11:17:02 +0200] "GET /special/277025631.html HTTP/1.1" 200 128113 "-" "Mozilla/5.0 (compatible; Googlebot/2.1; +http://www.google.com/bot.html)"
66.249.66.198 - - [20/Aug/2026:11:17:03 +0200] "GET /?h=242012741 HTTP/1.1" 200 149751 "-" "Mozilla/5.0 (compatible; Googlebot/2.1; +http://www.google.com/bot.html)"
66.249.66.199 - - [20/Aug/2026:11:17:04 +0200] "GET /?a=159010502 HTTP/1.1" 200 136156 "-" "Mozilla/5.0 (compatible; Googlebot/2.1; +http://www.google.com/bot.html)"
66.249.66.45 - - [20/Aug/2026:11:17:05 +0200] "GET /special/235046211.html HTTP/1.1" 200 129846 "-" "Mozilla/5.0 (compatible; Googlebot/2.1; +http://www.google.com/bot.html)"
66.249.66.199 - - [20/Aug/2026:11:17:06 +0200] "GET /?jp/277025620.html HTTP/1.1" 200 126246 "-" "Mozilla/5.0 (compatible; Googlebot/2.1; +http://www.google.com/bot.html)"
66.249.66.44 - - [20/Aug/2026:11:17:09 +0200] "GET /special/277025623.html HTTP/1.1" 200 148830 "-" "Mozilla/5.0 (compatible; Googlebot/2.1; +http://www.google.com/bot.html)"
216.73.216.191 - - [20/Aug/2026:11:17:00 +0200] "GET /special/123032609.html HTTP/1.1" 500 - "-" "Mozilla/5.0 AppleWebKit/537.36 (KHTML, like Gecko; compatible; ClaudeBot/1.0; +claudebot@anthropic.com)"
66.249.66.45 - - [20/Aug/2026:11:17:10 +0200] "GET /?b=296023831 HTTP/1.1" 200 149165 "-" "Mozilla/5.0 (compatible; Googlebot/2.1; +http://www.google.com/bot.html)"
66.249.66.199 - - [20/Aug/2026:11:17:11 +0200] "GET /?detail/01201677272166 HTTP/1.1" 200 153516 "-" "Mozilla/5.0 (compatible; Googlebot/2.1; +http://www.google.com/bot.html)"
66.249.66.199 - - [20/Aug/2026:11:17:13 +0200] "GET /special/170012690.html HTTP/1.1" 200 142744 "-" "Mozilla/5.0 (compatible; Googlebot/2.1; +http://www.google.com/bot.html)"
66.249.66.45 - - [20/Aug/2026:11:17:14 +0200] "GET /special/283013047.html HTTP/1.1" 200 123145 "-" "Mozilla/5.0 (compatible; Googlebot/2.1; +http://www.google.com/bot.html)"
66.249.66.44 - - [20/Aug/2026:11:17:15 +0200] "GET /?h=126025949 HTTP/1.1" 200 137083 "-" "Mozilla/5.0 (compatible; Googlebot/2.1; +http://www.google.com/bot.html)"
66.249.66.44 - - [20/Aug/2026:11:17:16 +0200] "GET /?h=078010775 HTTP/1.1" 200 126912 "-" "Mozilla/5.0 (compatible; Googlebot/2.1; +http://www.google.com/bot.html)"
66.249.66.198 - - [20/Aug/2026:11:17:17 +0200] "GET /301822174 HTTP/1.1" 200 122667 "-" "Mozilla/5.0 (Linux; Android 6.0.1; Nexus 5X Build/MMB29P) AppleWebKit/537.36 (KHTML, like Gecko) Chrome/151.0.7922.137 Mobile Safari/537.36 (compatible; GoogleOther)"
66.249.66.44 - - [20/Aug/2026:11:17:18 +0200] "GET /special/048029658.html HTTP/1.1" 200 119403 "-" "Mozilla/5.0 (compatible; Googlebot/2.1; +http://www.google.com/bot.html)"
66.249.66.198 - - [20/Aug/2026:11:17:20 +0200] "GET /?goods/012016769 HTTP/1.1" 200 151452 "-" "Mozilla/5.0 (compatible; Googlebot/2.1; +http://www.google.com/bot.html)"
74.7.242.61 - - [20/Aug/2026:11:17:21 +0200] "GET /?y=232012299 HTTP/1.1" 500 - "https://pelliheat-ag.ch/sitemap_index.xml" "Mozilla/5.0 AppleWebKit/537.36 (KHTML, like Gecko; compatible; GPTBot/1.4; +https://openai.com/gptbot)"
216.73.216.191 - - [20/Aug/2026:11:17:10 +0200] "GET /?o=249010008 HTTP/1.1" 500 - "-" "Mozilla/5.0 AppleWebKit/537.36 (KHTML, like Gecko; compatible; ClaudeBot/1.0; +claudebot@anthropic.com)"
66.249.66.70 - - [20/Aug/2026:11:17:21 +0200] "GET /?y=124034527 HTTP/1.1" 200 128506 "-" "Mozilla/5.0 (compatible; Googlebot/2.1; +http://www.google.com/bot.html)"
66.249.66.199 - - [20/Aug/2026:11:17:22 +0200] "GET /?detail/212015673361 HTTP/1.1" 200 128163 "-" "Mozilla/5.0 (compatible; Googlebot/2.1; +http://www.google.com/bot.html)"
66.249.66.44 - - [20/Aug/2026:11:17:23 +0200] "GET /special/062033480.html HTTP/1.1" 200 118786 "-" "Mozilla/5.0 (compatible; Googlebot/2.1; +http://www.google.com/bot.html)"
216.73.216.191 - - [20/Aug/2026:11:17:25 +0200] "GET /special/109019149.html HTTP/1.1" 500 - "-" "Mozilla/5.0 AppleWebKit/537.36 (KHTML, like Gecko; compatible; ClaudeBot/1.0; +claudebot@anthropic.com)"
66.249.66.71 - - [20/Aug/2026:11:17:24 +0200] "GET /?jp/278026796.html HTTP/1.1" 200 129868 "-" "Mozilla/5.0 (compatible; Googlebot/2.1; +http://www.google.com/bot.html)"
216.73.216.191 - - [20/Aug/2026:11:17:14 +0200] "GET /special/084023784.html HTTP/1.1" 500 - "-" "Mozilla/5.0 AppleWebKit/537.36 (KHTML, like Gecko; compatible; ClaudeBot/1.0; +claudebot@anthropic.com)"
66.249.66.45 - - [20/Aug/2026:11:17:26 +0200] "GET /?y=133027904 HTTP/1.1" 200 123781 "-" "Mozilla/5.0 (compatible; Googlebot/2.1; +http://www.google.com/bot.html)"
66.249.66.44 - - [20/Aug/2026:11:17:27 +0200] "GET /?i=190033565 HTTP/1.1" 200 117805 "-" "Mozilla/5.0 (compatible; Googlebot/2.1; +http://www.google.com/bot.html)"
66.249.66.45 - - [20/Aug/2026:11:17:29 +0200] "GET /?y=145021892 HTTP/1.1" 200 117083 "-" "Mozilla/5.0 (compatible; Googlebot/2.1; +http://www.google.com/bot.html)"
66.249.66.71 - - [20/Aug/2026:11:17:30 +0200] "GET /special/232032572.html HTTP/1.1" 200 119973 "-" "Mozilla/5.0 (compatible; Googlebot/2.1; +http://www.google.com/bot.html)"
66.249.66.70 - - [20/Aug/2026:11:17:31 +0200] "GET /special/145021883.html HTTP/1.1" 200 117091 "-" "Mozilla/5.0 (compatible; Googlebot/2.1; +http://www.google.com/bot.html)"
66.249.66.70 - - [20/Aug/2026:11:17:32 +0200] "GET /special/284012758.html HTTP/1.1" 200 135253 "-" "Mozilla/5.0 (compatible; Googlebot/2.1; +http://www.google.com/bot.html)"
66.249.66.45 - - [20/Aug/2026:11:17:33 +0200] "GET /?e=284049507 HTTP/1.1" 200 122299 "-" "Mozilla/5.0 (compatible; Googlebot/2.1; +http://www.google.com/bot.html)"
216.73.216.191 - - [20/Aug/2026:11:17:29 +0200] "GET /special/088032902.html HTTP/1.1" 500 - "-" "Mozilla/5.0 AppleWebKit/537.36 (KHTML, like Gecko; compatible; ClaudeBot/1.0; +claudebot@anthropic.com)"
74.7.242.61 - - [20/Aug/2026:11:17:43 +0200] "GET /?a=007040972 HTTP/1.1" 500 - "https://pelliheat-ag.ch/sitemap_index.xml" "Mozilla/5.0 AppleWebKit/537.36 (KHTML, like Gecko; compatible; GPTBot/1.4; +https://openai.com/gptbot)"
