66.249.66.69 - - [20/Aug/2026:08:10:24 +0200] "GET /?u=148045777 HTTP/1.1" 200 125648 "-" "Mozilla/5.0 (Linux; Android 6.0.1; Nexus 5X Build/MMB29P) AppleWebKit/537.36 (KHTML, like Gecko) Chrome/151.0.7922.137 Mobile Safari/537.36 (compatible; GoogleOther)"
74.7.242.61 - - [20/Aug/2026:08:10:43 +0200] "GET /?u=108021503 HTTP/1.1" 500 - "https://pelliheat-ag.ch/sitemap_index.xml" "Mozilla/5.0 AppleWebKit/537.36 (KHTML, like Gecko; compatible; GPTBot/1.4; +https://openai.com/gptbot)"
66.249.66.198 - - [20/Aug/2026:08:10:58 +0200] "GET /e/06/ HTTP/1.1" 200 123485 "-" "Mozilla/5.0 (Linux; Android 6.0.1; Nexus 5X Build/MMB29P) AppleWebKit/537.36 (KHTML, like Gecko) Chrome/151.0.7922.137 Mobile Safari/537.36 (compatible; GoogleOther)"
74.7.242.61 - - [20/Aug/2026:08:11:03 +0200] "GET /?m=228014551 HTTP/1.1" 500 - "https://pelliheat-ag.ch/sitemap_index.xml" "Mozilla/5.0 AppleWebKit/537.36 (KHTML, like Gecko; compatible; GPTBot/1.4; +https://openai.com/gptbot)"
66.249.66.45 - - [20/Aug/2026:08:11:13 +0200] "GET /?x=158036203 HTTP/1.1" 200 119097 "-" "Mozilla/5.0 (Linux; Android 6.0.1; Nexus 5X Build/MMB29P) AppleWebKit/537.36 (KHTML, like Gecko) Chrome/151.0.7922.137 Mobile Safari/537.36 (compatible; GoogleOther)"
74.7.242.61 - - [20/Aug/2026:08:11:23 +0200] "GET /?l=228045273 HTTP/1.1" 500 - "https://pelliheat-ag.ch/sitemap_index.xml" "Mozilla/5.0 AppleWebKit/537.36 (KHTML, like Gecko; compatible; GPTBot/1.4; +https://openai.com/gptbot)"
74.7.242.61 - - [20/Aug/2026:08:11:44 +0200] "GET /?k=197018578 HTTP/1.1" 500 - "https://pelliheat-ag.ch/sitemap_index.xml" "Mozilla/5.0 AppleWebKit/537.36 (KHTML, like Gecko; compatible; GPTBot/1.4; +https://openai.com/gptbot)"
66.249.66.45 - - [20/Aug/2026:08:11:56 +0200] "GET /?x=030018747 HTTP/1.1" 200 119531 "-" "Mozilla/5.0 (Linux; Android 6.0.1; Nexus 5X Build/MMB29P) AppleWebKit/537.36 (KHTML, like Gecko) Chrome/151.0.7922.137 Mobile Safari/537.36 (compatible; GoogleOther)"
74.7.242.61 - - [20/Aug/2026:08:12:04 +0200] "GET /?l=173048710 HTTP/1.1" 500 - "https://pelliheat-ag.ch/sitemap_index.xml" "Mozilla/5.0 AppleWebKit/537.36 (KHTML, like Gecko; compatible; GPTBot/1.4; +https://openai.com/gptbot)"
74.7.242.61 - - [20/Aug/2026:08:12:26 +0200] "GET /?v=134031509 HTTP/1.1" 500 - "https://pelliheat-ag.ch/sitemap_index.xml" "Mozilla/5.0 AppleWebKit/537.36 (KHTML, like Gecko; compatible; GPTBot/1.4; +https://openai.com/gptbot)"
74.7.242.61 - - [20/Aug/2026:08:12:46 +0200] "GET /?q=283027600 HTTP/1.1" 500 - "https://pelliheat-ag.ch/sitemap_index.xml" "Mozilla/5.0 AppleWebKit/537.36 (KHTML, like Gecko; compatible; GPTBot/1.4; +https://openai.com/gptbot)"
74.7.242.61 - - [20/Aug/2026:08:13:08 +0200] "GET /?c=149017150 HTTP/1.1" 500 - "https://pelliheat-ag.ch/sitemap_index.xml" "Mozilla/5.0 AppleWebKit/537.36 (KHTML, like Gecko; compatible; GPTBot/1.4; +https://openai.com/gptbot)"
2a03:2880:18ff:30:: - - [20/Aug/2026:08:13:12 +0200] "GET /robots.txt HTTP/1.1" 200 376 "-" "facebookexternalhit/1.1 (+http://www.facebook.com/externalhit_uatext.php)"
74.7.242.61 - - [20/Aug/2026:08:13:30 +0200] "GET /?e=248009905 HTTP/1.1" 500 - "https://pelliheat-ag.ch/sitemap_index.xml" "Mozilla/5.0 AppleWebKit/537.36 (KHTML, like Gecko; compatible; GPTBot/1.4; +https://openai.com/gptbot)"
74.7.242.61 - - [20/Aug/2026:08:13:51 +0200] "GET /?k=041028566 HTTP/1.1" 500 - "https://pelliheat-ag.ch/sitemap_index.xml" "Mozilla/5.0 AppleWebKit/537.36 (KHTML, like Gecko; compatible; GPTBot/1.4; +https://openai.com/gptbot)"
66.249.66.45 - - [20/Aug/2026:08:14:09 +0200] "GET /?g=044002185 HTTP/1.1" 200 118962 "-" "Mozilla/5.0 (Linux; Android 6.0.1; Nexus 5X Build/MMB29P) AppleWebKit/537.36 (KHTML, like Gecko) Chrome/151.0.7922.137 Mobile Safari/537.36 (compatible; GoogleOther)"
74.7.242.61 - - [20/Aug/2026:08:14:11 +0200] "GET /?k=283028190 HTTP/1.1" 500 - "https://pelliheat-ag.ch/sitemap_index.xml" "Mozilla/5.0 AppleWebKit/537.36 (KHTML, like Gecko; compatible; GPTBot/1.4; +https://openai.com/gptbot)"
66.249.66.45 - - [20/Aug/2026:08:14:23 +0200] "GET /csr/index.html HTTP/1.1" 200 116555 "-" "Mozilla/5.0 (Linux; Android 6.0.1; Nexus 5X Build/MMB29P) AppleWebKit/537.36 (KHTML, like Gecko) Chrome/151.0.7922.137 Mobile Safari/537.36 (compatible; GoogleOther)"
74.7.242.61 - - [20/Aug/2026:08:14:34 +0200] "GET /?z=288043637 HTTP/1.1" 500 - "https://pelliheat-ag.ch/sitemap_index.xml" "Mozilla/5.0 AppleWebKit/537.36 (KHTML, like Gecko; compatible; GPTBot/1.4; +https://openai.com/gptbot)"
66.249.66.70 - - [20/Aug/2026:08:14:39 +0200] "GET /ja/themes/179 HTTP/1.1" 200 124044 "-" "Mozilla/5.0 (Linux; Android 6.0.1; Nexus 5X Build/MMB29P) AppleWebKit/537.36 (KHTML, like Gecko) Chrome/151.0.7922.137 Mobile Safari/537.36 (compatible; GoogleOther)"
74.7.242.61 - - [20/Aug/2026:08:14:59 +0200] "GET /?a=298026177 HTTP/1.1" 500 - "https://pelliheat-ag.ch/sitemap_index.xml" "Mozilla/5.0 AppleWebKit/537.36 (KHTML, like Gecko; compatible; GPTBot/1.4; +https://openai.com/gptbot)"
43.230.201.87 - - [20/Aug/2026:08:15:05 +0200] "GET /wp-login.php HTTP/1.1" 500 - "-" "Mozilla/5.0 (Windows NT 10.0; Win64; x64) AppleWebKit/537.36 (KHTML, like Gecko) Chrome/149.0.0.0 Safari/537.36"
43.230.201.87 - - [20/Aug/2026:08:15:14 +0200] "GET /wp-login.php HTTP/1.1" 500 - "-" "Mozilla/5.0 (Windows NT 10.0; Win64; x64) AppleWebKit/537.36 (KHTML, like Gecko) Chrome/149.0.0.0 Safari/537.36"
74.7.242.61 - - [20/Aug/2026:08:15:24 +0200] "GET /?r=177003916 HTTP/1.1" 500 - "https://pelliheat-ag.ch/sitemap_index.xml" "Mozilla/5.0 AppleWebKit/537.36 (KHTML, like Gecko; compatible; GPTBot/1.4; +https://openai.com/gptbot)"
74.7.242.61 - - [20/Aug/2026:08:15:41 +0200] "GET /?m=086026107 HTTP/1.1" 500 - "https://pelliheat-ag.ch/sitemap_index.xml" "Mozilla/5.0 AppleWebKit/537.36 (KHTML, like Gecko; compatible; GPTBot/1.4; +https://openai.com/gptbot)"
74.7.242.61 - - [20/Aug/2026:08:15:56 +0200] "GET /?m=070018853 HTTP/1.1" 500 - "https://pelliheat-ag.ch/sitemap_index.xml" "Mozilla/5.0 AppleWebKit/537.36 (KHTML, like Gecko; compatible; GPTBot/1.4; +https://openai.com/gptbot)"
74.7.242.61 - - [20/Aug/2026:08:16:17 +0200] "GET /?h=105041870 HTTP/1.1" 500 - "https://pelliheat-ag.ch/sitemap_index.xml" "Mozilla/5.0 AppleWebKit/537.36 (KHTML, like Gecko; compatible; GPTBot/1.4; +https://openai.com/gptbot)"
74.7.242.61 - - [20/Aug/2026:08:16:38 +0200] "GET /?b=271033152 HTTP/1.1" 500 - "https://pelliheat-ag.ch/sitemap_index.xml" "Mozilla/5.0 AppleWebKit/537.36 (KHTML, like Gecko; compatible; GPTBot/1.4; +https://openai.com/gptbot)"
66.249.66.32 - - [20/Aug/2026:08:16:45 +0200] "GET /advanced_search HTTP/1.1" 200 124837 "-" "Mozilla/5.0 (Linux; Android 6.0.1; Nexus 5X Build/MMB29P) AppleWebKit/537.36 (KHTML, like Gecko) Chrome/151.0.7922.137 Mobile Safari/537.36 (compatible; GoogleOther)"
74.7.242.61 - - [20/Aug/2026:08:16:59 +0200] "GET /?s=136008237 HTTP/1.1" 500 - "https://pelliheat-ag.ch/sitemap_index.xml" "Mozilla/5.0 AppleWebKit/537.36 (KHTML, like Gecko; compatible; GPTBot/1.4; +https://openai.com/gptbot)"
66.249.66.198 - - [20/Aug/2026:08:17:01 +0200] "GET /?r=001038954 HTTP/1.1" 200 122599 "-" "Mozilla/5.0 (Linux; Android 6.0.1; Nexus 5X Build/MMB29P) AppleWebKit/537.36 (KHTML, like Gecko) Chrome/151.0.7922.137 Mobile Safari/537.36 (compatible; GoogleOther)"
74.7.242.61 - - [20/Aug/2026:08:17:20 +0200] "GET /?y=286009981 HTTP/1.1" 500 - "https://pelliheat-ag.ch/sitemap_index.xml" "Mozilla/5.0 AppleWebKit/537.36 (KHTML, like Gecko; compatible; GPTBot/1.4; +https://openai.com/gptbot)"
74.7.242.61 - - [20/Aug/2026:08:17:42 +0200] "GET /?x=184047849 HTTP/1.1" 500 - "https://pelliheat-ag.ch/sitemap_index.xml" "Mozilla/5.0 AppleWebKit/537.36 (KHTML, like Gecko; compatible; GPTBot/1.4; +https://openai.com/gptbot)"
85.208.96.196 - - [20/Aug/2026:08:17:59 +0200] "GET /jkit-header/kk-header/ HTTP/1.1" 500 - "-" "Mozilla/5.0 (compatible; SemrushBot/7~bl; +http://www.semrush.com/bot.html)"
74.7.242.61 - - [20/Aug/2026:08:18:02 +0200] "GET /?b=062002749 HTTP/1.1" 500 - "https://pelliheat-ag.ch/sitemap_index.xml" "Mozilla/5.0 AppleWebKit/537.36 (KHTML, like Gecko; compatible; GPTBot/1.4; +https://openai.com/gptbot)"
66.249.66.198 - - [20/Aug/2026:08:18:06 +0200] "GET /f/special/isetan/ HTTP/1.1" 200 120169 "-" "Mozilla/5.0 (Linux; Android 6.0.1; Nexus 5X Build/MMB29P) AppleWebKit/537.36 (KHTML, like Gecko) Chrome/151.0.7922.137 Mobile Safari/537.36 (compatible; GoogleOther)"
74.7.242.61 - - [20/Aug/2026:08:18:24 +0200] "GET /?u=206044835 HTTP/1.1" 500 - "https://pelliheat-ag.ch/sitemap_index.xml" "Mozilla/5.0 AppleWebKit/537.36 (KHTML, like Gecko; compatible; GPTBot/1.4; +https://openai.com/gptbot)"
74.7.242.61 - - [20/Aug/2026:08:18:46 +0200] "GET /?e=242049105 HTTP/1.1" 500 - "https://pelliheat-ag.ch/sitemap_index.xml" "Mozilla/5.0 AppleWebKit/537.36 (KHTML, like Gecko; compatible; GPTBot/1.4; +https://openai.com/gptbot)"
74.7.242.61 - - [20/Aug/2026:08:19:06 +0200] "GET /?i=159012460 HTTP/1.1" 500 - "https://pelliheat-ag.ch/sitemap_index.xml" "Mozilla/5.0 AppleWebKit/537.36 (KHTML, like Gecko; compatible; GPTBot/1.4; +https://openai.com/gptbot)"
74.7.242.61 - - [20/Aug/2026:08:19:26 +0200] "GET /?z=064048717 HTTP/1.1" 500 - "https://pelliheat-ag.ch/sitemap_index.xml" "Mozilla/5.0 AppleWebKit/537.36 (KHTML, like Gecko; compatible; GPTBot/1.4; +https://openai.com/gptbot)"
74.7.242.61 - - [20/Aug/2026:08:19:48 +0200] "GET /?b=173045814 HTTP/1.1" 500 - "https://pelliheat-ag.ch/sitemap_index.xml" "Mozilla/5.0 AppleWebKit/537.36 (KHTML, like Gecko; compatible; GPTBot/1.4; +https://openai.com/gptbot)"
74.7.242.61 - - [20/Aug/2026:08:20:09 +0200] "GET /?e=161022738 HTTP/1.1" 500 - "https://pelliheat-ag.ch/sitemap_index.xml" "Mozilla/5.0 AppleWebKit/537.36 (KHTML, like Gecko; compatible; GPTBot/1.4; +https://openai.com/gptbot)"
74.7.242.61 - - [20/Aug/2026:08:20:31 +0200] "GET /?y=241046308 HTTP/1.1" 500 - "https://pelliheat-ag.ch/sitemap_index.xml" "Mozilla/5.0 AppleWebKit/537.36 (KHTML, like Gecko; compatible; GPTBot/1.4; +https://openai.com/gptbot)"
66.249.66.44 - - [20/Aug/2026:08:20:38 +0200] "GET /41419497 HTTP/1.1" 200 119339 "-" "Mozilla/5.0 (Linux; Android 6.0.1; Nexus 5X Build/MMB29P) AppleWebKit/537.36 (KHTML, like Gecko) Chrome/151.0.7922.137 Mobile Safari/537.36 (compatible; GoogleOther)"
135.236.141.8 - - [20/Aug/2026:08:20:39 +0200] "GET /wp-login.php HTTP/1.1" 500 - "-" "Mozilla/5.0 (Windows NT 10.0; Win64; x64) AppleWebKit/537.36 (KHTML, like Gecko) Chrome/149.0.0.0 Safari/537.36"
135.236.141.8 - - [20/Aug/2026:08:20:39 +0200] "GET /wp-login.php HTTP/1.1" 500 - "-" "Mozilla/5.0 (Windows NT 10.0; Win64; x64) AppleWebKit/537.36 (KHTML, like Gecko) Chrome/149.0.0.0 Safari/537.36"
74.7.242.61 - - [20/Aug/2026:08:20:52 +0200] "GET /?o=022048659 HTTP/1.1" 500 - "https://pelliheat-ag.ch/sitemap_index.xml" "Mozilla/5.0 AppleWebKit/537.36 (KHTML, like Gecko; compatible; GPTBot/1.4; +https://openai.com/gptbot)"
74.7.242.61 - - [20/Aug/2026:08:21:12 +0200] "GET /?l=289001626 HTTP/1.1" 500 - "https://pelliheat-ag.ch/sitemap_index.xml" "Mozilla/5.0 AppleWebKit/537.36 (KHTML, like Gecko; compatible; GPTBot/1.4; +https://openai.com/gptbot)"
51.68.107.156 - - [20/Aug/2026:08:21:20 +0200] "GET /robots.txt HTTP/1.1" 304 - "-" "Mozilla/5.0 (compatible; MJ12bot/v2.0.5; http://mj12bot.com/)"
66.249.66.199 - - [20/Aug/2026:08:21:20 +0200] "GET /e/03/ HTTP/1.1" 200 129300 "-" "Mozilla/5.0 (Linux; Android 6.0.1; Nexus 5X Build/MMB29P) AppleWebKit/537.36 (KHTML, like Gecko) Chrome/151.0.7922.137 Mobile Safari/537.36 (compatible; GoogleOther)"
74.7.242.61 - - [20/Aug/2026:08:21:33 +0200] "GET /?v=164023013 HTTP/1.1" 500 - "https://pelliheat-ag.ch/sitemap_index.xml" "Mozilla/5.0 AppleWebKit/537.36 (KHTML, like Gecko; compatible; GPTBot/1.4; +https://openai.com/gptbot)"
74.7.242.61 - - [20/Aug/2026:08:21:54 +0200] "GET /?r=175031232 HTTP/1.1" 500 - "https://pelliheat-ag.ch/sitemap_index.xml" "Mozilla/5.0 AppleWebKit/537.36 (KHTML, like Gecko; compatible; GPTBot/1.4; +https://openai.com/gptbot)"
66.249.66.198 - - [20/Aug/2026:08:22:04 +0200] "GET /f/copy/copy00/ HTTP/1.1" 200 120068 "-" "Mozilla/5.0 (Linux; Android 6.0.1; Nexus 5X Build/MMB29P) AppleWebKit/537.36 (KHTML, like Gecko) Chrome/151.0.7922.137 Mobile Safari/537.36 (compatible; GoogleOther)"
74.7.242.61 - - [20/Aug/2026:08:22:15 +0200] "GET /?r=277007186 HTTP/1.1" 500 - "https://pelliheat-ag.ch/sitemap_index.xml" "Mozilla/5.0 AppleWebKit/537.36 (KHTML, like Gecko; compatible; GPTBot/1.4; +https://openai.com/gptbot)"
67.225.142.170 - - [20/Aug/2026:08:22:23 +0200] "GET /wp-login.php HTTP/1.1" 500 - "-" "Mozilla/5.0 (Windows NT 10.0; Win64; x64) AppleWebKit/537.36 (KHTML, like Gecko) Chrome/149.0.0.0 Safari/537.36"
67.225.142.170 - - [20/Aug/2026:08:22:25 +0200] "GET /wp-login.php HTTP/1.1" 500 - "-" "Mozilla/5.0 (Windows NT 10.0; Win64; x64) AppleWebKit/537.36 (KHTML, like Gecko) Chrome/149.0.0.0 Safari/537.36"
74.7.242.61 - - [20/Aug/2026:08:22:36 +0200] "GET /?v=270037869 HTTP/1.1" 500 - "https://pelliheat-ag.ch/sitemap_index.xml" "Mozilla/5.0 AppleWebKit/537.36 (KHTML, like Gecko; compatible; GPTBot/1.4; +https://openai.com/gptbot)"
62.60.130.235 - - [20/Aug/2026:08:22:38 +0200] "POST /?rest_route=/batch/v1 HTTP/1.1" 500 - "-" "Mozilla/5.0"
62.60.130.235 - - [20/Aug/2026:08:22:38 +0200] "POST /wp-json/batch/v1 HTTP/1.1" 500 - "-" "Mozilla/5.0"
66.249.66.40 - - [20/Aug/2026:08:22:49 +0200] "GET /?i=046001023 HTTP/1.1" 200 129619 "-" "Mozilla/5.0 (Linux; Android 6.0.1; Nexus 5X Build/MMB29P) AppleWebKit/537.36 (KHTML, like Gecko) Chrome/151.0.7922.137 Mobile Safari/537.36 (compatible; GoogleOther)"
74.7.242.61 - - [20/Aug/2026:08:22:57 +0200] "GET /?k=041003672 HTTP/1.1" 500 - "https://pelliheat-ag.ch/sitemap_index.xml" "Mozilla/5.0 AppleWebKit/537.36 (KHTML, like Gecko; compatible; GPTBot/1.4; +https://openai.com/gptbot)"
74.7.242.61 - - [20/Aug/2026:08:23:18 +0200] "GET /?j=261031892 HTTP/1.1" 500 - "https://pelliheat-ag.ch/sitemap_index.xml" "Mozilla/5.0 AppleWebKit/537.36 (KHTML, like Gecko; compatible; GPTBot/1.4; +https://openai.com/gptbot)"
51.68.107.156 - - [20/Aug/2026:08:23:21 +0200] "GET / HTTP/1.1" 500 - "-" "Mozilla/5.0 (compatible; MJ12bot/v2.0.5; http://mj12bot.com/)"
74.7.242.61 - - [20/Aug/2026:08:23:38 +0200] "GET /?f=067049574 HTTP/1.1" 500 - "https://pelliheat-ag.ch/sitemap_index.xml" "Mozilla/5.0 AppleWebKit/537.36 (KHTML, like Gecko; compatible; GPTBot/1.4; +https://openai.com/gptbot)"
162.214.96.231 - - [20/Aug/2026:08:23:40 +0200] "GET /wp-login.php HTTP/1.1" 500 - "-" "Mozilla/5.0 (Windows NT 10.0; Win64; x64) AppleWebKit/537.36 (KHTML, like Gecko) Chrome/149.0.0.0 Safari/537.36"
162.214.96.231 - - [20/Aug/2026:08:23:41 +0200] "GET /wp-login.php HTTP/1.1" 500 - "-" "Mozilla/5.0 (Windows NT 10.0; Win64; x64) AppleWebKit/537.36 (KHTML, like Gecko) Chrome/149.0.0.0 Safari/537.36"
74.7.242.61 - - [20/Aug/2026:08:23:59 +0200] "GET /?h=229017432 HTTP/1.1" 500 - "https://pelliheat-ag.ch/sitemap_index.xml" "Mozilla/5.0 AppleWebKit/537.36 (KHTML, like Gecko; compatible; GPTBot/1.4; +https://openai.com/gptbot)"
74.7.242.61 - - [20/Aug/2026:08:24:20 +0200] "GET /?l=226045585 HTTP/1.1" 500 - "https://pelliheat-ag.ch/sitemap_index.xml" "Mozilla/5.0 AppleWebKit/537.36 (KHTML, like Gecko; compatible; GPTBot/1.4; +https://openai.com/gptbot)"
74.7.242.61 - - [20/Aug/2026:08:24:41 +0200] "GET /?c=097011840 HTTP/1.1" 500 - "https://pelliheat-ag.ch/sitemap_index.xml" "Mozilla/5.0 AppleWebKit/537.36 (KHTML, like Gecko; compatible; GPTBot/1.4; +https://openai.com/gptbot)"
65.109.33.26 - - [20/Aug/2026:08:24:54 +0200] "GET /wp-login.php HTTP/1.1" 500 - "-" "Mozilla/5.0 (Windows NT 10.0; Win64; x64) AppleWebKit/537.36 (KHTML, like Gecko) Chrome/149.0.0.0 Safari/537.36"
65.109.33.26 - - [20/Aug/2026:08:24:54 +0200] "GET /wp-login.php HTTP/1.1" 500 - "-" "Mozilla/5.0 (Windows NT 10.0; Win64; x64) AppleWebKit/537.36 (KHTML, like Gecko) Chrome/149.0.0.0 Safari/537.36"
74.7.242.61 - - [20/Aug/2026:08:25:02 +0200] "GET /?b=132006257 HTTP/1.1" 500 - "https://pelliheat-ag.ch/sitemap_index.xml" "Mozilla/5.0 AppleWebKit/537.36 (KHTML, like Gecko; compatible; GPTBot/1.4; +https://openai.com/gptbot)"
74.7.242.61 - - [20/Aug/2026:08:25:24 +0200] "GET /?k=206046959 HTTP/1.1" 500 - "https://pelliheat-ag.ch/sitemap_index.xml" "Mozilla/5.0 AppleWebKit/537.36 (KHTML, like Gecko; compatible; GPTBot/1.4; +https://openai.com/gptbot)"
74.7.242.61 - - [20/Aug/2026:08:25:45 +0200] "GET /?m=113004272 HTTP/1.1" 500 - "https://pelliheat-ag.ch/sitemap_index.xml" "Mozilla/5.0 AppleWebKit/537.36 (KHTML, like Gecko; compatible; GPTBot/1.4; +https://openai.com/gptbot)"
66.249.66.198 - - [20/Aug/2026:08:25:50 +0200] "GET /kaisya/index.html HTTP/1.1" 200 119712 "-" "Mozilla/5.0 (Linux; Android 6.0.1; Nexus 5X Build/MMB29P) AppleWebKit/537.36 (KHTML, like Gecko) Chrome/151.0.7922.137 Mobile Safari/537.36 (compatible; GoogleOther)"
66.249.66.69 - - [20/Aug/2026:08:25:59 +0200] "GET /e/01/ HTTP/1.1" 200 120457 "-" "Mozilla/5.0 (Linux; Android 6.0.1; Nexus 5X Build/MMB29P) AppleWebKit/537.36 (KHTML, like Gecko) Chrome/151.0.7922.137 Mobile Safari/537.36 (compatible; GoogleOther)"
74.7.242.61 - - [20/Aug/2026:08:26:06 +0200] "GET /?s=094021755 HTTP/1.1" 500 - "https://pelliheat-ag.ch/sitemap_index.xml" "Mozilla/5.0 AppleWebKit/537.36 (KHTML, like Gecko; compatible; GPTBot/1.4; +https://openai.com/gptbot)"
74.7.242.61 - - [20/Aug/2026:08:26:27 +0200] "GET /?f=080036425 HTTP/1.1" 500 - "https://pelliheat-ag.ch/sitemap_index.xml" "Mozilla/5.0 AppleWebKit/537.36 (KHTML, like Gecko; compatible; GPTBot/1.4; +https://openai.com/gptbot)"
74.7.242.61 - - [20/Aug/2026:08:26:48 +0200] "GET /?b=168032607 HTTP/1.1" 500 - "https://pelliheat-ag.ch/sitemap_index.xml" "Mozilla/5.0 AppleWebKit/537.36 (KHTML, like Gecko; compatible; GPTBot/1.4; +https://openai.com/gptbot)"
66.249.66.197 - - [20/Aug/2026:08:26:54 +0200] "GET /361498793 HTTP/1.1" 200 125016 "-" "Mozilla/5.0 (Linux; Android 6.0.1; Nexus 5X Build/MMB29P) AppleWebKit/537.36 (KHTML, like Gecko) Chrome/151.0.7922.137 Mobile Safari/537.36 (compatible; GoogleOther)"
74.7.242.61 - - [20/Aug/2026:08:27:09 +0200] "GET /?h=124045219 HTTP/1.1" 500 - "https://pelliheat-ag.ch/sitemap_index.xml" "Mozilla/5.0 AppleWebKit/537.36 (KHTML, like Gecko; compatible; GPTBot/1.4; +https://openai.com/gptbot)"
95.111.251.70 - - [20/Aug/2026:08:27:30 +0200] "GET /wp-login.php HTTP/1.1" 500 - "-" "Mozilla/5.0 (Windows NT 10.0; Win64; x64) AppleWebKit/537.36 (KHTML, like Gecko) Chrome/149.0.0.0 Safari/537.36"
74.7.242.61 - - [20/Aug/2026:08:27:31 +0200] "GET /?p=285014416 HTTP/1.1" 500 - "https://pelliheat-ag.ch/sitemap_index.xml" "Mozilla/5.0 AppleWebKit/537.36 (KHTML, like Gecko; compatible; GPTBot/1.4; +https://openai.com/gptbot)"
95.111.251.70 - - [20/Aug/2026:08:27:31 +0200] "GET /wp-login.php HTTP/1.1" 500 - "-" "Mozilla/5.0 (Windows NT 10.0; Win64; x64) AppleWebKit/537.36 (KHTML, like Gecko) Chrome/149.0.0.0 Safari/537.36"
74.7.242.61 - - [20/Aug/2026:08:27:52 +0200] "GET /?m=116032643 HTTP/1.1" 500 - "https://pelliheat-ag.ch/sitemap_index.xml" "Mozilla/5.0 AppleWebKit/537.36 (KHTML, like Gecko; compatible; GPTBot/1.4; +https://openai.com/gptbot)"
74.7.242.61 - - [20/Aug/2026:08:28:13 +0200] "GET /?w=015013078 HTTP/1.1" 500 - "https://pelliheat-ag.ch/sitemap_index.xml" "Mozilla/5.0 AppleWebKit/537.36 (KHTML, like Gecko; compatible; GPTBot/1.4; +https://openai.com/gptbot)"
74.7.242.61 - - [20/Aug/2026:08:28:34 +0200] "GET /?s=035032458 HTTP/1.1" 500 - "https://pelliheat-ag.ch/sitemap_index.xml" "Mozilla/5.0 AppleWebKit/537.36 (KHTML, like Gecko; compatible; GPTBot/1.4; +https://openai.com/gptbot)"
66.249.66.71 - - [20/Aug/2026:08:28:37 +0200] "GET /?l=025001574 HTTP/1.1" 200 117567 "-" "Mozilla/5.0 (Linux; Android 6.0.1; Nexus 5X Build/MMB29P) AppleWebKit/537.36 (KHTML, like Gecko) Chrome/151.0.7922.137 Mobile Safari/537.36 (compatible; GoogleOther)"
162.214.96.231 - - [20/Aug/2026:08:28:41 +0200] "GET /wp-login.php HTTP/1.1" 500 - "-" "Mozilla/5.0 (Windows NT 10.0; Win64; x64) AppleWebKit/537.36 (KHTML, like Gecko) Chrome/149.0.0.0 Safari/537.36"
162.214.96.231 - - [20/Aug/2026:08:28:43 +0200] "GET /wp-login.php HTTP/1.1" 500 - "-" "Mozilla/5.0 (Windows NT 10.0; Win64; x64) AppleWebKit/537.36 (KHTML, like Gecko) Chrome/149.0.0.0 Safari/537.36"
74.7.242.61 - - [20/Aug/2026:08:28:55 +0200] "GET /?k=273037798 HTTP/1.1" 500 - "https://pelliheat-ag.ch/sitemap_index.xml" "Mozilla/5.0 AppleWebKit/537.36 (KHTML, like Gecko; compatible; GPTBot/1.4; +https://openai.com/gptbot)"
74.7.242.61 - - [20/Aug/2026:08:29:16 +0200] "GET /?e=272037889 HTTP/1.1" 500 - "https://pelliheat-ag.ch/sitemap_index.xml" "Mozilla/5.0 AppleWebKit/537.36 (KHTML, like Gecko; compatible; GPTBot/1.4; +https://openai.com/gptbot)"
74.7.242.61 - - [20/Aug/2026:08:29:37 +0200] "GET /?w=240037577 HTTP/1.1" 500 - "https://pelliheat-ag.ch/sitemap_index.xml" "Mozilla/5.0 AppleWebKit/537.36 (KHTML, like Gecko; compatible; GPTBot/1.4; +https://openai.com/gptbot)"
110.170.245.177 - - [20/Aug/2026:08:29:52 +0200] "GET /wp-login.php HTTP/1.1" 500 - "-" "Mozilla/5.0 (Windows NT 10.0; Win64; x64) AppleWebKit/537.36 (KHTML, like Gecko) Chrome/149.0.0.0 Safari/537.36"
110.170.245.177 - - [20/Aug/2026:08:29:54 +0200] "GET /wp-login.php HTTP/1.1" 500 - "-" "Mozilla/5.0 (Windows NT 10.0; Win64; x64) AppleWebKit/537.36 (KHTML, like Gecko) Chrome/149.0.0.0 Safari/537.36"
74.7.242.61 - - [20/Aug/2026:08:29:57 +0200] "GET /?v=195022066 HTTP/1.1" 500 - "https://pelliheat-ag.ch/sitemap_index.xml" "Mozilla/5.0 AppleWebKit/537.36 (KHTML, like Gecko; compatible; GPTBot/1.4; +https://openai.com/gptbot)"
66.249.66.39 - - [20/Aug/2026:08:29:56 +0200] "GET /?p=046000863 HTTP/1.1" 200 125402 "-" "Mozilla/5.0 (Linux; Android 6.0.1; Nexus 5X Build/MMB29P) AppleWebKit/537.36 (KHTML, like Gecko) Chrome/151.0.7922.137 Mobile Safari/537.36 (compatible; GoogleOther)"
74.7.242.61 - - [20/Aug/2026:08:30:18 +0200] "GET /?z=112044069 HTTP/1.1" 500 - "https://pelliheat-ag.ch/sitemap_index.xml" "Mozilla/5.0 AppleWebKit/537.36 (KHTML, like Gecko; compatible; GPTBot/1.4; +https://openai.com/gptbot)"
66.249.66.41 - - [20/Aug/2026:08:30:25 +0200] "GET /?clubtop_bn3 HTTP/1.1" 200 131889 "-" "Mozilla/5.0 (Linux; Android 6.0.1; Nexus 5X Build/MMB29P) AppleWebKit/537.36 (KHTML, like Gecko) Chrome/151.0.7922.137 Mobile Safari/537.36 (compatible; GoogleOther)"
74.7.242.61 - - [20/Aug/2026:08:30:38 +0200] "GET /?j=236009695 HTTP/1.1" 500 - "https://pelliheat-ag.ch/sitemap_index.xml" "Mozilla/5.0 AppleWebKit/537.36 (KHTML, like Gecko; compatible; GPTBot/1.4; +https://openai.com/gptbot)"
110.170.245.177 - - [20/Aug/2026:08:30:51 +0200] "GET /wp-login.php HTTP/1.1" 500 - "-" "Mozilla/5.0 (Windows NT 10.0; Win64; x64) AppleWebKit/537.36 (KHTML, like Gecko) Chrome/149.0.0.0 Safari/537.36"
110.170.245.177 - - [20/Aug/2026:08:30:53 +0200] "GET /wp-login.php HTTP/1.1" 500 - "-" "Mozilla/5.0 (Windows NT 10.0; Win64; x64) AppleWebKit/537.36 (KHTML, like Gecko) Chrome/149.0.0.0 Safari/537.36"
74.7.242.61 - - [20/Aug/2026:08:30:59 +0200] "GET /?y=221033540 HTTP/1.1" 500 - "https://pelliheat-ag.ch/sitemap_index.xml" "Mozilla/5.0 AppleWebKit/537.36 (KHTML, like Gecko; compatible; GPTBot/1.4; +https://openai.com/gptbot)"
74.7.242.61 - - [20/Aug/2026:08:31:19 +0200] "GET /?q=274020295 HTTP/1.1" 500 - "https://pelliheat-ag.ch/sitemap_index.xml" "Mozilla/5.0 AppleWebKit/537.36 (KHTML, like Gecko; compatible; GPTBot/1.4; +https://openai.com/gptbot)"
74.7.242.61 - - [20/Aug/2026:08:31:39 +0200] "GET /?s=148027229 HTTP/1.1" 500 - "https://pelliheat-ag.ch/sitemap_index.xml" "Mozilla/5.0 AppleWebKit/537.36 (KHTML, like Gecko; compatible; GPTBot/1.4; +https://openai.com/gptbot)"
74.7.242.61 - - [20/Aug/2026:08:32:00 +0200] "GET /?k=043049596 HTTP/1.1" 500 - "https://pelliheat-ag.ch/sitemap_index.xml" "Mozilla/5.0 AppleWebKit/537.36 (KHTML, like Gecko; compatible; GPTBot/1.4; +https://openai.com/gptbot)"
74.7.242.61 - - [20/Aug/2026:08:32:20 +0200] "GET /?b=261005802 HTTP/1.1" 500 - "https://pelliheat-ag.ch/sitemap_index.xml" "Mozilla/5.0 AppleWebKit/537.36 (KHTML, like Gecko; compatible; GPTBot/1.4; +https://openai.com/gptbot)"
74.7.242.61 - - [20/Aug/2026:08:32:42 +0200] "GET /?q=176033883 HTTP/1.1" 500 - "https://pelliheat-ag.ch/sitemap_index.xml" "Mozilla/5.0 AppleWebKit/537.36 (KHTML, like Gecko; compatible; GPTBot/1.4; +https://openai.com/gptbot)"
74.7.242.61 - - [20/Aug/2026:08:33:02 +0200] "GET /?n=264005473 HTTP/1.1" 500 - "https://pelliheat-ag.ch/sitemap_index.xml" "Mozilla/5.0 AppleWebKit/537.36 (KHTML, like Gecko; compatible; GPTBot/1.4; +https://openai.com/gptbot)"
66.249.66.69 - - [20/Aug/2026:08:33:08 +0200] "GET /maker/4001/ HTTP/1.1" 200 119389 "-" "Mozilla/5.0 (Linux; Android 6.0.1; Nexus 5X Build/MMB29P) AppleWebKit/537.36 (KHTML, like Gecko) Chrome/151.0.7922.137 Mobile Safari/537.36 (compatible; GoogleOther)"
74.7.242.61 - - [20/Aug/2026:08:33:24 +0200] "GET /?q=179005230 HTTP/1.1" 500 - "https://pelliheat-ag.ch/sitemap_index.xml" "Mozilla/5.0 AppleWebKit/537.36 (KHTML, like Gecko; compatible; GPTBot/1.4; +https://openai.com/gptbot)"
74.7.242.61 - - [20/Aug/2026:08:33:44 +0200] "GET /?s=104036959 HTTP/1.1" 500 - "https://pelliheat-ag.ch/sitemap_index.xml" "Mozilla/5.0 AppleWebKit/537.36 (KHTML, like Gecko; compatible; GPTBot/1.4; +https://openai.com/gptbot)"
66.249.66.198 - - [20/Aug/2026:08:33:53 +0200] "GET /?w=094000591 HTTP/1.1" 200 126897 "-" "Mozilla/5.0 (Linux; Android 6.0.1; Nexus 5X Build/MMB29P) AppleWebKit/537.36 (KHTML, like Gecko) Chrome/151.0.7922.137 Mobile Safari/537.36 (compatible; GoogleOther)"
74.7.242.61 - - [20/Aug/2026:08:34:05 +0200] "GET /?k=064011981 HTTP/1.1" 500 - "https://pelliheat-ag.ch/sitemap_index.xml" "Mozilla/5.0 AppleWebKit/537.36 (KHTML, like Gecko; compatible; GPTBot/1.4; +https://openai.com/gptbot)"
74.7.242.61 - - [20/Aug/2026:08:34:26 +0200] "GET /?c=179025780 HTTP/1.1" 500 - "https://pelliheat-ag.ch/sitemap_index.xml" "Mozilla/5.0 AppleWebKit/537.36 (KHTML, like Gecko; compatible; GPTBot/1.4; +https://openai.com/gptbot)"
66.249.66.71 - - [20/Aug/2026:08:34:29 +0200] "GET /?f=075005206 HTTP/1.1" 200 123330 "-" "Mozilla/5.0 (Linux; Android 6.0.1; Nexus 5X Build/MMB29P) AppleWebKit/537.36 (KHTML, like Gecko) Chrome/151.0.7922.137 Mobile Safari/537.36 (compatible; GoogleOther)"
74.7.242.61 - - [20/Aug/2026:08:34:46 +0200] "GET /?c=261047736 HTTP/1.1" 500 - "https://pelliheat-ag.ch/sitemap_index.xml" "Mozilla/5.0 AppleWebKit/537.36 (KHTML, like Gecko; compatible; GPTBot/1.4; +https://openai.com/gptbot)"
66.249.66.40 - - [20/Aug/2026:08:34:56 +0200] "GET /f/special/mask/ HTTP/1.1" 200 124480 "-" "Mozilla/5.0 (Linux; Android 6.0.1; Nexus 5X Build/MMB29P) AppleWebKit/537.36 (KHTML, like Gecko) Chrome/151.0.7922.137 Mobile Safari/537.36 (compatible; GoogleOther)"
74.7.242.61 - - [20/Aug/2026:08:35:08 +0200] "GET /?j=103049218 HTTP/1.1" 500 - "https://pelliheat-ag.ch/sitemap_index.xml" "Mozilla/5.0 AppleWebKit/537.36 (KHTML, like Gecko; compatible; GPTBot/1.4; +https://openai.com/gptbot)"
74.7.242.61 - - [20/Aug/2026:08:35:29 +0200] "GET /?t=051022344 HTTP/1.1" 500 - "https://pelliheat-ag.ch/sitemap_index.xml" "Mozilla/5.0 AppleWebKit/537.36 (KHTML, like Gecko; compatible; GPTBot/1.4; +https://openai.com/gptbot)"
66.249.66.41 - - [20/Aug/2026:08:35:48 +0200] "GET /?k=099001206 HTTP/1.1" 200 129533 "-" "Mozilla/5.0 (Linux; Android 6.0.1; Nexus 5X Build/MMB29P) AppleWebKit/537.36 (KHTML, like Gecko) Chrome/151.0.7922.137 Mobile Safari/537.36 (compatible; GoogleOther)"
74.7.242.61 - - [20/Aug/2026:08:35:50 +0200] "GET /?g=179004316 HTTP/1.1" 500 - "https://pelliheat-ag.ch/sitemap_index.xml" "Mozilla/5.0 AppleWebKit/537.36 (KHTML, like Gecko; compatible; GPTBot/1.4; +https://openai.com/gptbot)"
74.7.242.61 - - [20/Aug/2026:08:36:13 +0200] "GET /?i=131028584 HTTP/1.1" 500 - "https://pelliheat-ag.ch/sitemap_index.xml" "Mozilla/5.0 AppleWebKit/537.36 (KHTML, like Gecko; compatible; GPTBot/1.4; +https://openai.com/gptbot)"
66.249.66.40 - - [20/Aug/2026:08:36:24 +0200] "GET /e/23/ HTTP/1.1" 200 142436 "-" "Mozilla/5.0 (Linux; Android 6.0.1; Nexus 5X Build/MMB29P) AppleWebKit/537.36 (KHTML, like Gecko) Chrome/151.0.7922.137 Mobile Safari/537.36 (compatible; GoogleOther)"
74.7.242.61 - - [20/Aug/2026:08:36:32 +0200] "GET /?v=274032297 HTTP/1.1" 500 - "https://pelliheat-ag.ch/sitemap_index.xml" "Mozilla/5.0 AppleWebKit/537.36 (KHTML, like Gecko; compatible; GPTBot/1.4; +https://openai.com/gptbot)"
74.7.242.61 - - [20/Aug/2026:08:36:52 +0200] "GET /?k=144007995 HTTP/1.1" 500 - "https://pelliheat-ag.ch/sitemap_index.xml" "Mozilla/5.0 AppleWebKit/537.36 (KHTML, like Gecko; compatible; GPTBot/1.4; +https://openai.com/gptbot)"
74.7.242.61 - - [20/Aug/2026:08:37:14 +0200] "GET /?q=267009064 HTTP/1.1" 500 - "https://pelliheat-ag.ch/sitemap_index.xml" "Mozilla/5.0 AppleWebKit/537.36 (KHTML, like Gecko; compatible; GPTBot/1.4; +https://openai.com/gptbot)"
74.7.242.61 - - [20/Aug/2026:08:37:34 +0200] "GET /?b=297025692 HTTP/1.1" 500 - "https://pelliheat-ag.ch/sitemap_index.xml" "Mozilla/5.0 AppleWebKit/537.36 (KHTML, like Gecko; compatible; GPTBot/1.4; +https://openai.com/gptbot)"
66.249.66.69 - - [20/Aug/2026:08:37:36 +0200] "GET /category/6_2634/1/listing HTTP/1.1" 200 120557 "-" "Mozilla/5.0 (Linux; Android 6.0.1; Nexus 5X Build/MMB29P) AppleWebKit/537.36 (KHTML, like Gecko) Chrome/151.0.7922.137 Mobile Safari/537.36 (compatible; GoogleOther)"
66.249.66.197 - - [20/Aug/2026:08:37:43 +0200] "GET /f/services/ HTTP/1.1" 200 122855 "-" "Mozilla/5.0 (Linux; Android 6.0.1; Nexus 5X Build/MMB29P) AppleWebKit/537.36 (KHTML, like Gecko) Chrome/151.0.7922.137 Mobile Safari/537.36 (compatible; GoogleOther)"
74.7.242.61 - - [20/Aug/2026:08:37:56 +0200] "GET /?g=133039928 HTTP/1.1" 500 - "https://pelliheat-ag.ch/sitemap_index.xml" "Mozilla/5.0 AppleWebKit/537.36 (KHTML, like Gecko; compatible; GPTBot/1.4; +https://openai.com/gptbot)"
74.7.242.61 - - [20/Aug/2026:08:38:16 +0200] "GET /?z=247006308 HTTP/1.1" 500 - "https://pelliheat-ag.ch/sitemap_index.xml" "Mozilla/5.0 AppleWebKit/537.36 (KHTML, like Gecko; compatible; GPTBot/1.4; +https://openai.com/gptbot)"
66.249.66.197 - - [20/Aug/2026:08:38:24 +0200] "GET /?f=030018741 HTTP/1.1" 200 119046 "-" "Mozilla/5.0 (Linux; Android 6.0.1; Nexus 5X Build/MMB29P) AppleWebKit/537.36 (KHTML, like Gecko) Chrome/151.0.7922.137 Mobile Safari/537.36 (compatible; GoogleOther)"
74.7.242.61 - - [20/Aug/2026:08:38:37 +0200] "GET /?q=245041178 HTTP/1.1" 500 - "https://pelliheat-ag.ch/sitemap_index.xml" "Mozilla/5.0 AppleWebKit/537.36 (KHTML, like Gecko; compatible; GPTBot/1.4; +https://openai.com/gptbot)"
74.7.242.61 - - [20/Aug/2026:08:38:58 +0200] "GET /?v=060013235 HTTP/1.1" 500 - "https://pelliheat-ag.ch/sitemap_index.xml" "Mozilla/5.0 AppleWebKit/537.36 (KHTML, like Gecko; compatible; GPTBot/1.4; +https://openai.com/gptbot)"
66.249.66.44 - - [20/Aug/2026:08:39:02 +0200] "GET /?k=030018745 HTTP/1.1" 200 121453 "-" "Mozilla/5.0 (Linux; Android 6.0.1; Nexus 5X Build/MMB29P) AppleWebKit/537.36 (KHTML, like Gecko) Chrome/151.0.7922.137 Mobile Safari/537.36 (compatible; GoogleOther)"
74.7.242.61 - - [20/Aug/2026:08:39:20 +0200] "GET /?d=189021478 HTTP/1.1" 500 - "https://pelliheat-ag.ch/sitemap_index.xml" "Mozilla/5.0 AppleWebKit/537.36 (KHTML, like Gecko; compatible; GPTBot/1.4; +https://openai.com/gptbot)"
66.249.66.71 - - [20/Aug/2026:08:39:23 +0200] "GET /?j=258026743 HTTP/1.1" 200 124574 "-" "Mozilla/5.0 (Linux; Android 6.0.1; Nexus 5X Build/MMB29P) AppleWebKit/537.36 (KHTML, like Gecko) Chrome/151.0.7922.137 Mobile Safari/537.36 (compatible; GoogleOther)"
66.249.66.70 - - [20/Aug/2026:08:39:31 +0200] "GET /e/15/ HTTP/1.1" 200 125373 "-" "Mozilla/5.0 (Linux; Android 6.0.1; Nexus 5X Build/MMB29P) AppleWebKit/537.36 (KHTML, like Gecko) Chrome/151.0.7922.137 Mobile Safari/537.36 (compatible; GoogleOther)"
74.7.242.61 - - [20/Aug/2026:08:39:41 +0200] "GET /?w=175021060 HTTP/1.1" 500 - "https://pelliheat-ag.ch/sitemap_index.xml" "Mozilla/5.0 AppleWebKit/537.36 (KHTML, like Gecko; compatible; GPTBot/1.4; +https://openai.com/gptbot)"
121.200.216.188 - - [20/Aug/2026:08:39:49 +0200] "GET /wp-login.php HTTP/1.1" 500 - "-" "Mozilla/5.0 (Windows NT 10.0; Win64; x64) AppleWebKit/537.36 (KHTML, like Gecko) Chrome/149.0.0.0 Safari/537.36"
121.200.216.188 - - [20/Aug/2026:08:39:51 +0200] "GET /wp-login.php HTTP/1.1" 500 - "-" "Mozilla/5.0 (Windows NT 10.0; Win64; x64) AppleWebKit/537.36 (KHTML, like Gecko) Chrome/149.0.0.0 Safari/537.36"
74.7.242.61 - - [20/Aug/2026:08:40:01 +0200] "GET /?t=207035306 HTTP/1.1" 500 - "https://pelliheat-ag.ch/sitemap_index.xml" "Mozilla/5.0 AppleWebKit/537.36 (KHTML, like Gecko; compatible; GPTBot/1.4; +https://openai.com/gptbot)"
74.7.242.61 - - [20/Aug/2026:08:40:22 +0200] "GET /?n=115009984 HTTP/1.1" 500 - "https://pelliheat-ag.ch/sitemap_index.xml" "Mozilla/5.0 AppleWebKit/537.36 (KHTML, like Gecko; compatible; GPTBot/1.4; +https://openai.com/gptbot)"
74.7.242.61 - - [20/Aug/2026:08:40:43 +0200] "GET /?t=273034236 HTTP/1.1" 500 - "https://pelliheat-ag.ch/sitemap_index.xml" "Mozilla/5.0 AppleWebKit/537.36 (KHTML, like Gecko; compatible; GPTBot/1.4; +https://openai.com/gptbot)"
66.249.66.32 - - [20/Aug/2026:08:40:58 +0200] "GET /special/034001438.html HTTP/1.1" 200 125870 "-" "Mozilla/5.0 (Linux; Android 6.0.1; Nexus 5X Build/MMB29P) AppleWebKit/537.36 (KHTML, like Gecko) Chrome/151.0.7922.137 Mobile Safari/537.36 (compatible; GoogleOther)"
74.7.242.61 - - [20/Aug/2026:08:41:04 +0200] "GET /?e=034019317 HTTP/1.1" 500 - "https://pelliheat-ag.ch/sitemap_index.xml" "Mozilla/5.0 AppleWebKit/537.36 (KHTML, like Gecko; compatible; GPTBot/1.4; +https://openai.com/gptbot)"
64.233.173.144 - - [20/Aug/2026:08:41:23 +0200] "GET / HTTP/1.1" 200 118761 "-" "Mozilla/5.0 (compatible; Google-Site-Verification/1.0)"
64.233.173.144 - - [20/Aug/2026:08:41:23 +0200] "GET /google51910fb15d98e138.html HTTP/1.1" 200 147912 "-" "Mozilla/5.0 (compatible; Google-Site-Verification/1.0)"
64.233.173.144 - - [20/Aug/2026:08:41:23 +0200] "GET / HTTP/1.1" 200 118633 "-" "Mozilla/5.0 (compatible; Google-Site-Verification/1.0)"
74.7.242.61 - - [20/Aug/2026:08:41:26 +0200] "GET /?o=165024248 HTTP/1.1" 500 - "https://pelliheat-ag.ch/sitemap_index.xml" "Mozilla/5.0 AppleWebKit/537.36 (KHTML, like Gecko; compatible; GPTBot/1.4; +https://openai.com/gptbot)"
66.249.84.165 - - [20/Aug/2026:08:41:23 +0200] "GET / HTTP/1.1" 200 119346 "-" "Mozilla/5.0 (compatible; Google-Site-Verification/1.0)"
64.233.173.144 - - [20/Aug/2026:08:41:23 +0200] "GET /google708b7b4ea0bddd5b.html HTTP/1.1" 200 119342 "-" "Mozilla/5.0 (compatible; Google-Site-Verification/1.0)"
64.233.173.144 - - [20/Aug/2026:08:41:27 +0200] "GET /?cachebuster=2023786711 HTTP/1.1" 200 119044 "-" "Mozilla/5.0 (compatible; Google-Site-Verification/1.0)"
66.249.66.198 - - [20/Aug/2026:08:41:28 +0200] "GET /?g=282014019 HTTP/1.1" 200 121540 "-" "Mozilla/5.0 (Linux; Android 6.0.1; Nexus 5X Build/MMB29P) AppleWebKit/537.36 (KHTML, like Gecko) Chrome/151.0.7922.137 Mobile Safari/537.36 (compatible; GoogleOther)"
74.7.242.61 - - [20/Aug/2026:08:41:47 +0200] "GET /?l=188042469 HTTP/1.1" 503 - "https://pelliheat-ag.ch/sitemap_index.xml" "Mozilla/5.0 AppleWebKit/537.36 (KHTML, like Gecko; compatible; GPTBot/1.4; +https://openai.com/gptbot)"
66.249.66.44 - - [20/Aug/2026:08:41:57 +0200] "GET /category/25_161_1041/1/listing HTTP/1.1" 200 163554 "-" "Mozilla/5.0 (Linux; Android 6.0.1; Nexus 5X Build/MMB29P) AppleWebKit/537.36 (KHTML, like Gecko) Chrome/151.0.7922.137 Mobile Safari/537.36 (compatible; GoogleOther)"
74.7.242.61 - - [20/Aug/2026:08:42:08 +0200] "GET /?m=127044922 HTTP/1.1" 500 - "https://pelliheat-ag.ch/sitemap_index.xml" "Mozilla/5.0 AppleWebKit/537.36 (KHTML, like Gecko; compatible; GPTBot/1.4; +https://openai.com/gptbot)"
74.7.242.61 - - [20/Aug/2026:08:42:30 +0200] "GET /?n=144048929 HTTP/1.1" 500 - "https://pelliheat-ag.ch/sitemap_index.xml" "Mozilla/5.0 AppleWebKit/537.36 (KHTML, like Gecko; compatible; GPTBot/1.4; +https://openai.com/gptbot)"
85.208.96.198 - - [20/Aug/2026:08:42:46 +0200] "GET /cookie-richtlinie-eu/ HTTP/1.1" 500 - "-" "Mozilla/5.0 (compatible; SemrushBot/7~bl; +http://www.semrush.com/bot.html)"
74.7.242.61 - - [20/Aug/2026:08:42:52 +0200] "GET /?q=194042681 HTTP/1.1" 500 - "https://pelliheat-ag.ch/sitemap_index.xml" "Mozilla/5.0 AppleWebKit/537.36 (KHTML, like Gecko; compatible; GPTBot/1.4; +https://openai.com/gptbot)"
43.255.191.173 - - [20/Aug/2026:08:43:06 +0200] "GET /google708b7b4ea0bddd5b.xhtml HTTP/1.1" 302 - "-" "Mozilla/5.0 (Windows NT 10.0; Win64; x64) AppleWebKit/537.36 (KHTML, like Gecko) Chrome/150.0.0.0 Safari/537.36"
43.255.191.173 - - [20/Aug/2026:08:43:08 +0200] "GET /google708b7b4ea0bddd5b.html HTTP/1.1" 200 53 "-" "Mozilla/5.0 (Windows NT 10.0; Win64; x64) AppleWebKit/537.36 (KHTML, like Gecko) Chrome/150.0.0.0 Safari/537.36"
43.255.191.173 - - [20/Aug/2026:08:43:12 +0200] "GET /favicon.ico HTTP/1.1" 500 - "https://pelliheat-ag.ch/google708b7b4ea0bddd5b.html" "Mozilla/5.0 (Windows NT 10.0; Win64; x64) AppleWebKit/537.36 (KHTML, like Gecko) Chrome/150.0.0.0 Safari/537.36"
74.7.242.61 - - [20/Aug/2026:08:43:14 +0200] "GET /?b=231047076 HTTP/1.1" 500 - "https://pelliheat-ag.ch/sitemap_index.xml" "Mozilla/5.0 AppleWebKit/537.36 (KHTML, like Gecko; compatible; GPTBot/1.4; +https://openai.com/gptbot)"
66.249.66.8 - - [20/Aug/2026:08:43:16 +0200] "GET /e/19/ HTTP/1.1" 200 118683 "-" "Mozilla/5.0 (Linux; Android 6.0.1; Nexus 5X Build/MMB29P) AppleWebKit/537.36 (KHTML, like Gecko) Chrome/151.0.7922.137 Mobile Safari/537.36 (compatible; GoogleOther)"
74.7.242.61 - - [20/Aug/2026:08:43:33 +0200] "GET /?u=277032064 HTTP/1.1" 500 - "https://pelliheat-ag.ch/sitemap_index.xml" "Mozilla/5.0 AppleWebKit/537.36 (KHTML, like Gecko; compatible; GPTBot/1.4; +https://openai.com/gptbot)"
74.7.242.61 - - [20/Aug/2026:08:43:54 +0200] "GET /?b=017028242 HTTP/1.1" 500 - "https://pelliheat-ag.ch/sitemap_index.xml" "Mozilla/5.0 AppleWebKit/537.36 (KHTML, like Gecko; compatible; GPTBot/1.4; +https://openai.com/gptbot)"
72.167.40.62 - - [20/Aug/2026:08:43:59 +0200] "GET /wp-login.php HTTP/1.1" 500 - "-" "Mozilla/5.0 (Windows NT 10.0; Win64; x64) AppleWebKit/537.36 (KHTML, like Gecko) Chrome/149.0.0.0 Safari/537.36"
72.167.40.62 - - [20/Aug/2026:08:44:00 +0200] "GET /wp-login.php HTTP/1.1" 500 - "-" "Mozilla/5.0 (Windows NT 10.0; Win64; x64) AppleWebKit/537.36 (KHTML, like Gecko) Chrome/149.0.0.0 Safari/537.36"
66.249.66.70 - - [20/Aug/2026:08:44:11 +0200] "GET /?a=014000337 HTTP/1.1" 200 159751 "-" "Mozilla/5.0 (Linux; Android 6.0.1; Nexus 5X Build/MMB29P) AppleWebKit/537.36 (KHTML, like Gecko) Chrome/151.0.7922.137 Mobile Safari/537.36 (compatible; GoogleOther)"
74.7.242.61 - - [20/Aug/2026:08:44:14 +0200] "GET /?m=244023519 HTTP/1.1" 500 - "https://pelliheat-ag.ch/sitemap_index.xml" "Mozilla/5.0 AppleWebKit/537.36 (KHTML, like Gecko; compatible; GPTBot/1.4; +https://openai.com/gptbot)"
74.7.242.61 - - [20/Aug/2026:08:44:34 +0200] "GET /?z=276018981 HTTP/1.1" 500 - "https://pelliheat-ag.ch/sitemap_index.xml" "Mozilla/5.0 AppleWebKit/537.36 (KHTML, like Gecko; compatible; GPTBot/1.4; +https://openai.com/gptbot)"
66.249.66.70 - - [20/Aug/2026:08:44:48 +0200] "GET /?r=073002418 HTTP/1.1" 200 119615 "-" "Mozilla/5.0 (Linux; Android 6.0.1; Nexus 5X Build/MMB29P) AppleWebKit/537.36 (KHTML, like Gecko) Chrome/151.0.7922.137 Mobile Safari/537.36 (compatible; GoogleOther)"
74.7.242.61 - - [20/Aug/2026:08:44:55 +0200] "GET /?f=160042551 HTTP/1.1" 500 - "https://pelliheat-ag.ch/sitemap_index.xml" "Mozilla/5.0 AppleWebKit/537.36 (KHTML, like Gecko; compatible; GPTBot/1.4; +https://openai.com/gptbot)"
66.249.66.198 - - [20/Aug/2026:08:45:09 +0200] "GET /?w=280020689 HTTP/1.1" 200 119647 "-" "Mozilla/5.0 (Linux; Android 6.0.1; Nexus 5X Build/MMB29P) AppleWebKit/537.36 (KHTML, like Gecko) Chrome/151.0.7922.137 Mobile Safari/537.36 (compatible; GoogleOther)"
74.7.242.61 - - [20/Aug/2026:08:45:16 +0200] "GET /?o=116032085 HTTP/1.1" 500 - "https://pelliheat-ag.ch/sitemap_index.xml" "Mozilla/5.0 AppleWebKit/537.36 (KHTML, like Gecko; compatible; GPTBot/1.4; +https://openai.com/gptbot)"
66.249.66.45 - - [20/Aug/2026:08:45:38 +0200] "GET /?f=034000821 HTTP/1.1" 200 121240 "-" "Mozilla/5.0 (Linux; Android 6.0.1; Nexus 5X Build/MMB29P) AppleWebKit/537.36 (KHTML, like Gecko) Chrome/151.0.7922.137 Mobile Safari/537.36 (compatible; GoogleOther)"
74.7.242.61 - - [20/Aug/2026:08:45:37 +0200] "GET /?p=266036851 HTTP/1.1" 500 - "https://pelliheat-ag.ch/sitemap_index.xml" "Mozilla/5.0 AppleWebKit/537.36 (KHTML, like Gecko; compatible; GPTBot/1.4; +https://openai.com/gptbot)"
64.233.173.140 - - [20/Aug/2026:08:45:46 +0200] "GET /google708b7b4ea0bddd5b.html HTTP/1.1" 200 53 "-" "Mozilla/5.0 (compatible; Google-Site-Verification/1.0)"
64.233.173.146 - - [20/Aug/2026:08:45:47 +0200] "GET / HTTP/1.1" 200 118707 "-" "Mozilla/5.0 (compatible; Google-Site-Verification/1.0)"
64.233.173.145 - - [20/Aug/2026:08:45:47 +0200] "GET / HTTP/1.1" 200 119206 "-" "Mozilla/5.0 (compatible; Google-Site-Verification/1.0)"
66.249.84.167 - - [20/Aug/2026:08:45:47 +0200] "GET / HTTP/1.1" 200 119500 "-" "Mozilla/5.0 (compatible; Google-Site-Verification/1.0)"
64.233.173.141 - - [20/Aug/2026:08:45:47 +0200] "GET /google51910fb15d98e138.html HTTP/1.1" 200 148541 "-" "Mozilla/5.0 (compatible; Google-Site-Verification/1.0)"
64.233.173.144 - - [20/Aug/2026:08:45:48 +0200] "GET /?cachebuster=3316929345 HTTP/1.1" 200 117319 "-" "Mozilla/5.0 (compatible; Google-Site-Verification/1.0)"
64.233.173.145 - - [20/Aug/2026:08:45:50 +0200] "GET /google708b7b4ea0bddd5b.html HTTP/1.1" 200 53 "-" "Mozilla/5.0 (compatible; Google-Site-Verification/1.0)"
64.233.173.146 - - [20/Aug/2026:08:45:50 +0200] "GET /google51910fb15d98e138.html HTTP/1.1" 200 149608 "-" "Mozilla/5.0 (compatible; Google-Site-Verification/1.0)"
74.7.242.61 - - [20/Aug/2026:08:46:00 +0200] "GET /?n=002047379 HTTP/1.1" 500 - "https://pelliheat-ag.ch/sitemap_index.xml" "Mozilla/5.0 AppleWebKit/537.36 (KHTML, like Gecko; compatible; GPTBot/1.4; +https://openai.com/gptbot)"
66.249.66.198 - - [20/Aug/2026:08:46:23 +0200] "GET /?sitemapindex.xml HTTP/1.1" 200 7889 "-" "Mozilla/5.0 (compatible; Googlebot/2.1; +http://www.google.com/bot.html)"
74.7.242.61 - - [20/Aug/2026:08:46:18 +0200] "GET /?e=125008686 HTTP/1.1" 500 - "https://pelliheat-ag.ch/sitemap_index.xml" "Mozilla/5.0 AppleWebKit/537.36 (KHTML, like Gecko; compatible; GPTBot/1.4; +https://openai.com/gptbot)"
74.7.242.61 - - [20/Aug/2026:08:46:39 +0200] "GET /?s=184012467 HTTP/1.1" 500 - "https://pelliheat-ag.ch/sitemap_index.xml" "Mozilla/5.0 AppleWebKit/537.36 (KHTML, like Gecko; compatible; GPTBot/1.4; +https://openai.com/gptbot)"
66.249.66.70 - - [20/Aug/2026:08:46:43 +0200] "GET /sitemap44.xml HTTP/1.1" 200 504421 "-" "Mozilla/5.0 (compatible; Googlebot/2.1; +http://www.google.com/bot.html)"
66.249.66.70 - - [20/Aug/2026:08:46:56 +0200] "GET /?a=206008425 HTTP/1.1" 200 119653 "-" "Mozilla/5.0 (compatible; Googlebot/2.1; +http://www.google.com/bot.html)"
66.249.66.71 - - [20/Aug/2026:08:46:58 +0200] "GET /?r=142025395 HTTP/1.1" 200 123240 "-" "Mozilla/5.0 (compatible; Googlebot/2.1; +http://www.google.com/bot.html)"
66.249.66.97 - - [20/Aug/2026:08:46:59 +0200] "GET /?a=004029567 HTTP/1.1" 200 126537 "-" "Mozilla/5.0 (compatible; Googlebot/2.1; +http://www.google.com/bot.html)"
66.249.66.70 - - [20/Aug/2026:08:47:01 +0200] "GET /?f=197003356 HTTP/1.1" 200 125293 "-" "Mozilla/5.0 (compatible; Googlebot/2.1; +http://www.google.com/bot.html)"
66.249.66.7 - - [20/Aug/2026:08:47:02 +0200] "GET /?b=099001210 HTTP/1.1" 200 128326 "-" "Mozilla/5.0 (Linux; Android 6.0.1; Nexus 5X Build/MMB29P) AppleWebKit/537.36 (KHTML, like Gecko) Chrome/151.0.7922.137 Mobile Safari/537.36 (compatible; GoogleOther)"
74.7.242.61 - - [20/Aug/2026:08:46:59 +0200] "GET /?q=075013832 HTTP/1.1" 500 - "https://pelliheat-ag.ch/sitemap_index.xml" "Mozilla/5.0 AppleWebKit/537.36 (KHTML, like Gecko; compatible; GPTBot/1.4; +https://openai.com/gptbot)"
74.7.242.61 - - [20/Aug/2026:08:47:20 +0200] "GET /?m=236041717 HTTP/1.1" 500 - "https://pelliheat-ag.ch/sitemap_index.xml" "Mozilla/5.0 AppleWebKit/537.36 (KHTML, like Gecko; compatible; GPTBot/1.4; +https://openai.com/gptbot)"
74.7.242.61 - - [20/Aug/2026:08:47:42 +0200] "GET /?h=134025159 HTTP/1.1" 500 - "https://pelliheat-ag.ch/sitemap_index.xml" "Mozilla/5.0 AppleWebKit/537.36 (KHTML, like Gecko; compatible; GPTBot/1.4; +https://openai.com/gptbot)"
66.249.66.198 - - [20/Aug/2026:08:47:41 +0200] "GET /guide/policy/regulation.html HTTP/1.1" 200 119115 "-" "Mozilla/5.0 (Linux; Android 6.0.1; Nexus 5X Build/MMB29P) AppleWebKit/537.36 (KHTML, like Gecko) Chrome/151.0.7922.137 Mobile Safari/537.36 (compatible; GoogleOther)"
74.7.242.61 - - [20/Aug/2026:08:48:02 +0200] "GET /?j=119040608 HTTP/1.1" 500 - "https://pelliheat-ag.ch/sitemap_index.xml" "Mozilla/5.0 AppleWebKit/537.36 (KHTML, like Gecko; compatible; GPTBot/1.4; +https://openai.com/gptbot)"
74.7.242.61 - - [20/Aug/2026:08:49:30 +0200] "GET /?x=138030499 HTTP/1.1" 500 - "https://pelliheat-ag.ch/sitemap_index.xml" "Mozilla/5.0 AppleWebKit/537.36 (KHTML, like Gecko; compatible; GPTBot/1.4; +https://openai.com/gptbot)"
89.185.225.24 - - [20/Aug/2026:08:51:14 +0200] "GET /wp-login.php HTTP/1.1" 500 - "-" "Mozilla/5.0 (Windows NT 10.0; Win64; x64) AppleWebKit/537.36 (KHTML, like Gecko) Chrome/149.0.0.0 Safari/537.36"
216.73.217.24 - - [20/Aug/2026:08:51:15 +0200] "GET /special/286039760.html HTTP/1.1" 500 - "-" "Mozilla/5.0 AppleWebKit/537.36 (KHTML, like Gecko; compatible; ClaudeBot/1.0; +claudebot@anthropic.com)"
74.7.242.61 - - [20/Aug/2026:08:51:15 +0200] "GET /?s=147001482 HTTP/1.1" 500 - "https://pelliheat-ag.ch/sitemap_index.xml" "Mozilla/5.0 AppleWebKit/537.36 (KHTML, like Gecko; compatible; GPTBot/1.4; +https://openai.com/gptbot)"
216.73.217.24 - - [20/Aug/2026:08:51:15 +0200] "GET /special/008048660.html HTTP/1.1" 500 - "-" "Mozilla/5.0 AppleWebKit/537.36 (KHTML, like Gecko; compatible; ClaudeBot/1.0; +claudebot@anthropic.com)"
66.249.66.39 - - [20/Aug/2026:08:51:33 +0200] "GET /?s=015013768 HTTP/1.1" 200 118641 "-" "Mozilla/5.0 (compatible; Googlebot/2.1; +http://www.google.com/bot.html)"
216.73.217.24 - - [20/Aug/2026:08:51:44 +0200] "GET /special/049049285.html HTTP/1.1" 500 - "-" "Mozilla/5.0 AppleWebKit/537.36 (KHTML, like Gecko; compatible; ClaudeBot/1.0; +claudebot@anthropic.com)"
74.7.242.61 - - [20/Aug/2026:08:51:46 +0200] "GET /?g=090015343 HTTP/1.1" 500 - "https://pelliheat-ag.ch/sitemap_index.xml" "Mozilla/5.0 AppleWebKit/537.36 (KHTML, like Gecko; compatible; GPTBot/1.4; +https://openai.com/gptbot)"
65.181.112.155 - - [20/Aug/2026:08:52:03 +0200] "GET /wp-login.php HTTP/1.1" 500 - "-" "Mozilla/5.0 (Windows NT 10.0; Win64; x64) AppleWebKit/537.36 (KHTML, like Gecko) Chrome/149.0.0.0 Safari/537.36"
74.7.242.61 - - [20/Aug/2026:08:52:07 +0200] "GET /?z=193035066 HTTP/1.1" 500 - "https://pelliheat-ag.ch/sitemap_index.xml" "Mozilla/5.0 AppleWebKit/537.36 (KHTML, like Gecko; compatible; GPTBot/1.4; +https://openai.com/gptbot)"
216.73.217.24 - - [20/Aug/2026:08:52:16 +0200] "GET /special/207038615.html HTTP/1.1" 500 - "-" "Mozilla/5.0 AppleWebKit/537.36 (KHTML, like Gecko; compatible; ClaudeBot/1.0; +claudebot@anthropic.com)"
216.73.217.24 - - [20/Aug/2026:08:52:17 +0200] "GET /special/134025984.html HTTP/1.1" 500 - "-" "Mozilla/5.0 AppleWebKit/537.36 (KHTML, like Gecko; compatible; ClaudeBot/1.0; +claudebot@anthropic.com)"
74.7.242.61 - - [20/Aug/2026:08:52:17 +0200] "GET /?f=059039896 HTTP/1.1" 500 - "https://pelliheat-ag.ch/sitemap_index.xml" "Mozilla/5.0 AppleWebKit/537.36 (KHTML, like Gecko; compatible; GPTBot/1.4; +https://openai.com/gptbot)"
216.73.217.24 - - [20/Aug/2026:08:52:23 +0200] "GET /special/097017509.html HTTP/1.1" 500 - "-" "Mozilla/5.0 AppleWebKit/537.36 (KHTML, like Gecko; compatible; ClaudeBot/1.0; +claudebot@anthropic.com)"
216.73.217.24 - - [20/Aug/2026:08:52:26 +0200] "GET /special/157040199.html HTTP/1.1" 500 - "-" "Mozilla/5.0 AppleWebKit/537.36 (KHTML, like Gecko; compatible; ClaudeBot/1.0; +claudebot@anthropic.com)"
216.73.217.24 - - [20/Aug/2026:08:52:29 +0200] "GET /special/267027709.html HTTP/1.1" 500 - "-" "Mozilla/5.0 AppleWebKit/537.36 (KHTML, like Gecko; compatible; ClaudeBot/1.0; +claudebot@anthropic.com)"
74.7.242.61 - - [20/Aug/2026:08:52:34 +0200] "GET /?d=114032449 HTTP/1.1" 500 - "https://pelliheat-ag.ch/sitemap_index.xml" "Mozilla/5.0 AppleWebKit/537.36 (KHTML, like Gecko; compatible; GPTBot/1.4; +https://openai.com/gptbot)"
216.73.217.24 - - [20/Aug/2026:08:52:37 +0200] "GET /special/191029061.html HTTP/1.1" 500 - "-" "Mozilla/5.0 AppleWebKit/537.36 (KHTML, like Gecko; compatible; ClaudeBot/1.0; +claudebot@anthropic.com)"
216.73.217.24 - - [20/Aug/2026:08:52:44 +0200] "GET /special/237039969.html HTTP/1.1" 500 - "-" "Mozilla/5.0 AppleWebKit/537.36 (KHTML, like Gecko; compatible; ClaudeBot/1.0; +claudebot@anthropic.com)"
66.249.66.69 - - [20/Aug/2026:08:52:43 +0200] "GET /sitemap72.xml HTTP/1.1" 200 503691 "-" "Mozilla/5.0 (compatible; Googlebot/2.1; +http://www.google.com/bot.html)"
216.73.217.24 - - [20/Aug/2026:08:52:53 +0200] "GET /special/101035047.html HTTP/1.1" 500 - "-" "Mozilla/5.0 AppleWebKit/537.36 (KHTML, like Gecko; compatible; ClaudeBot/1.0; +claudebot@anthropic.com)"
74.7.242.61 - - [20/Aug/2026:08:52:53 +0200] "GET /?e=193028068 HTTP/1.1" 500 - "https://pelliheat-ag.ch/sitemap_index.xml" "Mozilla/5.0 AppleWebKit/537.36 (KHTML, like Gecko; compatible; GPTBot/1.4; +https://openai.com/gptbot)"
66.249.66.39 - - [20/Aug/2026:08:53:02 +0200] "GET /?b=234007375 HTTP/1.1" 200 121494 "-" "Mozilla/5.0 (compatible; Googlebot/2.1; +http://www.google.com/bot.html)"
216.73.217.24 - - [20/Aug/2026:08:53:06 +0200] "GET /special/237039353.html HTTP/1.1" 500 - "-" "Mozilla/5.0 AppleWebKit/537.36 (KHTML, like Gecko; compatible; ClaudeBot/1.0; +claudebot@anthropic.com)"
216.73.217.24 - - [20/Aug/2026:08:53:08 +0200] "GET /?i=222013127 HTTP/1.1" 500 - "-" "Mozilla/5.0 AppleWebKit/537.36 (KHTML, like Gecko; compatible; ClaudeBot/1.0; +claudebot@anthropic.com)"
