66.249.66.70 - - [20/Aug/2026:10:41:15 +0200] "GET /special/273036693.html HTTP/1.1" 200 120003 "-" "Mozilla/5.0 (compatible; Googlebot/2.1; +http://www.google.com/bot.html)"
66.249.66.70 - - [20/Aug/2026:10:41:17 +0200] "GET /?z=107046438 HTTP/1.1" 200 120978 "-" "Mozilla/5.0 (Linux; Android 6.0.1; Nexus 5X Build/MMB29P) AppleWebKit/537.36 (KHTML, like Gecko) Chrome/151.0.7922.137 Mobile Safari/537.36 (compatible; Googlebot/2.1; +http://www.google.com/bot.html)"
66.249.66.70 - - [20/Aug/2026:10:41:18 +0200] "GET /?i=267028580 HTTP/1.1" 200 118725 "-" "Mozilla/5.0 (Linux; Android 6.0.1; Nexus 5X Build/MMB29P) AppleWebKit/537.36 (KHTML, like Gecko) Chrome/151.0.7922.137 Mobile Safari/537.36 (compatible; Googlebot/2.1; +http://www.google.com/bot.html)"
216.73.216.191 - - [20/Aug/2026:10:41:19 +0200] "GET /?i=047041004 HTTP/1.1" 500 - "-" "Mozilla/5.0 AppleWebKit/537.36 (KHTML, like Gecko; compatible; ClaudeBot/1.0; +claudebot@anthropic.com)"
66.249.66.70 - - [20/Aug/2026:10:41:19 +0200] "GET /?detail/28203410682979 HTTP/1.1" 200 123603 "-" "Mozilla/5.0 (compatible; Googlebot/2.1; +http://www.google.com/bot.html)"
66.249.66.44 - - [20/Aug/2026:10:41:20 +0200] "GET /?k=259030644 HTTP/1.1" 200 118090 "-" "Mozilla/5.0 (Linux; Android 6.0.1; Nexus 5X Build/MMB29P) AppleWebKit/537.36 (KHTML, like Gecko) Chrome/151.0.7922.137 Mobile Safari/537.36 (compatible; Googlebot/2.1; +http://www.google.com/bot.html)"
66.249.66.44 - - [20/Aug/2026:10:41:21 +0200] "GET /?j=210003991 HTTP/1.1" 200 119911 "-" "Mozilla/5.0 (Linux; Android 6.0.1; Nexus 5X Build/MMB29P) AppleWebKit/537.36 (KHTML, like Gecko) Chrome/151.0.7922.137 Mobile Safari/537.36 (compatible; Googlebot/2.1; +http://www.google.com/bot.html)"
66.249.66.71 - - [20/Aug/2026:10:41:23 +0200] "GET /?n=242006015 HTTP/1.1" 200 135819 "-" "Mozilla/5.0 (compatible; Googlebot/2.1; +http://www.google.com/bot.html)"
216.73.216.191 - - [20/Aug/2026:10:41:28 +0200] "GET /?g=003009132 HTTP/1.1" 500 - "-" "Mozilla/5.0 AppleWebKit/537.36 (KHTML, like Gecko; compatible; ClaudeBot/1.0; +claudebot@anthropic.com)"
66.249.66.198 - - [20/Aug/2026:10:41:28 +0200] "GET /?c=049028726 HTTP/1.1" 200 118874 "-" "Mozilla/5.0 (Linux; Android 6.0.1; Nexus 5X Build/MMB29P) AppleWebKit/537.36 (KHTML, like Gecko) Chrome/151.0.7922.137 Mobile Safari/537.36 (compatible; Googlebot/2.1; +http://www.google.com/bot.html)"
216.73.216.191 - - [20/Aug/2026:10:41:29 +0200] "GET /?z=210002797 HTTP/1.1" 500 - "-" "Mozilla/5.0 AppleWebKit/537.36 (KHTML, like Gecko; compatible; ClaudeBot/1.0; +claudebot@anthropic.com)"
66.249.66.45 - - [20/Aug/2026:10:41:29 +0200] "GET /?goods/044002188 HTTP/1.1" 200 118864 "-" "Mozilla/5.0 (Linux; Android 6.0.1; Nexus 5X Build/MMB29P) AppleWebKit/537.36 (KHTML, like Gecko) Chrome/151.0.7922.137 Mobile Safari/537.36 (compatible; GoogleOther)"
74.7.242.61 - - [20/Aug/2026:10:41:31 +0200] "GET /?h=237026512 HTTP/1.1" 500 - "https://pelliheat-ag.ch/sitemap_index.xml" "Mozilla/5.0 AppleWebKit/537.36 (KHTML, like Gecko; compatible; GPTBot/1.4; +https://openai.com/gptbot)"
66.249.66.45 - - [20/Aug/2026:10:41:30 +0200] "GET /?u=074008445 HTTP/1.1" 200 124469 "-" "Mozilla/5.0 (Linux; Android 6.0.1; Nexus 5X Build/MMB29P) AppleWebKit/537.36 (KHTML, like Gecko) Chrome/151.0.7922.137 Mobile Safari/537.36 (compatible; Googlebot/2.1; +http://www.google.com/bot.html)"
66.249.66.199 - - [20/Aug/2026:10:41:32 +0200] "GET /?g=153018338 HTTP/1.1" 200 127532 "-" "Mozilla/5.0 (compatible; Googlebot/2.1; +http://www.google.com/bot.html)"
216.73.216.191 - - [20/Aug/2026:10:41:34 +0200] "GET /special/299010235.html HTTP/1.1" 500 - "-" "Mozilla/5.0 AppleWebKit/537.36 (KHTML, like Gecko; compatible; ClaudeBot/1.0; +claudebot@anthropic.com)"
66.249.66.199 - - [20/Aug/2026:10:41:34 +0200] "GET /?o=008030953 HTTP/1.1" 200 124018 "-" "Mozilla/5.0 (Linux; Android 6.0.1; Nexus 5X Build/MMB29P) AppleWebKit/537.36 (KHTML, like Gecko) Chrome/151.0.7922.137 Mobile Safari/537.36 (compatible; Googlebot/2.1; +http://www.google.com/bot.html)"
66.249.66.45 - - [20/Aug/2026:10:41:35 +0200] "GET /?k=200049201 HTTP/1.1" 200 123737 "-" "Mozilla/5.0 (compatible; Googlebot/2.1; +http://www.google.com/bot.html)"
66.249.66.199 - - [20/Aug/2026:10:41:37 +0200] "GET /category/25_161_283_475/1/listing HTTP/1.1" 200 116577 "-" "Mozilla/5.0 (compatible; Googlebot/2.1; +http://www.google.com/bot.html)"
216.73.216.191 - - [20/Aug/2026:10:41:39 +0200] "GET /special/057030489.html HTTP/1.1" 500 - "-" "Mozilla/5.0 AppleWebKit/537.36 (KHTML, like Gecko; compatible; ClaudeBot/1.0; +claudebot@anthropic.com)"
66.249.66.199 - - [20/Aug/2026:10:41:39 +0200] "GET /?y=200049207 HTTP/1.1" 200 125992 "-" "Mozilla/5.0 (compatible; Googlebot/2.1; +http://www.google.com/bot.html)"
66.249.66.44 - - [20/Aug/2026:10:41:40 +0200] "GET /?detail/200049196834 HTTP/1.1" 200 124815 "-" "Mozilla/5.0 (compatible; Googlebot/2.1; +http://www.google.com/bot.html)"
66.249.66.198 - - [20/Aug/2026:10:41:42 +0200] "GET /special/096026090.html HTTP/1.1" 200 119288 "-" "Mozilla/5.0 (compatible; Googlebot/2.1; +http://www.google.com/bot.html)"
66.249.66.199 - - [20/Aug/2026:10:41:43 +0200] "GET /special/200049198.html HTTP/1.1" 200 125996 "-" "Mozilla/5.0 (compatible; Googlebot/2.1; +http://www.google.com/bot.html)"
216.73.216.191 - - [20/Aug/2026:10:41:44 +0200] "GET /special/190028200.html HTTP/1.1" 500 - "-" "Mozilla/5.0 AppleWebKit/537.36 (KHTML, like Gecko; compatible; ClaudeBot/1.0; +claudebot@anthropic.com)"
66.249.66.44 - - [20/Aug/2026:10:41:45 +0200] "GET /?g=200049195 HTTP/1.1" 200 125094 "-" "Mozilla/5.0 (compatible; Googlebot/2.1; +http://www.google.com/bot.html)"
66.249.66.198 - - [20/Aug/2026:10:41:46 +0200] "GET /category/25_161_283_475_476/1/listing HTTP/1.1" 200 127077 "-" "Mozilla/5.0 (compatible; Googlebot/2.1; +http://www.google.com/bot.html)"
66.249.66.198 - - [20/Aug/2026:10:41:47 +0200] "GET /?x=018018667 HTTP/1.1" 200 129996 "-" "Mozilla/5.0 (compatible; Googlebot/2.1; +http://www.google.com/bot.html)"
216.73.216.191 - - [20/Aug/2026:10:41:49 +0200] "GET /special/088002286.html HTTP/1.1" 500 - "-" "Mozilla/5.0 AppleWebKit/537.36 (KHTML, like Gecko; compatible; ClaudeBot/1.0; +claudebot@anthropic.com)"
66.249.66.32 - - [20/Aug/2026:10:41:49 +0200] "GET /?w=139003514 HTTP/1.1" 200 122152 "-" "Mozilla/5.0 (compatible; Googlebot/2.1; +http://www.google.com/bot.html)"
66.249.66.32 - - [20/Aug/2026:10:41:50 +0200] "GET /?q=018018677 HTTP/1.1" 200 128707 "-" "Mozilla/5.0 (compatible; Googlebot/2.1; +http://www.google.com/bot.html)"
216.73.216.191 - - [20/Aug/2026:10:41:52 +0200] "GET /?g=266038745 HTTP/1.1" 500 - "-" "Mozilla/5.0 AppleWebKit/537.36 (KHTML, like Gecko; compatible; ClaudeBot/1.0; +claudebot@anthropic.com)"
66.249.66.198 - - [20/Aug/2026:10:41:51 +0200] "GET /?k=251026070 HTTP/1.1" 200 121118 "-" "Mozilla/5.0 (compatible; Googlebot/2.1; +http://www.google.com/bot.html)"
74.7.242.61 - - [20/Aug/2026:10:41:52 +0200] "GET /?u=072015069 HTTP/1.1" 500 - "https://pelliheat-ag.ch/sitemap_index.xml" "Mozilla/5.0 AppleWebKit/537.36 (KHTML, like Gecko; compatible; GPTBot/1.4; +https://openai.com/gptbot)"
66.249.66.32 - - [20/Aug/2026:10:41:53 +0200] "GET /?goods/018018672 HTTP/1.1" 200 128821 "-" "Mozilla/5.0 (compatible; Googlebot/2.1; +http://www.google.com/bot.html)"
66.249.66.199 - - [20/Aug/2026:10:41:54 +0200] "GET /special/018018670.html HTTP/1.1" 200 129687 "-" "Mozilla/5.0 (compatible; Googlebot/2.1; +http://www.google.com/bot.html)"
66.249.66.72 - - [20/Aug/2026:10:41:56 +0200] "GET /category/25_161_669/1/listing HTTP/1.1" 200 120538 "-" "Mozilla/5.0 (compatible; Googlebot/2.1; +http://www.google.com/bot.html)"
216.73.216.191 - - [20/Aug/2026:10:41:56 +0200] "GET /?z=106037271 HTTP/1.1" 500 - "-" "Mozilla/5.0 AppleWebKit/537.36 (KHTML, like Gecko; compatible; ClaudeBot/1.0; +claudebot@anthropic.com)"
66.249.66.198 - - [20/Aug/2026:10:41:57 +0200] "GET /special/018018680.html HTTP/1.1" 200 129583 "-" "Mozilla/5.0 (compatible; Googlebot/2.1; +http://www.google.com/bot.html)"
66.249.66.199 - - [20/Aug/2026:10:41:58 +0200] "GET /special/018018688.html HTTP/1.1" 200 129718 "-" "Mozilla/5.0 (compatible; Googlebot/2.1; +http://www.google.com/bot.html)"
66.249.66.198 - - [20/Aug/2026:10:41:59 +0200] "GET /category/25_161_669_1637/1/listing HTTP/1.1" 200 117864 "-" "Mozilla/5.0 (compatible; Googlebot/2.1; +http://www.google.com/bot.html)"
216.73.216.191 - - [20/Aug/2026:10:42:01 +0200] "GET /?h=122008589 HTTP/1.1" 500 - "-" "Mozilla/5.0 AppleWebKit/537.36 (KHTML, like Gecko; compatible; ClaudeBot/1.0; +claudebot@anthropic.com)"
66.249.66.71 - - [20/Aug/2026:10:42:01 +0200] "GET /special/018018684.html HTTP/1.1" 200 129515 "-" "Mozilla/5.0 (compatible; Googlebot/2.1; +http://www.google.com/bot.html)"
66.249.66.70 - - [20/Aug/2026:10:42:02 +0200] "GET /category/25_161_669_1637_4226/1/listing HTTP/1.1" 200 122370 "-" "Mozilla/5.0 (compatible; Googlebot/2.1; +http://www.google.com/bot.html)"
66.249.66.199 - - [20/Aug/2026:10:42:03 +0200] "GET /?i=159030682 HTTP/1.1" 200 134889 "-" "Mozilla/5.0 (compatible; Googlebot/2.1; +http://www.google.com/bot.html)"
66.249.66.71 - - [20/Aug/2026:10:42:05 +0200] "GET /special/162027234.html HTTP/1.1" 200 127581 "-" "Mozilla/5.0 (compatible; Googlebot/2.1; +http://www.google.com/bot.html)"
66.249.66.198 - - [20/Aug/2026:10:42:06 +0200] "GET /special/018018682.html HTTP/1.1" 200 129471 "-" "Mozilla/5.0 (compatible; Googlebot/2.1; +http://www.google.com/bot.html)"
216.73.216.191 - - [20/Aug/2026:10:42:07 +0200] "GET /?n=183042386 HTTP/1.1" 500 - "-" "Mozilla/5.0 AppleWebKit/537.36 (KHTML, like Gecko; compatible; ClaudeBot/1.0; +claudebot@anthropic.com)"
66.249.66.70 - - [20/Aug/2026:10:42:07 +0200] "GET /special/249017741.html HTTP/1.1" 200 122384 "-" "Mozilla/5.0 (compatible; Googlebot/2.1; +http://www.google.com/bot.html)"
66.249.66.70 - - [20/Aug/2026:10:42:09 +0200] "GET /special/149042431.html HTTP/1.1" 200 118441 "-" "Mozilla/5.0 (compatible; Googlebot/2.1; +http://www.google.com/bot.html)"
66.249.66.70 - - [20/Aug/2026:10:42:10 +0200] "GET /special/257033803.html HTTP/1.1" 200 121775 "-" "Mozilla/5.0 (compatible; Googlebot/2.1; +http://www.google.com/bot.html)"
66.249.66.198 - - [20/Aug/2026:10:42:11 +0200] "GET /?l=257033800 HTTP/1.1" 200 129812 "-" "Mozilla/5.0 (compatible; Googlebot/2.1; +http://www.google.com/bot.html)"
216.73.216.191 - - [20/Aug/2026:10:42:12 +0200] "GET /?z=037034820 HTTP/1.1" 500 - "-" "Mozilla/5.0 AppleWebKit/537.36 (KHTML, like Gecko; compatible; ClaudeBot/1.0; +claudebot@anthropic.com)"
66.249.66.70 - - [20/Aug/2026:10:42:12 +0200] "GET /special/036032596.html HTTP/1.1" 200 124094 "-" "Mozilla/5.0 (compatible; Googlebot/2.1; +http://www.google.com/bot.html)"
74.7.242.61 - - [20/Aug/2026:10:42:13 +0200] "GET /?q=262010885 HTTP/1.1" 500 - "https://pelliheat-ag.ch/sitemap_index.xml" "Mozilla/5.0 AppleWebKit/537.36 (KHTML, like Gecko; compatible; GPTBot/1.4; +https://openai.com/gptbot)"
66.249.66.70 - - [20/Aug/2026:10:42:14 +0200] "GET /?t=257033806 HTTP/1.1" 200 123510 "-" "Mozilla/5.0 (compatible; Googlebot/2.1; +http://www.google.com/bot.html)"
66.249.66.70 - - [20/Aug/2026:10:42:15 +0200] "GET /?q=257033802 HTTP/1.1" 200 123654 "-" "Mozilla/5.0 (compatible; Googlebot/2.1; +http://www.google.com/bot.html)"
66.249.66.198 - - [20/Aug/2026:10:42:16 +0200] "GET /category/48_56_1931_3558/1/listing HTTP/1.1" 200 120942 "-" "Mozilla/5.0 (compatible; Googlebot/2.1; +http://www.google.com/bot.html)"
216.73.216.191 - - [20/Aug/2026:10:42:17 +0200] "GET /?h=283021360 HTTP/1.1" 500 - "-" "Mozilla/5.0 AppleWebKit/537.36 (KHTML, like Gecko; compatible; ClaudeBot/1.0; +claudebot@anthropic.com)"
66.249.66.70 - - [20/Aug/2026:10:42:17 +0200] "GET /category/48_56/1/listing HTTP/1.1" 200 120337 "-" "Mozilla/5.0 (compatible; Googlebot/2.1; +http://www.google.com/bot.html)"
66.249.66.70 - - [20/Aug/2026:10:42:18 +0200] "GET /special/257033805.html HTTP/1.1" 200 124364 "-" "Mozilla/5.0 (compatible; Googlebot/2.1; +http://www.google.com/bot.html)"
66.249.66.70 - - [20/Aug/2026:10:42:20 +0200] "GET /special/061000399.html HTTP/1.1" 200 117550 "-" "Mozilla/5.0 (Linux; Android 6.0.1; Nexus 5X Build/MMB29P) AppleWebKit/537.36 (KHTML, like Gecko) Chrome/151.0.7922.137 Mobile Safari/537.36 (compatible; GoogleOther)"
66.249.66.198 - - [20/Aug/2026:10:42:21 +0200] "GET /special/257033799.html HTTP/1.1" 200 124853 "-" "Mozilla/5.0 (compatible; Googlebot/2.1; +http://www.google.com/bot.html)"
66.249.66.199 - - [20/Aug/2026:10:42:22 +0200] "GET /?s=068025901 HTTP/1.1" 200 117675 "-" "Mozilla/5.0 (compatible; Googlebot/2.1; +http://www.google.com/bot.html)"
216.73.216.191 - - [20/Aug/2026:10:42:23 +0200] "GET /?j=031028392 HTTP/1.1" 500 - "-" "Mozilla/5.0 AppleWebKit/537.36 (KHTML, like Gecko; compatible; ClaudeBot/1.0; +claudebot@anthropic.com)"
66.249.66.71 - - [20/Aug/2026:10:42:24 +0200] "GET /?goods/257033801 HTTP/1.1" 200 124346 "-" "Mozilla/5.0 (compatible; Googlebot/2.1; +http://www.google.com/bot.html)"
66.249.66.44 - - [20/Aug/2026:10:42:25 +0200] "GET /special/160044608.html HTTP/1.1" 200 130948 "-" "Mozilla/5.0 (compatible; Googlebot/2.1; +http://www.google.com/bot.html)"
66.249.66.70 - - [20/Aug/2026:10:42:27 +0200] "GET /?e=257033804 HTTP/1.1" 200 121478 "-" "Mozilla/5.0 (compatible; Googlebot/2.1; +http://www.google.com/bot.html)"
216.73.216.191 - - [20/Aug/2026:10:42:28 +0200] "GET /?j=013030038 HTTP/1.1" 500 - "-" "Mozilla/5.0 AppleWebKit/537.36 (KHTML, like Gecko; compatible; ClaudeBot/1.0; +claudebot@anthropic.com)"
66.249.66.70 - - [20/Aug/2026:10:42:28 +0200] "GET /category/48_56_1931/1/listing HTTP/1.1" 200 127869 "-" "Mozilla/5.0 (compatible; Googlebot/2.1; +http://www.google.com/bot.html)"
66.249.66.198 - - [20/Aug/2026:10:42:29 +0200] "GET /?detail/098034613198 HTTP/1.1" 200 123188 "-" "Mozilla/5.0 (compatible; Googlebot/2.1; +http://www.google.com/bot.html)"
66.249.66.71 - - [20/Aug/2026:10:42:31 +0200] "GET /special/198015204.html HTTP/1.1" 200 160964 "-" "Mozilla/5.0 (compatible; Googlebot/2.1; +http://www.google.com/bot.html)"
66.249.66.45 - - [20/Aug/2026:10:42:32 +0200] "GET /?k=198015201 HTTP/1.1" 200 152257 "-" "Mozilla/5.0 (compatible; Googlebot/2.1; +http://www.google.com/bot.html)"
66.249.66.70 - - [20/Aug/2026:10:42:33 +0200] "GET /special/198015214.html HTTP/1.1" 200 190077 "-" "Mozilla/5.0 (compatible; Googlebot/2.1; +http://www.google.com/bot.html)"
74.7.242.61 - - [20/Aug/2026:10:42:34 +0200] "GET /?g=026008457 HTTP/1.1" 500 - "https://pelliheat-ag.ch/sitemap_index.xml" "Mozilla/5.0 AppleWebKit/537.36 (KHTML, like Gecko; compatible; GPTBot/1.4; +https://openai.com/gptbot)"
66.249.66.45 - - [20/Aug/2026:10:42:35 +0200] "GET /?m=216040199 HTTP/1.1" 200 119668 "-" "Mozilla/5.0 (compatible; Googlebot/2.1; +http://www.google.com/bot.html)"
66.249.66.70 - - [20/Aug/2026:10:42:36 +0200] "GET /?n=198015219 HTTP/1.1" 200 156481 "-" "Mozilla/5.0 (compatible; Googlebot/2.1; +http://www.google.com/bot.html)"
66.249.66.45 - - [20/Aug/2026:10:42:37 +0200] "GET /?goods/198015209 HTTP/1.1" 200 169538 "-" "Mozilla/5.0 (compatible; Googlebot/2.1; +http://www.google.com/bot.html)"
66.249.66.70 - - [20/Aug/2026:10:42:38 +0200] "GET /special/219024851.html HTTP/1.1" 200 122401 "-" "Mozilla/5.0 (compatible; Googlebot/2.1; +http://www.google.com/bot.html)"
216.73.216.191 - - [20/Aug/2026:10:42:39 +0200] "GET /special/083049287.html HTTP/1.1" 500 - "-" "Mozilla/5.0 AppleWebKit/537.36 (KHTML, like Gecko; compatible; ClaudeBot/1.0; +claudebot@anthropic.com)"
66.249.66.32 - - [20/Aug/2026:10:42:40 +0200] "GET /?f=097018150 HTTP/1.1" 200 117147 "-" "Mozilla/5.0 (compatible; Googlebot/2.1; +http://www.google.com/bot.html)"
66.249.66.45 - - [20/Aug/2026:10:42:41 +0200] "GET /?v=198015221 HTTP/1.1" 200 156344 "-" "Mozilla/5.0 (compatible; Googlebot/2.1; +http://www.google.com/bot.html)"
66.249.66.45 - - [20/Aug/2026:10:42:42 +0200] "GET /special/240043586.html HTTP/1.1" 200 118399 "-" "Mozilla/5.0 (compatible; Googlebot/2.1; +http://www.google.com/bot.html)"
216.73.216.191 - - [20/Aug/2026:10:42:33 +0200] "GET /?i=173031100 HTTP/1.1" 500 - "-" "Mozilla/5.0 AppleWebKit/537.36 (KHTML, like Gecko; compatible; ClaudeBot/1.0; +claudebot@anthropic.com)"
66.249.66.45 - - [20/Aug/2026:10:42:45 +0200] "GET /?goods/198015217 HTTP/1.1" 200 144216 "-" "Mozilla/5.0 (compatible; Googlebot/2.1; +http://www.google.com/bot.html)"
66.249.66.45 - - [20/Aug/2026:10:42:46 +0200] "GET /?t=003036174 HTTP/1.1" 200 122538 "-" "Mozilla/5.0 (compatible; Googlebot/2.1; +http://www.google.com/bot.html)"
66.249.66.8 - - [20/Aug/2026:10:42:47 +0200] "GET /special/198015192.html HTTP/1.1" 200 174342 "-" "Mozilla/5.0 (compatible; Googlebot/2.1; +http://www.google.com/bot.html)"
66.249.66.45 - - [20/Aug/2026:10:42:49 +0200] "GET /?l=010044151 HTTP/1.1" 200 121019 "-" "Mozilla/5.0 (compatible; Googlebot/2.1; +http://www.google.com/bot.html)"
66.249.66.45 - - [20/Aug/2026:10:42:51 +0200] "GET /category/13_59_60/1/listing HTTP/1.1" 200 119260 "-" "Mozilla/5.0 (compatible; Googlebot/2.1; +http://www.google.com/bot.html)"
66.249.66.32 - - [20/Aug/2026:10:42:52 +0200] "GET /category/13_59_60_61/1/listing HTTP/1.1" 200 122044 "-" "Mozilla/5.0 (compatible; Googlebot/2.1; +http://www.google.com/bot.html)"
66.249.66.32 - - [20/Aug/2026:10:42:54 +0200] "GET /?d=263008904 HTTP/1.1" 200 122522 "-" "Mozilla/5.0 (compatible; Googlebot/2.1; +http://www.google.com/bot.html)"
216.73.216.191 - - [20/Aug/2026:10:42:44 +0200] "GET /special/075008351.html HTTP/1.1" 500 - "-" "Mozilla/5.0 AppleWebKit/537.36 (KHTML, like Gecko; compatible; ClaudeBot/1.0; +claudebot@anthropic.com)"
66.249.66.34 - - [20/Aug/2026:10:42:55 +0200] "GET /?m=010044145 HTTP/1.1" 200 120991 "-" "Mozilla/5.0 (compatible; Googlebot/2.1; +http://www.google.com/bot.html)"
66.249.66.42 - - [20/Aug/2026:10:42:57 +0200] "GET /special/194020488.html HTTP/1.1" 200 126418 "-" "Mozilla/5.0 (compatible; Googlebot/2.1; +http://www.google.com/bot.html)"
66.249.66.36 - - [20/Aug/2026:10:42:58 +0200] "GET /special/267022121.html HTTP/1.1" 200 117823 "-" "Mozilla/5.0 (compatible; Googlebot/2.1; +http://www.google.com/bot.html)"
66.249.66.44 - - [20/Aug/2026:10:43:00 +0200] "GET /?x=010044155 HTTP/1.1" 200 120029 "-" "Mozilla/5.0 (compatible; Googlebot/2.1; +http://www.google.com/bot.html)"
74.7.242.61 - - [20/Aug/2026:10:42:55 +0200] "GET /?s=187049472 HTTP/1.1" 500 - "https://pelliheat-ag.ch/sitemap_index.xml" "Mozilla/5.0 AppleWebKit/537.36 (KHTML, like Gecko; compatible; GPTBot/1.4; +https://openai.com/gptbot)"
216.73.216.191 - - [20/Aug/2026:10:42:54 +0200] "GET /special/136013766.html HTTP/1.1" 500 - "-" "Mozilla/5.0 AppleWebKit/537.36 (KHTML, like Gecko; compatible; ClaudeBot/1.0; +claudebot@anthropic.com)"
66.249.66.71 - - [20/Aug/2026:10:43:01 +0200] "GET /special/010044164.html HTTP/1.1" 200 120339 "-" "Mozilla/5.0 (compatible; Googlebot/2.1; +http://www.google.com/bot.html)"
66.249.66.201 - - [20/Aug/2026:10:43:02 +0200] "GET /?f=010044159 HTTP/1.1" 200 119081 "-" "Mozilla/5.0 (compatible; Googlebot/2.1; +http://www.google.com/bot.html)"
216.73.216.191 - - [20/Aug/2026:10:43:04 +0200] "GET /special/174010642.html HTTP/1.1" 500 - "-" "Mozilla/5.0 AppleWebKit/537.36 (KHTML, like Gecko; compatible; ClaudeBot/1.0; +claudebot@anthropic.com)"
66.249.66.45 - - [20/Aug/2026:10:43:04 +0200] "GET /special/010044148.html HTTP/1.1" 200 120403 "-" "Mozilla/5.0 (compatible; Googlebot/2.1; +http://www.google.com/bot.html)"
66.249.66.44 - - [20/Aug/2026:10:43:05 +0200] "GET /special/237009043.html HTTP/1.1" 200 120058 "-" "Mozilla/5.0 (compatible; Googlebot/2.1; +http://www.google.com/bot.html)"
66.249.66.198 - - [20/Aug/2026:10:43:06 +0200] "GET /category/13_59/1/listing HTTP/1.1" 200 147209 "-" "Mozilla/5.0 (compatible; Googlebot/2.1; +http://www.google.com/bot.html)"
66.249.66.45 - - [20/Aug/2026:10:43:07 +0200] "GET /special/034005072.html HTTP/1.1" 200 133567 "-" "Mozilla/5.0 (compatible; Googlebot/2.1; +http://www.google.com/bot.html)"
216.73.216.191 - - [20/Aug/2026:10:43:09 +0200] "GET /special/238022592.html HTTP/1.1" 500 - "-" "Mozilla/5.0 AppleWebKit/537.36 (KHTML, like Gecko; compatible; ClaudeBot/1.0; +claudebot@anthropic.com)"
66.249.66.44 - - [20/Aug/2026:10:43:09 +0200] "GET /?h=010044161 HTTP/1.1" 200 120587 "-" "Mozilla/5.0 (compatible; Googlebot/2.1; +http://www.google.com/bot.html)"
66.249.66.44 - - [20/Aug/2026:10:43:10 +0200] "GET /?y=010044153 HTTP/1.1" 200 121096 "-" "Mozilla/5.0 (compatible; Googlebot/2.1; +http://www.google.com/bot.html)"
66.249.66.45 - - [20/Aug/2026:10:43:11 +0200] "GET /?f=067007706 HTTP/1.1" 200 116921 "-" "Mozilla/5.0 (compatible; Googlebot/2.1; +http://www.google.com/bot.html)"
66.249.66.198 - - [20/Aug/2026:10:43:13 +0200] "GET /?f=067007694 HTTP/1.1" 200 118582 "-" "Mozilla/5.0 (compatible; Googlebot/2.1; +http://www.google.com/bot.html)"
216.73.216.191 - - [20/Aug/2026:10:43:14 +0200] "GET /special/250028100.html HTTP/1.1" 500 - "-" "Mozilla/5.0 AppleWebKit/537.36 (KHTML, like Gecko; compatible; ClaudeBot/1.0; +claudebot@anthropic.com)"
66.249.66.198 - - [20/Aug/2026:10:43:14 +0200] "GET /special/127007567.html HTTP/1.1" 200 118183 "-" "Mozilla/5.0 (compatible; Googlebot/2.1; +http://www.google.com/bot.html)"
66.249.66.198 - - [20/Aug/2026:10:43:15 +0200] "GET /?jp/293016725.html HTTP/1.1" 200 127289 "-" "Mozilla/5.0 (compatible; Googlebot/2.1; +http://www.google.com/bot.html)"
74.7.242.61 - - [20/Aug/2026:10:43:16 +0200] "GET /?f=041030684 HTTP/1.1" 500 - "https://pelliheat-ag.ch/sitemap_index.xml" "Mozilla/5.0 AppleWebKit/537.36 (KHTML, like Gecko; compatible; GPTBot/1.4; +https://openai.com/gptbot)"
66.249.66.198 - - [20/Aug/2026:10:43:16 +0200] "GET /special/067007699.html HTTP/1.1" 200 118098 "-" "Mozilla/5.0 (compatible; Googlebot/2.1; +http://www.google.com/bot.html)"
66.249.66.198 - - [20/Aug/2026:10:43:19 +0200] "GET /?m=081007358 HTTP/1.1" 200 122060 "-" "Mozilla/5.0 (compatible; Googlebot/2.1; +http://www.google.com/bot.html)"
216.73.216.191 - - [20/Aug/2026:10:43:19 +0200] "GET /special/296006580.html HTTP/1.1" 500 - "-" "Mozilla/5.0 AppleWebKit/537.36 (KHTML, like Gecko; compatible; ClaudeBot/1.0; +claudebot@anthropic.com)"
66.249.66.44 - - [20/Aug/2026:10:43:20 +0200] "GET /special/067007701.html HTTP/1.1" 200 117655 "-" "Mozilla/5.0 (compatible; Googlebot/2.1; +http://www.google.com/bot.html)"
66.249.66.198 - - [20/Aug/2026:10:43:21 +0200] "GET /?i=067007690 HTTP/1.1" 200 118225 "-" "Mozilla/5.0 (compatible; Googlebot/2.1; +http://www.google.com/bot.html)"
66.249.66.71 - - [20/Aug/2026:10:43:23 +0200] "GET /category/496_1656_11555/1/listing HTTP/1.1" 200 133356 "-" "Mozilla/5.0 (compatible; Googlebot/2.1; +http://www.google.com/bot.html)"
216.73.216.191 - - [20/Aug/2026:10:43:24 +0200] "GET /special/179028773.html HTTP/1.1" 500 - "-" "Mozilla/5.0 AppleWebKit/537.36 (KHTML, like Gecko; compatible; ClaudeBot/1.0; +claudebot@anthropic.com)"
66.249.66.198 - - [20/Aug/2026:10:43:24 +0200] "GET /?m=067007692 HTTP/1.1" 200 119257 "-" "Mozilla/5.0 (compatible; Googlebot/2.1; +http://www.google.com/bot.html)"
66.249.66.199 - - [20/Aug/2026:10:43:26 +0200] "GET /special/067007703.html HTTP/1.1" 200 117575 "-" "Mozilla/5.0 (compatible; Googlebot/2.1; +http://www.google.com/bot.html)"
66.249.66.198 - - [20/Aug/2026:10:43:27 +0200] "GET /?jp/067007696.html HTTP/1.1" 200 117741 "-" "Mozilla/5.0 (compatible; Googlebot/2.1; +http://www.google.com/bot.html)"
66.249.66.199 - - [20/Aug/2026:10:43:28 +0200] "GET /special/273043525.html HTTP/1.1" 200 127953 "-" "Mozilla/5.0 (compatible; Googlebot/2.1; +http://www.google.com/bot.html)"
216.73.216.191 - - [20/Aug/2026:10:43:29 +0200] "GET /special/133035293.html HTTP/1.1" 500 - "-" "Mozilla/5.0 AppleWebKit/537.36 (KHTML, like Gecko; compatible; ClaudeBot/1.0; +claudebot@anthropic.com)"
66.249.66.199 - - [20/Aug/2026:10:43:29 +0200] "GET /category/496_1656/1/listing HTTP/1.1" 200 127629 "-" "Mozilla/5.0 (compatible; Googlebot/2.1; +http://www.google.com/bot.html)"
66.249.66.199 - - [20/Aug/2026:10:43:31 +0200] "GET /?i=230021291 HTTP/1.1" 200 125698 "-" "Mozilla/5.0 (compatible; Googlebot/2.1; +http://www.google.com/bot.html)"
66.249.66.198 - - [20/Aug/2026:10:43:32 +0200] "GET /?l=297015782 HTTP/1.1" 200 118095 "-" "Mozilla/5.0 (compatible; Googlebot/2.1; +http://www.google.com/bot.html)"
66.249.66.71 - - [20/Aug/2026:10:43:34 +0200] "GET /?d=011049740 HTTP/1.1" 200 118667 "-" "Mozilla/5.0 (compatible; Googlebot/2.1; +http://www.google.com/bot.html)"
216.73.216.191 - - [20/Aug/2026:10:43:34 +0200] "GET /special/083044117.html HTTP/1.1" 500 - "-" "Mozilla/5.0 AppleWebKit/537.36 (KHTML, like Gecko; compatible; ClaudeBot/1.0; +claudebot@anthropic.com)"
66.249.66.198 - - [20/Aug/2026:10:43:35 +0200] "GET /?l=297015778 HTTP/1.1" 200 117783 "-" "Mozilla/5.0 (compatible; Googlebot/2.1; +http://www.google.com/bot.html)"
74.7.242.61 - - [20/Aug/2026:10:43:37 +0200] "GET /?x=052028469 HTTP/1.1" 500 - "https://pelliheat-ag.ch/sitemap_index.xml" "Mozilla/5.0 AppleWebKit/537.36 (KHTML, like Gecko; compatible; GPTBot/1.4; +https://openai.com/gptbot)"
66.249.66.199 - - [20/Aug/2026:10:43:36 +0200] "GET /?o=297015786 HTTP/1.1" 200 118986 "-" "Mozilla/5.0 (compatible; Googlebot/2.1; +http://www.google.com/bot.html)"
66.249.66.198 - - [20/Aug/2026:10:43:37 +0200] "GET /category/25_161_1109/1/listing HTTP/1.1" 200 119313 "-" "Mozilla/5.0 (compatible; Googlebot/2.1; +http://www.google.com/bot.html)"
216.73.216.191 - - [20/Aug/2026:10:43:39 +0200] "GET /special/086001862.html HTTP/1.1" 500 - "-" "Mozilla/5.0 AppleWebKit/537.36 (KHTML, like Gecko; compatible; ClaudeBot/1.0; +claudebot@anthropic.com)"
66.249.66.70 - - [20/Aug/2026:10:43:39 +0200] "GET /?i=297015774 HTTP/1.1" 200 118238 "-" "Mozilla/5.0 (compatible; Googlebot/2.1; +http://www.google.com/bot.html)"
66.249.66.70 - - [20/Aug/2026:10:43:40 +0200] "GET /special/297015777.html HTTP/1.1" 200 118275 "-" "Mozilla/5.0 (compatible; Googlebot/2.1; +http://www.google.com/bot.html)"
66.249.66.72 - - [20/Aug/2026:10:43:42 +0200] "GET /category/25_161_1109_1380_3881/1/listing HTTP/1.1" 200 120446 "-" "Mozilla/5.0 (compatible; Googlebot/2.1; +http://www.google.com/bot.html)"
66.249.66.198 - - [20/Aug/2026:10:43:43 +0200] "GET /?jp/154015299.html HTTP/1.1" 200 120045 "-" "Mozilla/5.0 (compatible; Googlebot/2.1; +http://www.google.com/bot.html)"
216.73.216.191 - - [20/Aug/2026:10:43:44 +0200] "GET /special/011016285.html HTTP/1.1" 500 - "-" "Mozilla/5.0 AppleWebKit/537.36 (KHTML, like Gecko; compatible; ClaudeBot/1.0; +claudebot@anthropic.com)"
66.249.66.198 - - [20/Aug/2026:10:43:44 +0200] "GET /category/25_161_1109_1380/1/listing HTTP/1.1" 200 117612 "-" "Mozilla/5.0 (compatible; Googlebot/2.1; +http://www.google.com/bot.html)"
66.249.66.70 - - [20/Aug/2026:10:43:45 +0200] "GET /?l=118000703 HTTP/1.1" 200 116813 "-" "Mozilla/5.0 (compatible; Googlebot/2.1; +http://www.google.com/bot.html)"
66.249.66.72 - - [20/Aug/2026:10:43:47 +0200] "GET /?n=073002446 HTTP/1.1" 200 118470 "-" "Mozilla/5.0 (Linux; Android 6.0.1; Nexus 5X Build/MMB29P) AppleWebKit/537.36 (KHTML, like Gecko) Chrome/151.0.7922.137 Mobile Safari/537.36 (compatible; GoogleOther)"
66.249.66.32 - - [20/Aug/2026:10:43:48 +0200] "GET /?y=058048107 HTTP/1.1" 200 129160 "-" "Mozilla/5.0 (compatible; Googlebot/2.1; +http://www.google.com/bot.html)"
216.73.216.191 - - [20/Aug/2026:10:43:49 +0200] "GET /special/208018348.html HTTP/1.1" 500 - "-" "Mozilla/5.0 AppleWebKit/537.36 (KHTML, like Gecko; compatible; ClaudeBot/1.0; +claudebot@anthropic.com)"
66.249.66.71 - - [20/Aug/2026:10:43:51 +0200] "GET /?detail/2970157790686 HTTP/1.1" 200 121202 "-" "Mozilla/5.0 (compatible; Googlebot/2.1; +http://www.google.com/bot.html)"
66.249.66.45 - - [20/Aug/2026:10:43:52 +0200] "GET /special/297015781.html HTTP/1.1" 200 121124 "-" "Mozilla/5.0 (compatible; Googlebot/2.1; +http://www.google.com/bot.html)"
216.73.216.191 - - [20/Aug/2026:10:43:54 +0200] "GET /special/082035128.html HTTP/1.1" 500 - "-" "Mozilla/5.0 AppleWebKit/537.36 (KHTML, like Gecko; compatible; ClaudeBot/1.0; +claudebot@anthropic.com)"
66.249.66.44 - - [20/Aug/2026:10:43:54 +0200] "GET /special/290021286.html HTTP/1.1" 200 121288 "-" "Mozilla/5.0 (compatible; Googlebot/2.1; +http://www.google.com/bot.html)"
66.249.66.71 - - [20/Aug/2026:10:43:55 +0200] "GET /?c=109007480 HTTP/1.1" 200 121864 "-" "Mozilla/5.0 (compatible; Googlebot/2.1; +http://www.google.com/bot.html)"
66.249.66.72 - - [20/Aug/2026:10:43:56 +0200] "GET /?h=231048726 HTTP/1.1" 200 126637 "-" "Mozilla/5.0 (compatible; Googlebot/2.1; +http://www.google.com/bot.html)"
66.249.66.72 - - [20/Aug/2026:10:43:57 +0200] "GET /?z=231048720 HTTP/1.1" 200 118464 "-" "Mozilla/5.0 (compatible; Googlebot/2.1; +http://www.google.com/bot.html)"
74.7.242.61 - - [20/Aug/2026:10:43:58 +0200] "GET /?k=277040836 HTTP/1.1" 500 - "https://pelliheat-ag.ch/sitemap_index.xml" "Mozilla/5.0 AppleWebKit/537.36 (KHTML, like Gecko; compatible; GPTBot/1.4; +https://openai.com/gptbot)"
216.73.216.191 - - [20/Aug/2026:10:43:59 +0200] "GET /special/207016175.html HTTP/1.1" 500 - "-" "Mozilla/5.0 AppleWebKit/537.36 (KHTML, like Gecko; compatible; ClaudeBot/1.0; +claudebot@anthropic.com)"
66.249.66.44 - - [20/Aug/2026:10:43:59 +0200] "GET /category/19_20/1/listing HTTP/1.1" 200 131465 "-" "Mozilla/5.0 (compatible; Googlebot/2.1; +http://www.google.com/bot.html)"
66.249.66.44 - - [20/Aug/2026:10:44:00 +0200] "GET /?c=231048730 HTTP/1.1" 200 142206 "-" "Mozilla/5.0 (compatible; Googlebot/2.1; +http://www.google.com/bot.html)"
66.249.66.45 - - [20/Aug/2026:10:44:02 +0200] "GET /special/206024916.html HTTP/1.1" 200 118081 "-" "Mozilla/5.0 (compatible; Googlebot/2.1; +http://www.google.com/bot.html)"
66.249.66.45 - - [20/Aug/2026:10:44:03 +0200] "GET /special/259030403.html HTTP/1.1" 200 118958 "-" "Mozilla/5.0 (compatible; Googlebot/2.1; +http://www.google.com/bot.html)"
216.73.216.191 - - [20/Aug/2026:10:44:04 +0200] "GET /special/089003569.html HTTP/1.1" 500 - "-" "Mozilla/5.0 AppleWebKit/537.36 (KHTML, like Gecko; compatible; ClaudeBot/1.0; +claudebot@anthropic.com)"
66.249.66.70 - - [20/Aug/2026:10:44:05 +0200] "GET /special/266005274.html HTTP/1.1" 200 163785 "-" "Mozilla/5.0 (compatible; Googlebot/2.1; +http://www.google.com/bot.html)"
66.249.66.70 - - [20/Aug/2026:10:44:06 +0200] "GET /?z=231048728 HTTP/1.1" 200 128092 "-" "Mozilla/5.0 (compatible; Googlebot/2.1; +http://www.google.com/bot.html)"
66.249.66.70 - - [20/Aug/2026:10:44:07 +0200] "GET /?h=231048724 HTTP/1.1" 200 126826 "-" "Mozilla/5.0 (compatible; Googlebot/2.1; +http://www.google.com/bot.html)"
216.73.216.191 - - [20/Aug/2026:10:44:09 +0200] "GET /special/018031368.html HTTP/1.1" 500 - "-" "Mozilla/5.0 AppleWebKit/537.36 (KHTML, like Gecko; compatible; ClaudeBot/1.0; +claudebot@anthropic.com)"
66.249.66.70 - - [20/Aug/2026:10:44:09 +0200] "GET /special/297015785.html HTTP/1.1" 200 116920 "-" "Mozilla/5.0 (compatible; Googlebot/2.1; +http://www.google.com/bot.html)"
66.249.66.44 - - [20/Aug/2026:10:44:10 +0200] "GET /?v=231048722 HTTP/1.1" 200 124922 "-" "Mozilla/5.0 (compatible; Googlebot/2.1; +http://www.google.com/bot.html)"
66.249.66.44 - - [20/Aug/2026:10:44:11 +0200] "GET /special/161011191.html HTTP/1.1" 200 131349 "-" "Mozilla/5.0 (compatible; Googlebot/2.1; +http://www.google.com/bot.html)"
66.249.66.44 - - [20/Aug/2026:10:44:12 +0200] "GET /category/19/1/listing HTTP/1.1" 200 119489 "-" "Mozilla/5.0 (compatible; Googlebot/2.1; +http://www.google.com/bot.html)"
66.249.66.44 - - [20/Aug/2026:10:44:14 +0200] "GET /?d=231048718 HTTP/1.1" 200 136245 "-" "Mozilla/5.0 (compatible; Googlebot/2.1; +http://www.google.com/bot.html)"
216.73.216.191 - - [20/Aug/2026:10:44:15 +0200] "GET /special/065000905.html HTTP/1.1" 500 - "-" "Mozilla/5.0 AppleWebKit/537.36 (KHTML, like Gecko; compatible; ClaudeBot/1.0; +claudebot@anthropic.com)"
66.249.66.44 - - [20/Aug/2026:10:44:15 +0200] "GET /?z=231048732 HTTP/1.1" 200 123976 "-" "Mozilla/5.0 (compatible; Googlebot/2.1; +http://www.google.com/bot.html)"
66.249.66.44 - - [20/Aug/2026:10:44:16 +0200] "GET /special/003030437.html HTTP/1.1" 200 123353 "-" "Mozilla/5.0 (compatible; Googlebot/2.1; +http://www.google.com/bot.html)"
66.249.66.44 - - [20/Aug/2026:10:44:17 +0200] "GET /special/030010930.html HTTP/1.1" 200 118160 "-" "Mozilla/5.0 (compatible; Googlebot/2.1; +http://www.google.com/bot.html)"
74.7.242.61 - - [20/Aug/2026:10:44:18 +0200] "GET /?g=277010916 HTTP/1.1" 500 - "https://pelliheat-ag.ch/sitemap_index.xml" "Mozilla/5.0 AppleWebKit/537.36 (KHTML, like Gecko; compatible; GPTBot/1.4; +https://openai.com/gptbot)"
66.249.66.44 - - [20/Aug/2026:10:44:18 +0200] "GET /special/017033645.html HTTP/1.1" 200 116054 "-" "Mozilla/5.0 (compatible; Googlebot/2.1; +http://www.google.com/bot.html)"
216.73.216.191 - - [20/Aug/2026:10:44:20 +0200] "GET /special/259020343.html HTTP/1.1" 500 - "-" "Mozilla/5.0 AppleWebKit/537.36 (KHTML, like Gecko; compatible; ClaudeBot/1.0; +claudebot@anthropic.com)"
66.249.66.44 - - [20/Aug/2026:10:44:19 +0200] "GET /?e=086003577 HTTP/1.1" 200 119339 "-" "Mozilla/5.0 (compatible; Googlebot/2.1; +http://www.google.com/bot.html)"
66.249.66.45 - - [20/Aug/2026:10:44:20 +0200] "GET /?a=075040770 HTTP/1.1" 200 130341 "-" "Mozilla/5.0 (compatible; Googlebot/2.1; +http://www.google.com/bot.html)"
66.249.66.199 - - [20/Aug/2026:10:44:22 +0200] "GET /category/413/1/listing HTTP/1.1" 200 121735 "-" "Mozilla/5.0 (compatible; Googlebot/2.1; +http://www.google.com/bot.html)"
66.249.66.44 - - [20/Aug/2026:10:44:23 +0200] "GET /?v=017033654 HTTP/1.1" 200 123054 "-" "Mozilla/5.0 (compatible; Googlebot/2.1; +http://www.google.com/bot.html)"
216.73.216.191 - - [20/Aug/2026:10:44:25 +0200] "GET /special/236040782.html HTTP/1.1" 500 - "-" "Mozilla/5.0 AppleWebKit/537.36 (KHTML, like Gecko; compatible; ClaudeBot/1.0; +claudebot@anthropic.com)"
66.249.66.198 - - [20/Aug/2026:10:44:24 +0200] "GET /?b=017033652 HTTP/1.1" 200 124053 "-" "Mozilla/5.0 (compatible; Googlebot/2.1; +http://www.google.com/bot.html)"
66.249.66.199 - - [20/Aug/2026:10:44:26 +0200] "GET /special/017033655.html HTTP/1.1" 200 124612 "-" "Mozilla/5.0 (compatible; Googlebot/2.1; +http://www.google.com/bot.html)"
66.249.66.199 - - [20/Aug/2026:10:44:27 +0200] "GET /?j=017033658 HTTP/1.1" 200 124925 "-" "Mozilla/5.0 (compatible; Googlebot/2.1; +http://www.google.com/bot.html)"
66.249.66.199 - - [20/Aug/2026:10:44:28 +0200] "GET /?detail/0170336566804 HTTP/1.1" 200 124665 "-" "Mozilla/5.0 (compatible; Googlebot/2.1; +http://www.google.com/bot.html)"
216.73.216.191 - - [20/Aug/2026:10:44:30 +0200] "GET /special/251015297.html HTTP/1.1" 500 - "-" "Mozilla/5.0 AppleWebKit/537.36 (KHTML, like Gecko; compatible; ClaudeBot/1.0; +claudebot@anthropic.com)"
66.249.66.44 - - [20/Aug/2026:10:44:29 +0200] "GET /?jp/255024107.html HTTP/1.1" 200 118563 "-" "Mozilla/5.0 (compatible; Googlebot/2.1; +http://www.google.com/bot.html)"
216.73.216.191 - - [20/Aug/2026:10:44:30 +0200] "GET /special/296022806.html HTTP/1.1" 500 - "-" "Mozilla/5.0 AppleWebKit/537.36 (KHTML, like Gecko; compatible; ClaudeBot/1.0; +claudebot@anthropic.com)"
66.249.66.199 - - [20/Aug/2026:10:44:31 +0200] "GET /category/413_4611/1/listing HTTP/1.1" 200 121226 "-" "Mozilla/5.0 (compatible; Googlebot/2.1; +http://www.google.com/bot.html)"
66.249.66.198 - - [20/Aug/2026:10:44:32 +0200] "GET /?l=017033660 HTTP/1.1" 200 124829 "-" "Mozilla/5.0 (compatible; Googlebot/2.1; +http://www.google.com/bot.html)"
66.249.66.44 - - [20/Aug/2026:10:44:33 +0200] "GET /?q=017033662 HTTP/1.1" 200 119148 "-" "Mozilla/5.0 (compatible; Googlebot/2.1; +http://www.google.com/bot.html)"
216.73.216.191 - - [20/Aug/2026:10:44:35 +0200] "GET /special/072039390.html HTTP/1.1" 500 - "-" "Mozilla/5.0 AppleWebKit/537.36 (KHTML, like Gecko; compatible; ClaudeBot/1.0; +claudebot@anthropic.com)"
66.249.66.44 - - [20/Aug/2026:10:44:34 +0200] "GET /special/200024886.html HTTP/1.1" 200 117431 "-" "Mozilla/5.0 (compatible; Googlebot/2.1; +http://www.google.com/bot.html)"
66.249.66.199 - - [20/Aug/2026:10:44:36 +0200] "GET /special/237004255.html HTTP/1.1" 200 118712 "-" "Mozilla/5.0 (compatible; Googlebot/2.1; +http://www.google.com/bot.html)"
66.249.66.198 - - [20/Aug/2026:10:44:38 +0200] "GET /?t=200024891 HTTP/1.1" 200 117117 "-" "Mozilla/5.0 (compatible; Googlebot/2.1; +http://www.google.com/bot.html)"
74.7.242.61 - - [20/Aug/2026:10:44:40 +0200] "GET /?t=028014325 HTTP/1.1" 500 - "https://pelliheat-ag.ch/sitemap_index.xml" "Mozilla/5.0 AppleWebKit/537.36 (KHTML, like Gecko; compatible; GPTBot/1.4; +https://openai.com/gptbot)"
216.73.216.191 - - [20/Aug/2026:10:44:40 +0200] "GET /special/160040884.html HTTP/1.1" 500 - "-" "Mozilla/5.0 AppleWebKit/537.36 (KHTML, like Gecko; compatible; ClaudeBot/1.0; +claudebot@anthropic.com)"
66.249.66.199 - - [20/Aug/2026:10:44:40 +0200] "GET /special/200024874.html HTTP/1.1" 200 130119 "-" "Mozilla/5.0 (compatible; Googlebot/2.1; +http://www.google.com/bot.html)"
66.249.66.199 - - [20/Aug/2026:10:44:42 +0200] "GET /?b=200024883 HTTP/1.1" 200 132106 "-" "Mozilla/5.0 (compatible; Googlebot/2.1; +http://www.google.com/bot.html)"
216.73.216.191 - - [20/Aug/2026:10:44:45 +0200] "GET /special/236026952.html HTTP/1.1" 500 - "-" "Mozilla/5.0 AppleWebKit/537.36 (KHTML, like Gecko; compatible; ClaudeBot/1.0; +claudebot@anthropic.com)"
66.249.66.206 - - [20/Aug/2026:10:44:46 +0200] "GET /?g=200024879 HTTP/1.1" 200 136902 "-" "Mozilla/5.0 (compatible; Googlebot/2.1; +http://www.google.com/bot.html)"
66.249.66.200 - - [20/Aug/2026:10:44:48 +0200] "GET /?c=038014147 HTTP/1.1" 200 117591 "-" "Mozilla/5.0 (compatible; Googlebot/2.1; +http://www.google.com/bot.html)"
66.249.66.200 - - [20/Aug/2026:10:44:49 +0200] "GET /special/200024880.html HTTP/1.1" 200 131928 "-" "Mozilla/5.0 (compatible; Googlebot/2.1; +http://www.google.com/bot.html)"
216.73.216.191 - - [20/Aug/2026:10:44:50 +0200] "GET /special/058030350.html HTTP/1.1" 500 - "-" "Mozilla/5.0 AppleWebKit/537.36 (KHTML, like Gecko; compatible; ClaudeBot/1.0; +claudebot@anthropic.com)"
66.249.66.70 - - [20/Aug/2026:10:44:51 +0200] "GET /?jp/200024888.html HTTP/1.1" 200 122581 "-" "Mozilla/5.0 (compatible; Googlebot/2.1; +http://www.google.com/bot.html)"
66.249.66.72 - - [20/Aug/2026:10:44:52 +0200] "GET /special/200024876.html HTTP/1.1" 200 132577 "-" "Mozilla/5.0 (compatible; Googlebot/2.1; +http://www.google.com/bot.html)"
66.249.66.70 - - [20/Aug/2026:10:44:54 +0200] "GET /category/25_41_42_12146/1/listing HTTP/1.1" 200 132918 "-" "Mozilla/5.0 (compatible; Googlebot/2.1; +http://www.google.com/bot.html)"
216.73.216.191 - - [20/Aug/2026:10:44:55 +0200] "GET /special/128032806.html HTTP/1.1" 500 - "-" "Mozilla/5.0 AppleWebKit/537.36 (KHTML, like Gecko; compatible; ClaudeBot/1.0; +claudebot@anthropic.com)"
66.249.66.70 - - [20/Aug/2026:10:44:55 +0200] "GET /category/25_41_42/1/listing HTTP/1.1" 200 134992 "-" "Mozilla/5.0 (compatible; Googlebot/2.1; +http://www.google.com/bot.html)"
66.249.66.72 - - [20/Aug/2026:10:44:57 +0200] "GET /category/25_41/1/listing HTTP/1.1" 200 144826 "-" "Mozilla/5.0 (compatible; Googlebot/2.1; +http://www.google.com/bot.html)"
66.249.66.9 - - [20/Aug/2026:10:44:59 +0200] "GET /?r=090029395 HTTP/1.1" 200 118833 "-" "Mozilla/5.0 (compatible; Googlebot/2.1; +http://www.google.com/bot.html)"
216.73.216.191 - - [20/Aug/2026:10:45:00 +0200] "GET /special/165007519.html HTTP/1.1" 500 - "-" "Mozilla/5.0 AppleWebKit/537.36 (KHTML, like Gecko; compatible; ClaudeBot/1.0; +claudebot@anthropic.com)"
66.249.66.9 - - [20/Aug/2026:10:45:00 +0200] "GET /special/222042984.html HTTP/1.1" 200 121926 "-" "Mozilla/5.0 (compatible; Googlebot/2.1; +http://www.google.com/bot.html)"
74.7.242.61 - - [20/Aug/2026:10:45:02 +0200] "GET /?p=024004315 HTTP/1.1" 500 - "https://pelliheat-ag.ch/sitemap_index.xml" "Mozilla/5.0 AppleWebKit/537.36 (KHTML, like Gecko; compatible; GPTBot/1.4; +https://openai.com/gptbot)"
66.249.66.70 - - [20/Aug/2026:10:45:02 +0200] "GET /?l=277030964 HTTP/1.1" 200 122422 "-" "Mozilla/5.0 (compatible; Googlebot/2.1; +http://www.google.com/bot.html)"
66.249.66.75 - - [20/Aug/2026:10:45:04 +0200] "GET /special/267010025.html HTTP/1.1" 200 117683 "-" "Mozilla/5.0 (compatible; Googlebot/2.1; +http://www.google.com/bot.html)"
216.73.216.191 - - [20/Aug/2026:10:45:05 +0200] "GET /special/155042471.html HTTP/1.1" 500 - "-" "Mozilla/5.0 AppleWebKit/537.36 (KHTML, like Gecko; compatible; ClaudeBot/1.0; +claudebot@anthropic.com)"
66.249.66.7 - - [20/Aug/2026:10:45:06 +0200] "GET /special/042012698.html HTTP/1.1" 200 119205 "-" "Mozilla/5.0 (compatible; Googlebot/2.1; +http://www.google.com/bot.html)"
66.249.66.65 - - [20/Aug/2026:10:45:07 +0200] "GET /special/042012714.html HTTP/1.1" 200 121813 "-" "Mozilla/5.0 (compatible; Googlebot/2.1; +http://www.google.com/bot.html)"
216.73.216.191 - - [20/Aug/2026:10:45:10 +0200] "GET /special/255026289.html HTTP/1.1" 500 - "-" "Mozilla/5.0 AppleWebKit/537.36 (KHTML, like Gecko; compatible; ClaudeBot/1.0; +claudebot@anthropic.com)"
66.249.66.75 - - [20/Aug/2026:10:45:12 +0200] "GET /special/042012700.html HTTP/1.1" 200 119377 "-" "Mozilla/5.0 (compatible; Googlebot/2.1; +http://www.google.com/bot.html)"
66.249.66.44 - - [20/Aug/2026:10:45:13 +0200] "GET /?jp/042012717.html HTTP/1.1" 200 122718 "-" "Mozilla/5.0 (compatible; Googlebot/2.1; +http://www.google.com/bot.html)"
66.249.66.97 - - [20/Aug/2026:10:45:14 +0200] "GET /special/042012710.html HTTP/1.1" 200 122482 "-" "Mozilla/5.0 (compatible; Googlebot/2.1; +http://www.google.com/bot.html)"
216.73.216.191 - - [20/Aug/2026:10:45:15 +0200] "GET /special/036001668.html HTTP/1.1" 500 - "-" "Mozilla/5.0 AppleWebKit/537.36 (KHTML, like Gecko; compatible; ClaudeBot/1.0; +claudebot@anthropic.com)"
66.249.66.76 - - [20/Aug/2026:10:45:18 +0200] "GET /special/042012704.html HTTP/1.1" 200 120468 "-" "Mozilla/5.0 (compatible; Googlebot/2.1; +http://www.google.com/bot.html)"
66.249.66.77 - - [20/Aug/2026:10:45:19 +0200] "GET /?i=042012695 HTTP/1.1" 200 118973 "-" "Mozilla/5.0 (compatible; Googlebot/2.1; +http://www.google.com/bot.html)"
216.73.216.191 - - [20/Aug/2026:10:45:20 +0200] "GET /special/072044638.html HTTP/1.1" 500 - "-" "Mozilla/5.0 AppleWebKit/537.36 (KHTML, like Gecko; compatible; ClaudeBot/1.0; +claudebot@anthropic.com)"
66.249.66.70 - - [20/Aug/2026:10:45:20 +0200] "GET /?y=033048128 HTTP/1.1" 200 120372 "-" "Mozilla/5.0 (compatible; Googlebot/2.1; +http://www.google.com/bot.html)"
74.7.242.61 - - [20/Aug/2026:10:45:22 +0200] "GET /?i=088013241 HTTP/1.1" 500 - "https://pelliheat-ag.ch/sitemap_index.xml" "Mozilla/5.0 AppleWebKit/537.36 (KHTML, like Gecko; compatible; GPTBot/1.4; +https://openai.com/gptbot)"
66.249.66.198 - - [20/Aug/2026:10:45:22 +0200] "GET /category/192_193_607_8699/1/listing HTTP/1.1" 200 126686 "-" "Mozilla/5.0 (compatible; Googlebot/2.1; +http://www.google.com/bot.html)"
66.249.66.44 - - [20/Aug/2026:10:45:23 +0200] "GET /?w=042012723 HTTP/1.1" 200 123790 "-" "Mozilla/5.0 (compatible; Googlebot/2.1; +http://www.google.com/bot.html)"
66.249.66.44 - - [20/Aug/2026:10:45:25 +0200] "GET /?j=270026723 HTTP/1.1" 200 118543 "-" "Mozilla/5.0 (compatible; Googlebot/2.1; +http://www.google.com/bot.html)"
216.73.216.191 - - [20/Aug/2026:10:45:25 +0200] "GET /special/280046864.html HTTP/1.1" 500 - "-" "Mozilla/5.0 AppleWebKit/537.36 (KHTML, like Gecko; compatible; ClaudeBot/1.0; +claudebot@anthropic.com)"
66.249.66.44 - - [20/Aug/2026:10:45:26 +0200] "GET /category/192_193_607/1/listing HTTP/1.1" 200 123285 "-" "Mozilla/5.0 (compatible; Googlebot/2.1; +http://www.google.com/bot.html)"
66.249.66.71 - - [20/Aug/2026:10:45:28 +0200] "GET /special/216010106.html HTTP/1.1" 200 119598 "-" "Mozilla/5.0 (compatible; Googlebot/2.1; +http://www.google.com/bot.html)"
66.249.66.70 - - [20/Aug/2026:10:45:29 +0200] "GET /?detail/117032369246 HTTP/1.1" 200 128892 "-" "Mozilla/5.0 (compatible; Googlebot/2.1; +http://www.google.com/bot.html)"
216.73.216.191 - - [20/Aug/2026:10:45:30 +0200] "GET /special/141032189.html HTTP/1.1" 500 - "-" "Mozilla/5.0 AppleWebKit/537.36 (KHTML, like Gecko; compatible; ClaudeBot/1.0; +claudebot@anthropic.com)"
66.249.66.199 - - [20/Aug/2026:10:45:31 +0200] "GET /?m=005035280 HTTP/1.1" 200 117853 "-" "Mozilla/5.0 (compatible; Googlebot/2.1; +http://www.google.com/bot.html)"
216.73.216.191 - - [20/Aug/2026:10:45:35 +0200] "GET /special/230037476.html HTTP/1.1" 500 - "-" "Mozilla/5.0 AppleWebKit/537.36 (KHTML, like Gecko; compatible; ClaudeBot/1.0; +claudebot@anthropic.com)"
216.73.216.191 - - [20/Aug/2026:10:45:40 +0200] "GET /special/174005020.html HTTP/1.1" 500 - "-" "Mozilla/5.0 AppleWebKit/537.36 (KHTML, like Gecko; compatible; ClaudeBot/1.0; +claudebot@anthropic.com)"
74.7.242.61 - - [20/Aug/2026:10:45:42 +0200] "GET /?n=247010858 HTTP/1.1" 500 - "https://pelliheat-ag.ch/sitemap_index.xml" "Mozilla/5.0 AppleWebKit/537.36 (KHTML, like Gecko; compatible; GPTBot/1.4; +https://openai.com/gptbot)"
66.249.66.45 - - [20/Aug/2026:10:45:44 +0200] "GET / HTTP/1.1" 200 119000 "-" "Mozilla/5.0 (Linux; Android 6.0.1; Nexus 5X Build/MMB29P) AppleWebKit/537.36 (KHTML, like Gecko) Chrome/151.0.7922.137 Mobile Safari/537.36 (compatible; Googlebot/2.1; +http://www.google.com/bot.html)"
216.73.216.191 - - [20/Aug/2026:10:45:45 +0200] "GET /special/168011836.html HTTP/1.1" 500 - "-" "Mozilla/5.0 AppleWebKit/537.36 (KHTML, like Gecko; compatible; ClaudeBot/1.0; +claudebot@anthropic.com)"
66.249.66.198 - - [20/Aug/2026:10:45:45 +0200] "GET /41419497 HTTP/1.1" 200 119301 "-" "Mozilla/5.0 (Linux; Android 6.0.1; Nexus 5X Build/MMB29P) AppleWebKit/537.36 (KHTML, like Gecko) Chrome/151.0.7922.137 Mobile Safari/537.36 (compatible; GoogleOther)"
216.73.216.191 - - [20/Aug/2026:10:45:50 +0200] "GET /?p=047010760 HTTP/1.1" 500 - "-" "Mozilla/5.0 AppleWebKit/537.36 (KHTML, like Gecko; compatible; ClaudeBot/1.0; +claudebot@anthropic.com)"
66.249.66.44 - - [20/Aug/2026:10:45:51 +0200] "GET /special/164002626.html HTTP/1.1" 200 129748 "-" "Mozilla/5.0 (compatible; Googlebot/2.1; +http://www.google.com/bot.html)"
66.249.66.45 - - [20/Aug/2026:10:45:52 +0200] "GET /category/1_44_337/1/listing HTTP/1.1" 200 123553 "-" "Mozilla/5.0 (compatible; Googlebot/2.1; +http://www.google.com/bot.html)"
66.249.66.198 - - [20/Aug/2026:10:45:54 +0200] "GET /?jp/164002732.html HTTP/1.1" 200 129755 "-" "Mozilla/5.0 (compatible; Googlebot/2.1; +http://www.google.com/bot.html)"
216.73.216.191 - - [20/Aug/2026:10:45:55 +0200] "GET /special/262031996.html HTTP/1.1" 500 - "-" "Mozilla/5.0 AppleWebKit/537.36 (KHTML, like Gecko; compatible; ClaudeBot/1.0; +claudebot@anthropic.com)"
66.249.66.44 - - [20/Aug/2026:10:45:55 +0200] "GET /category/1_44_337_3466_11727/1/listing HTTP/1.1" 200 139096 "-" "Mozilla/5.0 (compatible; Googlebot/2.1; +http://www.google.com/bot.html)"
66.249.66.198 - - [20/Aug/2026:10:45:56 +0200] "GET /?h=074036815 HTTP/1.1" 200 125110 "-" "Mozilla/5.0 (compatible; Googlebot/2.1; +http://www.google.com/bot.html)"
66.249.66.44 - - [20/Aug/2026:10:45:58 +0200] "GET /special/164002726.html HTTP/1.1" 200 130921 "-" "Mozilla/5.0 (compatible; Googlebot/2.1; +http://www.google.com/bot.html)"
66.249.66.199 - - [20/Aug/2026:10:46:00 +0200] "GET /?detail/16400271168374 HTTP/1.1" 200 130335 "-" "Mozilla/5.0 (compatible; Googlebot/2.1; +http://www.google.com/bot.html)"
216.73.216.191 - - [20/Aug/2026:10:46:00 +0200] "GET /special/017049791.html HTTP/1.1" 500 - "-" "Mozilla/5.0 AppleWebKit/537.36 (KHTML, like Gecko; compatible; ClaudeBot/1.0; +claudebot@anthropic.com)"
66.249.66.70 - - [20/Aug/2026:10:46:01 +0200] "GET /special/164002724.html HTTP/1.1" 200 129476 "-" "Mozilla/5.0 (compatible; Googlebot/2.1; +http://www.google.com/bot.html)"
74.7.242.61 - - [20/Aug/2026:10:46:02 +0200] "GET /?u=129030328 HTTP/1.1" 500 - "https://pelliheat-ag.ch/sitemap_index.xml" "Mozilla/5.0 AppleWebKit/537.36 (KHTML, like Gecko; compatible; GPTBot/1.4; +https://openai.com/gptbot)"
66.249.66.199 - - [20/Aug/2026:10:46:02 +0200] "GET /?p=112001461 HTTP/1.1" 200 118017 "-" "Mozilla/5.0 (compatible; Googlebot/2.1; +http://www.google.com/bot.html)"
66.249.66.198 - - [20/Aug/2026:10:46:04 +0200] "GET /category/1_44_337_3466/1/listing HTTP/1.1" 200 117784 "-" "Mozilla/5.0 (compatible; Googlebot/2.1; +http://www.google.com/bot.html)"
216.73.216.191 - - [20/Aug/2026:10:46:05 +0200] "GET /special/107038277.html HTTP/1.1" 500 - "-" "Mozilla/5.0 AppleWebKit/537.36 (KHTML, like Gecko; compatible; ClaudeBot/1.0; +claudebot@anthropic.com)"
66.249.66.198 - - [20/Aug/2026:10:46:05 +0200] "GET /special/034043892.html HTTP/1.1" 200 122773 "-" "Mozilla/5.0 (compatible; Googlebot/2.1; +http://www.google.com/bot.html)"
66.249.66.198 - - [20/Aug/2026:10:46:07 +0200] "GET /?f=142048185 HTTP/1.1" 200 130741 "-" "Mozilla/5.0 (compatible; Googlebot/2.1; +http://www.google.com/bot.html)"
66.249.66.198 - - [20/Aug/2026:10:46:08 +0200] "GET /?r=029021114 HTTP/1.1" 200 124497 "-" "Mozilla/5.0 (Linux; Android 6.0.1; Nexus 5X Build/MMB29P) AppleWebKit/537.36 (KHTML, like Gecko) Chrome/151.0.7922.137 Mobile Safari/537.36 (compatible; GoogleOther)"
66.249.66.198 - - [20/Aug/2026:10:46:10 +0200] "GET /special/164002666.html HTTP/1.1" 200 129328 "-" "Mozilla/5.0 (compatible; Googlebot/2.1; +http://www.google.com/bot.html)"
216.73.216.191 - - [20/Aug/2026:10:46:10 +0200] "GET /special/141030467.html HTTP/1.1" 500 - "-" "Mozilla/5.0 AppleWebKit/537.36 (KHTML, like Gecko; compatible; ClaudeBot/1.0; +claudebot@anthropic.com)"
66.249.66.198 - - [20/Aug/2026:10:46:11 +0200] "GET /?n=164002633 HTTP/1.1" 200 128850 "-" "Mozilla/5.0 (compatible; Googlebot/2.1; +http://www.google.com/bot.html)"
66.249.66.70 - - [20/Aug/2026:10:46:12 +0200] "GET /?s=047030536 HTTP/1.1" 200 115470 "-" "Mozilla/5.0 (compatible; Googlebot/2.1; +http://www.google.com/bot.html)"
66.249.66.198 - - [20/Aug/2026:10:46:13 +0200] "GET /category/242_3602/1/listing HTTP/1.1" 200 130132 "-" "Mozilla/5.0 (compatible; Googlebot/2.1; +http://www.google.com/bot.html)"
