2a03:2880:f814:3d:: - - [19/Aug/2026:14:19:06 +0200] "GET /polsterarbeiten/?fileloc=/home/tb1/zm-flower.de/wp-includes/l10n.php&path=/home/tb1/zm-flower.de/wp-includes HTTP/1.1" 503 468 "-" "Mozilla/5.0 (Windows NT 10.0; Win64; x64) AppleWebKit/537.36 (KHTML, like Gecko) Chrome/145.0.0.0 Safari/537.36 (compatible; meta-externalagent/1.1 (+https://developers.facebook.com/docs/sharing/webmasters/crawler))"
216.73.217.33 - - [19/Aug/2026:14:19:11 +0200] "GET /shopdetail/L90952109374?fileloc=%2F%2Fusr%2Flib64%2Flibatk-bridge-2.0.so.0.0.0&path=%2F%2Fusr%2Flib64 HTTP/1.1" 503 468 "-" "Mozilla/5.0 AppleWebKit/537.36 (KHTML, like Gecko; compatible; ClaudeBot/1.0; +claudebot@anthropic.com)"
2a03:2880:f814:33:: - - [19/Aug/2026:14:19:11 +0200] "GET /polsterarbeiten/?fileloc=/home/tb1/zm-flower.de/wp-includes/class-wp-customize-widgets.php&path=/home/tb1/zm-flower.de/wp-includes HTTP/1.1" 503 468 "-" "Mozilla/5.0 (Windows NT 10.0; Win64; x64) AppleWebKit/537.36 (KHTML, like Gecko) Chrome/145.0.0.0 Safari/537.36 Edg/145.0.0.0 (compatible; meta-externalagent/1.1 (+https://developers.facebook.com/docs/sharing/webmasters/crawler))"
216.73.217.33 - - [19/Aug/2026:14:19:16 +0200] "GET /shopdetail/L9091545962?fileloc=%2Fhome%2Ftb1%2Fraumausstattung-braun.com%2Fwp-includes%2Fcanonical.php&path=%2Fhome%2Ftb1%2Fraumausstattung-braun.com%2Fwp-includes HTTP/1.1" 503 468 "-" "Mozilla/5.0 AppleWebKit/537.36 (KHTML, like Gecko; compatible; ClaudeBot/1.0; +claudebot@anthropic.com)"
216.73.217.33 - - [19/Aug/2026:14:19:18 +0200] "GET /shopdetail/L90944540447?fileloc=%2Fhome%2Ftb1%2Fraumausstattung-braun.com%2Fwp-admin%2Fmoderation.php&path=%2Fhome%2Ftb1%2Fraumausstattung-braun.com%2Fwp-admin HTTP/1.1" 503 468 "-" "Mozilla/5.0 AppleWebKit/537.36 (KHTML, like Gecko; compatible; ClaudeBot/1.0; +claudebot@anthropic.com)"
216.73.217.33 - - [19/Aug/2026:14:19:23 +0200] "GET /shopdetail/L90916506901?fileloc=%2Fhome%2Ftb1%2Fraumausstattung-braun.com%2Fwp-includes%2Fms-files.php&path=%2Fhome%2Ftb1%2Fraumausstattung-braun.com%2Fwp-includes HTTP/1.1" 503 468 "-" "Mozilla/5.0 AppleWebKit/537.36 (KHTML, like Gecko; compatible; ClaudeBot/1.0; +claudebot@anthropic.com)"
2a03:2880:f814:24:: - - [19/Aug/2026:14:19:25 +0200] "GET /polsterarbeiten/?path=/home/tb1/zm-flower.de/wp-includes/block-supports HTTP/1.1" 503 468 "-" "Mozilla/5.0 (Windows NT 10.0; Win64; x64) AppleWebKit/537.36 (KHTML, like Gecko) Chrome/145.0.0.0 Safari/537.36 (compatible; meta-externalagent/1.1 (+https://developers.facebook.com/docs/sharing/webmasters/crawler))"
216.73.217.33 - - [19/Aug/2026:14:19:28 +0200] "GET /shopdetail/L90958092452?path=%2Fhome%2Ftb1%2Falviva-gesundheit.de HTTP/1.1" 503 468 "-" "Mozilla/5.0 AppleWebKit/537.36 (KHTML, like Gecko; compatible; ClaudeBot/1.0; +claudebot@anthropic.com)"
2a03:2880:f814:17:: - - [19/Aug/2026:14:19:29 +0200] "GET /polsterarbeiten/?path=/home/tb1/zm-flower.de/wp-includes/html-api HTTP/1.1" 503 468 "-" "Mozilla/5.0 (Windows NT 10.0; Win64; x64) AppleWebKit/537.36 (KHTML, like Gecko) Chrome/145.0.0.0 Safari/537.36 (compatible; meta-externalagent/1.1 (+https://developers.facebook.com/docs/sharing/webmasters/crawler))"
2a03:2880:f814:41:: - - [19/Aug/2026:14:19:30 +0200] "GET /polsterarbeiten/?fileloc=/home/tb1/zm-flower.de/wp-includes/class-wp.php&path=/home/tb1/zm-flower.de/wp-includes HTTP/1.1" 503 468 "-" "Mozilla/5.0 (Windows NT 10.0; Win64; x64) AppleWebKit/537.36 (KHTML, like Gecko) Chrome/145.0.0.0 Safari/537.36 (compatible; meta-externalagent/1.1 (+https://developers.facebook.com/docs/sharing/webmasters/crawler))"
216.73.217.33 - - [19/Aug/2026:14:19:32 +0200] "GET /shopdetail/L90962836052?path=%2Fhome%2Ftb1%2Fwertvolle-metalle.de HTTP/1.1" 503 468 "-" "Mozilla/5.0 AppleWebKit/537.36 (KHTML, like Gecko; compatible; ClaudeBot/1.0; +claudebot@anthropic.com)"
216.73.217.33 - - [19/Aug/2026:14:19:37 +0200] "GET /shopdetail/L90934262811?fileloc=%2Fhome%2Ftb1%2Fraumausstattung-braun.com%2Fwp-admin%2Fmedia.php&path=%2Fhome%2Ftb1%2Fraumausstattung-braun.com%2Fwp-admin HTTP/1.1" 200 13784 "-" "Mozilla/5.0 AppleWebKit/537.36 (KHTML, like Gecko; compatible; ClaudeBot/1.0; +claudebot@anthropic.com)"
216.73.217.33 - - [19/Aug/2026:14:19:41 +0200] "GET /shopdetail/L90947474874?path=%2Fhome%2Ftb1%2Flichtliebe-photo.de HTTP/1.1" 200 14105 "-" "Mozilla/5.0 AppleWebKit/537.36 (KHTML, like Gecko; compatible; ClaudeBot/1.0; +claudebot@anthropic.com)"
216.73.217.33 - - [19/Aug/2026:14:19:46 +0200] "GET /shopdetail/L90934019477?fileloc=%2Fhome%2Ftb1%2Fraumausstattung-braun.com%2Fwp-admin%2Fmoderation.php&path=%2Fhome%2Ftb1%2Fraumausstattung-braun.com%2Fwp-admin HTTP/1.1" 200 13789 "-" "Mozilla/5.0 AppleWebKit/537.36 (KHTML, like Gecko; compatible; ClaudeBot/1.0; +claudebot@anthropic.com)"
216.73.217.33 - - [19/Aug/2026:14:19:51 +0200] "GET /shopdetail/L90906184896?path=%2Fhome%2Ftb1%2Fautowerk-reifenservice.de HTTP/1.1" 200 14117 "-" "Mozilla/5.0 AppleWebKit/537.36 (KHTML, like Gecko; compatible; ClaudeBot/1.0; +claudebot@anthropic.com)"
2a03:2880:f814:16:: - - [19/Aug/2026:14:19:53 +0200] "GET /polsterarbeiten/?fileloc=/home/tb1/zm-flower.de/wp-includes/class-wp-plugin-dependencies.php&path=/home/tb1/zm-flower.de/wp-includes HTTP/1.1" 200 13764 "-" "Mozilla/5.0 (Macintosh; Intel Mac OS X 10_15_7) AppleWebKit/537.36 (KHTML, like Gecko) Chrome/145.0.0.0 Safari/537.36 (compatible; meta-externalagent/1.1 (+https://developers.facebook.com/docs/sharing/webmasters/crawler))"
216.73.217.33 - - [19/Aug/2026:14:19:56 +0200] "GET /shopdetail/L9091373024?path=%2Fhome%2Ftb1%2F.caldav%2Fkontakt%40browbasel.ch HTTP/1.1" 200 14161 "-" "Mozilla/5.0 AppleWebKit/537.36 (KHTML, like Gecko; compatible; ClaudeBot/1.0; +claudebot@anthropic.com)"
2a03:2880:f814:16:: - - [19/Aug/2026:14:19:58 +0200] "GET /polsterarbeiten/?fileloc=/home/tb1/zm-flower.de/wp-includes/post.php&path=/home/tb1/zm-flower.de/wp-includes HTTP/1.1" 200 13740 "-" "Mozilla/5.0 (Windows NT 10.0; Win64; x64) AppleWebKit/537.36 (KHTML, like Gecko) Chrome/145.0.0.0 Safari/537.36 (compatible; meta-externalagent/1.1 (+https://developers.facebook.com/docs/sharing/webmasters/crawler))"
216.73.217.33 - - [19/Aug/2026:14:20:01 +0200] "GET /shopdetail/L90962836052?fileloc=%2Fhome%2Ftb1%2Fversro-kv.de%2Fwp-links-opml.php&path=%2Fhome%2Ftb1%2Fversro-kv.de HTTP/1.1" 200 13670 "-" "Mozilla/5.0 AppleWebKit/537.36 (KHTML, like Gecko; compatible; ClaudeBot/1.0; +claudebot@anthropic.com)"
216.73.217.33 - - [19/Aug/2026:14:20:06 +0200] "GET /shopdetail/L90941968177?fileloc=%2F%2Fusr%2Flib64%2Flibpcre2-posix.so.3&path=%2F%2Fusr%2Flib64 HTTP/1.1" 200 31977 "-" "Mozilla/5.0 AppleWebKit/537.36 (KHTML, like Gecko; compatible; ClaudeBot/1.0; +claudebot@anthropic.com)"
216.73.217.33 - - [19/Aug/2026:14:20:11 +0200] "GET /shopdetail/L90952109374?fileloc=%2F%2Fusr%2Flib64%2Flibtheoradec.so.1&path=%2F%2Fusr%2Flib64 HTTP/1.1" 200 13606 "-" "Mozilla/5.0 AppleWebKit/537.36 (KHTML, like Gecko; compatible; ClaudeBot/1.0; +claudebot@anthropic.com)"
216.73.217.33 - - [19/Aug/2026:14:20:16 +0200] "GET /shopdetail/L90962679511?path=%2Fhome%2Ftb1%2Ffliesen-raumdesign-windisch.de HTTP/1.1" 200 14127 "-" "Mozilla/5.0 AppleWebKit/537.36 (KHTML, like Gecko; compatible; ClaudeBot/1.0; +claudebot@anthropic.com)"
2a03:2880:f814:21:: - - [19/Aug/2026:14:20:21 +0200] "GET /polsterarbeiten/?fileloc=/home/tb1/zm-flower.de/wp-includes/class-wp-application-passwords.php&path=/home/tb1/zm-flower.de/wp-includes HTTP/1.1" 200 13766 "-" "Mozilla/5.0 (Macintosh; Intel Mac OS X 10_15_7) AppleWebKit/537.36 (KHTML, like Gecko) Chrome/145.0.0.0 Safari/537.36 (compatible; meta-externalagent/1.1 (+https://developers.facebook.com/docs/sharing/webmasters/crawler))"
216.73.217.33 - - [19/Aug/2026:14:20:21 +0200] "GET /shopdetail/L9092858167?fileloc=%2Fhome%2Ftb1%2Fwondercar-schweiz.ch%2Fwp-trackback.php&path=%2Fhome%2Ftb1%2Fwondercar-schweiz.ch HTTP/1.1" 200 13693 "-" "Mozilla/5.0 AppleWebKit/537.36 (KHTML, like Gecko; compatible; ClaudeBot/1.0; +claudebot@anthropic.com)"
216.73.217.33 - - [19/Aug/2026:14:20:26 +0200] "GET /shopdetail/L9092858167?path=%2Fhome%2Ftb1%2Fmail%2F.anfrage%40dellenjuwelier_de HTTP/1.1" 200 14164 "-" "Mozilla/5.0 AppleWebKit/537.36 (KHTML, like Gecko; compatible; ClaudeBot/1.0; +claudebot@anthropic.com)"
216.73.217.33 - - [19/Aug/2026:14:20:31 +0200] "GET /shopdetail/L90944696371?fileloc=%2Fhome%2Ftb1%2Fraumausstattung-braun.com%2Fwp-theme.php&path=%2Fhome%2Ftb1%2Fraumausstattung-braun.com HTTP/1.1" 200 13704 "-" "Mozilla/5.0 AppleWebKit/537.36 (KHTML, like Gecko; compatible; ClaudeBot/1.0; +claudebot@anthropic.com)"
216.73.217.33 - - [19/Aug/2026:14:20:36 +0200] "GET /shopdetail/L90941808499?path=%2Fhome%2Ftb1%2Fmymedaesthetik.at HTTP/1.1" 200 14101 "-" "Mozilla/5.0 AppleWebKit/537.36 (KHTML, like Gecko; compatible; ClaudeBot/1.0; +claudebot@anthropic.com)"
2a03:2880:f814:8:: - - [19/Aug/2026:14:20:38 +0200] "GET /polsterarbeiten/?fileloc=/home/tb1/zm-flower.de/wp-includes/class-wp-dependency.php&path=/home/tb1/zm-flower.de/wp-includes HTTP/1.1" 200 13755 "-" "Mozilla/5.0 (Macintosh; Intel Mac OS X 10_15_7) AppleWebKit/537.36 (KHTML, like Gecko) Chrome/145.0.0.0 Safari/537.36 (compatible; meta-externalagent/1.1 (+https://developers.facebook.com/docs/sharing/webmasters/crawler))"
216.73.217.33 - - [19/Aug/2026:14:20:41 +0200] "GET /shopdetail/L90944531356?fileloc=%2Fhome%2Ftb1%2Fraumausstattung-braun.com%2Fwp-includes%2Flink-template.php&path=%2Fhome%2Ftb1%2Fraumausstattung-braun.com%2Fwp-includes HTTP/1.1" 200 13801 "-" "Mozilla/5.0 AppleWebKit/537.36 (KHTML, like Gecko; compatible; ClaudeBot/1.0; +claudebot@anthropic.com)"
216.73.217.33 - - [19/Aug/2026:14:20:46 +0200] "GET /shopdetail/L90965757922?fileloc=%2F%2Flib64%2Flibdconf.so.1&path=%2F%2Flib64 HTTP/1.1" 200 13564 "-" "Mozilla/5.0 AppleWebKit/537.36 (KHTML, like Gecko; compatible; ClaudeBot/1.0; +claudebot@anthropic.com)"
216.73.217.33 - - [19/Aug/2026:14:20:51 +0200] "GET /shopdetail/L90941920181?fileloc=%2F%2Fproc%2F145%2Ftimerslack_ns&path=%2F%2Fproc%2F145 HTTP/1.1" 200 13600 "-" "Mozilla/5.0 AppleWebKit/537.36 (KHTML, like Gecko; compatible; ClaudeBot/1.0; +claudebot@anthropic.com)"
2a03:2880:f814:17:: - - [19/Aug/2026:14:20:54 +0200] "GET /polsterarbeiten/?fileloc=/home/tb1/zm-flower.de/wp-includes/class-wp-block.php&path=/home/tb1/zm-flower.de/wp-includes HTTP/1.1" 200 13750 "-" "Mozilla/5.0 (Windows NT 10.0; Win64; x64) AppleWebKit/537.36 (KHTML, like Gecko) Chrome/145.0.0.0 Safari/537.36 (compatible; meta-externalagent/1.1 (+https://developers.facebook.com/docs/sharing/webmasters/crawler))"
216.73.217.33 - - [19/Aug/2026:14:20:56 +0200] "GET /shopdetail/L90941616756?fileloc=%2F%2Fproc%2F2674841%2Fwchan&path=%2F%2Fproc%2F2674841 HTTP/1.1" 200 13604 "-" "Mozilla/5.0 AppleWebKit/537.36 (KHTML, like Gecko; compatible; ClaudeBot/1.0; +claudebot@anthropic.com)"
216.73.217.33 - - [19/Aug/2026:14:21:01 +0200] "GET /shopdetail/L90941616756?fileloc=%2F%2Frun%2Frestartsrv_spamd&path=%2F%2Frun HTTP/1.1" 200 13561 "-" "Mozilla/5.0 AppleWebKit/537.36 (KHTML, like Gecko; compatible; ClaudeBot/1.0; +claudebot@anthropic.com)"
2a03:2880:f814:39:: - - [19/Aug/2026:14:21:06 +0200] "GET /polsterarbeiten/?fileloc=/home/tb1/zm-flower.de/wp-includes/class-walker-page-dropdown.php&path=/home/tb1/zm-flower.de/wp-includes HTTP/1.1" 200 13762 "-" "Mozilla/5.0 (Windows NT 10.0; Win64; x64) AppleWebKit/537.36 (KHTML, like Gecko) Chrome/145.0.0.0 Safari/537.36 (compatible; meta-externalagent/1.1 (+https://developers.facebook.com/docs/sharing/webmasters/crawler))"
216.73.217.33 - - [19/Aug/2026:14:21:06 +0200] "GET /shopdetail/L90941968177?fileloc=%2F%2Fusr%2Flib64%2Flibtss2-tcti-cmd.so.0.0.0&path=%2F%2Fusr%2Flib64 HTTP/1.1" 200 40489 "-" "Mozilla/5.0 AppleWebKit/537.36 (KHTML, like Gecko; compatible; ClaudeBot/1.0; +claudebot@anthropic.com)"
216.73.217.33 - - [19/Aug/2026:14:21:11 +0200] "GET /shopdetail/L90916366371?fileloc=%2Fhome%2Ftb1%2Fakbaba-finanz.de%2Fwp_luci.php&path=%2Fhome%2Ftb1%2Fakbaba-finanz.de HTTP/1.1" 200 13676 "-" "Mozilla/5.0 AppleWebKit/537.36 (KHTML, like Gecko; compatible; ClaudeBot/1.0; +claudebot@anthropic.com)"
216.73.217.33 - - [19/Aug/2026:14:21:16 +0200] "GET /shopdetail/L9092890899?path=%2Fhome%2Ftb1%2Fwolfganghamm-consulting.de HTTP/1.1" 200 14119 "-" "Mozilla/5.0 AppleWebKit/537.36 (KHTML, like Gecko; compatible; ClaudeBot/1.0; +claudebot@anthropic.com)"
2a03:2880:f814:d:: - - [19/Aug/2026:14:21:19 +0200] "GET /polsterarbeiten/?fileloc=/home/tb1/zm-flower.de/wp-includes/class-wp-navigation-fallback.php&path=/home/tb1/zm-flower.de/wp-includes HTTP/1.1" 200 13764 "-" "Mozilla/5.0 (Windows NT 10.0; Win64; x64) AppleWebKit/537.36 (KHTML, like Gecko) Chrome/145.0.0.0 Safari/537.36 (compatible; meta-externalagent/1.1 (+https://developers.facebook.com/docs/sharing/webmasters/crawler))"
216.73.217.33 - - [19/Aug/2026:14:21:21 +0200] "GET /shopdetail/L90913292881?fileloc=%2F%2Fbin%2Faclocal&path=%2F%2Fbin HTTP/1.1" 200 52164 "-" "Mozilla/5.0 AppleWebKit/537.36 (KHTML, like Gecko; compatible; ClaudeBot/1.0; +claudebot@anthropic.com)"
216.73.217.33 - - [19/Aug/2026:14:21:26 +0200] "GET /shopdetail/L90913481797?fileloc=%2Fhome%2Ftb1%2Fraumausstattung-braun.com%2Fwp-admin%2Foptions-general.php&path=%2Fhome%2Ftb1%2Fraumausstattung-braun.com%2Fwp-admin HTTP/1.1" 200 13794 "-" "Mozilla/5.0 AppleWebKit/537.36 (KHTML, like Gecko; compatible; ClaudeBot/1.0; +claudebot@anthropic.com)"
2a03:2880:f814:23:: - - [19/Aug/2026:14:21:29 +0200] "GET /polsterarbeiten/?fileloc=/home/tb1/zm-flower.de/wp-includes/class-wp-customize-control.php&path=/home/tb1/zm-flower.de/wp-includes HTTP/1.1" 200 13762 "-" "Mozilla/5.0 (Windows NT 10.0; Win64; x64) AppleWebKit/537.36 (KHTML, like Gecko) Chrome/145.0.0.0 Safari/537.36 (compatible; meta-externalagent/1.1 (+https://developers.facebook.com/docs/sharing/webmasters/crawler))"
216.73.217.33 - - [19/Aug/2026:14:21:31 +0200] "GET /shopdetail/L90965575249?fileloc=%2Fhome%2Ftb1%2Fraumausstattung-braun.com%2Fwp-admin%2Ferase-personal-data.php&path=%2Fhome%2Ftb1%2Fraumausstattung-braun.com%2Fwp-admin HTTP/1.1" 200 13798 "-" "Mozilla/5.0 AppleWebKit/537.36 (KHTML, like Gecko; compatible; ClaudeBot/1.0; +claudebot@anthropic.com)"
216.73.217.33 - - [19/Aug/2026:14:21:36 +0200] "GET /shopdetail/L90952248887?fileloc=%2F%2Fbin%2Faclocal&path=%2F%2Fbin HTTP/1.1" 200 52164 "-" "Mozilla/5.0 AppleWebKit/537.36 (KHTML, like Gecko; compatible; ClaudeBot/1.0; +claudebot@anthropic.com)"
2a03:2880:f814:1e:: - - [19/Aug/2026:14:21:39 +0200] "GET /polsterarbeiten/?fileloc=/home/tb1/zm-flower.de/wp-includes/cron.php&path=/home/tb1/zm-flower.de/wp-includes HTTP/1.1" 200 13740 "-" "Mozilla/5.0 (Macintosh; Intel Mac OS X 10_15_7) AppleWebKit/537.36 (KHTML, like Gecko) Chrome/145.0.0.0 Safari/537.36 (compatible; meta-externalagent/1.1 (+https://developers.facebook.com/docs/sharing/webmasters/crawler))"
216.73.217.33 - - [19/Aug/2026:14:21:42 +0200] "GET /shopdetail/L90931085749?fileloc=%2F%2Fscripts%2Fcleanphpsessions&path=%2F%2Fscripts HTTP/1.1" 200 13573 "-" "Mozilla/5.0 AppleWebKit/537.36 (KHTML, like Gecko; compatible; ClaudeBot/1.0; +claudebot@anthropic.com)"
2a03:2880:f814:8:: - - [19/Aug/2026:14:21:46 +0200] "GET /polsterarbeiten/?fileloc=/home/tb1/mail/planet-cars.com/worksec.php&path=/home/tb1/mail/planet-cars.com HTTP/1.1" 200 13723 "-" "Mozilla/5.0 (Windows NT 10.0; Win64; x64) AppleWebKit/537.36 (KHTML, like Gecko) Chrome/145.0.0.0 Safari/537.36 (compatible; meta-externalagent/1.1 (+https://developers.facebook.com/docs/sharing/webmasters/crawler))"
216.73.217.33 - - [19/Aug/2026:14:21:47 +0200] "GET /shopdetail/L9091610106?fileloc=%2F%2Fscripts%2Fauto-adjust-mysql-limits&path=%2F%2Fscripts HTTP/1.1" 200 13581 "-" "Mozilla/5.0 AppleWebKit/537.36 (KHTML, like Gecko; compatible; ClaudeBot/1.0; +claudebot@anthropic.com)"
216.73.217.33 - - [19/Aug/2026:14:21:52 +0200] "GET /shopdetail/L90934148957?path=%2F%2Fsys%2Fmodule%2Ftpm HTTP/1.1" 200 14081 "-" "Mozilla/5.0 AppleWebKit/537.36 (KHTML, like Gecko; compatible; ClaudeBot/1.0; +claudebot@anthropic.com)"
2a03:2880:f814:47:: - - [19/Aug/2026:14:21:55 +0200] "GET /polsterarbeiten/?fileloc=/home/tb1/zm-flower.de/wp-includes/class-wp-embed.php&path=/home/tb1/zm-flower.de/wp-includes HTTP/1.1" 200 13750 "-" "Mozilla/5.0 (Macintosh; Intel Mac OS X 10_15_7) AppleWebKit/537.36 (KHTML, like Gecko) Chrome/145.0.0.0 Safari/537.36 (compatible; meta-externalagent/1.1 (+https://developers.facebook.com/docs/sharing/webmasters/crawler))"
216.73.217.33 - - [19/Aug/2026:14:21:57 +0200] "GET /shopdetail/L90934148957?path=%2F%2Fsys%2Fkernel%2Fsunrpc HTTP/1.1" 200 14087 "-" "Mozilla/5.0 AppleWebKit/537.36 (KHTML, like Gecko; compatible; ClaudeBot/1.0; +claudebot@anthropic.com)"
216.73.217.33 - - [19/Aug/2026:14:22:02 +0200] "GET /shopdetail/L90926892811?fileloc=%2F%2Fscripts%2Frdate&path=%2F%2Fscripts HTTP/1.1" 200 13562 "-" "Mozilla/5.0 AppleWebKit/537.36 (KHTML, like Gecko; compatible; ClaudeBot/1.0; +claudebot@anthropic.com)"
2a03:2880:f814:3a:: - - [19/Aug/2026:14:22:02 +0200] "GET /polsterarbeiten/?fileloc=/home/tb1/zm-flower.de/wp-includes/media-template.php&path=/home/tb1/zm-flower.de/wp-includes HTTP/1.1" 200 13750 "-" "Mozilla/5.0 (Windows NT 10.0; Win64; x64) AppleWebKit/537.36 (KHTML, like Gecko) Chrome/145.0.0.0 Safari/537.36 (compatible; meta-externalagent/1.1 (+https://developers.facebook.com/docs/sharing/webmasters/crawler))"
216.73.217.33 - - [19/Aug/2026:14:22:07 +0200] "GET /shopdetail/L90941808499?path=%2F%2Fproc%2F6%2Ftask HTTP/1.1" 200 14072 "-" "Mozilla/5.0 AppleWebKit/537.36 (KHTML, like Gecko; compatible; ClaudeBot/1.0; +claudebot@anthropic.com)"
2a03:2880:f814:: - - [19/Aug/2026:14:22:08 +0200] "GET /polsterarbeiten/?fileloc=/home/tb1/zm-flower.de/wp-includes/class-walker-page.php&path=/home/tb1/zm-flower.de/wp-includes HTTP/1.1" 200 13753 "-" "Mozilla/5.0 (Windows NT 10.0; Win64; x64) AppleWebKit/537.36 (KHTML, like Gecko) Chrome/145.0.0.0 Safari/537.36 (compatible; meta-externalagent/1.1 (+https://developers.facebook.com/docs/sharing/webmasters/crawler))"
216.73.217.33 - - [19/Aug/2026:14:22:12 +0200] "GET /shopdetail/L90955054312?fileloc=%2F%2Fscripts%2Fmysqlconnectioncheck&path=%2F%2Fscripts HTTP/1.1" 200 13577 "-" "Mozilla/5.0 AppleWebKit/537.36 (KHTML, like Gecko; compatible; ClaudeBot/1.0; +claudebot@anthropic.com)"
2a03:2880:f814:26:: - - [19/Aug/2026:14:22:15 +0200] "GET /polsterarbeiten/?fileloc=/home/tb1/zm-flower.de/wp-includes/admin-bar.php&path=/home/tb1/zm-flower.de/wp-includes HTTP/1.1" 200 13745 "-" "Mozilla/5.0 (X11; Linux x86_64) AppleWebKit/537.36 (KHTML, like Gecko) Chrome/145.0.0.0 Safari/537.36 (compatible; meta-externalagent/1.1 (+https://developers.facebook.com/docs/sharing/webmasters/crawler))"
216.73.217.33 - - [19/Aug/2026:14:22:17 +0200] "GET /shopdetail/L90934028046?fileloc=%2F%2Fscripts%2Fauto-adjust-mysql-limits&path=%2F%2Fscripts HTTP/1.1" 200 13581 "-" "Mozilla/5.0 AppleWebKit/537.36 (KHTML, like Gecko; compatible; ClaudeBot/1.0; +claudebot@anthropic.com)"
2a03:2880:f814:19:: - - [19/Aug/2026:14:22:21 +0200] "GET /polsterarbeiten/?fileloc=/home/tb1/zm-flower.de/wp-includes/functions.wp-scripts.php&path=/home/tb1/zm-flower.de/wp-includes HTTP/1.1" 200 13756 "-" "Mozilla/5.0 (Windows NT 10.0; Win64; x64) AppleWebKit/537.36 (KHTML, like Gecko) Chrome/145.0.0.0 Safari/537.36 (compatible; meta-externalagent/1.1 (+https://developers.facebook.com/docs/sharing/webmasters/crawler))"
216.73.217.33 - - [19/Aug/2026:14:22:22 +0200] "GET /shopdetail/L90944930396?fileloc=%2F%2Fscripts%2Fclean_up_temp_wheel_users&path=%2F%2Fscripts HTTP/1.1" 200 13582 "-" "Mozilla/5.0 AppleWebKit/537.36 (KHTML, like Gecko; compatible; ClaudeBot/1.0; +claudebot@anthropic.com)"
216.73.217.33 - - [19/Aug/2026:14:22:27 +0200] "GET /shopdetail/L90934315872?fileloc=%2F%2Fscripts%2Ftry-later&path=%2F%2Fscripts HTTP/1.1" 200 13566 "-" "Mozilla/5.0 AppleWebKit/537.36 (KHTML, like Gecko; compatible; ClaudeBot/1.0; +claudebot@anthropic.com)"
2a03:2880:f814:40:: - - [19/Aug/2026:14:22:28 +0200] "GET /polsterarbeiten/?fileloc=/home/tb1/zm-flower.de/wp-includes/locale.php&path=/home/tb1/zm-flower.de/wp-includes HTTP/1.1" 200 13742 "-" "Mozilla/5.0 (Windows NT 10.0; Win64; x64) AppleWebKit/537.36 (KHTML, like Gecko) Chrome/145.0.0.0 Safari/537.36 (compatible; meta-externalagent/1.1 (+https://developers.facebook.com/docs/sharing/webmasters/crawler))"
216.73.217.33 - - [19/Aug/2026:14:22:32 +0200] "GET /shopdetail/L90947733187?path=%2F%2Fboot HTTP/1.1" 200 14002 "-" "Mozilla/5.0 AppleWebKit/537.36 (KHTML, like Gecko; compatible; ClaudeBot/1.0; +claudebot@anthropic.com)"
2a03:2880:f814:2d:: - - [19/Aug/2026:14:22:32 +0200] "GET /polsterarbeiten/?fileloc=/home/tb1/zm-flower.de/wp-includes/https-migration.php&path=/home/tb1/zm-flower.de/wp-includes HTTP/1.1" 200 13751 "-" "Mozilla/5.0 (Windows NT 10.0; Win64; x64) AppleWebKit/537.36 (KHTML, like Gecko) Chrome/145.0.0.0 Safari/537.36 (compatible; meta-externalagent/1.1 (+https://developers.facebook.com/docs/sharing/webmasters/crawler))"
216.73.217.33 - - [19/Aug/2026:14:22:38 +0200] "GET /shopdetail/L90913292881?fileloc=%2F%2Fscripts%2Funlink_service_account&path=%2F%2Fscripts HTTP/1.1" 200 13579 "-" "Mozilla/5.0 AppleWebKit/537.36 (KHTML, like Gecko; compatible; ClaudeBot/1.0; +claudebot@anthropic.com)"
2a03:2880:f814:27:: - - [19/Aug/2026:14:22:38 +0200] "GET /polsterarbeiten/?path=/home/tb1/zm-flower.de/wp-includes/style-engine HTTP/1.1" 200 14239 "-" "Mozilla/5.0 (Windows NT 10.0; Win64; x64) AppleWebKit/537.36 (KHTML, like Gecko) Chrome/145.0.0.0 Safari/537.36 (compatible; meta-externalagent/1.1 (+https://developers.facebook.com/docs/sharing/webmasters/crawler))"
2a03:2880:f814:3a:: - - [19/Aug/2026:14:22:42 +0200] "GET /polsterarbeiten/?path=/home/tb1/.caldav/anfrage@wolfganghamm-consulting.de/addressbook HTTP/1.1" 200 14286 "-" "Mozilla/5.0 (Macintosh; Intel Mac OS X 10_15_7) AppleWebKit/537.36 (KHTML, like Gecko) Chrome/145.0.0.0 Safari/537.36 (compatible; meta-externalagent/1.1 (+https://developers.facebook.com/docs/sharing/webmasters/crawler))"
216.73.217.33 - - [19/Aug/2026:14:22:42 +0200] "GET /shopdetail/L90923841607?fileloc=%2F%2Fscripts%2Fcleandns&path=%2F%2Fscripts HTTP/1.1" 200 13565 "-" "Mozilla/5.0 AppleWebKit/537.36 (KHTML, like Gecko; compatible; ClaudeBot/1.0; +claudebot@anthropic.com)"
2a03:2880:f814:2f:: - - [19/Aug/2026:14:22:47 +0200] "GET /polsterarbeiten/?fileloc=/home/tb1/zm-flower.de/wp-includes/class-wp-post-type.php&path=/home/tb1/zm-flower.de/wp-includes HTTP/1.1" 200 13754 "-" "Mozilla/5.0 (Macintosh; Intel Mac OS X 10_15_7) AppleWebKit/537.36 (KHTML, like Gecko) Chrome/145.0.0.0 Safari/537.36 (compatible; meta-externalagent/1.1 (+https://developers.facebook.com/docs/sharing/webmasters/crawler))"
216.73.217.33 - - [19/Aug/2026:14:22:47 +0200] "GET /shopdetail/L90941968177?fileloc=%2F%2Fscripts%2Funlink_service_account&path=%2F%2Fscripts HTTP/1.1" 200 13579 "-" "Mozilla/5.0 AppleWebKit/537.36 (KHTML, like Gecko; compatible; ClaudeBot/1.0; +claudebot@anthropic.com)"
2a03:2880:f814:47:: - - [19/Aug/2026:14:22:52 +0200] "GET /polsterarbeiten/?fileloc=/home/tb1/zm-flower.de/wp-includes/rewrite.php&path=/home/tb1/zm-flower.de/wp-includes HTTP/1.1" 200 13743 "-" "Mozilla/5.0 (Windows NT 10.0; Win64; x64) AppleWebKit/537.36 (KHTML, like Gecko) Chrome/145.0.0.0 Safari/537.36 (compatible; meta-externalagent/1.1 (+https://developers.facebook.com/docs/sharing/webmasters/crawler))"
216.73.217.33 - - [19/Aug/2026:14:22:52 +0200] "GET /shopdetail/L90941968177?path=%2F%2Froot HTTP/1.1" 200 14002 "-" "Mozilla/5.0 AppleWebKit/537.36 (KHTML, like Gecko; compatible; ClaudeBot/1.0; +claudebot@anthropic.com)"
2a03:2880:f814:21:: - - [19/Aug/2026:14:22:56 +0200] "GET /polsterarbeiten/?fileloc=/home/tb1/zm-flower.de/wp-includes/class-wp-user-request.php&path=/home/tb1/zm-flower.de/wp-includes HTTP/1.1" 200 13757 "-" "Mozilla/5.0 (Windows NT 10.0; Win64; x64) AppleWebKit/537.36 (KHTML, like Gecko) Chrome/145.0.0.0 Safari/537.36 (compatible; meta-externalagent/1.1 (+https://developers.facebook.com/docs/sharing/webmasters/crawler))"
216.73.217.33 - - [19/Aug/2026:14:22:57 +0200] "GET /shopdetail/L90952121877?fileloc=%2F%2Fscripts%2Fconfigure_firewall_for_cpanel&path=%2F%2Fscripts HTTP/1.1" 200 13586 "-" "Mozilla/5.0 AppleWebKit/537.36 (KHTML, like Gecko; compatible; ClaudeBot/1.0; +claudebot@anthropic.com)"
2a03:2880:f814:2a:: - - [19/Aug/2026:14:23:00 +0200] "GET /polsterarbeiten/?fileloc=/home/tb1/zm-flower.de/wp-includes/block-bindings.php&path=/home/tb1/zm-flower.de/wp-includes HTTP/1.1" 200 13750 "-" "Mozilla/5.0 (Windows NT 10.0; Win64; x64) AppleWebKit/537.36 (KHTML, like Gecko) Chrome/145.0.0.0 Safari/537.36 Edg/145.0.0.0 (compatible; meta-externalagent/1.1 (+https://developers.facebook.com/docs/sharing/webmasters/crawler))"
216.73.217.33 - - [19/Aug/2026:14:23:02 +0200] "GET /shopdetail/L90933976767?fileloc=%2F%2Fscripts%2Fcheckexim.pl&path=%2F%2Fscripts HTTP/1.1" 200 13569 "-" "Mozilla/5.0 AppleWebKit/537.36 (KHTML, like Gecko; compatible; ClaudeBot/1.0; +claudebot@anthropic.com)"
2a03:2880:f814:1b:: - - [19/Aug/2026:14:23:04 +0200] "GET /polsterarbeiten/?fileloc=/home/tb1/zm-flower.de/wp-includes/class-wp-object-cache.php&path=/home/tb1/zm-flower.de/wp-includes HTTP/1.1" 200 13757 "-" "Mozilla/5.0 (Macintosh; Intel Mac OS X 10_15_7) AppleWebKit/537.36 (KHTML, like Gecko) Chrome/145.0.0.0 Safari/537.36 (compatible; meta-externalagent/1.1 (+https://developers.facebook.com/docs/sharing/webmasters/crawler))"
216.73.217.33 - - [19/Aug/2026:14:23:07 +0200] "GET /shopdetail/L90926870462?fileloc=%2F%2Fscripts%2Frestartsrv_dnsadmin&path=%2F%2Fscripts HTTP/1.1" 200 13576 "-" "Mozilla/5.0 AppleWebKit/537.36 (KHTML, like Gecko; compatible; ClaudeBot/1.0; +claudebot@anthropic.com)"
2a03:2880:f814:13:: - - [19/Aug/2026:14:23:08 +0200] "GET /polsterarbeiten/?fileloc=/home/tb1/zm-flower.de/wp-includes/class-wp-http-response.php&path=/home/tb1/zm-flower.de/wp-includes HTTP/1.1" 200 13758 "-" "Mozilla/5.0 (Windows NT 10.0; Win64; x64) AppleWebKit/537.36 (KHTML, like Gecko) Chrome/145.0.0.0 Safari/537.36 (compatible; meta-externalagent/1.1 (+https://developers.facebook.com/docs/sharing/webmasters/crawler))"
2a03:2880:f814:46:: - - [19/Aug/2026:14:23:11 +0200] "GET /polsterarbeiten/?fileloc=/home/tb1/zm-flower.de/wp-includes/class-wp-recovery-mode-cookie-service.php&path=/home/tb1/zm-flower.de/wp-includes HTTP/1.1" 200 13773 "-" "Mozilla/5.0 (Macintosh; Intel Mac OS X 10_15_7) AppleWebKit/537.36 (KHTML, like Gecko) Chrome/145.0.0.0 Safari/537.36 (compatible; meta-externalagent/1.1 (+https://developers.facebook.com/docs/sharing/webmasters/crawler))"
216.73.217.33 - - [19/Aug/2026:14:23:12 +0200] "GET /shopdetail/L90934315872?fileloc=%2F%2Fscripts%2Fgenerate_maildirsize&path=%2F%2Fscripts HTTP/1.1" 200 13577 "-" "Mozilla/5.0 AppleWebKit/537.36 (KHTML, like Gecko; compatible; ClaudeBot/1.0; +claudebot@anthropic.com)"
2a03:2880:f814:24:: - - [19/Aug/2026:14:23:15 +0200] "GET /polsterarbeiten/?fileloc=/home/tb1/mail/.kontakt@reich-maler_de/dovecot.index.log&path=/home/tb1/mail/.kontakt@reich-maler_de HTTP/1.1" 200 13753 "-" "Mozilla/5.0 (Windows NT 10.0; Win64; x64) AppleWebKit/537.36 (KHTML, like Gecko) Chrome/145.0.0.0 Safari/537.36 (compatible; meta-externalagent/1.1 (+https://developers.facebook.com/docs/sharing/webmasters/crawler))"
216.73.217.33 - - [19/Aug/2026:14:23:17 +0200] "GET /shopdetail/L90962735931?fileloc=%2F%2Fscripts%2Fbuild_maxemails_config&path=%2F%2Fscripts HTTP/1.1" 200 13579 "-" "Mozilla/5.0 AppleWebKit/537.36 (KHTML, like Gecko; compatible; ClaudeBot/1.0; +claudebot@anthropic.com)"
2a03:2880:f814:: - - [19/Aug/2026:14:23:21 +0200] "GET /polsterarbeiten/?fileloc=/home/tb1/zm-flower.de/wp-includes/default-filters.php&path=/home/tb1/zm-flower.de/wp-includes HTTP/1.1" 200 13751 "-" "Mozilla/5.0 (Windows NT 10.0; Win64; x64) AppleWebKit/537.36 (KHTML, like Gecko) Chrome/145.0.0.0 Safari/537.36 (compatible; meta-externalagent/1.1 (+https://developers.facebook.com/docs/sharing/webmasters/crawler))"
2a03:2880:f814:3b:: - - [19/Aug/2026:14:23:21 +0200] "GET /polsterarbeiten/?fileloc=/home/tb1/zm-flower.de/wp-includes/ms-files.php&path=/home/tb1/zm-flower.de/wp-includes HTTP/1.1" 200 13744 "-" "Mozilla/5.0 (Macintosh; Intel Mac OS X 10_15_7) AppleWebKit/537.36 (KHTML, like Gecko) Chrome/145.0.0.0 Safari/537.36 (compatible; meta-externalagent/1.1 (+https://developers.facebook.com/docs/sharing/webmasters/crawler))"
216.73.217.33 - - [19/Aug/2026:14:23:22 +0200] "GET /shopdetail/L9091610106?fileloc=%2F%2Fscripts%2Fcleandns&path=%2F%2Fscripts HTTP/1.1" 200 13565 "-" "Mozilla/5.0 AppleWebKit/537.36 (KHTML, like Gecko; compatible; ClaudeBot/1.0; +claudebot@anthropic.com)"
2a03:2880:f814:17:: - - [19/Aug/2026:14:23:24 +0200] "GET /polsterarbeiten/?path=/home/tb1/mail/planet-cars.com/.contact@planet-cars.com HTTP/1.1" 200 14243 "-" "Mozilla/5.0 (Windows NT 10.0; Win64; x64) AppleWebKit/537.36 (KHTML, like Gecko) Chrome/145.0.0.0 Safari/537.36 (compatible; meta-externalagent/1.1 (+https://developers.facebook.com/docs/sharing/webmasters/crawler))"
2a03:2880:f814:3b:: - - [19/Aug/2026:14:23:27 +0200] "GET /polsterarbeiten/?fileloc=/home/tb1/zm-flower.de/wp-includes/class-wp-http-requests-response.php&path=/home/tb1/zm-flower.de/wp-includes HTTP/1.1" 200 13767 "-" "Mozilla/5.0 (Windows NT 10.0; Win64; x64) AppleWebKit/537.36 (KHTML, like Gecko) Chrome/145.0.0.0 Safari/537.36 (compatible; meta-externalagent/1.1 (+https://developers.facebook.com/docs/sharing/webmasters/crawler))"
216.73.217.33 - - [19/Aug/2026:14:23:28 +0200] "GET /shopdetail/L90923934282?fileloc=%2Fhome%2Ftb1%2Fraumausstattung-braun.com%2Fwp-includes%2Fkses.php&path=%2Fhome%2Ftb1%2Fraumausstattung-braun.com%2Fwp-includes HTTP/1.1" 200 13792 "-" "Mozilla/5.0 AppleWebKit/537.36 (KHTML, like Gecko; compatible; ClaudeBot/1.0; +claudebot@anthropic.com)"
2a03:2880:f814:20:: - - [19/Aug/2026:14:23:31 +0200] "GET /polsterarbeiten/?fileloc=/home/tb1/zm-flower.de/wp-includes/class-wp-block-metadata-registry.php&path=/home/tb1/zm-flower.de/wp-includes HTTP/1.1" 200 13768 "-" "Mozilla/5.0 (Macintosh; Intel Mac OS X 10_15_7) AppleWebKit/537.36 (KHTML, like Gecko) Chrome/145.0.0.0 Safari/537.36 (compatible; meta-externalagent/1.1 (+https://developers.facebook.com/docs/sharing/webmasters/crawler))"
216.73.217.33 - - [19/Aug/2026:14:23:33 +0200] "GET /shopdetail/L90952109374?fileloc=%2F%2Fusr%2Flib64%2Flibicutu.so.67.1&path=%2F%2Fusr%2Flib64 HTTP/1.1" 200 13605 "-" "Mozilla/5.0 AppleWebKit/537.36 (KHTML, like Gecko; compatible; ClaudeBot/1.0; +claudebot@anthropic.com)"
2a03:2880:f814:1a:: - - [19/Aug/2026:14:23:34 +0200] "GET /polsterarbeiten/?fileloc=/home/tb1/zm-flower.de/wp-includes/class-wp-block-processor.php&path=/home/tb1/zm-flower.de/wp-includes HTTP/1.1" 200 13760 "-" "Mozilla/5.0 (Macintosh; Intel Mac OS X 10_15_7) AppleWebKit/537.36 (KHTML, like Gecko) Chrome/145.0.0.0 Safari/537.36 (compatible; meta-externalagent/1.1 (+https://developers.facebook.com/docs/sharing/webmasters/crawler))"
2a03:2880:f814:3e:: - - [19/Aug/2026:14:23:36 +0200] "GET /polsterarbeiten/?path=/home/tb1/zm-flower.de/wp-includes/block-patterns HTTP/1.1" 200 14243 "-" "Mozilla/5.0 (Windows NT 10.0; Win64; x64) AppleWebKit/537.36 (KHTML, like Gecko) Chrome/145.0.0.0 Safari/537.36 (compatible; meta-externalagent/1.1 (+https://developers.facebook.com/docs/sharing/webmasters/crawler))"
216.73.217.33 - - [19/Aug/2026:14:23:38 +0200] "GET /shopdetail/L90962974752?fileloc=%2Fhome%2Ftb1%2Fraumausstattung-braun.com%2Fwp-includes%2Fhttp.php&path=%2Fhome%2Ftb1%2Fraumausstattung-braun.com%2Fwp-includes HTTP/1.1" 200 13792 "-" "Mozilla/5.0 AppleWebKit/537.36 (KHTML, like Gecko; compatible; ClaudeBot/1.0; +claudebot@anthropic.com)"
2a03:2880:f814:2a:: - - [19/Aug/2026:14:23:39 +0200] "GET /polsterarbeiten/?fileloc=/home/tb1/zm-flower.de/wp-includes/nav-menu.php&path=/home/tb1/zm-flower.de/wp-includes HTTP/1.1" 200 13744 "-" "Mozilla/5.0 (Windows NT 10.0; Win64; x64) AppleWebKit/537.36 (KHTML, like Gecko) Chrome/145.0.0.0 Safari/537.36 (compatible; meta-externalagent/1.1 (+https://developers.facebook.com/docs/sharing/webmasters/crawler))"
2a03:2880:f814:a:: - - [19/Aug/2026:14:23:42 +0200] "GET /polsterarbeiten/?fileloc=/home/tb1/zm-flower.de/wp-includes/theme.php&path=/home/tb1/zm-flower.de/wp-includes HTTP/1.1" 200 13741 "-" "Mozilla/5.0 (Macintosh; Intel Mac OS X 10_15_7) AppleWebKit/537.36 (KHTML, like Gecko) Chrome/145.0.0.0 Safari/537.36 (compatible; meta-externalagent/1.1 (+https://developers.facebook.com/docs/sharing/webmasters/crawler))"
216.73.217.33 - - [19/Aug/2026:14:23:43 +0200] "GET /shopdetail/L9092886776?fileloc=%2Fhome%2Ftb1%2Fraumausstattung-braun.com%2Fwp-admin%2Ffont-library.php&path=%2Fhome%2Ftb1%2Fraumausstattung-braun.com%2Fwp-admin HTTP/1.1" 200 13791 "-" "Mozilla/5.0 AppleWebKit/537.36 (KHTML, like Gecko; compatible; ClaudeBot/1.0; +claudebot@anthropic.com)"
2a03:2880:f814:17:: - - [19/Aug/2026:14:23:44 +0200] "GET /polsterarbeiten/?fileloc=/home/tb1/zm-flower.de/wp-includes/class-wp-phpmailer.php&path=/home/tb1/zm-flower.de/wp-includes HTTP/1.1" 200 13754 "-" "Mozilla/5.0 (Macintosh; Intel Mac OS X 10_15_7) AppleWebKit/537.36 (KHTML, like Gecko) Chrome/145.0.0.0 Safari/537.36 (compatible; meta-externalagent/1.1 (+https://developers.facebook.com/docs/sharing/webmasters/crawler))"
216.73.217.33 - - [19/Aug/2026:14:23:48 +0200] "GET /shopdetail/L90965757922?fileloc=%2F%2Flib64%2Flibblkid.so&path=%2F%2Flib64 HTTP/1.1" 200 394905 "-" "Mozilla/5.0 AppleWebKit/537.36 (KHTML, like Gecko; compatible; ClaudeBot/1.0; +claudebot@anthropic.com)"
2a03:2880:f814:43:: - - [19/Aug/2026:14:23:49 +0200] "GET /polsterarbeiten/?fileloc=/home/tb1/zm-flower.de/wp-includes/theme.json&path=/home/tb1/zm-flower.de/wp-includes HTTP/1.1" 200 13742 "-" "Mozilla/5.0 (Macintosh; Intel Mac OS X 10_15_7) AppleWebKit/537.36 (KHTML, like Gecko) Chrome/145.0.0.0 Safari/537.36 (compatible; meta-externalagent/1.1 (+https://developers.facebook.com/docs/sharing/webmasters/crawler))"
2a03:2880:f814:20:: - - [19/Aug/2026:14:23:52 +0200] "GET /polsterarbeiten/?fileloc=/home/tb1/zm-flower.de/wp-includes/pluggable.php&path=/home/tb1/zm-flower.de/wp-includes HTTP/1.1" 200 13745 "-" "Mozilla/5.0 (Windows NT 10.0; Win64; x64) AppleWebKit/537.36 (KHTML, like Gecko) Chrome/145.0.0.0 Safari/537.36 (compatible; meta-externalagent/1.1 (+https://developers.facebook.com/docs/sharing/webmasters/crawler))"
216.73.217.33 - - [19/Aug/2026:14:23:53 +0200] "GET /shopdetail/L90965717076?fileloc=%2Fhome%2Ftb1%2Fraumausstattung-braun.com%2Fwp-admin%2Ffont-library.php&path=%2Fhome%2Ftb1%2Fraumausstattung-braun.com%2Fwp-admin HTTP/1.1" 200 13791 "-" "Mozilla/5.0 AppleWebKit/537.36 (KHTML, like Gecko; compatible; ClaudeBot/1.0; +claudebot@anthropic.com)"
2a03:2880:f814:1e:: - - [19/Aug/2026:14:23:54 +0200] "GET /polsterarbeiten/?fileloc=/home/tb1/zm-flower.de/wp-includes/media.php&path=/home/tb1/zm-flower.de/wp-includes HTTP/1.1" 200 13741 "-" "Mozilla/5.0 (Windows NT 10.0; Win64; x64) AppleWebKit/537.36 (KHTML, like Gecko) Chrome/145.0.0.0 Safari/537.36 (compatible; meta-externalagent/1.1 (+https://developers.facebook.com/docs/sharing/webmasters/crawler))"
2a03:2880:f814:3:: - - [19/Aug/2026:14:23:56 +0200] "GET /polsterarbeiten/?fileloc=/home/tb1/zm-flower.de/wp-includes/embed-template.php&path=/home/tb1/zm-flower.de/wp-includes HTTP/1.1" 200 13750 "-" "Mozilla/5.0 (Windows NT 10.0; Win64; x64) AppleWebKit/537.36 (KHTML, like Gecko) Chrome/145.0.0.0 Safari/537.36 (compatible; meta-externalagent/1.1 (+https://developers.facebook.com/docs/sharing/webmasters/crawler))"
2a03:2880:f814:41:: - - [19/Aug/2026:14:23:56 +0200] "GET /polsterarbeiten/?fileloc=/home/tb1/zm-flower.de/wp-includes/utf8.php&path=/home/tb1/zm-flower.de/wp-includes HTTP/1.1" 200 13740 "-" "Mozilla/5.0 (Windows NT 10.0; Win64; x64) AppleWebKit/537.36 (KHTML, like Gecko) Chrome/145.0.0.0 Safari/537.36 (compatible; meta-externalagent/1.1 (+https://developers.facebook.com/docs/sharing/webmasters/crawler))"
216.73.217.33 - - [19/Aug/2026:14:23:58 +0200] "GET /shopdetail/L90965717076?fileloc=%2Fhome%2Ftb1%2Fraumausstattung-braun.com%2Fwp-admin%2Flink.php&path=%2Fhome%2Ftb1%2Fraumausstattung-braun.com%2Fwp-admin HTTP/1.1" 200 13783 "-" "Mozilla/5.0 AppleWebKit/537.36 (KHTML, like Gecko; compatible; ClaudeBot/1.0; +claudebot@anthropic.com)"
2a03:2880:f814:19:: - - [19/Aug/2026:14:23:59 +0200] "GET /polsterarbeiten/?fileloc=/home/tb1/zm-flower.de/wp-includes/class-smtp.php&path=/home/tb1/zm-flower.de/wp-includes HTTP/1.1" 200 13746 "-" "Mozilla/5.0 (Windows NT 10.0; Win64; x64) AppleWebKit/537.36 (KHTML, like Gecko) Chrome/145.0.0.0 Safari/537.36 (compatible; meta-externalagent/1.1 (+https://developers.facebook.com/docs/sharing/webmasters/crawler))"
216.73.217.33 - - [19/Aug/2026:14:24:03 +0200] "GET /shopdetail/L90947828199?fileloc=%2Fhome%2Ftb1%2Fraumausstattung-braun.com%2Fwp-includes%2Ftaxonomy.php&path=%2Fhome%2Ftb1%2Fraumausstattung-braun.com%2Fwp-includes HTTP/1.1" 200 13796 "-" "Mozilla/5.0 AppleWebKit/537.36 (KHTML, like Gecko; compatible; ClaudeBot/1.0; +claudebot@anthropic.com)"
2a03:2880:f814:27:: - - [19/Aug/2026:14:24:05 +0200] "GET /polsterarbeiten/?fileloc=/home/tb1/zm-flower.de/wp-includes/http.php&path=/home/tb1/zm-flower.de/wp-includes HTTP/1.1" 200 13740 "-" "Mozilla/5.0 (Macintosh; Intel Mac OS X 10_15_7) AppleWebKit/537.36 (KHTML, like Gecko) Chrome/145.0.0.0 Safari/537.36 (compatible; meta-externalagent/1.1 (+https://developers.facebook.com/docs/sharing/webmasters/crawler))"
2a03:2880:f814:23:: - - [19/Aug/2026:14:24:05 +0200] "GET /polsterarbeiten/?path=/home/tb1/.caldav/anfrage@wolfganghamm-consulting.de/calendar HTTP/1.1" 200 14280 "-" "Mozilla/5.0 (Windows NT 10.0; Win64; x64) AppleWebKit/537.36 (KHTML, like Gecko) Chrome/145.0.0.0 Safari/537.36 (compatible; meta-externalagent/1.1 (+https://developers.facebook.com/docs/sharing/webmasters/crawler))"
2a03:2880:f814:18:: - - [19/Aug/2026:14:24:06 +0200] "GET /polsterarbeiten/?fileloc=/home/tb1/zm-flower.de/wp-includes/class.wp-styles.php&path=/home/tb1/zm-flower.de/wp-includes HTTP/1.1" 200 13751 "-" "Mozilla/5.0 (Windows NT 10.0; Win64; x64) AppleWebKit/537.36 (KHTML, like Gecko) Chrome/145.0.0.0 Safari/537.36 (compatible; meta-externalagent/1.1 (+https://developers.facebook.com/docs/sharing/webmasters/crawler))"
216.73.217.33 - - [19/Aug/2026:14:24:08 +0200] "GET /shopdetail/L90947697706?fileloc=%2Fhome%2Ftb1%2Fsaubereluft-pf.de%2Fwp-mail.php&path=%2Fhome%2Ftb1%2Fsaubereluft-pf.de HTTP/1.1" 200 13679 "-" "Mozilla/5.0 AppleWebKit/537.36 (KHTML, like Gecko; compatible; ClaudeBot/1.0; +claudebot@anthropic.com)"
2a03:2880:f814:16:: - - [19/Aug/2026:14:24:08 +0200] "GET /polsterarbeiten/?fileloc=/home/tb1/zm-flower.de/wp-includes/class-simplepie.php&path=/home/tb1/zm-flower.de/wp-includes HTTP/1.1" 200 13751 "-" "Mozilla/5.0 (Macintosh; Intel Mac OS X 10_15_7) AppleWebKit/537.36 (KHTML, like Gecko) Chrome/145.0.0.0 Safari/537.36 (compatible; meta-externalagent/1.1 (+https://developers.facebook.com/docs/sharing/webmasters/crawler))"
2a03:2880:f814:33:: - - [19/Aug/2026:14:24:10 +0200] "GET /polsterarbeiten/?fileloc=/home/tb1/mail/.anfrage@praxis-mariaschuetz_de/dovecot-uidvalidity.695cd59f&path=/home/tb1/mail/.anfrage@praxis-mariaschuetz_de HTTP/1.1" 200 13788 "-" "Mozilla/5.0 (Windows NT 10.0; Win64; x64) AppleWebKit/537.36 (KHTML, like Gecko) Chrome/145.0.0.0 Safari/537.36 (compatible; meta-externalagent/1.1 (+https://developers.facebook.com/docs/sharing/webmasters/crawler))"
2a03:2880:f814:6:: - - [19/Aug/2026:14:24:12 +0200] "GET /polsterarbeiten/?fileloc=/home/tb1/zm-flower.de/wp-includes/class-wp-exception.php&path=/home/tb1/zm-flower.de/wp-includes HTTP/1.1" 200 13754 "-" "Mozilla/5.0 (Windows NT 10.0; Win64; x64) AppleWebKit/537.36 (KHTML, like Gecko) Chrome/145.0.0.0 Safari/537.36 (compatible; meta-externalagent/1.1 (+https://developers.facebook.com/docs/sharing/webmasters/crawler))"
216.73.217.33 - - [19/Aug/2026:14:24:13 +0200] "GET /shopdetail/L9091359249?fileloc=%2Fhome%2Ftb1%2Fraumausstattung-braun.com%2Fwp-admin%2Ferase-personal-data.php&path=%2Fhome%2Ftb1%2Fraumausstattung-braun.com%2Fwp-admin HTTP/1.1" 200 13798 "-" "Mozilla/5.0 AppleWebKit/537.36 (KHTML, like Gecko; compatible; ClaudeBot/1.0; +claudebot@anthropic.com)"
2a03:2880:f814:29:: - - [19/Aug/2026:14:24:14 +0200] "GET /polsterarbeiten/?fileloc=/home/tb1/zm-flower.de/wp-includes/class-phpmailer.php&path=/home/tb1/zm-flower.de/wp-includes HTTP/1.1" 200 13751 "-" "Mozilla/5.0 (Windows NT 10.0; Win64; x64) AppleWebKit/537.36 (KHTML, like Gecko) Chrome/145.0.0.0 Safari/537.36 (compatible; meta-externalagent/1.1 (+https://developers.facebook.com/docs/sharing/webmasters/crawler))"
2a03:2880:f814:6:: - - [19/Aug/2026:14:24:16 +0200] "GET /polsterarbeiten/?fileloc=/home/tb1/zm-flower.de/wp-includes/class-wp-block-type.php&path=/home/tb1/zm-flower.de/wp-includes HTTP/1.1" 200 13755 "-" "Mozilla/5.0 (Macintosh; Intel Mac OS X 10_15_7) AppleWebKit/537.36 (KHTML, like Gecko) Chrome/145.0.0.0 Safari/537.36 (compatible; meta-externalagent/1.1 (+https://developers.facebook.com/docs/sharing/webmasters/crawler))"
216.73.217.33 - - [19/Aug/2026:14:24:18 +0200] "GET /shopdetail/L90941968177?path=%2Fhome%2Ftb1%2Fvf-malerbetrieb.de HTTP/1.1" 200 14103 "-" "Mozilla/5.0 AppleWebKit/537.36 (KHTML, like Gecko; compatible; ClaudeBot/1.0; +claudebot@anthropic.com)"
2a03:2880:f814:46:: - - [19/Aug/2026:14:24:18 +0200] "GET /polsterarbeiten/?path=/home/tb1/zm-flower.de/wp-includes/rest-api HTTP/1.1" 200 14231 "-" "Mozilla/5.0 (Windows NT 10.0; Win64; x64) AppleWebKit/537.36 (KHTML, like Gecko) Chrome/145.0.0.0 Safari/537.36 (compatible; meta-externalagent/1.1 (+https://developers.facebook.com/docs/sharing/webmasters/crawler))"
216.73.217.33 - - [19/Aug/2026:14:24:23 +0200] "GET /shopdetail/L90955054312?fileloc=%2F%2Fbin%2Fyum-config-manager&path=%2F%2Fbin HTTP/1.1" 200 13563 "-" "Mozilla/5.0 AppleWebKit/537.36 (KHTML, like Gecko; compatible; ClaudeBot/1.0; +claudebot@anthropic.com)"
2a03:2880:f814:3b:: - - [19/Aug/2026:14:24:24 +0200] "GET /polsterarbeiten/?fileloc=/home/tb1/mail/.kontakt@reich-maler_de/dovecot-uidvalidity&path=/home/tb1/mail/.kontakt@reich-maler_de HTTP/1.1" 200 13755 "-" "Mozilla/5.0 (Windows NT 10.0; Win64; x64) AppleWebKit/537.36 (KHTML, like Gecko) Chrome/145.0.0.0 Safari/537.36 Edg/145.0.0.0 (compatible; meta-externalagent/1.1 (+https://developers.facebook.com/docs/sharing/webmasters/crawler))"
2a03:2880:f814:45:: - - [19/Aug/2026:14:24:26 +0200] "GET /polsterarbeiten/?fileloc=/home/tb1/mail/.kontakt@reich-maler_de/dovecot.list.index.log&path=/home/tb1/mail/.kontakt@reich-maler_de HTTP/1.1" 200 13758 "-" "Mozilla/5.0 (Windows NT 10.0; Win64; x64) AppleWebKit/537.36 (KHTML, like Gecko) Chrome/145.0.0.0 Safari/537.36 (compatible; meta-externalagent/1.1 (+https://developers.facebook.com/docs/sharing/webmasters/crawler))"
2a03:2880:f814:21:: - - [19/Aug/2026:14:24:27 +0200] "GET /polsterarbeiten/?fileloc=/home/tb1/zm-flower.de/wp-includes/ms-site.php&path=/home/tb1/zm-flower.de/wp-includes HTTP/1.1" 200 13743 "-" "Mozilla/5.0 (Macintosh; Intel Mac OS X 10_15_7) AppleWebKit/537.36 (KHTML, like Gecko) Chrome/145.0.0.0 Safari/537.36 (compatible; meta-externalagent/1.1 (+https://developers.facebook.com/docs/sharing/webmasters/crawler))"
216.73.217.33 - - [19/Aug/2026:14:24:28 +0200] "GET /shopdetail/L9091744342?fileloc=%2Fhome%2Ftb1%2Fraumausstattung-braun.com%2Fwp-admin%2Flink.php&path=%2Fhome%2Ftb1%2Fraumausstattung-braun.com%2Fwp-admin HTTP/1.1" 200 13783 "-" "Mozilla/5.0 AppleWebKit/537.36 (KHTML, like Gecko; compatible; ClaudeBot/1.0; +claudebot@anthropic.com)"
2a03:2880:f814:20:: - - [19/Aug/2026:14:24:28 +0200] "GET /polsterarbeiten/?fileloc=/home/tb1/zm-flower.de/wp-includes/class-wp-exception.php&path=/home/tb1/zm-flower.de/wp-includes HTTP/1.1" 200 13754 "-" "Mozilla/5.0 (Windows NT 10.0; Win64; x64) AppleWebKit/537.36 (KHTML, like Gecko) Chrome/145.0.0.0 Safari/537.36 (compatible; meta-externalagent/1.1 (+https://developers.facebook.com/docs/sharing/webmasters/crawler))"
2a03:2880:f814:30:: - - [19/Aug/2026:14:24:30 +0200] "GET /polsterarbeiten/?fileloc=/home/tb1/zm-flower.de/wp-includes/class-wp-date-query.php&path=/home/tb1/zm-flower.de/wp-includes HTTP/1.1" 200 13755 "-" "Mozilla/5.0 (Macintosh; Intel Mac OS X 10_15_7) AppleWebKit/537.36 (KHTML, like Gecko) Chrome/145.0.0.0 Safari/537.36 (compatible; meta-externalagent/1.1 (+https://developers.facebook.com/docs/sharing/webmasters/crawler))"
2a03:2880:f814:7:: - - [19/Aug/2026:14:24:32 +0200] "GET /polsterarbeiten/?fileloc=/home/tb1/zm-flower.de/wp-includes/class-wp-post.php&path=/home/tb1/zm-flower.de/wp-includes HTTP/1.1" 200 13749 "-" "Mozilla/5.0 (Windows NT 10.0; Win64; x64) AppleWebKit/537.36 (KHTML, like Gecko) Chrome/145.0.0.0 Safari/537.36 (compatible; meta-externalagent/1.1 (+https://developers.facebook.com/docs/sharing/webmasters/crawler))"
216.73.217.33 - - [19/Aug/2026:14:24:33 +0200] "GET /shopdetail/L9092903322?fileloc=%2Fhome%2Ftb1%2Fraumausstattung-braun.com%2Fwp-admin%2Ferase-personal-data.php&path=%2Fhome%2Ftb1%2Fraumausstattung-braun.com%2Fwp-admin HTTP/1.1" 200 13798 "-" "Mozilla/5.0 AppleWebKit/537.36 (KHTML, like Gecko; compatible; ClaudeBot/1.0; +claudebot@anthropic.com)"
2a03:2880:f814:: - - [19/Aug/2026:14:24:33 +0200] "GET /polsterarbeiten/?path=/home/tb1/mail/.anfrage@praxis-mariaschuetz_de/.Sent HTTP/1.1" 200 14253 "-" "Mozilla/5.0 (Macintosh; Intel Mac OS X 10_15_7) AppleWebKit/537.36 (KHTML, like Gecko) Chrome/145.0.0.0 Safari/537.36 (compatible; meta-externalagent/1.1 (+https://developers.facebook.com/docs/sharing/webmasters/crawler))"
2a03:2880:f814:b:: - - [19/Aug/2026:14:24:36 +0200] "GET /polsterarbeiten/?fileloc=/home/tb1/zm-flower.de/wp-includes/class-wp-block-type.php&path=/home/tb1/zm-flower.de/wp-includes HTTP/1.1" 200 13755 "-" "Mozilla/5.0 (Windows NT 10.0; Win64; x64) AppleWebKit/537.36 (KHTML, like Gecko) Chrome/145.0.0.0 Safari/537.36 (compatible; meta-externalagent/1.1 (+https://developers.facebook.com/docs/sharing/webmasters/crawler))"
2a03:2880:f814:30:: - - [19/Aug/2026:14:24:37 +0200] "GET /polsterarbeiten/?path=/home/tb1/zm-flower.de/wp-includes/rest-api HTTP/1.1" 200 14231 "-" "Mozilla/5.0 (Windows NT 10.0; Win64; x64) AppleWebKit/537.36 (KHTML, like Gecko) Chrome/145.0.0.0 Safari/537.36 (compatible; meta-externalagent/1.1 (+https://developers.facebook.com/docs/sharing/webmasters/crawler))"
216.73.217.33 - - [19/Aug/2026:14:24:38 +0200] "GET /shopdetail/L9092810149?fileloc=%2Fhome%2Ftb1%2Fraumausstattung-braun.com%2Fwp-admin%2Fms-sites.php&path=%2Fhome%2Ftb1%2Fraumausstattung-braun.com%2Fwp-admin HTTP/1.1" 200 13787 "-" "Mozilla/5.0 AppleWebKit/537.36 (KHTML, like Gecko; compatible; ClaudeBot/1.0; +claudebot@anthropic.com)"
2a03:2880:f814:16:: - - [19/Aug/2026:14:24:40 +0200] "GET /polsterarbeiten/?fileloc=/home/tb1/zm-flower.de/wp-includes/class-wp-text-diff-renderer-inline.php&path=/home/tb1/zm-flower.de/wp-includes HTTP/1.1" 200 13770 "-" "Mozilla/5.0 (Macintosh; Intel Mac OS X 10_15_7) AppleWebKit/537.36 (KHTML, like Gecko) Chrome/145.0.0.0 Safari/537.36 (compatible; meta-externalagent/1.1 (+https://developers.facebook.com/docs/sharing/webmasters/crawler))"
2a03:2880:f814:14:: - - [19/Aug/2026:14:24:41 +0200] "GET /polsterarbeiten/?fileloc=/home/tb1/zm-flower.de/wp-includes/class-wp-user.php&path=/home/tb1/zm-flower.de/wp-includes HTTP/1.1" 200 13749 "-" "Mozilla/5.0 (Windows NT 10.0; Win64; x64) AppleWebKit/537.36 (KHTML, like Gecko) Chrome/145.0.0.0 Safari/537.36 (compatible; meta-externalagent/1.1 (+https://developers.facebook.com/docs/sharing/webmasters/crawler))"
2a03:2880:f814:1e:: - - [19/Aug/2026:14:24:43 +0200] "GET /polsterarbeiten/?fileloc=/home/tb1/mail/.anfrage@praxis-mariaschuetz_de/dovecot.index.cache&path=/home/tb1/mail/.anfrage@praxis-mariaschuetz_de HTTP/1.1" 200 13779 "-" "Mozilla/5.0 (Windows NT 10.0; Win64; x64) AppleWebKit/537.36 (KHTML, like Gecko) Chrome/145.0.0.0 Safari/537.36 (compatible; meta-externalagent/1.1 (+https://developers.facebook.com/docs/sharing/webmasters/crawler))"
2a03:2880:f814:3:: - - [19/Aug/2026:14:24:44 +0200] "GET /polsterarbeiten/?fileloc=/home/tb1/mail/.kontakt@reich-maler_de/dovecot-uidvalidity.693bdfb1&path=/home/tb1/mail/.kontakt@reich-maler_de HTTP/1.1" 200 13764 "-" "Mozilla/5.0 (Windows NT 10.0; Win64; x64) AppleWebKit/537.36 (KHTML, like Gecko) Chrome/145.0.0.0 Safari/537.36 (compatible; meta-externalagent/1.1 (+https://developers.facebook.com/docs/sharing/webmasters/crawler))"
216.73.217.33 - - [19/Aug/2026:14:24:44 +0200] "GET /shopdetail/L90934036624?fileloc=%2F%2Flib64%2Flibfido2.so.1.14.0&path=%2F%2Flib64 HTTP/1.1" 200 368944 "-" "Mozilla/5.0 AppleWebKit/537.36 (KHTML, like Gecko; compatible; ClaudeBot/1.0; +claudebot@anthropic.com)"
2a03:2880:f814:24:: - - [19/Aug/2026:14:24:46 +0200] "GET /polsterarbeiten/?fileloc=/home/tb1/zm-flower.de/wp-includes/worksec.php&path=/home/tb1/zm-flower.de/wp-includes HTTP/1.1" 200 13743 "-" "Mozilla/5.0 (X11; Linux x86_64) AppleWebKit/537.36 (KHTML, like Gecko) Chrome/145.0.0.0 Safari/537.36 (compatible; meta-externalagent/1.1 (+https://developers.facebook.com/docs/sharing/webmasters/crawler))"
2a03:2880:f814:17:: - - [19/Aug/2026:14:24:48 +0200] "GET /polsterarbeiten/?fileloc=/home/tb1/zm-flower.de/wp-includes/feed.php&path=/home/tb1/zm-flower.de/wp-includes HTTP/1.1" 200 13740 "-" "Mozilla/5.0 (Windows NT 10.0; Win64; x64) AppleWebKit/537.36 (KHTML, like Gecko) Chrome/145.0.0.0 Safari/537.36 (compatible; meta-externalagent/1.1 (+https://developers.facebook.com/docs/sharing/webmasters/crawler))"
216.73.217.33 - - [19/Aug/2026:14:24:48 +0200] "GET /shopdetail/L90955395492?path=%2Fhome%2Fvzrsyfz HTTP/1.1" 200 14043 "-" "Mozilla/5.0 AppleWebKit/537.36 (KHTML, like Gecko; compatible; ClaudeBot/1.0; +claudebot@anthropic.com)"
