66.249.68.130 - - [20/Aug/2026:11:09:42 +0200] "GET /?p=yfll159saakm23998rrwayvxjwb HTTP/1.1" 200 64198 "-" "Mozilla/5.0 (Linux; Android 6.0.1; Nexus 5X Build/MMB29P) AppleWebKit/537.36 (KHTML, like Gecko) Chrome/151.0.7922.137 Mobile Safari/537.36 (compatible; GoogleOther)"
74.7.241.13 - - [20/Aug/2026:11:10:02 +0200] "GET /?m=lwoh5ro14608dwzptycjbs HTTP/1.1" 500 - "https://zimmerei-boettcher.de/sitemap_index.xml" "Mozilla/5.0 AppleWebKit/537.36 (KHTML, like Gecko; compatible; GPTBot/1.4; +https://openai.com/gptbot)"
74.7.241.13 - - [20/Aug/2026:11:10:23 +0200] "GET /?f=bxc3katsu3072sbpqytghxu HTTP/1.1" 500 - "https://zimmerei-boettcher.de/sitemap_index.xml" "Mozilla/5.0 AppleWebKit/537.36 (KHTML, like Gecko; compatible; GPTBot/1.4; +https://openai.com/gptbot)"
66.249.68.129 - - [20/Aug/2026:11:10:39 +0200] "GET /?o=lqgd154sg36805uccveuyoo HTTP/1.1" 200 60604 "-" "Mozilla/5.0 (Linux; Android 6.0.1; Nexus 5X Build/MMB29P) AppleWebKit/537.36 (KHTML, like Gecko) Chrome/151.0.7922.137 Mobile Safari/537.36 (compatible; GoogleOther)"
74.7.241.13 - - [20/Aug/2026:11:10:45 +0200] "GET /?d=hydpr284n3719bdcncvzsqm HTTP/1.1" 500 - "https://zimmerei-boettcher.de/sitemap_index.xml" "Mozilla/5.0 AppleWebKit/537.36 (KHTML, like Gecko; compatible; GPTBot/1.4; +https://openai.com/gptbot)"
74.7.241.13 - - [20/Aug/2026:11:11:05 +0200] "GET /?b=iyfl60hc32921fpzpkupesj HTTP/1.1" 500 - "https://zimmerei-boettcher.de/sitemap_index.xml" "Mozilla/5.0 AppleWebKit/537.36 (KHTML, like Gecko; compatible; GPTBot/1.4; +https://openai.com/gptbot)"
74.7.241.13 - - [20/Aug/2026:11:11:25 +0200] "GET /?i=phbo17tgven2974eoamgzmw HTTP/1.1" 500 - "https://zimmerei-boettcher.de/sitemap_index.xml" "Mozilla/5.0 AppleWebKit/537.36 (KHTML, like Gecko; compatible; GPTBot/1.4; +https://openai.com/gptbot)"
74.7.241.13 - - [20/Aug/2026:11:11:46 +0200] "GET /?p=vzcxc77jvqva5148rmreluo HTTP/1.1" 500 - "https://zimmerei-boettcher.de/sitemap_index.xml" "Mozilla/5.0 AppleWebKit/537.36 (KHTML, like Gecko; compatible; GPTBot/1.4; +https://openai.com/gptbot)"
74.7.241.13 - - [20/Aug/2026:11:12:06 +0200] "GET /?h=uaqr300sxgkf4265humqowuotz HTTP/1.1" 500 - "https://zimmerei-boettcher.de/sitemap_index.xml" "Mozilla/5.0 AppleWebKit/537.36 (KHTML, like Gecko; compatible; GPTBot/1.4; +https://openai.com/gptbot)"
74.7.241.13 - - [20/Aug/2026:11:12:27 +0200] "GET /?a=thw81cp31976glmydiouzh HTTP/1.1" 500 - "https://zimmerei-boettcher.de/sitemap_index.xml" "Mozilla/5.0 AppleWebKit/537.36 (KHTML, like Gecko; compatible; GPTBot/1.4; +https://openai.com/gptbot)"
74.7.241.13 - - [20/Aug/2026:11:12:48 +0200] "GET /?w=qldt33rcx16566yrvjarhesj HTTP/1.1" 500 - "https://zimmerei-boettcher.de/sitemap_index.xml" "Mozilla/5.0 AppleWebKit/537.36 (KHTML, like Gecko; compatible; GPTBot/1.4; +https://openai.com/gptbot)"
74.7.241.13 - - [20/Aug/2026:11:13:08 +0200] "GET /?o=zhpht72th34979bvabfmlce HTTP/1.1" 500 - "https://zimmerei-boettcher.de/sitemap_index.xml" "Mozilla/5.0 AppleWebKit/537.36 (KHTML, like Gecko; compatible; GPTBot/1.4; +https://openai.com/gptbot)"
74.7.241.13 - - [20/Aug/2026:11:13:31 +0200] "GET /?i=dhaz19nrx18720irqqbjxki HTTP/1.1" 500 - "https://zimmerei-boettcher.de/sitemap_index.xml" "Mozilla/5.0 AppleWebKit/537.36 (KHTML, like Gecko; compatible; GPTBot/1.4; +https://openai.com/gptbot)"
74.7.241.13 - - [20/Aug/2026:11:13:49 +0200] "GET /?m=uhj79wdt10250uqgsnjkgqu HTTP/1.1" 500 - "https://zimmerei-boettcher.de/sitemap_index.xml" "Mozilla/5.0 AppleWebKit/537.36 (KHTML, like Gecko; compatible; GPTBot/1.4; +https://openai.com/gptbot)"
74.7.241.13 - - [20/Aug/2026:11:14:10 +0200] "GET /?a=htvu12xhse34151eaqfqcrl HTTP/1.1" 500 - "https://zimmerei-boettcher.de/sitemap_index.xml" "Mozilla/5.0 AppleWebKit/537.36 (KHTML, like Gecko; compatible; GPTBot/1.4; +https://openai.com/gptbot)"
66.249.68.129 - - [20/Aug/2026:11:14:10 +0200] "GET /special/150031594.html HTTP/1.1" 200 61271 "-" "Mozilla/5.0 (Linux; Android 6.0.1; Nexus 5X Build/MMB29P) AppleWebKit/537.36 (KHTML, like Gecko) Chrome/151.0.7922.137 Mobile Safari/537.36 (compatible; GoogleOther)"
74.7.241.13 - - [20/Aug/2026:11:14:31 +0200] "GET /?o=xorfc23usxih24602naefdd HTTP/1.1" 500 - "https://zimmerei-boettcher.de/sitemap_index.xml" "Mozilla/5.0 AppleWebKit/537.36 (KHTML, like Gecko; compatible; GPTBot/1.4; +https://openai.com/gptbot)"
74.7.241.13 - - [20/Aug/2026:11:14:53 +0200] "GET /?i=uulz92wiy43135hxrucalmz HTTP/1.1" 500 - "https://zimmerei-boettcher.de/sitemap_index.xml" "Mozilla/5.0 AppleWebKit/537.36 (KHTML, like Gecko; compatible; GPTBot/1.4; +https://openai.com/gptbot)"
74.7.241.13 - - [20/Aug/2026:11:15:13 +0200] "GET /?f=pexay38tqvbq30777hujhfyysna HTTP/1.1" 500 - "https://zimmerei-boettcher.de/sitemap_index.xml" "Mozilla/5.0 AppleWebKit/537.36 (KHTML, like Gecko; compatible; GPTBot/1.4; +https://openai.com/gptbot)"
74.7.241.13 - - [20/Aug/2026:11:15:35 +0200] "GET /?u=jszte127ircma624khmucbvkbo HTTP/1.1" 500 - "https://zimmerei-boettcher.de/sitemap_index.xml" "Mozilla/5.0 AppleWebKit/537.36 (KHTML, like Gecko; compatible; GPTBot/1.4; +https://openai.com/gptbot)"
66.249.68.130 - - [20/Aug/2026:11:15:38 +0200] "GET /?f=mppq297jjfg26390xirjjhtb HTTP/1.1" 200 76868 "-" "Mozilla/5.0 (Linux; Android 6.0.1; Nexus 5X Build/MMB29P) AppleWebKit/537.36 (KHTML, like Gecko) Chrome/151.0.7922.137 Mobile Safari/537.36 (compatible; GoogleOther)"
74.7.241.13 - - [20/Aug/2026:11:15:57 +0200] "GET /?b=pucc43twwxh24586qqzjxbvp HTTP/1.1" 500 - "https://zimmerei-boettcher.de/sitemap_index.xml" "Mozilla/5.0 AppleWebKit/537.36 (KHTML, like Gecko; compatible; GPTBot/1.4; +https://openai.com/gptbot)"
74.7.241.13 - - [20/Aug/2026:11:16:17 +0200] "GET /?z=iipb32hwoh19535brxnmtvrz HTTP/1.1" 500 - "https://zimmerei-boettcher.de/sitemap_index.xml" "Mozilla/5.0 AppleWebKit/537.36 (KHTML, like Gecko; compatible; GPTBot/1.4; +https://openai.com/gptbot)"
74.7.241.13 - - [20/Aug/2026:11:16:38 +0200] "GET /?w=hjofv165jnzv6232erzpdgu HTTP/1.1" 500 - "https://zimmerei-boettcher.de/sitemap_index.xml" "Mozilla/5.0 AppleWebKit/537.36 (KHTML, like Gecko; compatible; GPTBot/1.4; +https://openai.com/gptbot)"
74.7.241.13 - - [20/Aug/2026:11:16:59 +0200] "GET /?h=wcr112umani2713sfbygegy HTTP/1.1" 500 - "https://zimmerei-boettcher.de/sitemap_index.xml" "Mozilla/5.0 AppleWebKit/537.36 (KHTML, like Gecko; compatible; GPTBot/1.4; +https://openai.com/gptbot)"
74.7.241.13 - - [20/Aug/2026:11:17:20 +0200] "GET /?r=xqa186lfjhv8511epfvwduk HTTP/1.1" 500 - "https://zimmerei-boettcher.de/sitemap_index.xml" "Mozilla/5.0 AppleWebKit/537.36 (KHTML, like Gecko; compatible; GPTBot/1.4; +https://openai.com/gptbot)"
74.7.241.13 - - [20/Aug/2026:11:17:42 +0200] "GET /?t=xidyp162efgus8129ipajgz HTTP/1.1" 500 - "https://zimmerei-boettcher.de/sitemap_index.xml" "Mozilla/5.0 AppleWebKit/537.36 (KHTML, like Gecko; compatible; GPTBot/1.4; +https://openai.com/gptbot)"
74.7.241.13 - - [20/Aug/2026:11:18:08 +0200] "GET /?z=vym134yovsb6877fmoidlgp HTTP/1.1" 500 - "https://zimmerei-boettcher.de/sitemap_index.xml" "Mozilla/5.0 AppleWebKit/537.36 (KHTML, like Gecko; compatible; GPTBot/1.4; +https://openai.com/gptbot)"
74.7.241.13 - - [20/Aug/2026:11:18:23 +0200] "GET /?w=aov106xhdv6399ueygwlrak HTTP/1.1" 500 - "https://zimmerei-boettcher.de/sitemap_index.xml" "Mozilla/5.0 AppleWebKit/537.36 (KHTML, like Gecko; compatible; GPTBot/1.4; +https://openai.com/gptbot)"
74.7.241.13 - - [20/Aug/2026:11:18:44 +0200] "GET /?x=oqhjv92is34311xvycjrlub HTTP/1.1" 500 - "https://zimmerei-boettcher.de/sitemap_index.xml" "Mozilla/5.0 AppleWebKit/537.36 (KHTML, like Gecko; compatible; GPTBot/1.4; +https://openai.com/gptbot)"
74.7.241.13 - - [20/Aug/2026:11:19:05 +0200] "GET /?t=ehp201vxar8148ogxesobfz HTTP/1.1" 500 - "https://zimmerei-boettcher.de/sitemap_index.xml" "Mozilla/5.0 AppleWebKit/537.36 (KHTML, like Gecko; compatible; GPTBot/1.4; +https://openai.com/gptbot)"
74.7.241.13 - - [20/Aug/2026:11:19:27 +0200] "GET /?y=hkppt189annv4760kkqurrb HTTP/1.1" 500 - "https://zimmerei-boettcher.de/sitemap_index.xml" "Mozilla/5.0 AppleWebKit/537.36 (KHTML, like Gecko; compatible; GPTBot/1.4; +https://openai.com/gptbot)"
74.7.241.13 - - [20/Aug/2026:11:19:48 +0200] "GET /?j=hoxgm291co4288ahrrdbpwv HTTP/1.1" 500 - "https://zimmerei-boettcher.de/sitemap_index.xml" "Mozilla/5.0 AppleWebKit/537.36 (KHTML, like Gecko; compatible; GPTBot/1.4; +https://openai.com/gptbot)"
74.7.241.13 - - [20/Aug/2026:11:20:08 +0200] "GET /?p=vagjn30q26475juddbinuee HTTP/1.1" 500 - "https://zimmerei-boettcher.de/sitemap_index.xml" "Mozilla/5.0 AppleWebKit/537.36 (KHTML, like Gecko; compatible; GPTBot/1.4; +https://openai.com/gptbot)"
66.249.68.131 - - [20/Aug/2026:11:20:08 +0200] "GET /?h=feta93k35880vkwbunwo HTTP/1.1" 200 61255 "-" "Mozilla/5.0 (Linux; Android 6.0.1; Nexus 5X Build/MMB29P) AppleWebKit/537.36 (KHTML, like Gecko) Chrome/151.0.7922.137 Mobile Safari/537.36 (compatible; GoogleOther)"
74.7.241.13 - - [20/Aug/2026:11:20:29 +0200] "GET /?z=ikhjb62sua15277mezcbhtl HTTP/1.1" 500 - "https://zimmerei-boettcher.de/sitemap_index.xml" "Mozilla/5.0 AppleWebKit/537.36 (KHTML, like Gecko; compatible; GPTBot/1.4; +https://openai.com/gptbot)"
74.7.241.13 - - [20/Aug/2026:11:20:50 +0200] "GET /?i=tahg68dpt43137evywvjyfp HTTP/1.1" 500 - "https://zimmerei-boettcher.de/sitemap_index.xml" "Mozilla/5.0 AppleWebKit/537.36 (KHTML, like Gecko; compatible; GPTBot/1.4; +https://openai.com/gptbot)"
74.7.241.13 - - [20/Aug/2026:11:21:10 +0200] "GET /?c=soxh54ij36569yhzcaiptvu HTTP/1.1" 500 - "https://zimmerei-boettcher.de/sitemap_index.xml" "Mozilla/5.0 AppleWebKit/537.36 (KHTML, like Gecko; compatible; GPTBot/1.4; +https://openai.com/gptbot)"
74.7.241.13 - - [20/Aug/2026:11:21:31 +0200] "GET /?y=wzteg40dusv36483krtwpjt HTTP/1.1" 500 - "https://zimmerei-boettcher.de/sitemap_index.xml" "Mozilla/5.0 AppleWebKit/537.36 (KHTML, like Gecko; compatible; GPTBot/1.4; +https://openai.com/gptbot)"
74.7.241.13 - - [20/Aug/2026:11:21:51 +0200] "GET /?l=iuy80jrzhu41977vokyjsek HTTP/1.1" 500 - "https://zimmerei-boettcher.de/sitemap_index.xml" "Mozilla/5.0 AppleWebKit/537.36 (KHTML, like Gecko; compatible; GPTBot/1.4; +https://openai.com/gptbot)"
74.7.241.13 - - [20/Aug/2026:11:22:13 +0200] "GET /?j=ngrnz82qxhkb38493oqfrdy HTTP/1.1" 500 - "https://zimmerei-boettcher.de/sitemap_index.xml" "Mozilla/5.0 AppleWebKit/537.36 (KHTML, like Gecko; compatible; GPTBot/1.4; +https://openai.com/gptbot)"
74.7.241.13 - - [20/Aug/2026:11:22:34 +0200] "GET /?w=vbpzr16ux25123isjnivhmi HTTP/1.1" 500 - "https://zimmerei-boettcher.de/sitemap_index.xml" "Mozilla/5.0 AppleWebKit/537.36 (KHTML, like Gecko; compatible; GPTBot/1.4; +https://openai.com/gptbot)"
74.7.241.13 - - [20/Aug/2026:11:22:56 +0200] "GET /?h=vtme92bwl5775iywuanfyg HTTP/1.1" 500 - "https://zimmerei-boettcher.de/sitemap_index.xml" "Mozilla/5.0 AppleWebKit/537.36 (KHTML, like Gecko; compatible; GPTBot/1.4; +https://openai.com/gptbot)"
74.7.241.13 - - [20/Aug/2026:11:23:16 +0200] "GET /?m=vec76kmxb8723rgoetqziq HTTP/1.1" 500 - "https://zimmerei-boettcher.de/sitemap_index.xml" "Mozilla/5.0 AppleWebKit/537.36 (KHTML, like Gecko; compatible; GPTBot/1.4; +https://openai.com/gptbot)"
74.7.241.13 - - [20/Aug/2026:11:23:37 +0200] "GET /?e=puitl29khv5752nmydywgh HTTP/1.1" 500 - "https://zimmerei-boettcher.de/sitemap_index.xml" "Mozilla/5.0 AppleWebKit/537.36 (KHTML, like Gecko; compatible; GPTBot/1.4; +https://openai.com/gptbot)"
74.7.241.13 - - [20/Aug/2026:11:23:59 +0200] "GET /?c=owcp80yfd23337vmnawbdr HTTP/1.1" 500 - "https://zimmerei-boettcher.de/sitemap_index.xml" "Mozilla/5.0 AppleWebKit/537.36 (KHTML, like Gecko; compatible; GPTBot/1.4; +https://openai.com/gptbot)"
74.7.241.13 - - [20/Aug/2026:11:24:20 +0200] "GET /?d=upv52rq21737zehhndxwty HTTP/1.1" 500 - "https://zimmerei-boettcher.de/sitemap_index.xml" "Mozilla/5.0 AppleWebKit/537.36 (KHTML, like Gecko; compatible; GPTBot/1.4; +https://openai.com/gptbot)"
74.7.241.13 - - [20/Aug/2026:11:24:41 +0200] "GET /?z=dswlt19osej46086ykuljx HTTP/1.1" 500 - "https://zimmerei-boettcher.de/sitemap_index.xml" "Mozilla/5.0 AppleWebKit/537.36 (KHTML, like Gecko; compatible; GPTBot/1.4; +https://openai.com/gptbot)"
74.7.241.13 - - [20/Aug/2026:11:25:02 +0200] "GET /?o=jbu286xe7339focsmgnnhh HTTP/1.1" 500 - "https://zimmerei-boettcher.de/sitemap_index.xml" "Mozilla/5.0 AppleWebKit/537.36 (KHTML, like Gecko; compatible; GPTBot/1.4; +https://openai.com/gptbot)"
74.7.241.13 - - [20/Aug/2026:11:25:23 +0200] "GET /?s=cef199trx4742ocgjdaulx HTTP/1.1" 500 - "https://zimmerei-boettcher.de/sitemap_index.xml" "Mozilla/5.0 AppleWebKit/537.36 (KHTML, like Gecko; compatible; GPTBot/1.4; +https://openai.com/gptbot)"
74.7.241.13 - - [20/Aug/2026:11:25:45 +0200] "GET /?y=rwab157fsgt6634hgxiubr HTTP/1.1" 500 - "https://zimmerei-boettcher.de/sitemap_index.xml" "Mozilla/5.0 AppleWebKit/537.36 (KHTML, like Gecko; compatible; GPTBot/1.4; +https://openai.com/gptbot)"
74.7.241.13 - - [20/Aug/2026:11:26:06 +0200] "GET /?m=guya17supit34038kocvok HTTP/1.1" 500 - "https://zimmerei-boettcher.de/sitemap_index.xml" "Mozilla/5.0 AppleWebKit/537.36 (KHTML, like Gecko; compatible; GPTBot/1.4; +https://openai.com/gptbot)"
74.7.241.13 - - [20/Aug/2026:11:26:27 +0200] "GET /?p=orxcg71r32886aviszfkzr HTTP/1.1" 500 - "https://zimmerei-boettcher.de/sitemap_index.xml" "Mozilla/5.0 AppleWebKit/537.36 (KHTML, like Gecko; compatible; GPTBot/1.4; +https://openai.com/gptbot)"
74.7.241.13 - - [20/Aug/2026:11:26:47 +0200] "GET /?j=rboib40eat39205wqfsjrx HTTP/1.1" 500 - "https://zimmerei-boettcher.de/sitemap_index.xml" "Mozilla/5.0 AppleWebKit/537.36 (KHTML, like Gecko; compatible; GPTBot/1.4; +https://openai.com/gptbot)"
74.7.241.13 - - [20/Aug/2026:11:27:09 +0200] "GET /?v=annl10oog35971mwrcjiui HTTP/1.1" 500 - "https://zimmerei-boettcher.de/sitemap_index.xml" "Mozilla/5.0 AppleWebKit/537.36 (KHTML, like Gecko; compatible; GPTBot/1.4; +https://openai.com/gptbot)"
74.7.241.13 - - [20/Aug/2026:11:27:29 +0200] "GET /?s=lagtk64fy35437dhemdmqz HTTP/1.1" 500 - "https://zimmerei-boettcher.de/sitemap_index.xml" "Mozilla/5.0 AppleWebKit/537.36 (KHTML, like Gecko; compatible; GPTBot/1.4; +https://openai.com/gptbot)"
74.7.241.13 - - [20/Aug/2026:11:27:50 +0200] "GET /?w=cig130le7263lrauujhxku HTTP/1.1" 500 - "https://zimmerei-boettcher.de/sitemap_index.xml" "Mozilla/5.0 AppleWebKit/537.36 (KHTML, like Gecko; compatible; GPTBot/1.4; +https://openai.com/gptbot)"
74.7.241.13 - - [20/Aug/2026:11:28:11 +0200] "GET /?z=kazq41pful49170vkxdcon HTTP/1.1" 500 - "https://zimmerei-boettcher.de/sitemap_index.xml" "Mozilla/5.0 AppleWebKit/537.36 (KHTML, like Gecko; compatible; GPTBot/1.4; +https://openai.com/gptbot)"
74.7.241.13 - - [20/Aug/2026:11:28:32 +0200] "GET /?q=vny59oxj12984marjyieqc HTTP/1.1" 500 - "https://zimmerei-boettcher.de/sitemap_index.xml" "Mozilla/5.0 AppleWebKit/537.36 (KHTML, like Gecko; compatible; GPTBot/1.4; +https://openai.com/gptbot)"
74.7.241.13 - - [20/Aug/2026:11:28:53 +0200] "GET /?q=ybc56doac13839xhkuxscm HTTP/1.1" 500 - "https://zimmerei-boettcher.de/sitemap_index.xml" "Mozilla/5.0 AppleWebKit/537.36 (KHTML, like Gecko; compatible; GPTBot/1.4; +https://openai.com/gptbot)"
74.7.241.13 - - [20/Aug/2026:11:29:14 +0200] "GET /?q=gczno163o7380uhpdhijgm HTTP/1.1" 500 - "https://zimmerei-boettcher.de/sitemap_index.xml" "Mozilla/5.0 AppleWebKit/537.36 (KHTML, like Gecko; compatible; GPTBot/1.4; +https://openai.com/gptbot)"
74.7.241.13 - - [20/Aug/2026:11:29:35 +0200] "GET /?o=mbqb52vovia28295vocwajwefe HTTP/1.1" 500 - "https://zimmerei-boettcher.de/sitemap_index.xml" "Mozilla/5.0 AppleWebKit/537.36 (KHTML, like Gecko; compatible; GPTBot/1.4; +https://openai.com/gptbot)"
74.7.241.13 - - [20/Aug/2026:11:29:57 +0200] "GET /?l=urld81feuyd17596jgflfoeucl HTTP/1.1" 500 - "https://zimmerei-boettcher.de/sitemap_index.xml" "Mozilla/5.0 AppleWebKit/537.36 (KHTML, like Gecko; compatible; GPTBot/1.4; +https://openai.com/gptbot)"
74.7.241.13 - - [20/Aug/2026:11:30:18 +0200] "GET /?g=qsqay89ohvm23122kilqodkgsq HTTP/1.1" 500 - "https://zimmerei-boettcher.de/sitemap_index.xml" "Mozilla/5.0 AppleWebKit/537.36 (KHTML, like Gecko; compatible; GPTBot/1.4; +https://openai.com/gptbot)"
74.7.241.13 - - [20/Aug/2026:11:30:38 +0200] "GET /?j=zcldc239jomjg1236vrixvwexy HTTP/1.1" 500 - "https://zimmerei-boettcher.de/sitemap_index.xml" "Mozilla/5.0 AppleWebKit/537.36 (KHTML, like Gecko; compatible; GPTBot/1.4; +https://openai.com/gptbot)"
74.7.241.13 - - [20/Aug/2026:11:31:00 +0200] "GET /?y=fthr230ne26757biomjsr HTTP/1.1" 500 - "https://zimmerei-boettcher.de/sitemap_index.xml" "Mozilla/5.0 AppleWebKit/537.36 (KHTML, like Gecko; compatible; GPTBot/1.4; +https://openai.com/gptbot)"
74.7.241.13 - - [20/Aug/2026:11:31:21 +0200] "GET /?p=tqx250an36859mskiqmoc HTTP/1.1" 500 - "https://zimmerei-boettcher.de/sitemap_index.xml" "Mozilla/5.0 AppleWebKit/537.36 (KHTML, like Gecko; compatible; GPTBot/1.4; +https://openai.com/gptbot)"
74.7.241.13 - - [20/Aug/2026:11:31:42 +0200] "GET /?t=uigr147tdj29240elwvqf HTTP/1.1" 500 - "https://zimmerei-boettcher.de/sitemap_index.xml" "Mozilla/5.0 AppleWebKit/537.36 (KHTML, like Gecko; compatible; GPTBot/1.4; +https://openai.com/gptbot)"
66.249.68.131 - - [20/Aug/2026:11:31:54 +0200] "GET /?j=rfb154mo48053ooigkx HTTP/1.1" 200 71344 "-" "Mozilla/5.0 (Linux; Android 6.0.1; Nexus 5X Build/MMB29P) AppleWebKit/537.36 (KHTML, like Gecko) Chrome/151.0.7922.137 Mobile Safari/537.36 (compatible; GoogleOther)"
74.7.241.13 - - [20/Aug/2026:11:32:03 +0200] "GET /?t=cxrh290xm48557gczvyoj HTTP/1.1" 500 - "https://zimmerei-boettcher.de/sitemap_index.xml" "Mozilla/5.0 AppleWebKit/537.36 (KHTML, like Gecko; compatible; GPTBot/1.4; +https://openai.com/gptbot)"
66.249.68.130 - - [20/Aug/2026:11:32:07 +0200] "GET /?e=scpc24zpz18261crqqbukm HTTP/1.1" 200 63753 "-" "Mozilla/5.0 (Linux; Android 6.0.1; Nexus 5X Build/MMB29P) AppleWebKit/537.36 (KHTML, like Gecko) Chrome/151.0.7922.137 Mobile Safari/537.36 (compatible; GoogleOther)"
74.7.241.13 - - [20/Aug/2026:11:32:24 +0200] "GET /?q=drty221x35608mntgkhoo HTTP/1.1" 500 - "https://zimmerei-boettcher.de/sitemap_index.xml" "Mozilla/5.0 AppleWebKit/537.36 (KHTML, like Gecko; compatible; GPTBot/1.4; +https://openai.com/gptbot)"
74.7.241.13 - - [20/Aug/2026:11:32:45 +0200] "GET /?g=jzrq271usa49206occfts HTTP/1.1" 500 - "https://zimmerei-boettcher.de/sitemap_index.xml" "Mozilla/5.0 AppleWebKit/537.36 (KHTML, like Gecko; compatible; GPTBot/1.4; +https://openai.com/gptbot)"
66.249.68.130 - - [20/Aug/2026:11:33:01 +0200] "GET /?t=gaxf19q29832uiyuskci HTTP/1.1" 200 59025 "-" "Mozilla/5.0 (Linux; Android 6.0.1; Nexus 5X Build/MMB29P) AppleWebKit/537.36 (KHTML, like Gecko) Chrome/151.0.7922.137 Mobile Safari/537.36 (compatible; GoogleOther)"
74.7.241.13 - - [20/Aug/2026:11:33:06 +0200] "GET /?z=ugo252cqe41905rbtomhf HTTP/1.1" 500 - "https://zimmerei-boettcher.de/sitemap_index.xml" "Mozilla/5.0 AppleWebKit/537.36 (KHTML, like Gecko; compatible; GPTBot/1.4; +https://openai.com/gptbot)"
74.7.241.13 - - [20/Aug/2026:11:33:28 +0200] "GET /?q=xvjm180ywl39269gplwaf HTTP/1.1" 500 - "https://zimmerei-boettcher.de/sitemap_index.xml" "Mozilla/5.0 AppleWebKit/537.36 (KHTML, like Gecko; compatible; GPTBot/1.4; +https://openai.com/gptbot)"
74.7.241.13 - - [20/Aug/2026:11:33:48 +0200] "GET /?h=abgp89fpabk26694wthuqaziig HTTP/1.1" 500 - "https://zimmerei-boettcher.de/sitemap_index.xml" "Mozilla/5.0 AppleWebKit/537.36 (KHTML, like Gecko; compatible; GPTBot/1.4; +https://openai.com/gptbot)"
74.7.241.13 - - [20/Aug/2026:11:34:16 +0200] "GET /?b=gqbl20vl23469iuayudcup HTTP/1.1" 500 - "https://zimmerei-boettcher.de/sitemap_index.xml" "Mozilla/5.0 AppleWebKit/537.36 (KHTML, like Gecko; compatible; GPTBot/1.4; +https://openai.com/gptbot)"
74.7.241.13 - - [20/Aug/2026:11:34:42 +0200] "GET /?a=axts48jgqfl38065yiftso HTTP/1.1" 500 - "https://zimmerei-boettcher.de/sitemap_index.xml" "Mozilla/5.0 AppleWebKit/537.36 (KHTML, like Gecko; compatible; GPTBot/1.4; +https://openai.com/gptbot)"
204.12.239.66 - - [20/Aug/2026:11:35:13 +0200] "GET /wp-content/imb0308e/edit.php HTTP/1.1" 200 6 "https://zimmerei-boettcher.de/wp-content/imb0308e/edit.php" "Mozilla/5.0 (Windows NT 10.0; Win64; x64) AppleWebKit/537.36 (KHTML, like Gecko) Chrome/58.0.3029.110 Safari/537.3"
74.7.241.13 - - [20/Aug/2026:11:35:21 +0200] "GET /?w=lvy129xfi9612nhabuycoh HTTP/1.1" 500 - "https://zimmerei-boettcher.de/sitemap_index.xml" "Mozilla/5.0 AppleWebKit/537.36 (KHTML, like Gecko; compatible; GPTBot/1.4; +https://openai.com/gptbot)"
74.7.241.13 - - [20/Aug/2026:11:35:36 +0200] "GET /?b=utok157jmoho5166puausghkwb HTTP/1.1" 500 - "https://zimmerei-boettcher.de/sitemap_index.xml" "Mozilla/5.0 AppleWebKit/537.36 (KHTML, like Gecko; compatible; GPTBot/1.4; +https://openai.com/gptbot)"
2a03:2880:f806:2:: - - [20/Aug/2026:11:35:43 +0200] "GET /news-sitemap.xml HTTP/1.1" 200 13 "-" "Mozilla/5.0 (Windows NT 10.0; Win64; x64) AppleWebKit/537.36 (KHTML, like Gecko) Chrome/145.0.0.0 Safari/537.36 (compatible; meta-externalagent/1.1 (+https://developers.facebook.com/docs/sharing/webmasters/crawler))"
74.7.241.13 - - [20/Aug/2026:11:35:50 +0200] "GET /?m=lsqos90kpmka44943enmgjglzu HTTP/1.1" 500 - "https://zimmerei-boettcher.de/sitemap_index.xml" "Mozilla/5.0 AppleWebKit/537.36 (KHTML, like Gecko; compatible; GPTBot/1.4; +https://openai.com/gptbot)"
74.7.241.13 - - [20/Aug/2026:11:36:02 +0200] "GET /?m=hoxmq216qvoc6411akuismkmyq HTTP/1.1" 500 - "https://zimmerei-boettcher.de/sitemap_index.xml" "Mozilla/5.0 AppleWebKit/537.36 (KHTML, like Gecko; compatible; GPTBot/1.4; +https://openai.com/gptbot)"
74.7.241.13 - - [20/Aug/2026:11:36:21 +0200] "GET /?y=fvmuf78qoekb24891vgqwdujdt HTTP/1.1" 500 - "https://zimmerei-boettcher.de/sitemap_index.xml" "Mozilla/5.0 AppleWebKit/537.36 (KHTML, like Gecko; compatible; GPTBot/1.4; +https://openai.com/gptbot)"
66.249.68.131 - - [20/Aug/2026:11:36:25 +0200] "GET /special/246009908.html HTTP/1.1" 200 66994 "-" "Mozilla/5.0 (Linux; Android 6.0.1; Nexus 5X Build/MMB29P) AppleWebKit/537.36 (KHTML, like Gecko) Chrome/151.0.7922.137 Mobile Safari/537.36 (compatible; GoogleOther)"
74.7.241.13 - - [20/Aug/2026:11:36:41 +0200] "GET /?k=bqnjq72eszen36281iohjkm HTTP/1.1" 500 - "https://zimmerei-boettcher.de/sitemap_index.xml" "Mozilla/5.0 AppleWebKit/537.36 (KHTML, like Gecko; compatible; GPTBot/1.4; +https://openai.com/gptbot)"
204.12.239.66 - - [20/Aug/2026:11:35:08 +0200] "GET /wp-content/imb0308e/edit.php HTTP/1.1" 200 - "https://zimmerei-boettcher.de/wp-content/imb0308e/edit.php" "Mozilla/5.0 (Windows NT 10.0; Win64; x64) AppleWebKit/537.36 (KHTML, like Gecko) Chrome/58.0.3029.110 Safari/537.3"
74.7.241.13 - - [20/Aug/2026:11:37:01 +0200] "GET /?o=nmk172jfe5973maoisfiqhn HTTP/1.1" 500 - "https://zimmerei-boettcher.de/sitemap_index.xml" "Mozilla/5.0 AppleWebKit/537.36 (KHTML, like Gecko; compatible; GPTBot/1.4; +https://openai.com/gptbot)"
74.7.241.13 - - [20/Aug/2026:11:37:22 +0200] "GET /?z=ywnoo38msj25643wkkzggxv HTTP/1.1" 500 - "https://zimmerei-boettcher.de/sitemap_index.xml" "Mozilla/5.0 AppleWebKit/537.36 (KHTML, like Gecko; compatible; GPTBot/1.4; +https://openai.com/gptbot)"
74.7.241.13 - - [20/Aug/2026:11:37:44 +0200] "GET /?i=mwrcj79ut35904fmjzizphp HTTP/1.1" 500 - "https://zimmerei-boettcher.de/sitemap_index.xml" "Mozilla/5.0 AppleWebKit/537.36 (KHTML, like Gecko; compatible; GPTBot/1.4; +https://openai.com/gptbot)"
74.7.241.13 - - [20/Aug/2026:11:38:05 +0200] "GET /?n=hifek62gybw29749miafatt HTTP/1.1" 500 - "https://zimmerei-boettcher.de/sitemap_index.xml" "Mozilla/5.0 AppleWebKit/537.36 (KHTML, like Gecko; compatible; GPTBot/1.4; +https://openai.com/gptbot)"
74.7.241.13 - - [20/Aug/2026:11:38:26 +0200] "GET /?a=gto89ajmeb41482gwdswbkz HTTP/1.1" 500 - "https://zimmerei-boettcher.de/sitemap_index.xml" "Mozilla/5.0 AppleWebKit/537.36 (KHTML, like Gecko; compatible; GPTBot/1.4; +https://openai.com/gptbot)"
74.7.241.13 - - [20/Aug/2026:11:38:48 +0200] "GET /?a=xoyah66ztei28575wmqgoty HTTP/1.1" 500 - "https://zimmerei-boettcher.de/sitemap_index.xml" "Mozilla/5.0 AppleWebKit/537.36 (KHTML, like Gecko; compatible; GPTBot/1.4; +https://openai.com/gptbot)"
74.7.241.13 - - [20/Aug/2026:11:39:08 +0200] "GET /?w=hueyr119e7922xdqmhxbnai HTTP/1.1" 500 - "https://zimmerei-boettcher.de/sitemap_index.xml" "Mozilla/5.0 AppleWebKit/537.36 (KHTML, like Gecko; compatible; GPTBot/1.4; +https://openai.com/gptbot)"
74.7.241.13 - - [20/Aug/2026:11:39:30 +0200] "GET /?y=rahq102uxity5051obewbde HTTP/1.1" 500 - "https://zimmerei-boettcher.de/sitemap_index.xml" "Mozilla/5.0 AppleWebKit/537.36 (KHTML, like Gecko; compatible; GPTBot/1.4; +https://openai.com/gptbot)"
74.7.241.13 - - [20/Aug/2026:11:39:52 +0200] "GET /?l=yrjfx237wo21286xotymniguq HTTP/1.1" 500 - "https://zimmerei-boettcher.de/sitemap_index.xml" "Mozilla/5.0 AppleWebKit/537.36 (KHTML, like Gecko; compatible; GPTBot/1.4; +https://openai.com/gptbot)"
74.7.241.13 - - [20/Aug/2026:11:40:13 +0200] "GET /?j=wjbs227kzd31900iugthawwmq HTTP/1.1" 500 - "https://zimmerei-boettcher.de/sitemap_index.xml" "Mozilla/5.0 AppleWebKit/537.36 (KHTML, like Gecko; compatible; GPTBot/1.4; +https://openai.com/gptbot)"
74.7.241.13 - - [20/Aug/2026:11:40:37 +0200] "GET /?w=sdhxo154umvl17189jxptdqsr HTTP/1.1" 500 - "https://zimmerei-boettcher.de/sitemap_index.xml" "Mozilla/5.0 AppleWebKit/537.36 (KHTML, like Gecko; compatible; GPTBot/1.4; +https://openai.com/gptbot)"
74.7.241.13 - - [20/Aug/2026:11:40:55 +0200] "GET /?e=zzgmr208kueij49761yqbuqxu HTTP/1.1" 500 - "https://zimmerei-boettcher.de/sitemap_index.xml" "Mozilla/5.0 AppleWebKit/537.36 (KHTML, like Gecko; compatible; GPTBot/1.4; +https://openai.com/gptbot)"
74.7.241.13 - - [20/Aug/2026:11:41:15 +0200] "GET /?b=cyf44qkszt27761ikofawk HTTP/1.1" 500 - "https://zimmerei-boettcher.de/sitemap_index.xml" "Mozilla/5.0 AppleWebKit/537.36 (KHTML, like Gecko; compatible; GPTBot/1.4; +https://openai.com/gptbot)"
74.7.241.13 - - [20/Aug/2026:11:41:36 +0200] "GET /?y=imxcj230txa4401dkxraue HTTP/1.1" 500 - "https://zimmerei-boettcher.de/sitemap_index.xml" "Mozilla/5.0 AppleWebKit/537.36 (KHTML, like Gecko; compatible; GPTBot/1.4; +https://openai.com/gptbot)"
74.7.241.13 - - [20/Aug/2026:11:41:56 +0200] "GET /?t=fbq261hlxgn5752npagvhj HTTP/1.1" 500 - "https://zimmerei-boettcher.de/sitemap_index.xml" "Mozilla/5.0 AppleWebKit/537.36 (KHTML, like Gecko; compatible; GPTBot/1.4; +https://openai.com/gptbot)"
74.7.241.13 - - [20/Aug/2026:11:42:17 +0200] "GET /?h=xkjz240drj5233abdoopic HTTP/1.1" 500 - "https://zimmerei-boettcher.de/sitemap_index.xml" "Mozilla/5.0 AppleWebKit/537.36 (KHTML, like Gecko; compatible; GPTBot/1.4; +https://openai.com/gptbot)"
74.7.241.13 - - [20/Aug/2026:11:42:38 +0200] "GET /?i=wlmu62dvh12675ebbmigko HTTP/1.1" 500 - "https://zimmerei-boettcher.de/sitemap_index.xml" "Mozilla/5.0 AppleWebKit/537.36 (KHTML, like Gecko; compatible; GPTBot/1.4; +https://openai.com/gptbot)"
74.7.241.13 - - [20/Aug/2026:11:43:02 +0200] "GET /?p=dqmjm88j31425xyxgcsqof HTTP/1.1" 500 - "https://zimmerei-boettcher.de/sitemap_index.xml" "Mozilla/5.0 AppleWebKit/537.36 (KHTML, like Gecko; compatible; GPTBot/1.4; +https://openai.com/gptbot)"
74.7.241.13 - - [20/Aug/2026:11:43:21 +0200] "GET /?c=wwthg47mno20422luzjmse HTTP/1.1" 500 - "https://zimmerei-boettcher.de/sitemap_index.xml" "Mozilla/5.0 AppleWebKit/537.36 (KHTML, like Gecko; compatible; GPTBot/1.4; +https://openai.com/gptbot)"
66.249.68.129 - - [20/Aug/2026:11:43:41 +0200] "GET /?h=qxzxe69scski19346meblrcdu HTTP/1.1" 200 63801 "-" "Mozilla/5.0 (Linux; Android 6.0.1; Nexus 5X Build/MMB29P) AppleWebKit/537.36 (KHTML, like Gecko) Chrome/151.0.7922.137 Mobile Safari/537.36 (compatible; GoogleOther)"
74.7.241.13 - - [20/Aug/2026:11:43:42 +0200] "GET /?w=hqgo67suksj13774mfrhfx HTTP/1.1" 500 - "https://zimmerei-boettcher.de/sitemap_index.xml" "Mozilla/5.0 AppleWebKit/537.36 (KHTML, like Gecko; compatible; GPTBot/1.4; +https://openai.com/gptbot)"
74.7.241.13 - - [20/Aug/2026:11:44:03 +0200] "GET /?u=dcsvy19pl10334dapgnmwu HTTP/1.1" 500 - "https://zimmerei-boettcher.de/sitemap_index.xml" "Mozilla/5.0 AppleWebKit/537.36 (KHTML, like Gecko; compatible; GPTBot/1.4; +https://openai.com/gptbot)"
74.7.241.13 - - [20/Aug/2026:11:44:23 +0200] "GET /?a=zsyi34ng24563moobyrocx HTTP/1.1" 500 - "https://zimmerei-boettcher.de/sitemap_index.xml" "Mozilla/5.0 AppleWebKit/537.36 (KHTML, like Gecko; compatible; GPTBot/1.4; +https://openai.com/gptbot)"
74.7.241.13 - - [20/Aug/2026:11:44:45 +0200] "GET /?j=vxec40vsk48211mjwzgynw HTTP/1.1" 500 - "https://zimmerei-boettcher.de/sitemap_index.xml" "Mozilla/5.0 AppleWebKit/537.36 (KHTML, like Gecko; compatible; GPTBot/1.4; +https://openai.com/gptbot)"
74.7.241.13 - - [20/Aug/2026:11:45:11 +0200] "GET /?o=contp62fv13877hnujxotb HTTP/1.1" 500 - "https://zimmerei-boettcher.de/sitemap_index.xml" "Mozilla/5.0 AppleWebKit/537.36 (KHTML, like Gecko; compatible; GPTBot/1.4; +https://openai.com/gptbot)"
74.7.241.13 - - [20/Aug/2026:11:45:30 +0200] "GET /?e=mcah89mlk33184npvodera HTTP/1.1" 500 - "https://zimmerei-boettcher.de/sitemap_index.xml" "Mozilla/5.0 AppleWebKit/537.36 (KHTML, like Gecko; compatible; GPTBot/1.4; +https://openai.com/gptbot)"
74.7.241.13 - - [20/Aug/2026:11:45:46 +0200] "GET /?o=frzk70scxx39691sqqsewa HTTP/1.1" 500 - "https://zimmerei-boettcher.de/sitemap_index.xml" "Mozilla/5.0 AppleWebKit/537.36 (KHTML, like Gecko; compatible; GPTBot/1.4; +https://openai.com/gptbot)"
74.7.241.13 - - [20/Aug/2026:11:46:06 +0200] "GET /?e=fsay74wmpfd27909vxoqma HTTP/1.1" 500 - "https://zimmerei-boettcher.de/sitemap_index.xml" "Mozilla/5.0 AppleWebKit/537.36 (KHTML, like Gecko; compatible; GPTBot/1.4; +https://openai.com/gptbot)"
74.7.241.13 - - [20/Aug/2026:11:46:28 +0200] "GET /?m=kpl135fivtt4522duxxovb HTTP/1.1" 500 - "https://zimmerei-boettcher.de/sitemap_index.xml" "Mozilla/5.0 AppleWebKit/537.36 (KHTML, like Gecko; compatible; GPTBot/1.4; +https://openai.com/gptbot)"
74.7.241.13 - - [20/Aug/2026:11:46:50 +0200] "GET /?w=uiu283kmsw7686rvoxzbsc HTTP/1.1" 500 - "https://zimmerei-boettcher.de/sitemap_index.xml" "Mozilla/5.0 AppleWebKit/537.36 (KHTML, like Gecko; compatible; GPTBot/1.4; +https://openai.com/gptbot)"
74.7.241.13 - - [20/Aug/2026:11:47:10 +0200] "GET /?l=ief93lafd19560begcaxku HTTP/1.1" 500 - "https://zimmerei-boettcher.de/sitemap_index.xml" "Mozilla/5.0 AppleWebKit/537.36 (KHTML, like Gecko; compatible; GPTBot/1.4; +https://openai.com/gptbot)"
66.249.68.129 - - [20/Aug/2026:11:47:12 +0200] "GET /?x=vris117czrbj22274wdbqcv HTTP/1.1" 200 61215 "-" "Mozilla/5.0 (Linux; Android 6.0.1; Nexus 5X Build/MMB29P) AppleWebKit/537.36 (KHTML, like Gecko) Chrome/151.0.7922.137 Mobile Safari/537.36 (compatible; GoogleOther)"
74.7.241.13 - - [20/Aug/2026:11:47:31 +0200] "GET /?w=eflm33xg40874etvkxsuud HTTP/1.1" 500 - "https://zimmerei-boettcher.de/sitemap_index.xml" "Mozilla/5.0 AppleWebKit/537.36 (KHTML, like Gecko; compatible; GPTBot/1.4; +https://openai.com/gptbot)"
74.7.241.13 - - [20/Aug/2026:11:47:51 +0200] "GET /?r=xqhyc81uks26188wslrgfi HTTP/1.1" 500 - "https://zimmerei-boettcher.de/sitemap_index.xml" "Mozilla/5.0 AppleWebKit/537.36 (KHTML, like Gecko; compatible; GPTBot/1.4; +https://openai.com/gptbot)"
74.7.241.13 - - [20/Aug/2026:11:48:13 +0200] "GET /?f=rdng240jih8233gcaalwfv HTTP/1.1" 500 - "https://zimmerei-boettcher.de/sitemap_index.xml" "Mozilla/5.0 AppleWebKit/537.36 (KHTML, like Gecko; compatible; GPTBot/1.4; +https://openai.com/gptbot)"
74.7.241.13 - - [20/Aug/2026:11:48:34 +0200] "GET /?g=ioqe48md37687miauswtla HTTP/1.1" 500 - "https://zimmerei-boettcher.de/sitemap_index.xml" "Mozilla/5.0 AppleWebKit/537.36 (KHTML, like Gecko; compatible; GPTBot/1.4; +https://openai.com/gptbot)"
74.7.241.13 - - [20/Aug/2026:11:48:58 +0200] "GET /?k=kesgb204jqog3633wufnnx HTTP/1.1" 500 - "https://zimmerei-boettcher.de/sitemap_index.xml" "Mozilla/5.0 AppleWebKit/537.36 (KHTML, like Gecko; compatible; GPTBot/1.4; +https://openai.com/gptbot)"
74.7.241.13 - - [20/Aug/2026:11:49:15 +0200] "GET /?a=dzxox40bpm41811fsfcwlg HTTP/1.1" 500 - "https://zimmerei-boettcher.de/sitemap_index.xml" "Mozilla/5.0 AppleWebKit/537.36 (KHTML, like Gecko; compatible; GPTBot/1.4; +https://openai.com/gptbot)"
74.7.241.13 - - [20/Aug/2026:11:49:36 +0200] "GET /?k=ieedv89ffra35914dievxnlrhq HTTP/1.1" 500 - "https://zimmerei-boettcher.de/sitemap_index.xml" "Mozilla/5.0 AppleWebKit/537.36 (KHTML, like Gecko; compatible; GPTBot/1.4; +https://openai.com/gptbot)"
74.7.241.13 - - [20/Aug/2026:11:49:56 +0200] "GET /?m=xpy169pck30118oeqzlih HTTP/1.1" 500 - "https://zimmerei-boettcher.de/sitemap_index.xml" "Mozilla/5.0 AppleWebKit/537.36 (KHTML, like Gecko; compatible; GPTBot/1.4; +https://openai.com/gptbot)"