74.7.241.13 - - [20/Aug/2026:09:01:58 +0200] "GET /?w=uau15hp44444onmperxezf HTTP/1.1" 500 - "https://zimmerei-boettcher.de/sitemap_index.xml" "Mozilla/5.0 AppleWebKit/537.36 (KHTML, like Gecko; compatible; GPTBot/1.4; +https://openai.com/gptbot)"
74.7.241.13 - - [20/Aug/2026:09:02:24 +0200] "GET /?e=xoh98pxama45417nsqsgu HTTP/1.1" 500 - "https://zimmerei-boettcher.de/sitemap_index.xml" "Mozilla/5.0 AppleWebKit/537.36 (KHTML, like Gecko; compatible; GPTBot/1.4; +https://openai.com/gptbot)"
74.7.241.13 - - [20/Aug/2026:09:02:43 +0200] "GET /?t=xwk160un9459kzfigszse HTTP/1.1" 500 - "https://zimmerei-boettcher.de/sitemap_index.xml" "Mozilla/5.0 AppleWebKit/537.36 (KHTML, like Gecko; compatible; GPTBot/1.4; +https://openai.com/gptbot)"
74.7.241.13 - - [20/Aug/2026:09:03:00 +0200] "GET /?r=wqfc282ok4685wilgkuhj HTTP/1.1" 500 - "https://zimmerei-boettcher.de/sitemap_index.xml" "Mozilla/5.0 AppleWebKit/537.36 (KHTML, like Gecko; compatible; GPTBot/1.4; +https://openai.com/gptbot)"
74.7.241.13 - - [20/Aug/2026:09:03:20 +0200] "GET /?u=btf91rqew37672dpmfdib HTTP/1.1" 500 - "https://zimmerei-boettcher.de/sitemap_index.xml" "Mozilla/5.0 AppleWebKit/537.36 (KHTML, like Gecko; compatible; GPTBot/1.4; +https://openai.com/gptbot)"
74.7.241.13 - - [20/Aug/2026:09:03:40 +0200] "GET /?j=rut92htsa36897gozafrq HTTP/1.1" 500 - "https://zimmerei-boettcher.de/sitemap_index.xml" "Mozilla/5.0 AppleWebKit/537.36 (KHTML, like Gecko; compatible; GPTBot/1.4; +https://openai.com/gptbot)"
74.7.241.13 - - [20/Aug/2026:09:04:01 +0200] "GET /?z=tikfn82pl41091szueplr HTTP/1.1" 500 - "https://zimmerei-boettcher.de/sitemap_index.xml" "Mozilla/5.0 AppleWebKit/537.36 (KHTML, like Gecko; compatible; GPTBot/1.4; +https://openai.com/gptbot)"
74.7.241.13 - - [20/Aug/2026:09:04:22 +0200] "GET /?u=nml31ol16074jkvpzvuxr HTTP/1.1" 500 - "https://zimmerei-boettcher.de/sitemap_index.xml" "Mozilla/5.0 AppleWebKit/537.36 (KHTML, like Gecko; compatible; GPTBot/1.4; +https://openai.com/gptbot)"
74.7.241.13 - - [20/Aug/2026:09:04:44 +0200] "GET /?z=hxruc17lgy43212uzojfd HTTP/1.1" 500 - "https://zimmerei-boettcher.de/sitemap_index.xml" "Mozilla/5.0 AppleWebKit/537.36 (KHTML, like Gecko; compatible; GPTBot/1.4; +https://openai.com/gptbot)"
74.7.241.13 - - [20/Aug/2026:09:05:04 +0200] "GET /?z=muy12aicue20367eaftjd HTTP/1.1" 500 - "https://zimmerei-boettcher.de/sitemap_index.xml" "Mozilla/5.0 AppleWebKit/537.36 (KHTML, like Gecko; compatible; GPTBot/1.4; +https://openai.com/gptbot)"
74.7.241.13 - - [20/Aug/2026:09:05:25 +0200] "GET /?w=pja247fo4988zfacslevr HTTP/1.1" 500 - "https://zimmerei-boettcher.de/sitemap_index.xml" "Mozilla/5.0 AppleWebKit/537.36 (KHTML, like Gecko; compatible; GPTBot/1.4; +https://openai.com/gptbot)"
74.7.241.13 - - [20/Aug/2026:09:05:46 +0200] "GET /?i=vhz253t6800ffyzmxnwne HTTP/1.1" 500 - "https://zimmerei-boettcher.de/sitemap_index.xml" "Mozilla/5.0 AppleWebKit/537.36 (KHTML, like Gecko; compatible; GPTBot/1.4; +https://openai.com/gptbot)"
74.7.241.13 - - [20/Aug/2026:09:06:06 +0200] "GET /?o=qyx207nhe1058lqvnmmsf HTTP/1.1" 500 - "https://zimmerei-boettcher.de/sitemap_index.xml" "Mozilla/5.0 AppleWebKit/537.36 (KHTML, like Gecko; compatible; GPTBot/1.4; +https://openai.com/gptbot)"
66.249.68.130 - - [20/Aug/2026:09:06:21 +0200] "GET /goods.php HTTP/1.1" 500 - "-" "Mozilla/5.0 (Linux; Android 6.0.1; Nexus 5X Build/MMB29P) AppleWebKit/537.36 (KHTML, like Gecko) Chrome/151.0.7922.137 Mobile Safari/537.36 (compatible; GoogleOther)"
64.233.173.195 - - [20/Aug/2026:09:06:23 +0200] "GET /google708b7b4ea0bddd5b.html HTTP/1.1" 200 53 "-" "Mozilla/5.0 (compatible; Google-Site-Verification/1.0)"
64.233.173.193 - - [20/Aug/2026:09:06:23 +0200] "GET /google51910fb15d98e138.html HTTP/1.1" 200 65313 "-" "Mozilla/5.0 (compatible; Google-Site-Verification/1.0)"
74.125.209.131 - - [20/Aug/2026:09:06:23 +0200] "GET / HTTP/1.1" 200 68600 "-" "Mozilla/5.0 (compatible; Google-Site-Verification/1.0)"
64.233.173.200 - - [20/Aug/2026:09:06:23 +0200] "GET / HTTP/1.1" 200 68456 "-" "Mozilla/5.0 (compatible; Google-Site-Verification/1.0)"
64.233.173.193 - - [20/Aug/2026:09:06:23 +0200] "GET / HTTP/1.1" 200 68193 "-" "Mozilla/5.0 (compatible; Google-Site-Verification/1.0)"
74.7.241.13 - - [20/Aug/2026:09:06:26 +0200] "GET /?d=zckym92bel42103udwkls HTTP/1.1" 500 - "https://zimmerei-boettcher.de/sitemap_index.xml" "Mozilla/5.0 AppleWebKit/537.36 (KHTML, like Gecko; compatible; GPTBot/1.4; +https://openai.com/gptbot)"
64.233.173.195 - - [20/Aug/2026:09:06:25 +0200] "GET /?cachebuster=371769906 HTTP/1.1" 200 69835 "-" "Mozilla/5.0 (compatible; Google-Site-Verification/1.0)"
74.125.209.130 - - [20/Aug/2026:09:06:28 +0200] "GET /google708b7b4ea0bddd5b.html HTTP/1.1" 200 53 "-" "Mozilla/5.0 (compatible; Google-Site-Verification/1.0)"
66.249.68.129 - - [20/Aug/2026:09:06:27 +0200] "GET /?k=uphx4uxctp7403urgpznxt HTTP/1.1" 200 61718 "-" "Mozilla/5.0 (Linux; Android 6.0.1; Nexus 5X Build/MMB29P) AppleWebKit/537.36 (KHTML, like Gecko) Chrome/151.0.7922.137 Mobile Safari/537.36 (compatible; GoogleOther)"
74.125.209.131 - - [20/Aug/2026:09:06:27 +0200] "GET /google51910fb15d98e138.html HTTP/1.1" 200 65334 "-" "Mozilla/5.0 (compatible; Google-Site-Verification/1.0)"
66.249.68.129 - - [20/Aug/2026:09:06:34 +0200] "GET /special/033027075.html HTTP/1.1" 200 61469 "-" "Mozilla/5.0 (Linux; Android 6.0.1; Nexus 5X Build/MMB29P) AppleWebKit/537.36 (KHTML, like Gecko) Chrome/151.0.7922.137 Mobile Safari/537.36 (compatible; GoogleOther)"
66.249.68.129 - - [20/Aug/2026:09:06:41 +0200] "GET /?z=tmemm283sg38990xuuiety HTTP/1.1" 200 61771 "-" "Mozilla/5.0 (Linux; Android 6.0.1; Nexus 5X Build/MMB29P) AppleWebKit/537.36 (KHTML, like Gecko) Chrome/151.0.7922.137 Mobile Safari/537.36 (compatible; GoogleOther)"
74.7.241.13 - - [20/Aug/2026:09:06:48 +0200] "GET /?l=zmljx263kwn8180uyadmw HTTP/1.1" 500 - "https://zimmerei-boettcher.de/sitemap_index.xml" "Mozilla/5.0 AppleWebKit/537.36 (KHTML, like Gecko; compatible; GPTBot/1.4; +https://openai.com/gptbot)"
66.249.68.129 - - [20/Aug/2026:09:07:00 +0200] "GET /?sitemapindex.xml HTTP/1.1" 200 8302 "-" "Mozilla/5.0 (compatible; Googlebot/2.1; +http://www.google.com/bot.html)"
74.7.241.13 - - [20/Aug/2026:09:07:09 +0200] "GET /?z=dyq86cv41601peuoaulcm HTTP/1.1" 500 - "https://zimmerei-boettcher.de/sitemap_index.xml" "Mozilla/5.0 AppleWebKit/537.36 (KHTML, like Gecko; compatible; GPTBot/1.4; +https://openai.com/gptbot)"
74.7.241.13 - - [20/Aug/2026:09:07:30 +0200] "GET /?u=czev90pbrm997pcihjxyxvj HTTP/1.1" 500 - "https://zimmerei-boettcher.de/sitemap_index.xml" "Mozilla/5.0 AppleWebKit/537.36 (KHTML, like Gecko; compatible; GPTBot/1.4; +https://openai.com/gptbot)"
74.7.241.13 - - [20/Aug/2026:09:07:50 +0200] "GET /?w=mhsb82qc22637jiksvuqf HTTP/1.1" 500 - "https://zimmerei-boettcher.de/sitemap_index.xml" "Mozilla/5.0 AppleWebKit/537.36 (KHTML, like Gecko; compatible; GPTBot/1.4; +https://openai.com/gptbot)"
74.7.241.13 - - [20/Aug/2026:09:08:11 +0200] "GET /?x=mvi49uma18288yegjatch HTTP/1.1" 500 - "https://zimmerei-boettcher.de/sitemap_index.xml" "Mozilla/5.0 AppleWebKit/537.36 (KHTML, like Gecko; compatible; GPTBot/1.4; +https://openai.com/gptbot)"
74.7.241.13 - - [20/Aug/2026:09:08:32 +0200] "GET /?u=ovmhd35tew15408zcmjoo HTTP/1.1" 500 - "https://zimmerei-boettcher.de/sitemap_index.xml" "Mozilla/5.0 AppleWebKit/537.36 (KHTML, like Gecko; compatible; GPTBot/1.4; +https://openai.com/gptbot)"
74.7.241.13 - - [20/Aug/2026:09:08:54 +0200] "GET /?q=rkjz229hbkp5408eosbak HTTP/1.1" 500 - "https://zimmerei-boettcher.de/sitemap_index.xml" "Mozilla/5.0 AppleWebKit/537.36 (KHTML, like Gecko; compatible; GPTBot/1.4; +https://openai.com/gptbot)"
74.7.241.13 - - [20/Aug/2026:09:09:15 +0200] "GET /?h=vfxy39x15728yuolzjbby HTTP/1.1" 500 - "https://zimmerei-boettcher.de/sitemap_index.xml" "Mozilla/5.0 AppleWebKit/537.36 (KHTML, like Gecko; compatible; GPTBot/1.4; +https://openai.com/gptbot)"
74.7.241.13 - - [20/Aug/2026:09:09:36 +0200] "GET /?r=wrtn162rwm5923vypdsic HTTP/1.1" 500 - "https://zimmerei-boettcher.de/sitemap_index.xml" "Mozilla/5.0 AppleWebKit/537.36 (KHTML, like Gecko; compatible; GPTBot/1.4; +https://openai.com/gptbot)"
74.7.241.13 - - [20/Aug/2026:09:09:57 +0200] "GET /?x=yilh96tk9215jylrkshqbs HTTP/1.1" 500 - "https://zimmerei-boettcher.de/sitemap_index.xml" "Mozilla/5.0 AppleWebKit/537.36 (KHTML, like Gecko; compatible; GPTBot/1.4; +https://openai.com/gptbot)"
66.249.68.129 - - [20/Aug/2026:09:10:06 +0200] "GET /?r=ysyr293l18742genawss HTTP/1.1" 200 57737 "-" "Mozilla/5.0 (Linux; Android 6.0.1; Nexus 5X Build/MMB29P) AppleWebKit/537.36 (KHTML, like Gecko) Chrome/151.0.7922.137 Mobile Safari/537.36 (compatible; GoogleOther)"
74.7.241.13 - - [20/Aug/2026:09:10:18 +0200] "GET /?x=umj4mgjc25237xkpycrekw HTTP/1.1" 500 - "https://zimmerei-boettcher.de/sitemap_index.xml" "Mozilla/5.0 AppleWebKit/537.36 (KHTML, like Gecko; compatible; GPTBot/1.4; +https://openai.com/gptbot)"
74.7.241.13 - - [20/Aug/2026:09:10:39 +0200] "GET /?w=set2zwdy28071zanfyoaax HTTP/1.1" 500 - "https://zimmerei-boettcher.de/sitemap_index.xml" "Mozilla/5.0 AppleWebKit/537.36 (KHTML, like Gecko; compatible; GPTBot/1.4; +https://openai.com/gptbot)"
74.7.241.13 - - [20/Aug/2026:09:11:00 +0200] "GET /?o=vii8yyqs18671rmlsiqqrp HTTP/1.1" 500 - "https://zimmerei-boettcher.de/sitemap_index.xml" "Mozilla/5.0 AppleWebKit/537.36 (KHTML, like Gecko; compatible; GPTBot/1.4; +https://openai.com/gptbot)"
74.7.241.13 - - [20/Aug/2026:09:11:22 +0200] "GET /?a=tqqx2ddboa24569naxghtn HTTP/1.1" 500 - "https://zimmerei-boettcher.de/sitemap_index.xml" "Mozilla/5.0 AppleWebKit/537.36 (KHTML, like Gecko; compatible; GPTBot/1.4; +https://openai.com/gptbot)"
74.7.241.13 - - [20/Aug/2026:09:11:42 +0200] "GET /?i=cuj188zehip517wctsmrit HTTP/1.1" 500 - "https://zimmerei-boettcher.de/sitemap_index.xml" "Mozilla/5.0 AppleWebKit/537.36 (KHTML, like Gecko; compatible; GPTBot/1.4; +https://openai.com/gptbot)"
66.249.68.130 - - [20/Aug/2026:09:11:56 +0200] "GET /?n=wktq207iu40378hgfbimj HTTP/1.1" 200 60878 "-" "Mozilla/5.0 (Linux; Android 6.0.1; Nexus 5X Build/MMB29P) AppleWebKit/537.36 (KHTML, like Gecko) Chrome/151.0.7922.137 Mobile Safari/537.36 (compatible; GoogleOther)"
74.7.241.13 - - [20/Aug/2026:09:12:04 +0200] "GET /?x=luu87ccvff1122vossjbbv HTTP/1.1" 500 - "https://zimmerei-boettcher.de/sitemap_index.xml" "Mozilla/5.0 AppleWebKit/537.36 (KHTML, like Gecko; compatible; GPTBot/1.4; +https://openai.com/gptbot)"
74.7.241.13 - - [20/Aug/2026:09:12:25 +0200] "GET /?z=asp29iecfj7232zujchsuf HTTP/1.1" 500 - "https://zimmerei-boettcher.de/sitemap_index.xml" "Mozilla/5.0 AppleWebKit/537.36 (KHTML, like Gecko; compatible; GPTBot/1.4; +https://openai.com/gptbot)"
74.7.241.13 - - [20/Aug/2026:09:12:47 +0200] "GET /?t=sbaxq82mithx2289srlibd HTTP/1.1" 500 - "https://zimmerei-boettcher.de/sitemap_index.xml" "Mozilla/5.0 AppleWebKit/537.36 (KHTML, like Gecko; compatible; GPTBot/1.4; +https://openai.com/gptbot)"
74.7.241.13 - - [20/Aug/2026:09:13:07 +0200] "GET /?h=epm22lbpi9621pfegppybv HTTP/1.1" 500 - "https://zimmerei-boettcher.de/sitemap_index.xml" "Mozilla/5.0 AppleWebKit/537.36 (KHTML, like Gecko; compatible; GPTBot/1.4; +https://openai.com/gptbot)"
74.7.241.13 - - [20/Aug/2026:09:13:28 +0200] "GET /?z=ezde28lw8363udjzvbqmmf HTTP/1.1" 500 - "https://zimmerei-boettcher.de/sitemap_index.xml" "Mozilla/5.0 AppleWebKit/537.36 (KHTML, like Gecko; compatible; GPTBot/1.4; +https://openai.com/gptbot)"
66.249.68.131 - - [20/Aug/2026:09:13:40 +0200] "GET /category/148/1/listing HTTP/1.1" 200 78262 "-" "Mozilla/5.0 (Linux; Android 6.0.1; Nexus 5X Build/MMB29P) AppleWebKit/537.36 (KHTML, like Gecko) Chrome/151.0.7922.137 Mobile Safari/537.36 (compatible; GoogleOther)"
74.7.241.13 - - [20/Aug/2026:09:13:50 +0200] "GET /?d=etl3xaov44636zioymydny HTTP/1.1" 500 - "https://zimmerei-boettcher.de/sitemap_index.xml" "Mozilla/5.0 AppleWebKit/537.36 (KHTML, like Gecko; compatible; GPTBot/1.4; +https://openai.com/gptbot)"
66.249.68.129 - - [20/Aug/2026:09:13:52 +0200] "GET /?g=cki24kresh32051tmvuawzyp HTTP/1.1" 200 70227 "-" "Mozilla/5.0 (Linux; Android 6.0.1; Nexus 5X Build/MMB29P) AppleWebKit/537.36 (KHTML, like Gecko) Chrome/151.0.7922.137 Mobile Safari/537.36 (compatible; GoogleOther)"
74.7.241.13 - - [20/Aug/2026:09:14:11 +0200] "GET /?r=ibk38vara1655qpqookxhe HTTP/1.1" 500 - "https://zimmerei-boettcher.de/sitemap_index.xml" "Mozilla/5.0 AppleWebKit/537.36 (KHTML, like Gecko; compatible; GPTBot/1.4; +https://openai.com/gptbot)"
194.173.174.10 - - [20/Aug/2026:09:14:32 +0200] "GET / HTTP/1.1" 500 - "-" "Mozilla/5.0 (Windows NT 10.0; Win64; x64) AppleWebKit/537.36 (KHTML, like Gecko) Chrome/103.0.5060.134 Safari/537.36 Edg/103.0.1264.71"
74.7.241.13 - - [20/Aug/2026:09:14:32 +0200] "GET /?z=ejya7uj26838vrheccnwwv HTTP/1.1" 500 - "https://zimmerei-boettcher.de/sitemap_index.xml" "Mozilla/5.0 AppleWebKit/537.36 (KHTML, like Gecko; compatible; GPTBot/1.4; +https://openai.com/gptbot)"
74.7.241.13 - - [20/Aug/2026:09:14:53 +0200] "GET /?n=jsgf273dp35698fetakr HTTP/1.1" 500 - "https://zimmerei-boettcher.de/sitemap_index.xml" "Mozilla/5.0 AppleWebKit/537.36 (KHTML, like Gecko; compatible; GPTBot/1.4; +https://openai.com/gptbot)"
74.7.241.13 - - [20/Aug/2026:09:15:15 +0200] "GET /?r=hluvj298y32581oqzfsg HTTP/1.1" 500 - "https://zimmerei-boettcher.de/sitemap_index.xml" "Mozilla/5.0 AppleWebKit/537.36 (KHTML, like Gecko; compatible; GPTBot/1.4; +https://openai.com/gptbot)"
74.7.241.13 - - [20/Aug/2026:09:15:36 +0200] "GET /?l=oai215dllfv3888llrkose HTTP/1.1" 500 - "https://zimmerei-boettcher.de/sitemap_index.xml" "Mozilla/5.0 AppleWebKit/537.36 (KHTML, like Gecko; compatible; GPTBot/1.4; +https://openai.com/gptbot)"
74.7.241.13 - - [20/Aug/2026:09:15:56 +0200] "GET /?g=lsff11rwwvh41114rrexke HTTP/1.1" 500 - "https://zimmerei-boettcher.de/sitemap_index.xml" "Mozilla/5.0 AppleWebKit/537.36 (KHTML, like Gecko; compatible; GPTBot/1.4; +https://openai.com/gptbot)"
74.7.241.13 - - [20/Aug/2026:09:16:16 +0200] "GET /?o=gktig20rxqvs897cnlpzukbu HTTP/1.1" 500 - "https://zimmerei-boettcher.de/sitemap_index.xml" "Mozilla/5.0 AppleWebKit/537.36 (KHTML, like Gecko; compatible; GPTBot/1.4; +https://openai.com/gptbot)"
74.7.241.13 - - [20/Aug/2026:09:16:38 +0200] "GET /?k=nno69nfern29294zxotkfc HTTP/1.1" 500 - "https://zimmerei-boettcher.de/sitemap_index.xml" "Mozilla/5.0 AppleWebKit/537.36 (KHTML, like Gecko; compatible; GPTBot/1.4; +https://openai.com/gptbot)"
74.7.241.13 - - [20/Aug/2026:09:17:00 +0200] "GET /?j=pypfd31e21556jgtotnwgt HTTP/1.1" 500 - "https://zimmerei-boettcher.de/sitemap_index.xml" "Mozilla/5.0 AppleWebKit/537.36 (KHTML, like Gecko; compatible; GPTBot/1.4; +https://openai.com/gptbot)"
66.249.68.130 - - [20/Aug/2026:09:17:14 +0200] "GET /?f=rpen74ngyk31055dmhphdjsce HTTP/1.1" 200 67101 "-" "Mozilla/5.0 (Linux; Android 6.0.1; Nexus 5X Build/MMB29P) AppleWebKit/537.36 (KHTML, like Gecko) Chrome/151.0.7922.137 Mobile Safari/537.36 (compatible; GoogleOther)"
74.7.241.13 - - [20/Aug/2026:09:17:20 +0200] "GET /?l=iuu38zzlli49007wttcdli HTTP/1.1" 500 - "https://zimmerei-boettcher.de/sitemap_index.xml" "Mozilla/5.0 AppleWebKit/537.36 (KHTML, like Gecko; compatible; GPTBot/1.4; +https://openai.com/gptbot)"
74.7.241.13 - - [20/Aug/2026:09:17:42 +0200] "GET /?a=mhehe68mnmn34231hqhwoj HTTP/1.1" 500 - "https://zimmerei-boettcher.de/sitemap_index.xml" "Mozilla/5.0 AppleWebKit/537.36 (KHTML, like Gecko; compatible; GPTBot/1.4; +https://openai.com/gptbot)"
74.7.241.13 - - [20/Aug/2026:09:18:02 +0200] "GET /?p=peb24onnft24651hhmytvz HTTP/1.1" 500 - "https://zimmerei-boettcher.de/sitemap_index.xml" "Mozilla/5.0 AppleWebKit/537.36 (KHTML, like Gecko; compatible; GPTBot/1.4; +https://openai.com/gptbot)"
74.7.241.13 - - [20/Aug/2026:09:18:23 +0200] "GET /?a=dghxh264f6707eaezrbrbm HTTP/1.1" 500 - "https://zimmerei-boettcher.de/sitemap_index.xml" "Mozilla/5.0 AppleWebKit/537.36 (KHTML, like Gecko; compatible; GPTBot/1.4; +https://openai.com/gptbot)"
74.7.241.13 - - [20/Aug/2026:09:18:44 +0200] "GET /?b=pwx85eg13122hzegxxdskw HTTP/1.1" 500 - "https://zimmerei-boettcher.de/sitemap_index.xml" "Mozilla/5.0 AppleWebKit/537.36 (KHTML, like Gecko; compatible; GPTBot/1.4; +https://openai.com/gptbot)"
74.7.241.13 - - [20/Aug/2026:09:19:06 +0200] "GET /?q=lfqez107wcyg2510mkzmpp HTTP/1.1" 500 - "https://zimmerei-boettcher.de/sitemap_index.xml" "Mozilla/5.0 AppleWebKit/537.36 (KHTML, like Gecko; compatible; GPTBot/1.4; +https://openai.com/gptbot)"
74.7.241.13 - - [20/Aug/2026:09:19:27 +0200] "GET /?p=tqewg84paur38477prwstz HTTP/1.1" 500 - "https://zimmerei-boettcher.de/sitemap_index.xml" "Mozilla/5.0 AppleWebKit/537.36 (KHTML, like Gecko; compatible; GPTBot/1.4; +https://openai.com/gptbot)"
74.7.241.13 - - [20/Aug/2026:09:19:49 +0200] "GET /?l=qzoh52oz39599rkblwbubl HTTP/1.1" 500 - "https://zimmerei-boettcher.de/sitemap_index.xml" "Mozilla/5.0 AppleWebKit/537.36 (KHTML, like Gecko; compatible; GPTBot/1.4; +https://openai.com/gptbot)"
74.7.241.13 - - [20/Aug/2026:09:20:09 +0200] "GET /?z=wnrhz3ogvb1660zmylmxkilj HTTP/1.1" 500 - "https://zimmerei-boettcher.de/sitemap_index.xml" "Mozilla/5.0 AppleWebKit/537.36 (KHTML, like Gecko; compatible; GPTBot/1.4; +https://openai.com/gptbot)"
74.7.241.13 - - [20/Aug/2026:09:20:31 +0200] "GET /?w=lbwyj35fawc47492rkzoktnne HTTP/1.1" 500 - "https://zimmerei-boettcher.de/sitemap_index.xml" "Mozilla/5.0 AppleWebKit/537.36 (KHTML, like Gecko; compatible; GPTBot/1.4; +https://openai.com/gptbot)"
66.249.68.130 - - [20/Aug/2026:09:20:48 +0200] "GET /?d=zxn31pug35182warwzxfj HTTP/1.1" 200 59651 "-" "Mozilla/5.0 (Linux; Android 6.0.1; Nexus 5X Build/MMB29P) AppleWebKit/537.36 (KHTML, like Gecko) Chrome/151.0.7922.137 Mobile Safari/537.36 (compatible; GoogleOther)"
74.7.241.13 - - [20/Aug/2026:09:20:51 +0200] "GET /?u=ggihh71cf25344heeqehxw HTTP/1.1" 500 - "https://zimmerei-boettcher.de/sitemap_index.xml" "Mozilla/5.0 AppleWebKit/537.36 (KHTML, like Gecko; compatible; GPTBot/1.4; +https://openai.com/gptbot)"
74.7.241.13 - - [20/Aug/2026:09:21:11 +0200] "GET /?v=nwc185crhrm2598dqdacwk HTTP/1.1" 500 - "https://zimmerei-boettcher.de/sitemap_index.xml" "Mozilla/5.0 AppleWebKit/537.36 (KHTML, like Gecko; compatible; GPTBot/1.4; +https://openai.com/gptbot)"
66.249.68.131 - - [20/Aug/2026:09:21:21 +0200] "GET /?a=ehhiw33hhsp508gsndflsv HTTP/1.1" 200 61817 "-" "Mozilla/5.0 (Linux; Android 6.0.1; Nexus 5X Build/MMB29P) AppleWebKit/537.36 (KHTML, like Gecko) Chrome/151.0.7922.137 Mobile Safari/537.36 (compatible; GoogleOther)"
74.7.241.13 - - [20/Aug/2026:09:21:35 +0200] "GET /?t=zpm20mgdgj19889xgxbjpb HTTP/1.1" 500 - "https://zimmerei-boettcher.de/sitemap_index.xml" "Mozilla/5.0 AppleWebKit/537.36 (KHTML, like Gecko; compatible; GPTBot/1.4; +https://openai.com/gptbot)"
74.7.241.13 - - [20/Aug/2026:09:22:40 +0200] "GET /?n=tmhj42brn34549cjkekpae HTTP/1.1" 500 - "https://zimmerei-boettcher.de/sitemap_index.xml" "Mozilla/5.0 AppleWebKit/537.36 (KHTML, like Gecko; compatible; GPTBot/1.4; +https://openai.com/gptbot)"
66.249.68.131 - - [20/Aug/2026:09:23:07 +0200] "GET /sitemap14.xml HTTP/1.1" 200 542358 "-" "Mozilla/5.0 (compatible; Googlebot/2.1; +http://www.google.com/bot.html)"
74.7.241.13 - - [20/Aug/2026:09:23:54 +0200] "GET /?t=hxe181tywq6224cisvkqck HTTP/1.1" 500 - "https://zimmerei-boettcher.de/sitemap_index.xml" "Mozilla/5.0 AppleWebKit/537.36 (KHTML, like Gecko; compatible; GPTBot/1.4; +https://openai.com/gptbot)"
66.249.68.129 - - [20/Aug/2026:09:24:08 +0200] "GET /sitemap21.xml HTTP/1.1" 200 542311 "-" "Mozilla/5.0 (compatible; Googlebot/2.1; +http://www.google.com/bot.html)"
66.249.68.129 - - [20/Aug/2026:09:24:11 +0200] "GET /sitemap46.xml HTTP/1.1" 200 542135 "-" "Mozilla/5.0 (compatible; Googlebot/2.1; +http://www.google.com/bot.html)"
74.7.241.13 - - [20/Aug/2026:09:24:36 +0200] "GET /?i=ipmhi236yv5751utmvuskl HTTP/1.1" 500 - "https://zimmerei-boettcher.de/sitemap_index.xml" "Mozilla/5.0 AppleWebKit/537.36 (KHTML, like Gecko; compatible; GPTBot/1.4; +https://openai.com/gptbot)"
66.249.68.129 - - [20/Aug/2026:09:24:47 +0200] "GET /store HTTP/1.1" 200 64222 "-" "Mozilla/5.0 (Linux; Android 6.0.1; Nexus 5X Build/MMB29P) AppleWebKit/537.36 (KHTML, like Gecko) Chrome/151.0.7922.137 Mobile Safari/537.36 (compatible; GoogleOther)"
74.7.241.13 - - [20/Aug/2026:09:24:50 +0200] "GET /?x=pfegp241cst9404kaxxhwc HTTP/1.1" 500 - "https://zimmerei-boettcher.de/sitemap_index.xml" "Mozilla/5.0 AppleWebKit/537.36 (KHTML, like Gecko; compatible; GPTBot/1.4; +https://openai.com/gptbot)"
66.249.68.129 - - [20/Aug/2026:09:25:02 +0200] "GET /sitemap6.xml HTTP/1.1" 200 542231 "-" "Mozilla/5.0 (compatible; Googlebot/2.1; +http://www.google.com/bot.html)"
66.249.68.129 - - [20/Aug/2026:09:25:07 +0200] "GET /sitemap60.xml HTTP/1.1" 200 542134 "-" "Mozilla/5.0 (compatible; Googlebot/2.1; +http://www.google.com/bot.html)"
74.7.241.13 - - [20/Aug/2026:09:25:10 +0200] "GET /?w=iaemr189uds7794wmnnpxi HTTP/1.1" 500 - "https://zimmerei-boettcher.de/sitemap_index.xml" "Mozilla/5.0 AppleWebKit/537.36 (KHTML, like Gecko; compatible; GPTBot/1.4; +https://openai.com/gptbot)"
74.7.241.13 - - [20/Aug/2026:09:25:26 +0200] "GET /?q=chhq70ffs36059vlxzusxe HTTP/1.1" 500 - "https://zimmerei-boettcher.de/sitemap_index.xml" "Mozilla/5.0 AppleWebKit/537.36 (KHTML, like Gecko; compatible; GPTBot/1.4; +https://openai.com/gptbot)"
66.249.68.129 - - [20/Aug/2026:09:25:26 +0200] "GET /sitemap77.xml HTTP/1.1" 200 542143 "-" "Mozilla/5.0 (compatible; Googlebot/2.1; +http://www.google.com/bot.html)"
66.249.68.129 - - [20/Aug/2026:09:25:37 +0200] "GET /sitemap79.xml HTTP/1.1" 200 542276 "-" "Mozilla/5.0 (compatible; Googlebot/2.1; +http://www.google.com/bot.html)"
74.7.241.13 - - [20/Aug/2026:09:25:42 +0200] "GET /?n=fnsq29e45732bxtwnieqhx HTTP/1.1" 500 - "https://zimmerei-boettcher.de/sitemap_index.xml" "Mozilla/5.0 AppleWebKit/537.36 (KHTML, like Gecko; compatible; GPTBot/1.4; +https://openai.com/gptbot)"
66.249.68.129 - - [20/Aug/2026:09:25:50 +0200] "GET /sitemap86.xml HTTP/1.1" 200 542315 "-" "Mozilla/5.0 (compatible; Googlebot/2.1; +http://www.google.com/bot.html)"
74.7.241.13 - - [20/Aug/2026:09:26:03 +0200] "GET /?y=ysbm219ldzlf2418nsxmse HTTP/1.1" 500 - "https://zimmerei-boettcher.de/sitemap_index.xml" "Mozilla/5.0 AppleWebKit/537.36 (KHTML, like Gecko; compatible; GPTBot/1.4; +https://openai.com/gptbot)"
66.249.68.130 - - [20/Aug/2026:09:26:02 +0200] "GET /sitemap98.xml HTTP/1.1" 200 542249 "-" "Mozilla/5.0 (compatible; Googlebot/2.1; +http://www.google.com/bot.html)"
66.249.68.129 - - [20/Aug/2026:09:26:12 +0200] "GET /sitemap99.xml HTTP/1.1" 200 542232 "-" "Mozilla/5.0 (compatible; Googlebot/2.1; +http://www.google.com/bot.html)"
74.7.241.13 - - [20/Aug/2026:09:26:23 +0200] "GET /?f=blla91vv20644scwgfwtfl HTTP/1.1" 500 - "https://zimmerei-boettcher.de/sitemap_index.xml" "Mozilla/5.0 AppleWebKit/537.36 (KHTML, like Gecko; compatible; GPTBot/1.4; +https://openai.com/gptbot)"
74.7.241.13 - - [20/Aug/2026:09:26:44 +0200] "GET /?o=atvwg25wvl43664wdsjkty HTTP/1.1" 500 - "https://zimmerei-boettcher.de/sitemap_index.xml" "Mozilla/5.0 AppleWebKit/537.36 (KHTML, like Gecko; compatible; GPTBot/1.4; +https://openai.com/gptbot)"
74.7.241.13 - - [20/Aug/2026:09:27:05 +0200] "GET /?i=rqtkx69inj32468anodfnn HTTP/1.1" 500 - "https://zimmerei-boettcher.de/sitemap_index.xml" "Mozilla/5.0 AppleWebKit/537.36 (KHTML, like Gecko; compatible; GPTBot/1.4; +https://openai.com/gptbot)"
74.7.241.13 - - [20/Aug/2026:09:27:27 +0200] "GET /?d=obggu147r6924ddmxcpvgc HTTP/1.1" 500 - "https://zimmerei-boettcher.de/sitemap_index.xml" "Mozilla/5.0 AppleWebKit/537.36 (KHTML, like Gecko; compatible; GPTBot/1.4; +https://openai.com/gptbot)"
74.7.241.13 - - [20/Aug/2026:09:27:47 +0200] "GET /?g=kkvj77zdy44768iozsedxp HTTP/1.1" 500 - "https://zimmerei-boettcher.de/sitemap_index.xml" "Mozilla/5.0 AppleWebKit/537.36 (KHTML, like Gecko; compatible; GPTBot/1.4; +https://openai.com/gptbot)"
66.249.68.130 - - [20/Aug/2026:09:27:57 +0200] "GET /corner/cc/wechat/cd/990/ HTTP/1.1" 200 63258 "-" "Mozilla/5.0 (Linux; Android 6.0.1; Nexus 5X Build/MMB29P) AppleWebKit/537.36 (KHTML, like Gecko) Chrome/151.0.7922.137 Mobile Safari/537.36 (compatible; GoogleOther)"
74.7.241.13 - - [20/Aug/2026:09:28:09 +0200] "GET /?b=kyopz95vz48944wexsgtto HTTP/1.1" 500 - "https://zimmerei-boettcher.de/sitemap_index.xml" "Mozilla/5.0 AppleWebKit/537.36 (KHTML, like Gecko; compatible; GPTBot/1.4; +https://openai.com/gptbot)"
74.7.241.13 - - [20/Aug/2026:09:28:30 +0200] "GET /?i=fgci31kw30604uexixfwnx HTTP/1.1" 500 - "https://zimmerei-boettcher.de/sitemap_index.xml" "Mozilla/5.0 AppleWebKit/537.36 (KHTML, like Gecko; compatible; GPTBot/1.4; +https://openai.com/gptbot)"
74.7.241.13 - - [20/Aug/2026:09:28:51 +0200] "GET /?w=ovkz84wcus36545blkfwuw HTTP/1.1" 500 - "https://zimmerei-boettcher.de/sitemap_index.xml" "Mozilla/5.0 AppleWebKit/537.36 (KHTML, like Gecko; compatible; GPTBot/1.4; +https://openai.com/gptbot)"
74.7.241.13 - - [20/Aug/2026:09:29:11 +0200] "GET /?i=hlm178bkak7395sasrpkrf HTTP/1.1" 500 - "https://zimmerei-boettcher.de/sitemap_index.xml" "Mozilla/5.0 AppleWebKit/537.36 (KHTML, like Gecko; compatible; GPTBot/1.4; +https://openai.com/gptbot)"
74.7.241.13 - - [20/Aug/2026:09:29:32 +0200] "GET /?z=vrccw76guu37869iigwfys HTTP/1.1" 500 - "https://zimmerei-boettcher.de/sitemap_index.xml" "Mozilla/5.0 AppleWebKit/537.36 (KHTML, like Gecko; compatible; GPTBot/1.4; +https://openai.com/gptbot)"
74.7.241.13 - - [20/Aug/2026:09:29:53 +0200] "GET /?s=thoj116nc7691yonpeahte HTTP/1.1" 500 - "https://zimmerei-boettcher.de/sitemap_index.xml" "Mozilla/5.0 AppleWebKit/537.36 (KHTML, like Gecko; compatible; GPTBot/1.4; +https://openai.com/gptbot)"
74.7.241.13 - - [20/Aug/2026:09:30:15 +0200] "GET /?c=vuwi158z5065vzcxcqnsmz HTTP/1.1" 500 - "https://zimmerei-boettcher.de/sitemap_index.xml" "Mozilla/5.0 AppleWebKit/537.36 (KHTML, like Gecko; compatible; GPTBot/1.4; +https://openai.com/gptbot)"
74.7.241.13 - - [20/Aug/2026:09:30:35 +0200] "GET /?w=rph142dxwm3383klwzecdc HTTP/1.1" 500 - "https://zimmerei-boettcher.de/sitemap_index.xml" "Mozilla/5.0 AppleWebKit/537.36 (KHTML, like Gecko; compatible; GPTBot/1.4; +https://openai.com/gptbot)"
74.7.241.13 - - [20/Aug/2026:09:30:57 +0200] "GET /?b=eeu68mtdsj11965vubszhe HTTP/1.1" 500 - "https://zimmerei-boettcher.de/sitemap_index.xml" "Mozilla/5.0 AppleWebKit/537.36 (KHTML, like Gecko; compatible; GPTBot/1.4; +https://openai.com/gptbot)"
74.7.241.13 - - [20/Aug/2026:09:31:17 +0200] "GET /?s=ybe59cnyvn29612ienikxf HTTP/1.1" 500 - "https://zimmerei-boettcher.de/sitemap_index.xml" "Mozilla/5.0 AppleWebKit/537.36 (KHTML, like Gecko; compatible; GPTBot/1.4; +https://openai.com/gptbot)"
74.7.241.13 - - [20/Aug/2026:09:31:37 +0200] "GET /?k=qbr71laua22058owolmwwk HTTP/1.1" 500 - "https://zimmerei-boettcher.de/sitemap_index.xml" "Mozilla/5.0 AppleWebKit/537.36 (KHTML, like Gecko; compatible; GPTBot/1.4; +https://openai.com/gptbot)"
74.7.241.13 - - [20/Aug/2026:09:31:58 +0200] "GET /?n=oide108jbn2993jqqfwnfn HTTP/1.1" 500 - "https://zimmerei-boettcher.de/sitemap_index.xml" "Mozilla/5.0 AppleWebKit/537.36 (KHTML, like Gecko; compatible; GPTBot/1.4; +https://openai.com/gptbot)"
74.7.241.13 - - [20/Aug/2026:09:32:23 +0200] "GET /?h=duo22ng37291tedvmuwwgo HTTP/1.1" 500 - "https://zimmerei-boettcher.de/sitemap_index.xml" "Mozilla/5.0 AppleWebKit/537.36 (KHTML, like Gecko; compatible; GPTBot/1.4; +https://openai.com/gptbot)"
74.7.241.13 - - [20/Aug/2026:09:32:41 +0200] "GET /?e=dpaiy84e34031ygvkkgumy HTTP/1.1" 500 - "https://zimmerei-boettcher.de/sitemap_index.xml" "Mozilla/5.0 AppleWebKit/537.36 (KHTML, like Gecko; compatible; GPTBot/1.4; +https://openai.com/gptbot)"
74.7.241.13 - - [20/Aug/2026:09:33:03 +0200] "GET /?l=seeb97mmulj23876koflxb HTTP/1.1" 500 - "https://zimmerei-boettcher.de/sitemap_index.xml" "Mozilla/5.0 AppleWebKit/537.36 (KHTML, like Gecko; compatible; GPTBot/1.4; +https://openai.com/gptbot)"
66.249.68.130 - - [20/Aug/2026:09:33:09 +0200] "GET /?c=qah283qle38994uhbuufrs HTTP/1.1" 200 58842 "-" "Mozilla/5.0 (Linux; Android 6.0.1; Nexus 5X Build/MMB29P) AppleWebKit/537.36 (KHTML, like Gecko) Chrome/151.0.7922.137 Mobile Safari/537.36 (compatible; GoogleOther)"
74.7.241.13 - - [20/Aug/2026:09:33:35 +0200] "GET /?b=gsaw124ihcin6025hbnigr HTTP/1.1" 500 - "https://zimmerei-boettcher.de/sitemap_index.xml" "Mozilla/5.0 AppleWebKit/537.36 (KHTML, like Gecko; compatible; GPTBot/1.4; +https://openai.com/gptbot)"
74.7.241.13 - - [20/Aug/2026:09:34:18 +0200] "GET /?o=spkgg73kn24776ennemeas HTTP/1.1" 500 - "https://zimmerei-boettcher.de/sitemap_index.xml" "Mozilla/5.0 AppleWebKit/537.36 (KHTML, like Gecko; compatible; GPTBot/1.4; +https://openai.com/gptbot)"
74.7.241.13 - - [20/Aug/2026:09:35:22 +0200] "GET /?z=bzylw86v16231nlpnqefpg HTTP/1.1" 500 - "https://zimmerei-boettcher.de/sitemap_index.xml" "Mozilla/5.0 AppleWebKit/537.36 (KHTML, like Gecko; compatible; GPTBot/1.4; +https://openai.com/gptbot)"
74.7.241.13 - - [20/Aug/2026:09:35:35 +0200] "GET /?c=ubt43gmy32412hmglmobol HTTP/1.1" 500 - "https://zimmerei-boettcher.de/sitemap_index.xml" "Mozilla/5.0 AppleWebKit/537.36 (KHTML, like Gecko; compatible; GPTBot/1.4; +https://openai.com/gptbot)"
66.249.68.130 - - [20/Aug/2026:09:35:44 +0200] "GET /?jp/059013459.html HTTP/1.1" 200 63508 "-" "Mozilla/5.0 (Linux; Android 6.0.1; Nexus 5X Build/MMB29P) AppleWebKit/537.36 (KHTML, like Gecko) Chrome/151.0.7922.137 Mobile Safari/537.36 (compatible; GoogleOther)"
74.7.241.13 - - [20/Aug/2026:09:35:46 +0200] "GET /?v=ksnsf46ndnz36563sdocdq HTTP/1.1" 500 - "https://zimmerei-boettcher.de/sitemap_index.xml" "Mozilla/5.0 AppleWebKit/537.36 (KHTML, like Gecko; compatible; GPTBot/1.4; +https://openai.com/gptbot)"
74.7.241.13 - - [20/Aug/2026:09:35:53 +0200] "GET /?p=xfli239dcwh6940ckzfdpz HTTP/1.1" 500 - "https://zimmerei-boettcher.de/sitemap_index.xml" "Mozilla/5.0 AppleWebKit/537.36 (KHTML, like Gecko; compatible; GPTBot/1.4; +https://openai.com/gptbot)"
74.7.241.13 - - [20/Aug/2026:09:36:08 +0200] "GET /?m=lei229utr3878tfuwefpnt HTTP/1.1" 500 - "https://zimmerei-boettcher.de/sitemap_index.xml" "Mozilla/5.0 AppleWebKit/537.36 (KHTML, like Gecko; compatible; GPTBot/1.4; +https://openai.com/gptbot)"
74.7.241.13 - - [20/Aug/2026:09:36:24 +0200] "GET /?x=yfcs249v7998mwtlvpmvas HTTP/1.1" 500 - "https://zimmerei-boettcher.de/sitemap_index.xml" "Mozilla/5.0 AppleWebKit/537.36 (KHTML, like Gecko; compatible; GPTBot/1.4; +https://openai.com/gptbot)"
74.7.241.13 - - [20/Aug/2026:09:36:44 +0200] "GET /?d=zph94ydw40861hkopwrbbw HTTP/1.1" 500 - "https://zimmerei-boettcher.de/sitemap_index.xml" "Mozilla/5.0 AppleWebKit/537.36 (KHTML, like Gecko; compatible; GPTBot/1.4; +https://openai.com/gptbot)"
74.7.241.13 - - [20/Aug/2026:09:37:05 +0200] "GET /?s=cacw71yaz11080gkkjcvaw HTTP/1.1" 500 - "https://zimmerei-boettcher.de/sitemap_index.xml" "Mozilla/5.0 AppleWebKit/537.36 (KHTML, like Gecko; compatible; GPTBot/1.4; +https://openai.com/gptbot)"
74.7.241.13 - - [20/Aug/2026:09:37:27 +0200] "GET /?x=qezb75cfp25868sqzhxhtu HTTP/1.1" 500 - "https://zimmerei-boettcher.de/sitemap_index.xml" "Mozilla/5.0 AppleWebKit/537.36 (KHTML, like Gecko; compatible; GPTBot/1.4; +https://openai.com/gptbot)"
74.7.241.13 - - [20/Aug/2026:09:37:48 +0200] "GET /?z=dhb20fbig29493nhszvhxw HTTP/1.1" 500 - "https://zimmerei-boettcher.de/sitemap_index.xml" "Mozilla/5.0 AppleWebKit/537.36 (KHTML, like Gecko; compatible; GPTBot/1.4; +https://openai.com/gptbot)"
74.7.241.13 - - [20/Aug/2026:09:38:08 +0200] "GET /?y=rgls48tlp40423jqjnlgey HTTP/1.1" 500 - "https://zimmerei-boettcher.de/sitemap_index.xml" "Mozilla/5.0 AppleWebKit/537.36 (KHTML, like Gecko; compatible; GPTBot/1.4; +https://openai.com/gptbot)"
74.7.241.13 - - [20/Aug/2026:09:38:29 +0200] "GET /?v=dlr42ygrtw16641vmjlddo HTTP/1.1" 500 - "https://zimmerei-boettcher.de/sitemap_index.xml" "Mozilla/5.0 AppleWebKit/537.36 (KHTML, like Gecko; compatible; GPTBot/1.4; +https://openai.com/gptbot)"
66.249.68.129 - - [20/Aug/2026:09:38:37 +0200] "GET /order/index.php HTTP/1.1" 200 60715 "-" "Mozilla/5.0 (Linux; Android 6.0.1; Nexus 5X Build/MMB29P) AppleWebKit/537.36 (KHTML, like Gecko) Chrome/151.0.7922.137 Mobile Safari/537.36 (compatible; GoogleOther)"
74.7.241.13 - - [20/Aug/2026:09:38:49 +0200] "GET /?c=liq21lyov43188dmnwskgmjj HTTP/1.1" 500 - "https://zimmerei-boettcher.de/sitemap_index.xml" "Mozilla/5.0 AppleWebKit/537.36 (KHTML, like Gecko; compatible; GPTBot/1.4; +https://openai.com/gptbot)"
74.7.241.13 - - [20/Aug/2026:09:39:11 +0200] "GET /?j=qrgcz254vpk2617tudwjljqf HTTP/1.1" 500 - "https://zimmerei-boettcher.de/sitemap_index.xml" "Mozilla/5.0 AppleWebKit/537.36 (KHTML, like Gecko; compatible; GPTBot/1.4; +https://openai.com/gptbot)"
74.7.241.13 - - [20/Aug/2026:09:39:32 +0200] "GET /?b=zdnxi233ndzh5728qgftwusa HTTP/1.1" 500 - "https://zimmerei-boettcher.de/sitemap_index.xml" "Mozilla/5.0 AppleWebKit/537.36 (KHTML, like Gecko; compatible; GPTBot/1.4; +https://openai.com/gptbot)"
74.7.241.13 - - [20/Aug/2026:09:39:58 +0200] "GET /?e=nsuf24ghpj40275mblgzxdmf HTTP/1.1" 500 - "https://zimmerei-boettcher.de/sitemap_index.xml" "Mozilla/5.0 AppleWebKit/537.36 (KHTML, like Gecko; compatible; GPTBot/1.4; +https://openai.com/gptbot)"
74.7.241.13 - - [20/Aug/2026:09:40:19 +0200] "GET /?h=ayz94urott33059wnqqyempi HTTP/1.1" 500 - "https://zimmerei-boettcher.de/sitemap_index.xml" "Mozilla/5.0 AppleWebKit/537.36 (KHTML, like Gecko; compatible; GPTBot/1.4; +https://openai.com/gptbot)"
74.7.241.13 - - [20/Aug/2026:09:40:40 +0200] "GET /?t=mool57wwsz13798jicmtnpev HTTP/1.1" 500 - "https://zimmerei-boettcher.de/sitemap_index.xml" "Mozilla/5.0 AppleWebKit/537.36 (KHTML, like Gecko; compatible; GPTBot/1.4; +https://openai.com/gptbot)"
74.7.241.13 - - [20/Aug/2026:09:40:56 +0200] "GET /?f=ful230m41791vamzjwkc HTTP/1.1" 500 - "https://zimmerei-boettcher.de/sitemap_index.xml" "Mozilla/5.0 AppleWebKit/537.36 (KHTML, like Gecko; compatible; GPTBot/1.4; +https://openai.com/gptbot)"
74.7.241.13 - - [20/Aug/2026:09:41:17 +0200] "GET /?z=mnxk219q38602mjluhqp HTTP/1.1" 500 - "https://zimmerei-boettcher.de/sitemap_index.xml" "Mozilla/5.0 AppleWebKit/537.36 (KHTML, like Gecko; compatible; GPTBot/1.4; +https://openai.com/gptbot)"
74.7.241.13 - - [20/Aug/2026:09:41:39 +0200] "GET /?d=sva187cul36556vepyfh HTTP/1.1" 500 - "https://zimmerei-boettcher.de/sitemap_index.xml" "Mozilla/5.0 AppleWebKit/537.36 (KHTML, like Gecko; compatible; GPTBot/1.4; +https://openai.com/gptbot)"
66.249.68.130 - - [20/Aug/2026:09:41:40 +0200] "GET /?n=grr214ppo25531eqgxfnh HTTP/1.1" 200 67165 "-" "Mozilla/5.0 (Linux; Android 6.0.1; Nexus 5X Build/MMB29P) AppleWebKit/537.36 (KHTML, like Gecko) Chrome/151.0.7922.137 Mobile Safari/537.36 (compatible; GoogleOther)"
74.7.241.13 - - [20/Aug/2026:09:42:01 +0200] "GET /?m=snrr126wrr19905zztzpw HTTP/1.1" 500 - "https://zimmerei-boettcher.de/sitemap_index.xml" "Mozilla/5.0 AppleWebKit/537.36 (KHTML, like Gecko; compatible; GPTBot/1.4; +https://openai.com/gptbot)"
66.249.68.131 - - [20/Aug/2026:09:42:12 +0200] "GET /?f=mskkv97l38328iiwhgf HTTP/1.1" 200 56787 "-" "Mozilla/5.0 (Linux; Android 6.0.1; Nexus 5X Build/MMB29P) AppleWebKit/537.36 (KHTML, like Gecko) Chrome/151.0.7922.137 Mobile Safari/537.36 (compatible; GoogleOther)"
74.7.241.13 - - [20/Aug/2026:09:42:21 +0200] "GET /?u=ikbpc246y33793dlqfhd HTTP/1.1" 500 - "https://zimmerei-boettcher.de/sitemap_index.xml" "Mozilla/5.0 AppleWebKit/537.36 (KHTML, like Gecko; compatible; GPTBot/1.4; +https://openai.com/gptbot)"
74.7.241.13 - - [20/Aug/2026:09:42:41 +0200] "GET /?i=jhop274cl18223xqcmky HTTP/1.1" 500 - "https://zimmerei-boettcher.de/sitemap_index.xml" "Mozilla/5.0 AppleWebKit/537.36 (KHTML, like Gecko; compatible; GPTBot/1.4; +https://openai.com/gptbot)"
74.7.241.13 - - [20/Aug/2026:09:43:02 +0200] "GET /?b=qibg51szjtf2140wdvpyets HTTP/1.1" 500 - "https://zimmerei-boettcher.de/sitemap_index.xml" "Mozilla/5.0 AppleWebKit/537.36 (KHTML, like Gecko; compatible; GPTBot/1.4; +https://openai.com/gptbot)"
74.7.241.13 - - [20/Aug/2026:09:43:23 +0200] "GET /?v=muok65uric29668hilqhifdmr HTTP/1.1" 500 - "https://zimmerei-boettcher.de/sitemap_index.xml" "Mozilla/5.0 AppleWebKit/537.36 (KHTML, like Gecko; compatible; GPTBot/1.4; +https://openai.com/gptbot)"
74.7.241.13 - - [20/Aug/2026:09:43:44 +0200] "GET /?r=thdc40nalna49093jvwjeajdi HTTP/1.1" 500 - "https://zimmerei-boettcher.de/sitemap_index.xml" "Mozilla/5.0 AppleWebKit/537.36 (KHTML, like Gecko; compatible; GPTBot/1.4; +https://openai.com/gptbot)"
74.7.241.13 - - [20/Aug/2026:09:44:05 +0200] "GET /?t=pqoij97pav48764kmeqvjuzqv HTTP/1.1" 500 - "https://zimmerei-boettcher.de/sitemap_index.xml" "Mozilla/5.0 AppleWebKit/537.36 (KHTML, like Gecko; compatible; GPTBot/1.4; +https://openai.com/gptbot)"
74.7.241.13 - - [20/Aug/2026:09:44:25 +0200] "GET /?y=sssls71wwzw15736dqdpbyfua HTTP/1.1" 500 - "https://zimmerei-boettcher.de/sitemap_index.xml" "Mozilla/5.0 AppleWebKit/537.36 (KHTML, like Gecko; compatible; GPTBot/1.4; +https://openai.com/gptbot)"
74.7.241.13 - - [20/Aug/2026:09:44:47 +0200] "GET /?d=oaxo222acioi3171dxpxtpfjr HTTP/1.1" 500 - "https://zimmerei-boettcher.de/sitemap_index.xml" "Mozilla/5.0 AppleWebKit/537.36 (KHTML, like Gecko; compatible; GPTBot/1.4; +https://openai.com/gptbot)"
74.7.241.13 - - [20/Aug/2026:09:45:08 +0200] "GET /?a=nzsy88vlso36919xbjsuysuyr HTTP/1.1" 500 - "https://zimmerei-boettcher.de/sitemap_index.xml" "Mozilla/5.0 AppleWebKit/537.36 (KHTML, like Gecko; compatible; GPTBot/1.4; +https://openai.com/gptbot)"
66.249.68.130 - - [20/Aug/2026:09:45:24 +0200] "GET /?l=nhabu79xaw9664tojuwk HTTP/1.1" 200 62149 "-" "Mozilla/5.0 (Linux; Android 6.0.1; Nexus 5X Build/MMB29P) AppleWebKit/537.36 (KHTML, like Gecko) Chrome/151.0.7922.137 Mobile Safari/537.36 (compatible; GoogleOther)"
74.7.241.13 - - [20/Aug/2026:09:45:29 +0200] "GET /?l=mvqdu7aog3792xcmxfwwkr HTTP/1.1" 500 - "https://zimmerei-boettcher.de/sitemap_index.xml" "Mozilla/5.0 AppleWebKit/537.36 (KHTML, like Gecko; compatible; GPTBot/1.4; +https://openai.com/gptbot)"
74.7.241.13 - - [20/Aug/2026:09:45:49 +0200] "GET /?o=icp107imapb48fnuvrsgcm HTTP/1.1" 500 - "https://zimmerei-boettcher.de/sitemap_index.xml" "Mozilla/5.0 AppleWebKit/537.36 (KHTML, like Gecko; compatible; GPTBot/1.4; +https://openai.com/gptbot)"
74.7.241.13 - - [20/Aug/2026:09:46:11 +0200] "GET /?z=xfbek11yhg27810nlwgmszxft HTTP/1.1" 500 - "https://zimmerei-boettcher.de/sitemap_index.xml" "Mozilla/5.0 AppleWebKit/537.36 (KHTML, like Gecko; compatible; GPTBot/1.4; +https://openai.com/gptbot)"
74.7.241.13 - - [20/Aug/2026:09:46:31 +0200] "GET /?s=fsvvu13uee8934jjqcqknmnr HTTP/1.1" 500 - "https://zimmerei-boettcher.de/sitemap_index.xml" "Mozilla/5.0 AppleWebKit/537.36 (KHTML, like Gecko; compatible; GPTBot/1.4; +https://openai.com/gptbot)"
74.7.241.13 - - [20/Aug/2026:09:46:54 +0200] "GET /?e=vtpig1egbo10662bmqtbipea HTTP/1.1" 500 - "https://zimmerei-boettcher.de/sitemap_index.xml" "Mozilla/5.0 AppleWebKit/537.36 (KHTML, like Gecko; compatible; GPTBot/1.4; +https://openai.com/gptbot)"
74.7.241.13 - - [20/Aug/2026:09:47:34 +0200] "GET /?n=bleab85sjhnm8228nwudkmtgn HTTP/1.1" 500 - "https://zimmerei-boettcher.de/sitemap_index.xml" "Mozilla/5.0 AppleWebKit/537.36 (KHTML, like Gecko; compatible; GPTBot/1.4; +https://openai.com/gptbot)"
74.7.241.13 - - [20/Aug/2026:09:47:50 +0200] "GET /?z=jmvq52orhwm5041uaenfshlls HTTP/1.1" 500 - "https://zimmerei-boettcher.de/sitemap_index.xml" "Mozilla/5.0 AppleWebKit/537.36 (KHTML, like Gecko; compatible; GPTBot/1.4; +https://openai.com/gptbot)"
74.7.241.13 - - [20/Aug/2026:09:48:04 +0200] "GET /?p=asfld9gawc48694wuhmiejby HTTP/1.1" 500 - "https://zimmerei-boettcher.de/sitemap_index.xml" "Mozilla/5.0 AppleWebKit/537.36 (KHTML, like Gecko; compatible; GPTBot/1.4; +https://openai.com/gptbot)"
66.249.68.130 - - [20/Aug/2026:09:48:07 +0200] "GET /?x=nue93jyfml35870lrecot HTTP/1.1" 200 58640 "-" "Mozilla/5.0 (Linux; Android 6.0.1; Nexus 5X Build/MMB29P) AppleWebKit/537.36 (KHTML, like Gecko) Chrome/151.0.7922.137 Mobile Safari/537.36 (compatible; GoogleOther)"
66.249.68.131 - - [20/Aug/2026:09:57:15 +0200] "GET /?x=pchut52wi31641mraaoiib HTTP/1.1" 200 73694 "-" "Mozilla/5.0 (Linux; Android 6.0.1; Nexus 5X Build/MMB29P) AppleWebKit/537.36 (KHTML, like Gecko) Chrome/151.0.7922.137 Mobile Safari/537.36 (compatible; GoogleOther)"
74.7.241.13 - - [20/Aug/2026:09:57:46 +0200] "GET /?u=nnyi23qafse49858wtherva HTTP/1.1" 500 - "https://zimmerei-boettcher.de/sitemap_index.xml" "Mozilla/5.0 AppleWebKit/537.36 (KHTML, like Gecko; compatible; GPTBot/1.4; +https://openai.com/gptbot)"
74.7.241.13 - - [20/Aug/2026:09:57:57 +0200] "GET /?u=dmj139awlsi4098ugwycrkd HTTP/1.1" 500 - "https://zimmerei-boettcher.de/sitemap_index.xml" "Mozilla/5.0 AppleWebKit/537.36 (KHTML, like Gecko; compatible; GPTBot/1.4; +https://openai.com/gptbot)"
74.7.241.13 - - [20/Aug/2026:09:58:23 +0200] "GET /?i=tdf45pkgx32764bwyweaxen HTTP/1.1" 500 - "https://zimmerei-boettcher.de/sitemap_index.xml" "Mozilla/5.0 AppleWebKit/537.36 (KHTML, like Gecko; compatible; GPTBot/1.4; +https://openai.com/gptbot)"
74.7.241.13 - - [20/Aug/2026:09:58:41 +0200] "GET /?q=sbmpx4dnqv16423jafwqhhgfn HTTP/1.1" 500 - "https://zimmerei-boettcher.de/sitemap_index.xml" "Mozilla/5.0 AppleWebKit/537.36 (KHTML, like Gecko; compatible; GPTBot/1.4; +https://openai.com/gptbot)"
74.7.241.13 - - [20/Aug/2026:09:58:54 +0200] "GET /?i=lsv289uhxew6638ridxkopynz HTTP/1.1" 500 - "https://zimmerei-boettcher.de/sitemap_index.xml" "Mozilla/5.0 AppleWebKit/537.36 (KHTML, like Gecko; compatible; GPTBot/1.4; +https://openai.com/gptbot)"
66.249.68.131 - - [20/Aug/2026:09:59:11 +0200] "GET /special/061004515.html HTTP/1.1" 200 58388 "-" "Mozilla/5.0 (Linux; Android 6.0.1; Nexus 5X Build/MMB29P) AppleWebKit/537.36 (KHTML, like Gecko) Chrome/151.0.7922.137 Mobile Safari/537.36 (compatible; GoogleOther)"
74.7.241.13 - - [20/Aug/2026:09:59:14 +0200] "GET /?y=hawk22zctbi36019lcejtsxgy HTTP/1.1" 500 - "https://zimmerei-boettcher.de/sitemap_index.xml" "Mozilla/5.0 AppleWebKit/537.36 (KHTML, like Gecko; compatible; GPTBot/1.4; +https://openai.com/gptbot)"
74.7.241.13 - - [20/Aug/2026:09:59:43 +0200] "GET /?j=nebfr68puzgj27305tixmqkfs HTTP/1.1" 500 - "https://zimmerei-boettcher.de/sitemap_index.xml" "Mozilla/5.0 AppleWebKit/537.36 (KHTML, like Gecko; compatible; GPTBot/1.4; +https://openai.com/gptbot)"
74.7.241.13 - - [20/Aug/2026:10:00:03 +0200] "GET /?a=gzbnq24qlhue40469qmibshbb HTTP/1.1" 500 - "https://zimmerei-boettcher.de/sitemap_index.xml" "Mozilla/5.0 AppleWebKit/537.36 (KHTML, like Gecko; compatible; GPTBot/1.4; +https://openai.com/gptbot)"
74.7.241.13 - - [20/Aug/2026:10:00:22 +0200] "GET /?x=bcwjw225igl7626saslsokrle HTTP/1.1" 500 - "https://zimmerei-boettcher.de/sitemap_index.xml" "Mozilla/5.0 AppleWebKit/537.36 (KHTML, like Gecko; compatible; GPTBot/1.4; +https://openai.com/gptbot)"
74.7.241.13 - - [20/Aug/2026:10:00:46 +0200] "GET /?y=pwbub90pnj27581ypyhwhmons HTTP/1.1" 500 - "https://zimmerei-boettcher.de/sitemap_index.xml" "Mozilla/5.0 AppleWebKit/537.36 (KHTML, like Gecko; compatible; GPTBot/1.4; +https://openai.com/gptbot)"
74.7.241.13 - - [20/Aug/2026:10:01:07 +0200] "GET /?z=iqg15vevrz42456osphedteeq HTTP/1.1" 500 - "https://zimmerei-boettcher.de/sitemap_index.xml" "Mozilla/5.0 AppleWebKit/537.36 (KHTML, like Gecko; compatible; GPTBot/1.4; +https://openai.com/gptbot)"
74.7.241.13 - - [20/Aug/2026:10:01:28 +0200] "GET /?p=yxxf48iifde30457vadpwsvdy HTTP/1.1" 500 - "https://zimmerei-boettcher.de/sitemap_index.xml" "Mozilla/5.0 AppleWebKit/537.36 (KHTML, like Gecko; compatible; GPTBot/1.4; +https://openai.com/gptbot)"
74.7.241.13 - - [20/Aug/2026:10:01:50 +0200] "GET /?i=mcva53cmlm45006kmkvzojjas HTTP/1.1" 500 - "https://zimmerei-boettcher.de/sitemap_index.xml" "Mozilla/5.0 AppleWebKit/537.36 (KHTML, like Gecko; compatible; GPTBot/1.4; +https://openai.com/gptbot)"
74.7.241.13 - - [20/Aug/2026:10:02:08 +0200] "GET /?m=zswq57qlzfi32682zcaiinufw HTTP/1.1" 500 - "https://zimmerei-boettcher.de/sitemap_index.xml" "Mozilla/5.0 AppleWebKit/537.36 (KHTML, like Gecko; compatible; GPTBot/1.4; +https://openai.com/gptbot)"
74.7.241.13 - - [20/Aug/2026:10:02:26 +0200] "GET /?r=rxaox119kojk6586lijmqoauo HTTP/1.1" 500 - "https://zimmerei-boettcher.de/sitemap_index.xml" "Mozilla/5.0 AppleWebKit/537.36 (KHTML, like Gecko; compatible; GPTBot/1.4; +https://openai.com/gptbot)"
74.7.241.13 - - [20/Aug/2026:10:02:48 +0200] "GET /?b=fypfo83kfvx38996ldqldqmsu HTTP/1.1" 500 - "https://zimmerei-boettcher.de/sitemap_index.xml" "Mozilla/5.0 AppleWebKit/537.36 (KHTML, like Gecko; compatible; GPTBot/1.4; +https://openai.com/gptbot)"
74.7.241.13 - - [20/Aug/2026:10:03:06 +0200] "GET /?g=uozmj85umpdq41370syjgdbkc HTTP/1.1" 500 - "https://zimmerei-boettcher.de/sitemap_index.xml" "Mozilla/5.0 AppleWebKit/537.36 (KHTML, like Gecko; compatible; GPTBot/1.4; +https://openai.com/gptbot)"
66.249.68.130 - - [20/Aug/2026:10:03:05 +0200] "GET /?goods/024032053 HTTP/1.1" 200 62333 "-" "Mozilla/5.0 (Linux; Android 6.0.1; Nexus 5X Build/MMB29P) AppleWebKit/537.36 (KHTML, like Gecko) Chrome/151.0.7922.137 Mobile Safari/537.36 (compatible; GoogleOther)"
74.7.241.13 - - [20/Aug/2026:10:03:28 +0200] "GET /?k=yozp31drlhb40788uxbteroli HTTP/1.1" 500 - "https://zimmerei-boettcher.de/sitemap_index.xml" "Mozilla/5.0 AppleWebKit/537.36 (KHTML, like Gecko; compatible; GPTBot/1.4; +https://openai.com/gptbot)"
66.249.68.130 - - [20/Aug/2026:10:03:38 +0200] "GET /category/393/1/listing HTTP/1.1" 200 61804 "-" "Mozilla/5.0 (Linux; Android 6.0.1; Nexus 5X Build/MMB29P) AppleWebKit/537.36 (KHTML, like Gecko) Chrome/151.0.7922.137 Mobile Safari/537.36 (compatible; GoogleOther)"
74.7.241.13 - - [20/Aug/2026:10:03:47 +0200] "GET /?d=fniuq261gskfl7642wtxlvzow HTTP/1.1" 500 - "https://zimmerei-boettcher.de/sitemap_index.xml" "Mozilla/5.0 AppleWebKit/537.36 (KHTML, like Gecko; compatible; GPTBot/1.4; +https://openai.com/gptbot)"
74.7.241.13 - - [20/Aug/2026:10:04:09 +0200] "GET /?z=eyztw146dqv345frnomtlb HTTP/1.1" 500 - "https://zimmerei-boettcher.de/sitemap_index.xml" "Mozilla/5.0 AppleWebKit/537.36 (KHTML, like Gecko; compatible; GPTBot/1.4; +https://openai.com/gptbot)"
74.7.241.13 - - [20/Aug/2026:10:04:42 +0200] "GET /?b=nasqw75usene2654ciwilxnh HTTP/1.1" 500 - "https://zimmerei-boettcher.de/sitemap_index.xml" "Mozilla/5.0 AppleWebKit/537.36 (KHTML, like Gecko; compatible; GPTBot/1.4; +https://openai.com/gptbot)"
74.7.241.13 - - [20/Aug/2026:10:05:19 +0200] "GET /?h=akgo12wjb17017zyvrwriujg HTTP/1.1" 500 - "https://zimmerei-boettcher.de/sitemap_index.xml" "Mozilla/5.0 AppleWebKit/537.36 (KHTML, like Gecko; compatible; GPTBot/1.4; +https://openai.com/gptbot)"
74.7.241.13 - - [20/Aug/2026:10:05:42 +0200] "GET /?l=opmua88mrf46125vsnptramu HTTP/1.1" 500 - "https://zimmerei-boettcher.de/sitemap_index.xml" "Mozilla/5.0 AppleWebKit/537.36 (KHTML, like Gecko; compatible; GPTBot/1.4; +https://openai.com/gptbot)"
74.7.241.13 - - [20/Aug/2026:10:05:53 +0200] "GET /?z=tinl194pric6361nlvkjgtyt HTTP/1.1" 500 - "https://zimmerei-boettcher.de/sitemap_index.xml" "Mozilla/5.0 AppleWebKit/537.36 (KHTML, like Gecko; compatible; GPTBot/1.4; +https://openai.com/gptbot)"
74.7.241.13 - - [20/Aug/2026:10:06:09 +0200] "GET /?a=xmynf10ndge2537daygqtgqos HTTP/1.1" 500 - "https://zimmerei-boettcher.de/sitemap_index.xml" "Mozilla/5.0 AppleWebKit/537.36 (KHTML, like Gecko; compatible; GPTBot/1.4; +https://openai.com/gptbot)"
94.154.43.135 - - [20/Aug/2026:10:06:21 +0200] "GET / HTTP/1.1" 500 - "-" "Mozilla/5.0 (Windows NT 10.0; Win64; x64) AppleWebKit/537.36 (KHTML, like Gecko) Chrome/147.0.0.0 Safari/537.36"
94.154.43.129 - - [20/Aug/2026:10:06:22 +0200] "GET / HTTP/1.1" 200 40080 "-" "Mozilla/5.0 (Windows NT 10.0; Win64; x64) AppleWebKit/537.36 (KHTML, like Gecko) Chrome/147.0.0.0 Safari/537.36"
66.249.68.131 - - [20/Aug/2026:10:06:27 +0200] "GET /?j=nmh155bozh37802ygoljym HTTP/1.1" 200 64909 "-" "Mozilla/5.0 (Linux; Android 6.0.1; Nexus 5X Build/MMB29P) AppleWebKit/537.36 (KHTML, like Gecko) Chrome/151.0.7922.137 Mobile Safari/537.36 (compatible; GoogleOther)"
74.7.241.13 - - [20/Aug/2026:10:06:31 +0200] "GET /?r=mjzgg9ucaaj23570eggwnjp HTTP/1.1" 500 - "https://zimmerei-boettcher.de/sitemap_index.xml" "Mozilla/5.0 AppleWebKit/537.36 (KHTML, like Gecko; compatible; GPTBot/1.4; +https://openai.com/gptbot)"
74.7.241.13 - - [20/Aug/2026:10:06:48 +0200] "GET /?a=wrlnw7fhled48628jgwygwe HTTP/1.1" 500 - "https://zimmerei-boettcher.de/sitemap_index.xml" "Mozilla/5.0 AppleWebKit/537.36 (KHTML, like Gecko; compatible; GPTBot/1.4; +https://openai.com/gptbot)"
66.249.68.130 - - [20/Aug/2026:10:07:04 +0200] "GET /special/200013692.html HTTP/1.1" 200 64597 "-" "Mozilla/5.0 (Linux; Android 6.0.1; Nexus 5X Build/MMB29P) AppleWebKit/537.36 (KHTML, like Gecko) Chrome/151.0.7922.137 Mobile Safari/537.36 (compatible; GoogleOther)"
74.7.241.13 - - [20/Aug/2026:10:07:07 +0200] "GET /?l=fkoip26acpie18377byejzssz HTTP/1.1" 500 - "https://zimmerei-boettcher.de/sitemap_index.xml" "Mozilla/5.0 AppleWebKit/537.36 (KHTML, like Gecko; compatible; GPTBot/1.4; +https://openai.com/gptbot)"
74.7.241.13 - - [20/Aug/2026:10:07:28 +0200] "GET /?o=lvz57hmfox32992pcmtyrgmqf HTTP/1.1" 500 - "https://zimmerei-boettcher.de/sitemap_index.xml" "Mozilla/5.0 AppleWebKit/537.36 (KHTML, like Gecko; compatible; GPTBot/1.4; +https://openai.com/gptbot)"
74.7.241.13 - - [20/Aug/2026:10:07:49 +0200] "GET /?q=hica140ivxfg2173sxgvpbeam HTTP/1.1" 500 - "https://zimmerei-boettcher.de/sitemap_index.xml" "Mozilla/5.0 AppleWebKit/537.36 (KHTML, like Gecko; compatible; GPTBot/1.4; +https://openai.com/gptbot)"
74.7.241.13 - - [20/Aug/2026:10:08:11 +0200] "GET /?r=nmuw75x37946agzrkbpqvu HTTP/1.1" 500 - "https://zimmerei-boettcher.de/sitemap_index.xml" "Mozilla/5.0 AppleWebKit/537.36 (KHTML, like Gecko; compatible; GPTBot/1.4; +https://openai.com/gptbot)"
74.7.241.13 - - [20/Aug/2026:10:08:32 +0200] "GET /?g=bivc68sqekd37075bduzho HTTP/1.1" 500 - "https://zimmerei-boettcher.de/sitemap_index.xml" "Mozilla/5.0 AppleWebKit/537.36 (KHTML, like Gecko; compatible; GPTBot/1.4; +https://openai.com/gptbot)"
