74.7.241.13 - - [20/Aug/2026:10:08:53 +0200] "GET /?z=dqag82wbuom39647giwfzy HTTP/1.1" 500 - "https://zimmerei-boettcher.de/sitemap_index.xml" "Mozilla/5.0 AppleWebKit/537.36 (KHTML, like Gecko; compatible; GPTBot/1.4; +https://openai.com/gptbot)"
74.7.241.13 - - [20/Aug/2026:10:09:15 +0200] "GET /?d=hmfj261vnswa7438fquaklur HTTP/1.1" 500 - "https://zimmerei-boettcher.de/sitemap_index.xml" "Mozilla/5.0 AppleWebKit/537.36 (KHTML, like Gecko; compatible; GPTBot/1.4; +https://openai.com/gptbot)"
74.7.241.13 - - [20/Aug/2026:10:09:37 +0200] "GET /?g=xijt254wnb3915wmolzvekjy HTTP/1.1" 500 - "https://zimmerei-boettcher.de/sitemap_index.xml" "Mozilla/5.0 AppleWebKit/537.36 (KHTML, like Gecko; compatible; GPTBot/1.4; +https://openai.com/gptbot)"
74.7.241.13 - - [20/Aug/2026:10:10:07 +0200] "GET /?p=hcm152rgiw5411cpzkewxrht HTTP/1.1" 500 - "https://zimmerei-boettcher.de/sitemap_index.xml" "Mozilla/5.0 AppleWebKit/537.36 (KHTML, like Gecko; compatible; GPTBot/1.4; +https://openai.com/gptbot)"
74.7.241.13 - - [20/Aug/2026:10:11:21 +0200] "GET /?v=mwt116gxaus8133rdxfkxpmx HTTP/1.1" 500 - "https://zimmerei-boettcher.de/sitemap_index.xml" "Mozilla/5.0 AppleWebKit/537.36 (KHTML, like Gecko; compatible; GPTBot/1.4; +https://openai.com/gptbot)"
74.7.241.13 - - [20/Aug/2026:10:12:16 +0200] "GET /?b=gmlbf135sohm1842kmooltqs HTTP/1.1" 500 - "https://zimmerei-boettcher.de/sitemap_index.xml" "Mozilla/5.0 AppleWebKit/537.36 (KHTML, like Gecko; compatible; GPTBot/1.4; +https://openai.com/gptbot)"
66.249.68.131 - - [20/Aug/2026:10:12:14 +0200] "GET /guide/kiyaku.php?group=8 HTTP/1.1" 200 73726 "-" "Mozilla/5.0 (Linux; Android 6.0.1; Nexus 5X Build/MMB29P) AppleWebKit/537.36 (KHTML, like Gecko) Chrome/151.0.7922.137 Mobile Safari/537.36 (compatible; GoogleOther)"
74.7.241.13 - - [20/Aug/2026:10:12:33 +0200] "GET /?i=dmmkn36xxl44393lxqxapliu HTTP/1.1" 500 - "https://zimmerei-boettcher.de/sitemap_index.xml" "Mozilla/5.0 AppleWebKit/537.36 (KHTML, like Gecko; compatible; GPTBot/1.4; +https://openai.com/gptbot)"
74.7.241.13 - - [20/Aug/2026:10:13:10 +0200] "GET /?h=ugqa61ubopu48608wjypblyu HTTP/1.1" 500 - "https://zimmerei-boettcher.de/sitemap_index.xml" "Mozilla/5.0 AppleWebKit/537.36 (KHTML, like Gecko; compatible; GPTBot/1.4; +https://openai.com/gptbot)"
74.7.241.13 - - [20/Aug/2026:10:13:22 +0200] "GET /?j=tlrjs10lpk32077sdmshpecm HTTP/1.1" 500 - "https://zimmerei-boettcher.de/sitemap_index.xml" "Mozilla/5.0 AppleWebKit/537.36 (KHTML, like Gecko; compatible; GPTBot/1.4; +https://openai.com/gptbot)"
74.7.241.13 - - [20/Aug/2026:10:13:31 +0200] "GET /?q=klkk30essr35843vvobsferj HTTP/1.1" 500 - "https://zimmerei-boettcher.de/sitemap_index.xml" "Mozilla/5.0 AppleWebKit/537.36 (KHTML, like Gecko; compatible; GPTBot/1.4; +https://openai.com/gptbot)"
74.7.241.13 - - [20/Aug/2026:10:13:52 +0200] "GET /?y=zslcq161goedt5732slrevpm HTTP/1.1" 500 - "https://zimmerei-boettcher.de/sitemap_index.xml" "Mozilla/5.0 AppleWebKit/537.36 (KHTML, like Gecko; compatible; GPTBot/1.4; +https://openai.com/gptbot)"
74.7.241.13 - - [20/Aug/2026:10:14:14 +0200] "GET /?n=fqhpu152vegjd4613kdtuber HTTP/1.1" 500 - "https://zimmerei-boettcher.de/sitemap_index.xml" "Mozilla/5.0 AppleWebKit/537.36 (KHTML, like Gecko; compatible; GPTBot/1.4; +https://openai.com/gptbot)"
74.7.241.13 - - [20/Aug/2026:10:14:56 +0200] "GET /?o=rmuxu40ram14947nontcgwswq HTTP/1.1" 500 - "https://zimmerei-boettcher.de/sitemap_index.xml" "Mozilla/5.0 AppleWebKit/537.36 (KHTML, like Gecko; compatible; GPTBot/1.4; +https://openai.com/gptbot)"
204.12.239.66 - - [20/Aug/2026:10:15:20 +0200] "GET /wp-content/imb0308e/edit.php HTTP/1.1" 200 6 "https://zimmerei-boettcher.de/wp-content/imb0308e/edit.php" "Mozilla/5.0 (Windows NT 10.0; Win64; x64) AppleWebKit/537.36 (KHTML, like Gecko) Chrome/58.0.3029.110 Safari/537.3"
74.7.241.13 - - [20/Aug/2026:10:15:25 +0200] "GET /?o=nbrpt50grs33869cjmvhrvqrv HTTP/1.1" 500 - "https://zimmerei-boettcher.de/sitemap_index.xml" "Mozilla/5.0 AppleWebKit/537.36 (KHTML, like Gecko; compatible; GPTBot/1.4; +https://openai.com/gptbot)"
74.7.241.13 - - [20/Aug/2026:10:15:36 +0200] "GET /?k=iwpm274zkarh2023gpxltvwy HTTP/1.1" 500 - "https://zimmerei-boettcher.de/sitemap_index.xml" "Mozilla/5.0 AppleWebKit/537.36 (KHTML, like Gecko; compatible; GPTBot/1.4; +https://openai.com/gptbot)"
74.7.241.13 - - [20/Aug/2026:10:15:46 +0200] "GET /?b=zkt37locqw13906bzihuzssd HTTP/1.1" 500 - "https://zimmerei-boettcher.de/sitemap_index.xml" "Mozilla/5.0 AppleWebKit/537.36 (KHTML, like Gecko; compatible; GPTBot/1.4; +https://openai.com/gptbot)"
74.7.241.13 - - [20/Aug/2026:10:16:07 +0200] "GET /?l=fywin102gwbem1917zdscfgv HTTP/1.1" 500 - "https://zimmerei-boettcher.de/sitemap_index.xml" "Mozilla/5.0 AppleWebKit/537.36 (KHTML, like Gecko; compatible; GPTBot/1.4; +https://openai.com/gptbot)"
74.7.241.13 - - [20/Aug/2026:10:16:27 +0200] "GET /?n=zaw264zkraf9637tzjdloyvl HTTP/1.1" 500 - "https://zimmerei-boettcher.de/sitemap_index.xml" "Mozilla/5.0 AppleWebKit/537.36 (KHTML, like Gecko; compatible; GPTBot/1.4; +https://openai.com/gptbot)"
74.7.241.13 - - [20/Aug/2026:10:16:48 +0200] "GET /?n=qdave201bwlsl7054tclcwzh HTTP/1.1" 500 - "https://zimmerei-boettcher.de/sitemap_index.xml" "Mozilla/5.0 AppleWebKit/537.36 (KHTML, like Gecko; compatible; GPTBot/1.4; +https://openai.com/gptbot)"
204.12.239.66 - - [20/Aug/2026:10:15:21 +0200] "GET /wp-content/imb0308e/edit.php HTTP/1.1" 200 - "https://zimmerei-boettcher.de/wp-content/imb0308e/edit.php" "Mozilla/5.0 (Windows NT 10.0; Win64; x64) AppleWebKit/537.36 (KHTML, like Gecko) Chrome/58.0.3029.110 Safari/537.3"
74.7.241.13 - - [20/Aug/2026:10:17:09 +0200] "GET /?g=myigh32nl48681gtfxvymczw HTTP/1.1" 500 - "https://zimmerei-boettcher.de/sitemap_index.xml" "Mozilla/5.0 AppleWebKit/537.36 (KHTML, like Gecko; compatible; GPTBot/1.4; +https://openai.com/gptbot)"
74.7.241.13 - - [20/Aug/2026:10:17:30 +0200] "GET /?r=cnxc206zyuk163vkeesomdkv HTTP/1.1" 500 - "https://zimmerei-boettcher.de/sitemap_index.xml" "Mozilla/5.0 AppleWebKit/537.36 (KHTML, like Gecko; compatible; GPTBot/1.4; +https://openai.com/gptbot)"
74.7.241.13 - - [20/Aug/2026:10:17:51 +0200] "GET /?n=hsmc44bytde3637swozdbgab HTTP/1.1" 500 - "https://zimmerei-boettcher.de/sitemap_index.xml" "Mozilla/5.0 AppleWebKit/537.36 (KHTML, like Gecko; compatible; GPTBot/1.4; +https://openai.com/gptbot)"
66.249.68.130 - - [20/Aug/2026:10:17:55 +0200] "GET /?a=sidb33aklbg37044ltbmxqn HTTP/1.1" 200 61217 "-" "Mozilla/5.0 (Linux; Android 6.0.1; Nexus 5X Build/MMB29P) AppleWebKit/537.36 (KHTML, like Gecko) Chrome/151.0.7922.137 Mobile Safari/537.36 (compatible; GoogleOther)"
66.249.68.129 - - [20/Aug/2026:10:18:06 +0200] "GET /faq/detail.php?id=1013 HTTP/1.1" 200 58844 "-" "Mozilla/5.0 (Linux; Android 6.0.1; Nexus 5X Build/MMB29P) AppleWebKit/537.36 (KHTML, like Gecko) Chrome/151.0.7922.137 Mobile Safari/537.36 (compatible; GoogleOther)"
74.7.241.13 - - [20/Aug/2026:10:18:13 +0200] "GET /?u=bemdd291fi23914gvvkpt HTTP/1.1" 500 - "https://zimmerei-boettcher.de/sitemap_index.xml" "Mozilla/5.0 AppleWebKit/537.36 (KHTML, like Gecko; compatible; GPTBot/1.4; +https://openai.com/gptbot)"
74.7.241.13 - - [20/Aug/2026:10:18:34 +0200] "GET /?l=rck271zomo26076kakjgl HTTP/1.1" 500 - "https://zimmerei-boettcher.de/sitemap_index.xml" "Mozilla/5.0 AppleWebKit/537.36 (KHTML, like Gecko; compatible; GPTBot/1.4; +https://openai.com/gptbot)"
74.7.241.13 - - [20/Aug/2026:10:18:55 +0200] "GET /?e=ldb209w39392vwkngzwwm HTTP/1.1" 500 - "https://zimmerei-boettcher.de/sitemap_index.xml" "Mozilla/5.0 AppleWebKit/537.36 (KHTML, like Gecko; compatible; GPTBot/1.4; +https://openai.com/gptbot)"
74.7.241.13 - - [20/Aug/2026:10:19:16 +0200] "GET /?x=xvln183dp40908biipgcq HTTP/1.1" 500 - "https://zimmerei-boettcher.de/sitemap_index.xml" "Mozilla/5.0 AppleWebKit/537.36 (KHTML, like Gecko; compatible; GPTBot/1.4; +https://openai.com/gptbot)"
74.7.241.13 - - [20/Aug/2026:10:19:37 +0200] "GET /?b=tyf136o25313sschgxukh HTTP/1.1" 500 - "https://zimmerei-boettcher.de/sitemap_index.xml" "Mozilla/5.0 AppleWebKit/537.36 (KHTML, like Gecko; compatible; GPTBot/1.4; +https://openai.com/gptbot)"
74.7.241.13 - - [20/Aug/2026:10:19:59 +0200] "GET /?l=upgq211ln16686qphqusa HTTP/1.1" 500 - "https://zimmerei-boettcher.de/sitemap_index.xml" "Mozilla/5.0 AppleWebKit/537.36 (KHTML, like Gecko; compatible; GPTBot/1.4; +https://openai.com/gptbot)"
74.7.241.13 - - [20/Aug/2026:10:20:20 +0200] "GET /?w=iuueo192i20983gmethrk HTTP/1.1" 500 - "https://zimmerei-boettcher.de/sitemap_index.xml" "Mozilla/5.0 AppleWebKit/537.36 (KHTML, like Gecko; compatible; GPTBot/1.4; +https://openai.com/gptbot)"
74.7.241.13 - - [20/Aug/2026:10:20:41 +0200] "GET /?z=wbid236g31021mbmyzrob HTTP/1.1" 500 - "https://zimmerei-boettcher.de/sitemap_index.xml" "Mozilla/5.0 AppleWebKit/537.36 (KHTML, like Gecko; compatible; GPTBot/1.4; +https://openai.com/gptbot)"
74.7.241.13 - - [20/Aug/2026:10:21:02 +0200] "GET /?c=myk149t24396folvrktce HTTP/1.1" 500 - "https://zimmerei-boettcher.de/sitemap_index.xml" "Mozilla/5.0 AppleWebKit/537.36 (KHTML, like Gecko; compatible; GPTBot/1.4; +https://openai.com/gptbot)"
74.7.241.13 - - [20/Aug/2026:10:21:22 +0200] "GET /?s=bsac213xhf15756ehprgb HTTP/1.1" 500 - "https://zimmerei-boettcher.de/sitemap_index.xml" "Mozilla/5.0 AppleWebKit/537.36 (KHTML, like Gecko; compatible; GPTBot/1.4; +https://openai.com/gptbot)"
66.249.68.131 - - [20/Aug/2026:10:21:22 +0200] "GET /special/057016181.html HTTP/1.1" 200 65544 "-" "Mozilla/5.0 (Linux; Android 6.0.1; Nexus 5X Build/MMB29P) AppleWebKit/537.36 (KHTML, like Gecko) Chrome/151.0.7922.137 Mobile Safari/537.36 (compatible; GoogleOther)"
74.7.241.13 - - [20/Aug/2026:10:21:44 +0200] "GET /?p=bpaj208ipq31017qrefka HTTP/1.1" 500 - "https://zimmerei-boettcher.de/sitemap_index.xml" "Mozilla/5.0 AppleWebKit/537.36 (KHTML, like Gecko; compatible; GPTBot/1.4; +https://openai.com/gptbot)"
74.7.241.13 - - [20/Aug/2026:10:22:05 +0200] "GET /?f=lssz215qq33894wuvscts HTTP/1.1" 500 - "https://zimmerei-boettcher.de/sitemap_index.xml" "Mozilla/5.0 AppleWebKit/537.36 (KHTML, like Gecko; compatible; GPTBot/1.4; +https://openai.com/gptbot)"
74.7.241.13 - - [20/Aug/2026:10:22:26 +0200] "GET /?i=shqp166r17725aodbdtld HTTP/1.1" 500 - "https://zimmerei-boettcher.de/sitemap_index.xml" "Mozilla/5.0 AppleWebKit/537.36 (KHTML, like Gecko; compatible; GPTBot/1.4; +https://openai.com/gptbot)"
74.7.241.13 - - [20/Aug/2026:10:22:47 +0200] "GET /?z=isz273e48508pgdttdgri HTTP/1.1" 500 - "https://zimmerei-boettcher.de/sitemap_index.xml" "Mozilla/5.0 AppleWebKit/537.36 (KHTML, like Gecko; compatible; GPTBot/1.4; +https://openai.com/gptbot)"
74.7.241.13 - - [20/Aug/2026:10:23:09 +0200] "GET /?a=hsu215clp31354kresvvw HTTP/1.1" 500 - "https://zimmerei-boettcher.de/sitemap_index.xml" "Mozilla/5.0 AppleWebKit/537.36 (KHTML, like Gecko; compatible; GPTBot/1.4; +https://openai.com/gptbot)"
74.7.241.13 - - [20/Aug/2026:10:23:31 +0200] "GET /?p=byka298wih27893fkstkf HTTP/1.1" 500 - "https://zimmerei-boettcher.de/sitemap_index.xml" "Mozilla/5.0 AppleWebKit/537.36 (KHTML, like Gecko; compatible; GPTBot/1.4; +https://openai.com/gptbot)"
74.7.241.13 - - [20/Aug/2026:10:23:51 +0200] "GET /?j=mmwu139yz42310nwnrzrn HTTP/1.1" 500 - "https://zimmerei-boettcher.de/sitemap_index.xml" "Mozilla/5.0 AppleWebKit/537.36 (KHTML, like Gecko; compatible; GPTBot/1.4; +https://openai.com/gptbot)"
74.7.241.13 - - [20/Aug/2026:10:24:11 +0200] "GET /?i=dul272iny30755ikwhvzx HTTP/1.1" 500 - "https://zimmerei-boettcher.de/sitemap_index.xml" "Mozilla/5.0 AppleWebKit/537.36 (KHTML, like Gecko; compatible; GPTBot/1.4; +https://openai.com/gptbot)"
74.7.241.13 - - [20/Aug/2026:10:24:32 +0200] "GET /?o=yqj291n22192cqqzpvhza HTTP/1.1" 500 - "https://zimmerei-boettcher.de/sitemap_index.xml" "Mozilla/5.0 AppleWebKit/537.36 (KHTML, like Gecko; compatible; GPTBot/1.4; +https://openai.com/gptbot)"
74.7.241.13 - - [20/Aug/2026:10:24:53 +0200] "GET /?v=gcrm131vm33428hnhnpwm HTTP/1.1" 500 - "https://zimmerei-boettcher.de/sitemap_index.xml" "Mozilla/5.0 AppleWebKit/537.36 (KHTML, like Gecko; compatible; GPTBot/1.4; +https://openai.com/gptbot)"
66.249.68.131 - - [20/Aug/2026:10:25:04 +0200] "GET /special/170024640.html HTTP/1.1" 200 74379 "-" "Mozilla/5.0 (Linux; Android 6.0.1; Nexus 5X Build/MMB29P) AppleWebKit/537.36 (KHTML, like Gecko) Chrome/151.0.7922.137 Mobile Safari/537.36 (compatible; GoogleOther)"
74.7.241.13 - - [20/Aug/2026:10:25:15 +0200] "GET /?n=dfqzm142r13583xdmvrpr HTTP/1.1" 500 - "https://zimmerei-boettcher.de/sitemap_index.xml" "Mozilla/5.0 AppleWebKit/537.36 (KHTML, like Gecko; compatible; GPTBot/1.4; +https://openai.com/gptbot)"
74.7.241.13 - - [20/Aug/2026:10:25:36 +0200] "GET /?f=ucpe273fi38212zcrxbre HTTP/1.1" 500 - "https://zimmerei-boettcher.de/sitemap_index.xml" "Mozilla/5.0 AppleWebKit/537.36 (KHTML, like Gecko; compatible; GPTBot/1.4; +https://openai.com/gptbot)"
66.249.68.129 - - [20/Aug/2026:10:25:40 +0200] "GET /animetitle/?aid=13444 HTTP/1.1" 200 61154 "-" "Mozilla/5.0 (Linux; Android 6.0.1; Nexus 5X Build/MMB29P) AppleWebKit/537.36 (KHTML, like Gecko) Chrome/151.0.7922.137 Mobile Safari/537.36 (compatible; Googlebot/2.1; +http://www.google.com/bot.html)"
74.7.241.13 - - [20/Aug/2026:10:25:56 +0200] "GET /?z=kmc180rf21361dekfzbxp HTTP/1.1" 500 - "https://zimmerei-boettcher.de/sitemap_index.xml" "Mozilla/5.0 AppleWebKit/537.36 (KHTML, like Gecko; compatible; GPTBot/1.4; +https://openai.com/gptbot)"
66.249.68.130 - - [20/Aug/2026:10:26:07 +0200] "GET /?j=sgtyp253kaq11634woyyfso HTTP/1.1" 200 68074 "-" "Mozilla/5.0 (Linux; Android 6.0.1; Nexus 5X Build/MMB29P) AppleWebKit/537.36 (KHTML, like Gecko) Chrome/151.0.7922.137 Mobile Safari/537.36 (compatible; Googlebot/2.1; +http://www.google.com/bot.html)"
74.7.241.13 - - [20/Aug/2026:10:26:18 +0200] "GET /?a=egxqh195pg16750cqrvng HTTP/1.1" 500 - "https://zimmerei-boettcher.de/sitemap_index.xml" "Mozilla/5.0 AppleWebKit/537.36 (KHTML, like Gecko; compatible; GPTBot/1.4; +https://openai.com/gptbot)"
74.7.241.13 - - [20/Aug/2026:10:26:38 +0200] "GET /?d=ypxql255v16364frklfvj HTTP/1.1" 500 - "https://zimmerei-boettcher.de/sitemap_index.xml" "Mozilla/5.0 AppleWebKit/537.36 (KHTML, like Gecko; compatible; GPTBot/1.4; +https://openai.com/gptbot)"
74.7.241.13 - - [20/Aug/2026:10:27:00 +0200] "GET /?a=dysz182c48685dntlyctb HTTP/1.1" 500 - "https://zimmerei-boettcher.de/sitemap_index.xml" "Mozilla/5.0 AppleWebKit/537.36 (KHTML, like Gecko; compatible; GPTBot/1.4; +https://openai.com/gptbot)"
74.7.241.13 - - [20/Aug/2026:10:27:21 +0200] "GET /?p=urcpm103ce28360kuqtiu HTTP/1.1" 500 - "https://zimmerei-boettcher.de/sitemap_index.xml" "Mozilla/5.0 AppleWebKit/537.36 (KHTML, like Gecko; compatible; GPTBot/1.4; +https://openai.com/gptbot)"
74.7.241.13 - - [20/Aug/2026:10:27:42 +0200] "GET /?f=xioq278q11269gtcctfaz HTTP/1.1" 500 - "https://zimmerei-boettcher.de/sitemap_index.xml" "Mozilla/5.0 AppleWebKit/537.36 (KHTML, like Gecko; compatible; GPTBot/1.4; +https://openai.com/gptbot)"
66.249.68.131 - - [20/Aug/2026:10:27:48 +0200] "GET /?h=yrvu191d17450yazsgj HTTP/1.1" 200 67037 "-" "Mozilla/5.0 (Linux; Android 6.0.1; Nexus 5X Build/MMB29P) AppleWebKit/537.36 (KHTML, like Gecko) Chrome/151.0.7922.137 Mobile Safari/537.36 (compatible; GoogleOther)"
74.7.241.13 - - [20/Aug/2026:10:28:04 +0200] "GET /?a=zqaq218rb32209rqzdwqg HTTP/1.1" 500 - "https://zimmerei-boettcher.de/sitemap_index.xml" "Mozilla/5.0 AppleWebKit/537.36 (KHTML, like Gecko; compatible; GPTBot/1.4; +https://openai.com/gptbot)"
74.7.241.13 - - [20/Aug/2026:10:28:25 +0200] "GET /?w=tqom296jna42899szstwj HTTP/1.1" 500 - "https://zimmerei-boettcher.de/sitemap_index.xml" "Mozilla/5.0 AppleWebKit/537.36 (KHTML, like Gecko; compatible; GPTBot/1.4; +https://openai.com/gptbot)"
74.7.241.13 - - [20/Aug/2026:10:28:50 +0200] "GET /?p=ihfy277jfd14316axifwr HTTP/1.1" 500 - "https://zimmerei-boettcher.de/sitemap_index.xml" "Mozilla/5.0 AppleWebKit/537.36 (KHTML, like Gecko; compatible; GPTBot/1.4; +https://openai.com/gptbot)"
74.7.241.13 - - [20/Aug/2026:10:29:11 +0200] "GET /?j=duv125nebv36516kiwgkl HTTP/1.1" 500 - "https://zimmerei-boettcher.de/sitemap_index.xml" "Mozilla/5.0 AppleWebKit/537.36 (KHTML, like Gecko; compatible; GPTBot/1.4; +https://openai.com/gptbot)"
74.7.241.13 - - [20/Aug/2026:10:29:34 +0200] "GET /?z=nqif284tao41135powtpo HTTP/1.1" 500 - "https://zimmerei-boettcher.de/sitemap_index.xml" "Mozilla/5.0 AppleWebKit/537.36 (KHTML, like Gecko; compatible; GPTBot/1.4; +https://openai.com/gptbot)"
74.7.241.13 - - [20/Aug/2026:10:29:52 +0200] "GET /?e=zdy108q39059swkhtakee HTTP/1.1" 500 - "https://zimmerei-boettcher.de/sitemap_index.xml" "Mozilla/5.0 AppleWebKit/537.36 (KHTML, like Gecko; compatible; GPTBot/1.4; +https://openai.com/gptbot)"
74.7.241.13 - - [20/Aug/2026:10:30:09 +0200] "GET /?g=lyrc188dri17135hdsrzj HTTP/1.1" 500 - "https://zimmerei-boettcher.de/sitemap_index.xml" "Mozilla/5.0 AppleWebKit/537.36 (KHTML, like Gecko; compatible; GPTBot/1.4; +https://openai.com/gptbot)"
74.7.241.13 - - [20/Aug/2026:10:30:30 +0200] "GET /?w=plt188uv10157bupcnrwn HTTP/1.1" 500 - "https://zimmerei-boettcher.de/sitemap_index.xml" "Mozilla/5.0 AppleWebKit/537.36 (KHTML, like Gecko; compatible; GPTBot/1.4; +https://openai.com/gptbot)"
74.7.241.13 - - [20/Aug/2026:10:30:51 +0200] "GET /?s=pdf284wp49875mnyslmeo HTTP/1.1" 500 - "https://zimmerei-boettcher.de/sitemap_index.xml" "Mozilla/5.0 AppleWebKit/537.36 (KHTML, like Gecko; compatible; GPTBot/1.4; +https://openai.com/gptbot)"
74.7.241.13 - - [20/Aug/2026:10:31:13 +0200] "GET /?v=pzw256plxm44377qwygqs HTTP/1.1" 500 - "https://zimmerei-boettcher.de/sitemap_index.xml" "Mozilla/5.0 AppleWebKit/537.36 (KHTML, like Gecko; compatible; GPTBot/1.4; +https://openai.com/gptbot)"
74.7.241.13 - - [20/Aug/2026:10:31:33 +0200] "GET /?l=vzxss168b18515sqqehby HTTP/1.1" 500 - "https://zimmerei-boettcher.de/sitemap_index.xml" "Mozilla/5.0 AppleWebKit/537.36 (KHTML, like Gecko; compatible; GPTBot/1.4; +https://openai.com/gptbot)"
74.7.241.13 - - [20/Aug/2026:10:31:54 +0200] "GET /?x=wjwgu201c14048hylinmm HTTP/1.1" 500 - "https://zimmerei-boettcher.de/sitemap_index.xml" "Mozilla/5.0 AppleWebKit/537.36 (KHTML, like Gecko; compatible; GPTBot/1.4; +https://openai.com/gptbot)"
66.249.68.130 - - [20/Aug/2026:10:32:12 +0200] "GET /products/privilege_list.php HTTP/1.1" 200 57725 "-" "Mozilla/5.0 (Linux; Android 6.0.1; Nexus 5X Build/MMB29P) AppleWebKit/537.36 (KHTML, like Gecko) Chrome/151.0.7922.137 Mobile Safari/537.36 (compatible; GoogleOther)"
74.7.241.13 - - [20/Aug/2026:10:32:15 +0200] "GET /?h=ykjn243fno28584mrfdet HTTP/1.1" 500 - "https://zimmerei-boettcher.de/sitemap_index.xml" "Mozilla/5.0 AppleWebKit/537.36 (KHTML, like Gecko; compatible; GPTBot/1.4; +https://openai.com/gptbot)"
74.7.241.13 - - [20/Aug/2026:10:32:36 +0200] "GET /?c=akw144qj40801losvoocl HTTP/1.1" 500 - "https://zimmerei-boettcher.de/sitemap_index.xml" "Mozilla/5.0 AppleWebKit/537.36 (KHTML, like Gecko; compatible; GPTBot/1.4; +https://openai.com/gptbot)"
74.7.241.13 - - [20/Aug/2026:10:32:56 +0200] "GET /?d=jkkq188rrq23875btsgzi HTTP/1.1" 500 - "https://zimmerei-boettcher.de/sitemap_index.xml" "Mozilla/5.0 AppleWebKit/537.36 (KHTML, like Gecko; compatible; GPTBot/1.4; +https://openai.com/gptbot)"
66.249.68.129 - - [20/Aug/2026:10:33:01 +0200] "GET /?p=ima24jh32047xvfskqc HTTP/1.1" 200 69108 "-" "Mozilla/5.0 (Linux; Android 6.0.1; Nexus 5X Build/MMB29P) AppleWebKit/537.36 (KHTML, like Gecko) Chrome/151.0.7922.137 Mobile Safari/537.36 (compatible; GoogleOther)"
193.36.220.202 - - [20/Aug/2026:10:32:58 +0200] "GET /wp-login.php HTTP/1.1" 500 - "-" "Mozilla/5.0 (Macintosh; Intel Mac OS X 10_15_7) AppleWebKit/605.1.15 Version/17.0 Safari/605.1.15"
66.249.68.130 - - [20/Aug/2026:10:33:13 +0200] "GET /?m=cjr29p12038yhtjqnw HTTP/1.1" 200 62407 "-" "Mozilla/5.0 (Linux; Android 6.0.1; Nexus 5X Build/MMB29P) AppleWebKit/537.36 (KHTML, like Gecko) Chrome/151.0.7922.137 Mobile Safari/537.36 (compatible; GoogleOther)"
74.7.241.13 - - [20/Aug/2026:10:33:18 +0200] "GET /?r=cwhc286cog36465lxzxmd HTTP/1.1" 500 - "https://zimmerei-boettcher.de/sitemap_index.xml" "Mozilla/5.0 AppleWebKit/537.36 (KHTML, like Gecko; compatible; GPTBot/1.4; +https://openai.com/gptbot)"
74.7.241.13 - - [20/Aug/2026:10:33:38 +0200] "GET /?n=nxlc138kih23387npelpu HTTP/1.1" 500 - "https://zimmerei-boettcher.de/sitemap_index.xml" "Mozilla/5.0 AppleWebKit/537.36 (KHTML, like Gecko; compatible; GPTBot/1.4; +https://openai.com/gptbot)"
74.7.241.13 - - [20/Aug/2026:10:34:00 +0200] "GET /?j=dwnq129ypd42472eccfcb HTTP/1.1" 500 - "https://zimmerei-boettcher.de/sitemap_index.xml" "Mozilla/5.0 AppleWebKit/537.36 (KHTML, like Gecko; compatible; GPTBot/1.4; +https://openai.com/gptbot)"
2001:4860:7:1510::f2 - - [20/Aug/2026:10:34:28 +0200] "GET / HTTP/1.1" 200 297 "https://www.google.com/" "Mozilla/5.0 (Linux; Android 10; K) AppleWebKit/537.36 (KHTML, like Gecko) Chrome/151.0.0.0 Mobile Safari/537.36"
74.7.241.13 - - [20/Aug/2026:10:34:21 +0200] "GET /?z=qkk253jjx37870pabwfbh HTTP/1.1" 500 - "https://zimmerei-boettcher.de/sitemap_index.xml" "Mozilla/5.0 AppleWebKit/537.36 (KHTML, like Gecko; compatible; GPTBot/1.4; +https://openai.com/gptbot)"
66.249.93.70 - - [20/Aug/2026:10:34:28 +0200] "GET /.well-known/traffic-advice HTTP/1.1" 500 - "-" "Chrome Privacy Preserving Prefetch Proxy"
2a01:599:928:f170:33d0:2463:c873:b184 - - [20/Aug/2026:10:34:39 +0200] "GET /wp-content/plugins/complianz-gdpr/assets/css/cookieblocker.min.css?ver=1759736950 HTTP/1.1" 200 2782 "-" "Mozilla/5.0 (Linux; Android 10; K) AppleWebKit/537.36 (KHTML, like Gecko) Chrome/151.0.0.0 Mobile Safari/537.36"
2a01:599:928:f170:33d0:2463:c873:b184 - - [20/Aug/2026:10:34:39 +0200] "GET /wp-content/plugins/metform/public/assets/lib/cute-alert/style.css?ver=4.0.6 HTTP/1.1" 200 4719 "-" "Mozilla/5.0 (Linux; Android 10; K) AppleWebKit/537.36 (KHTML, like Gecko) Chrome/151.0.0.0 Mobile Safari/537.36"
2a01:599:928:f170:33d0:2463:c873:b184 - - [20/Aug/2026:10:34:39 +0200] "GET /wp-content/plugins/metform/public/assets/css/text-editor.css?ver=4.0.6 HTTP/1.1" 200 22474 "-" "Mozilla/5.0 (Linux; Android 10; K) AppleWebKit/537.36 (KHTML, like Gecko) Chrome/151.0.0.0 Mobile Safari/537.36"
74.7.241.13 - - [20/Aug/2026:10:34:42 +0200] "GET /?v=zyb266mlo22889bolyyqs HTTP/1.1" 500 - "https://zimmerei-boettcher.de/sitemap_index.xml" "Mozilla/5.0 AppleWebKit/537.36 (KHTML, like Gecko; compatible; GPTBot/1.4; +https://openai.com/gptbot)"
74.7.241.13 - - [20/Aug/2026:10:35:02 +0200] "GET /?h=hxj227x44816hkqysepvq HTTP/1.1" 500 - "https://zimmerei-boettcher.de/sitemap_index.xml" "Mozilla/5.0 AppleWebKit/537.36 (KHTML, like Gecko; compatible; GPTBot/1.4; +https://openai.com/gptbot)"
74.7.241.13 - - [20/Aug/2026:10:35:23 +0200] "GET /?z=bih249bmti47754ecsaxz HTTP/1.1" 500 - "https://zimmerei-boettcher.de/sitemap_index.xml" "Mozilla/5.0 AppleWebKit/537.36 (KHTML, like Gecko; compatible; GPTBot/1.4; +https://openai.com/gptbot)"
74.7.241.13 - - [20/Aug/2026:10:35:43 +0200] "GET /?l=ksza103dl13880lozbaik HTTP/1.1" 500 - "https://zimmerei-boettcher.de/sitemap_index.xml" "Mozilla/5.0 AppleWebKit/537.36 (KHTML, like Gecko; compatible; GPTBot/1.4; +https://openai.com/gptbot)"
74.7.241.13 - - [20/Aug/2026:10:36:05 +0200] "GET /?m=xsuy184ps24451gfkcdzd HTTP/1.1" 500 - "https://zimmerei-boettcher.de/sitemap_index.xml" "Mozilla/5.0 AppleWebKit/537.36 (KHTML, like Gecko; compatible; GPTBot/1.4; +https://openai.com/gptbot)"
74.7.241.13 - - [20/Aug/2026:10:36:26 +0200] "GET /?m=ohv194uvh16769jrseggo HTTP/1.1" 500 - "https://zimmerei-boettcher.de/sitemap_index.xml" "Mozilla/5.0 AppleWebKit/537.36 (KHTML, like Gecko; compatible; GPTBot/1.4; +https://openai.com/gptbot)"
66.249.68.131 - - [20/Aug/2026:10:36:29 +0200] "GET /special/024028714.html HTTP/1.1" 200 68168 "-" "Mozilla/5.0 (Linux; Android 6.0.1; Nexus 5X Build/MMB29P) AppleWebKit/537.36 (KHTML, like Gecko) Chrome/151.0.7922.137 Mobile Safari/537.36 (compatible; GoogleOther)"
74.7.241.13 - - [20/Aug/2026:10:36:47 +0200] "GET /?x=ats291ro23688yciuhaso HTTP/1.1" 500 - "https://zimmerei-boettcher.de/sitemap_index.xml" "Mozilla/5.0 AppleWebKit/537.36 (KHTML, like Gecko; compatible; GPTBot/1.4; +https://openai.com/gptbot)"
74.7.241.13 - - [20/Aug/2026:10:37:09 +0200] "GET /?h=sumd113q45610wswqcizv HTTP/1.1" 500 - "https://zimmerei-boettcher.de/sitemap_index.xml" "Mozilla/5.0 AppleWebKit/537.36 (KHTML, like Gecko; compatible; GPTBot/1.4; +https://openai.com/gptbot)"
74.7.241.13 - - [20/Aug/2026:10:37:30 +0200] "GET /?y=etbto28xwxpr33693sfltflyypl HTTP/1.1" 500 - "https://zimmerei-boettcher.de/sitemap_index.xml" "Mozilla/5.0 AppleWebKit/537.36 (KHTML, like Gecko; compatible; GPTBot/1.4; +https://openai.com/gptbot)"
74.7.241.13 - - [20/Aug/2026:10:37:52 +0200] "GET /?g=baeiy81fda25636urjaryjlu HTTP/1.1" 500 - "https://zimmerei-boettcher.de/sitemap_index.xml" "Mozilla/5.0 AppleWebKit/537.36 (KHTML, like Gecko; compatible; GPTBot/1.4; +https://openai.com/gptbot)"
74.7.241.13 - - [20/Aug/2026:10:38:13 +0200] "GET /?p=sjj7iiwj49528iloaqjvard HTTP/1.1" 500 - "https://zimmerei-boettcher.de/sitemap_index.xml" "Mozilla/5.0 AppleWebKit/537.36 (KHTML, like Gecko; compatible; GPTBot/1.4; +https://openai.com/gptbot)"
74.7.241.13 - - [20/Aug/2026:10:38:35 +0200] "GET /?p=ylelj95sjsln2324xcvsvrp HTTP/1.1" 500 - "https://zimmerei-boettcher.de/sitemap_index.xml" "Mozilla/5.0 AppleWebKit/537.36 (KHTML, like Gecko; compatible; GPTBot/1.4; +https://openai.com/gptbot)"
74.7.241.13 - - [20/Aug/2026:10:38:56 +0200] "GET /?c=yzcks91qfx4130uklupiuql HTTP/1.1" 500 - "https://zimmerei-boettcher.de/sitemap_index.xml" "Mozilla/5.0 AppleWebKit/537.36 (KHTML, like Gecko; compatible; GPTBot/1.4; +https://openai.com/gptbot)"
66.249.68.130 - - [20/Aug/2026:10:38:55 +0200] "GET /?y=zvr8kd839vgfztupnqh HTTP/1.1" 200 62484 "-" "Mozilla/5.0 (Linux; Android 6.0.1; Nexus 5X Build/MMB29P) AppleWebKit/537.36 (KHTML, like Gecko) Chrome/151.0.7922.137 Mobile Safari/537.36 (compatible; GoogleOther)"
74.7.241.13 - - [20/Aug/2026:10:39:17 +0200] "GET /?i=nxitw36lsowf8537jbiwnqx HTTP/1.1" 500 - "https://zimmerei-boettcher.de/sitemap_index.xml" "Mozilla/5.0 AppleWebKit/537.36 (KHTML, like Gecko; compatible; GPTBot/1.4; +https://openai.com/gptbot)"
74.7.241.13 - - [20/Aug/2026:10:39:37 +0200] "GET /?b=yyah3ckiz46442rghrsjejz HTTP/1.1" 500 - "https://zimmerei-boettcher.de/sitemap_index.xml" "Mozilla/5.0 AppleWebKit/537.36 (KHTML, like Gecko; compatible; GPTBot/1.4; +https://openai.com/gptbot)"
2a01:599:928:f170:33d0:2463:c873:b184 - - [20/Aug/2026:10:39:52 +0200] "GET / HTTP/1.1" 200 297 "https://www.google.com/" "Mozilla/5.0 (Linux; Android 10; K) AppleWebKit/537.36 (KHTML, like Gecko) Chrome/151.0.0.0 Mobile Safari/537.36"
74.7.241.13 - - [20/Aug/2026:10:39:57 +0200] "GET /?l=idx87rohy25354ukyaawyax HTTP/1.1" 500 - "https://zimmerei-boettcher.de/sitemap_index.xml" "Mozilla/5.0 AppleWebKit/537.36 (KHTML, like Gecko; compatible; GPTBot/1.4; +https://openai.com/gptbot)"
74.7.241.13 - - [20/Aug/2026:10:40:18 +0200] "GET /?q=ais300npi5757ucadjspnfo HTTP/1.1" 500 - "https://zimmerei-boettcher.de/sitemap_index.xml" "Mozilla/5.0 AppleWebKit/537.36 (KHTML, like Gecko; compatible; GPTBot/1.4; +https://openai.com/gptbot)"
74.7.241.13 - - [20/Aug/2026:10:40:39 +0200] "GET /?j=fwyd55sf34734jrtnvanzac HTTP/1.1" 500 - "https://zimmerei-boettcher.de/sitemap_index.xml" "Mozilla/5.0 AppleWebKit/537.36 (KHTML, like Gecko; compatible; GPTBot/1.4; +https://openai.com/gptbot)"
74.7.241.13 - - [20/Aug/2026:10:41:00 +0200] "GET /?y=qxne30dpcub33133asbpeiq HTTP/1.1" 500 - "https://zimmerei-boettcher.de/sitemap_index.xml" "Mozilla/5.0 AppleWebKit/537.36 (KHTML, like Gecko; compatible; GPTBot/1.4; +https://openai.com/gptbot)"
74.7.241.13 - - [20/Aug/2026:10:41:21 +0200] "GET /?j=jfkt31xf21218heyezajrxd HTTP/1.1" 500 - "https://zimmerei-boettcher.de/sitemap_index.xml" "Mozilla/5.0 AppleWebKit/537.36 (KHTML, like Gecko; compatible; GPTBot/1.4; +https://openai.com/gptbot)"
74.7.241.13 - - [20/Aug/2026:10:41:43 +0200] "GET /?x=nzr57bxyxc40570wqwbfefx HTTP/1.1" 500 - "https://zimmerei-boettcher.de/sitemap_index.xml" "Mozilla/5.0 AppleWebKit/537.36 (KHTML, like Gecko; compatible; GPTBot/1.4; +https://openai.com/gptbot)"
207.46.13.64 - - [20/Aug/2026:10:41:54 +0200] "GET /sitemap_index.xml HTTP/1.1" 200 13 "-" "Mozilla/5.0 AppleWebKit/537.36 (KHTML, like Gecko; compatible; bingbot/2.0; +http://www.bing.com/bingbot.htm) Chrome/116.0.1938.76 Safari/537.36"
74.7.241.13 - - [20/Aug/2026:10:42:05 +0200] "GET /?f=rnbwl260in2123qkzjfydfy HTTP/1.1" 500 - "https://zimmerei-boettcher.de/sitemap_index.xml" "Mozilla/5.0 AppleWebKit/537.36 (KHTML, like Gecko; compatible; GPTBot/1.4; +https://openai.com/gptbot)"
74.7.241.13 - - [20/Aug/2026:10:42:25 +0200] "GET /?q=ect77wmk24122knenjimkkb HTTP/1.1" 500 - "https://zimmerei-boettcher.de/sitemap_index.xml" "Mozilla/5.0 AppleWebKit/537.36 (KHTML, like Gecko; compatible; GPTBot/1.4; +https://openai.com/gptbot)"
74.7.241.13 - - [20/Aug/2026:10:42:46 +0200] "GET /?x=jdir99ktok29296dqgdnmmw HTTP/1.1" 500 - "https://zimmerei-boettcher.de/sitemap_index.xml" "Mozilla/5.0 AppleWebKit/537.36 (KHTML, like Gecko; compatible; GPTBot/1.4; +https://openai.com/gptbot)"
66.249.68.130 - - [20/Aug/2026:10:43:02 +0200] "GET /?j=msb165buo23090noihbsmkdz HTTP/1.1" 200 62510 "-" "Mozilla/5.0 (Linux; Android 6.0.1; Nexus 5X Build/MMB29P) AppleWebKit/537.36 (KHTML, like Gecko) Chrome/151.0.7922.137 Mobile Safari/537.36 (compatible; GoogleOther)"
74.7.241.13 - - [20/Aug/2026:10:43:07 +0200] "GET /?g=xmrm206xsx2915wjlgfvrxm HTTP/1.1" 500 - "https://zimmerei-boettcher.de/sitemap_index.xml" "Mozilla/5.0 AppleWebKit/537.36 (KHTML, like Gecko; compatible; GPTBot/1.4; +https://openai.com/gptbot)"
74.7.241.13 - - [20/Aug/2026:10:43:29 +0200] "GET /?n=xokad47olsgm27888lrsulz HTTP/1.1" 500 - "https://zimmerei-boettcher.de/sitemap_index.xml" "Mozilla/5.0 AppleWebKit/537.36 (KHTML, like Gecko; compatible; GPTBot/1.4; +https://openai.com/gptbot)"
74.7.241.13 - - [20/Aug/2026:10:43:49 +0200] "GET /?z=lsvv93pvvvg30342pppqryh HTTP/1.1" 500 - "https://zimmerei-boettcher.de/sitemap_index.xml" "Mozilla/5.0 AppleWebKit/537.36 (KHTML, like Gecko; compatible; GPTBot/1.4; +https://openai.com/gptbot)"
74.7.241.13 - - [20/Aug/2026:10:44:10 +0200] "GET /?u=lkk50zzzi47601ddxqckwvn HTTP/1.1" 500 - "https://zimmerei-boettcher.de/sitemap_index.xml" "Mozilla/5.0 AppleWebKit/537.36 (KHTML, like Gecko; compatible; GPTBot/1.4; +https://openai.com/gptbot)"
74.7.241.13 - - [20/Aug/2026:10:44:31 +0200] "GET /?o=ext156bwmz8777euidxobrb HTTP/1.1" 500 - "https://zimmerei-boettcher.de/sitemap_index.xml" "Mozilla/5.0 AppleWebKit/537.36 (KHTML, like Gecko; compatible; GPTBot/1.4; +https://openai.com/gptbot)"
66.249.68.130 - - [20/Aug/2026:10:44:48 +0200] "GET /?r=vmkaj63zuc770tyrsuy HTTP/1.1" 200 63773 "-" "Mozilla/5.0 (Linux; Android 6.0.1; Nexus 5X Build/MMB29P) AppleWebKit/537.36 (KHTML, like Gecko) Chrome/151.0.7922.137 Mobile Safari/537.36 (compatible; GoogleOther)"
74.7.241.13 - - [20/Aug/2026:10:44:52 +0200] "GET /?n=lyvp24qvfd21873drbuhylhtf HTTP/1.1" 500 - "https://zimmerei-boettcher.de/sitemap_index.xml" "Mozilla/5.0 AppleWebKit/537.36 (KHTML, like Gecko; compatible; GPTBot/1.4; +https://openai.com/gptbot)"
74.7.241.13 - - [20/Aug/2026:10:45:13 +0200] "GET /?x=vlem187xoqn5116qknwaqdiyf HTTP/1.1" 500 - "https://zimmerei-boettcher.de/sitemap_index.xml" "Mozilla/5.0 AppleWebKit/537.36 (KHTML, like Gecko; compatible; GPTBot/1.4; +https://openai.com/gptbot)"
74.7.241.13 - - [20/Aug/2026:10:45:35 +0200] "GET /?v=mtln256iluz5329udsgnmkqaz HTTP/1.1" 500 - "https://zimmerei-boettcher.de/sitemap_index.xml" "Mozilla/5.0 AppleWebKit/537.36 (KHTML, like Gecko; compatible; GPTBot/1.4; +https://openai.com/gptbot)"
74.7.241.13 - - [20/Aug/2026:10:45:57 +0200] "GET /?f=dcatm280bozs8935tcbavvxkk HTTP/1.1" 500 - "https://zimmerei-boettcher.de/sitemap_index.xml" "Mozilla/5.0 AppleWebKit/537.36 (KHTML, like Gecko; compatible; GPTBot/1.4; +https://openai.com/gptbot)"
74.7.241.13 - - [20/Aug/2026:10:46:17 +0200] "GET /?n=vnjpk63xtvjr22228hfzxpvxkyx HTTP/1.1" 500 - "https://zimmerei-boettcher.de/sitemap_index.xml" "Mozilla/5.0 AppleWebKit/537.36 (KHTML, like Gecko; compatible; GPTBot/1.4; +https://openai.com/gptbot)"
74.7.241.13 - - [20/Aug/2026:10:46:37 +0200] "GET /?p=crznl50wgxhm18623yfrmsxxsda HTTP/1.1" 500 - "https://zimmerei-boettcher.de/sitemap_index.xml" "Mozilla/5.0 AppleWebKit/537.36 (KHTML, like Gecko; compatible; GPTBot/1.4; +https://openai.com/gptbot)"
74.7.241.13 - - [20/Aug/2026:10:46:58 +0200] "GET /?u=jgri247cjqcp5488czmvqhgft HTTP/1.1" 500 - "https://zimmerei-boettcher.de/sitemap_index.xml" "Mozilla/5.0 AppleWebKit/537.36 (KHTML, like Gecko; compatible; GPTBot/1.4; +https://openai.com/gptbot)"
74.7.241.13 - - [20/Aug/2026:10:47:19 +0200] "GET /?m=bmtjv91z22206ohuowckxsr HTTP/1.1" 500 - "https://zimmerei-boettcher.de/sitemap_index.xml" "Mozilla/5.0 AppleWebKit/537.36 (KHTML, like Gecko; compatible; GPTBot/1.4; +https://openai.com/gptbot)"
74.7.241.13 - - [20/Aug/2026:10:47:40 +0200] "GET /?g=uqh60dhvf43471rylpexttt HTTP/1.1" 500 - "https://zimmerei-boettcher.de/sitemap_index.xml" "Mozilla/5.0 AppleWebKit/537.36 (KHTML, like Gecko; compatible; GPTBot/1.4; +https://openai.com/gptbot)"
74.7.241.13 - - [20/Aug/2026:10:48:00 +0200] "GET /?n=uesy12fuvlx36859jahdhxdueg HTTP/1.1" 500 - "https://zimmerei-boettcher.de/sitemap_index.xml" "Mozilla/5.0 AppleWebKit/537.36 (KHTML, like Gecko; compatible; GPTBot/1.4; +https://openai.com/gptbot)"
74.7.241.13 - - [20/Aug/2026:10:48:21 +0200] "GET /?c=akoh264tuwfr2281xmynfqjwqj HTTP/1.1" 500 - "https://zimmerei-boettcher.de/sitemap_index.xml" "Mozilla/5.0 AppleWebKit/537.36 (KHTML, like Gecko; compatible; GPTBot/1.4; +https://openai.com/gptbot)"
74.7.241.13 - - [20/Aug/2026:10:48:43 +0200] "GET /?g=uewo96pbu22185hcyebfkxxp HTTP/1.1" 500 - "https://zimmerei-boettcher.de/sitemap_index.xml" "Mozilla/5.0 AppleWebKit/537.36 (KHTML, like Gecko; compatible; GPTBot/1.4; +https://openai.com/gptbot)"
74.7.241.13 - - [20/Aug/2026:10:49:03 +0200] "GET /?r=jpw58hvwby25397yixamwgvh HTTP/1.1" 500 - "https://zimmerei-boettcher.de/sitemap_index.xml" "Mozilla/5.0 AppleWebKit/537.36 (KHTML, like Gecko; compatible; GPTBot/1.4; +https://openai.com/gptbot)"
66.249.68.130 - - [20/Aug/2026:10:49:13 +0200] "GET /?a=wvzi257aqbk47874nrihoqmtu HTTP/1.1" 200 70553 "-" "Mozilla/5.0 (Linux; Android 6.0.1; Nexus 5X Build/MMB29P) AppleWebKit/537.36 (KHTML, like Gecko) Chrome/151.0.7922.137 Mobile Safari/537.36 (compatible; GoogleOther)"
74.7.241.13 - - [20/Aug/2026:10:49:24 +0200] "GET /?c=nzl34zyqk35727dhmaryioqn HTTP/1.1" 500 - "https://zimmerei-boettcher.de/sitemap_index.xml" "Mozilla/5.0 AppleWebKit/537.36 (KHTML, like Gecko; compatible; GPTBot/1.4; +https://openai.com/gptbot)"
74.7.241.13 - - [20/Aug/2026:10:49:44 +0200] "GET /?z=rzgvo99udi33734kxdbaenah HTTP/1.1" 500 - "https://zimmerei-boettcher.de/sitemap_index.xml" "Mozilla/5.0 AppleWebKit/537.36 (KHTML, like Gecko; compatible; GPTBot/1.4; +https://openai.com/gptbot)"
74.7.241.13 - - [20/Aug/2026:10:50:06 +0200] "GET /?g=npzko105hzivd3306qwhrbod HTTP/1.1" 500 - "https://zimmerei-boettcher.de/sitemap_index.xml" "Mozilla/5.0 AppleWebKit/537.36 (KHTML, like Gecko; compatible; GPTBot/1.4; +https://openai.com/gptbot)"
74.7.241.13 - - [20/Aug/2026:10:50:26 +0200] "GET /?l=fpf113mpwa9928thxyaqkcvm HTTP/1.1" 500 - "https://zimmerei-boettcher.de/sitemap_index.xml" "Mozilla/5.0 AppleWebKit/537.36 (KHTML, like Gecko; compatible; GPTBot/1.4; +https://openai.com/gptbot)"
66.249.68.130 - - [20/Aug/2026:10:50:41 +0200] "GET /?h=llour212tno9355ljzrsnk HTTP/1.1" 200 59187 "-" "Mozilla/5.0 (Linux; Android 6.0.1; Nexus 5X Build/MMB29P) AppleWebKit/537.36 (KHTML, like Gecko) Chrome/151.0.7922.137 Mobile Safari/537.36 (compatible; GoogleOther)"
74.7.241.13 - - [20/Aug/2026:10:50:48 +0200] "GET /?q=dkmhc186vk30749vxulny HTTP/1.1" 500 - "https://zimmerei-boettcher.de/sitemap_index.xml" "Mozilla/5.0 AppleWebKit/537.36 (KHTML, like Gecko; compatible; GPTBot/1.4; +https://openai.com/gptbot)"
74.7.241.13 - - [20/Aug/2026:10:51:13 +0200] "GET /?p=leh137xm45608pkhwatnv HTTP/1.1" 500 - "https://zimmerei-boettcher.de/sitemap_index.xml" "Mozilla/5.0 AppleWebKit/537.36 (KHTML, like Gecko; compatible; GPTBot/1.4; +https://openai.com/gptbot)"
74.7.241.13 - - [20/Aug/2026:10:51:46 +0200] "GET /?r=jtfw295nbl39098dvpycm HTTP/1.1" 500 - "https://zimmerei-boettcher.de/sitemap_index.xml" "Mozilla/5.0 AppleWebKit/537.36 (KHTML, like Gecko; compatible; GPTBot/1.4; +https://openai.com/gptbot)"
74.7.241.13 - - [20/Aug/2026:10:52:17 +0200] "GET /?d=boxr154v40893slermtik HTTP/1.1" 500 - "https://zimmerei-boettcher.de/sitemap_index.xml" "Mozilla/5.0 AppleWebKit/537.36 (KHTML, like Gecko; compatible; GPTBot/1.4; +https://openai.com/gptbot)"
74.7.241.13 - - [20/Aug/2026:10:53:17 +0200] "GET /?x=maois63okqv6084gsawslhm HTTP/1.1" 500 - "https://zimmerei-boettcher.de/sitemap_index.xml" "Mozilla/5.0 AppleWebKit/537.36 (KHTML, like Gecko; compatible; GPTBot/1.4; +https://openai.com/gptbot)"
74.7.241.13 - - [20/Aug/2026:10:53:49 +0200] "GET /?g=jmy27sxjo7542jdpwzuzbgv HTTP/1.1" 500 - "https://zimmerei-boettcher.de/sitemap_index.xml" "Mozilla/5.0 AppleWebKit/537.36 (KHTML, like Gecko; compatible; GPTBot/1.4; +https://openai.com/gptbot)"
74.7.241.13 - - [20/Aug/2026:10:54:20 +0200] "GET /?f=tdp128sflz361eyztwfkvxp HTTP/1.1" 500 - "https://zimmerei-boettcher.de/sitemap_index.xml" "Mozilla/5.0 AppleWebKit/537.36 (KHTML, like Gecko; compatible; GPTBot/1.4; +https://openai.com/gptbot)"
74.7.241.13 - - [20/Aug/2026:10:54:50 +0200] "GET /?c=pzet8fvzp33517pkqifcyub HTTP/1.1" 500 - "https://zimmerei-boettcher.de/sitemap_index.xml" "Mozilla/5.0 AppleWebKit/537.36 (KHTML, like Gecko; compatible; GPTBot/1.4; +https://openai.com/gptbot)"
74.7.241.13 - - [20/Aug/2026:10:55:09 +0200] "GET /?k=bqvbj57rcxzu16886egxqhoeuul HTTP/1.1" 500 - "https://zimmerei-boettcher.de/sitemap_index.xml" "Mozilla/5.0 AppleWebKit/537.36 (KHTML, like Gecko; compatible; GPTBot/1.4; +https://openai.com/gptbot)"
74.7.241.13 - - [20/Aug/2026:10:55:25 +0200] "GET /?j=xzzsb138eepkj7803cyvwusyfnz HTTP/1.1" 500 - "https://zimmerei-boettcher.de/sitemap_index.xml" "Mozilla/5.0 AppleWebKit/537.36 (KHTML, like Gecko; compatible; GPTBot/1.4; +https://openai.com/gptbot)"
74.7.241.13 - - [20/Aug/2026:10:55:45 +0200] "GET /?f=haxoo16pikki18461xwwxbedyeu HTTP/1.1" 500 - "https://zimmerei-boettcher.de/sitemap_index.xml" "Mozilla/5.0 AppleWebKit/537.36 (KHTML, like Gecko; compatible; GPTBot/1.4; +https://openai.com/gptbot)"
74.7.241.13 - - [20/Aug/2026:10:55:56 +0200] "GET /?a=lstfe11swzlw20782rilrryixzk HTTP/1.1" 500 - "https://zimmerei-boettcher.de/sitemap_index.xml" "Mozilla/5.0 AppleWebKit/537.36 (KHTML, like Gecko; compatible; GPTBot/1.4; +https://openai.com/gptbot)"
74.7.241.13 - - [20/Aug/2026:10:56:06 +0200] "GET /?s=ooov43cc2580zpbhjrgnxk HTTP/1.1" 500 - "https://zimmerei-boettcher.de/sitemap_index.xml" "Mozilla/5.0 AppleWebKit/537.36 (KHTML, like Gecko; compatible; GPTBot/1.4; +https://openai.com/gptbot)"
74.7.241.13 - - [20/Aug/2026:10:56:27 +0200] "GET /?h=aoxha268ga2987mxieulsjw HTTP/1.1" 500 - "https://zimmerei-boettcher.de/sitemap_index.xml" "Mozilla/5.0 AppleWebKit/537.36 (KHTML, like Gecko; compatible; GPTBot/1.4; +https://openai.com/gptbot)"
66.249.68.130 - - [20/Aug/2026:10:56:34 +0200] "GET /?l=zzkyi92jdczk41459phrbqlshzx HTTP/1.1" 200 62943 "-" "Mozilla/5.0 (Linux; Android 6.0.1; Nexus 5X Build/MMB29P) AppleWebKit/537.36 (KHTML, like Gecko) Chrome/151.0.7922.137 Mobile Safari/537.36 (compatible; GoogleOther)"
74.7.241.13 - - [20/Aug/2026:10:56:48 +0200] "GET /?y=lgfam131yzufs1158xbaiyhpfia HTTP/1.1" 500 - "https://zimmerei-boettcher.de/sitemap_index.xml" "Mozilla/5.0 AppleWebKit/537.36 (KHTML, like Gecko; compatible; GPTBot/1.4; +https://openai.com/gptbot)"
74.7.241.13 - - [20/Aug/2026:10:57:09 +0200] "GET /?x=uwmea226ysxix2893xmrmjbeyal HTTP/1.1" 500 - "https://zimmerei-boettcher.de/sitemap_index.xml" "Mozilla/5.0 AppleWebKit/537.36 (KHTML, like Gecko; compatible; GPTBot/1.4; +https://openai.com/gptbot)"
74.7.241.13 - - [20/Aug/2026:10:57:31 +0200] "GET /?t=qmyrz46fzax10037ohkpffaza HTTP/1.1" 500 - "https://zimmerei-boettcher.de/sitemap_index.xml" "Mozilla/5.0 AppleWebKit/537.36 (KHTML, like Gecko; compatible; GPTBot/1.4; +https://openai.com/gptbot)"
198.235.24.32 - - [20/Aug/2026:10:57:39 +0200] "GET / HTTP/1.1" 500 - "-" "Hello from Palo Alto Networks, find out more about our scans in https://docs-cortex.paloaltonetworks.com/r/1/Cortex-Xpanse/Scanning-activity"
74.7.241.13 - - [20/Aug/2026:10:57:52 +0200] "GET /?c=wiuhz232uijpf2175ofuikvam HTTP/1.1" 500 - "https://zimmerei-boettcher.de/sitemap_index.xml" "Mozilla/5.0 AppleWebKit/537.36 (KHTML, like Gecko; compatible; GPTBot/1.4; +https://openai.com/gptbot)"
74.7.241.13 - - [20/Aug/2026:10:58:14 +0200] "GET /?z=fdn225ylrpl9368rctrynrl HTTP/1.1" 500 - "https://zimmerei-boettcher.de/sitemap_index.xml" "Mozilla/5.0 AppleWebKit/537.36 (KHTML, like Gecko; compatible; GPTBot/1.4; +https://openai.com/gptbot)"
74.7.241.13 - - [20/Aug/2026:10:58:34 +0200] "GET /?b=slpb18qcp19343vbhhudwfb HTTP/1.1" 500 - "https://zimmerei-boettcher.de/sitemap_index.xml" "Mozilla/5.0 AppleWebKit/537.36 (KHTML, like Gecko; compatible; GPTBot/1.4; +https://openai.com/gptbot)"
74.7.241.13 - - [20/Aug/2026:10:58:54 +0200] "GET /?r=yzno56vnx34113xnbmjwngs HTTP/1.1" 500 - "https://zimmerei-boettcher.de/sitemap_index.xml" "Mozilla/5.0 AppleWebKit/537.36 (KHTML, like Gecko; compatible; GPTBot/1.4; +https://openai.com/gptbot)"
74.7.241.13 - - [20/Aug/2026:10:59:16 +0200] "GET /?u=hfo43ahh34972eebpapnize HTTP/1.1" 500 - "https://zimmerei-boettcher.de/sitemap_index.xml" "Mozilla/5.0 AppleWebKit/537.36 (KHTML, like Gecko; compatible; GPTBot/1.4; +https://openai.com/gptbot)"
74.7.241.13 - - [20/Aug/2026:10:59:37 +0200] "GET /?q=loor15zz16182eptbrluguz HTTP/1.1" 500 - "https://zimmerei-boettcher.de/sitemap_index.xml" "Mozilla/5.0 AppleWebKit/537.36 (KHTML, like Gecko; compatible; GPTBot/1.4; +https://openai.com/gptbot)"
52.7.45.143 - - [20/Aug/2026:10:59:40 +0200] "GET /robots.txt HTTP/1.1" 304 - "-" "Mozilla/5.0 (Macintosh; Intel Mac OS X 10_10_1) AppleWebKit/600.2.5 (KHTML, like Gecko) Version/8.0.2 Safari/600.2.5 (Gort)"
74.7.241.13 - - [20/Aug/2026:10:59:59 +0200] "GET /?w=navrs27l34372fhvnqrizol HTTP/1.1" 500 - "https://zimmerei-boettcher.de/sitemap_index.xml" "Mozilla/5.0 AppleWebKit/537.36 (KHTML, like Gecko; compatible; GPTBot/1.4; +https://openai.com/gptbot)"
74.7.241.13 - - [20/Aug/2026:11:00:22 +0200] "GET /?v=rsnft10e30375kfqvkkaxvw HTTP/1.1" 500 - "https://zimmerei-boettcher.de/sitemap_index.xml" "Mozilla/5.0 AppleWebKit/537.36 (KHTML, like Gecko; compatible; GPTBot/1.4; +https://openai.com/gptbot)"
74.7.241.13 - - [20/Aug/2026:11:01:29 +0200] "GET /?j=rax83irgcz13348plimtrky HTTP/1.1" 500 - "https://zimmerei-boettcher.de/sitemap_index.xml" "Mozilla/5.0 AppleWebKit/537.36 (KHTML, like Gecko; compatible; GPTBot/1.4; +https://openai.com/gptbot)"
66.249.68.131 - - [20/Aug/2026:11:03:52 +0200] "GET /?k=fro45nos23766tiptxxfeg HTTP/1.1" 200 63888 "-" "Mozilla/5.0 (Linux; Android 6.0.1; Nexus 5X Build/MMB29P) AppleWebKit/537.36 (KHTML, like Gecko) Chrome/151.0.7922.137 Mobile Safari/537.36 (compatible; GoogleOther)"
74.7.241.13 - - [20/Aug/2026:11:04:04 +0200] "GET /?t=zldh33lgjgg13746wfwwxok HTTP/1.1" 500 - "https://zimmerei-boettcher.de/sitemap_index.xml" "Mozilla/5.0 AppleWebKit/537.36 (KHTML, like Gecko; compatible; GPTBot/1.4; +https://openai.com/gptbot)"
74.7.241.13 - - [20/Aug/2026:11:04:21 +0200] "GET /?y=mix74wxo48119evtsqjemvj HTTP/1.1" 500 - "https://zimmerei-boettcher.de/sitemap_index.xml" "Mozilla/5.0 AppleWebKit/537.36 (KHTML, like Gecko; compatible; GPTBot/1.4; +https://openai.com/gptbot)"
74.7.241.13 - - [20/Aug/2026:11:04:33 +0200] "GET /?x=bcxpv239j6226zicetdexwf HTTP/1.1" 500 - "https://zimmerei-boettcher.de/sitemap_index.xml" "Mozilla/5.0 AppleWebKit/537.36 (KHTML, like Gecko; compatible; GPTBot/1.4; +https://openai.com/gptbot)"
74.7.241.13 - - [20/Aug/2026:11:04:44 +0200] "GET /?g=ljcxb65glipo44862bynexj HTTP/1.1" 500 - "https://zimmerei-boettcher.de/sitemap_index.xml" "Mozilla/5.0 AppleWebKit/537.36 (KHTML, like Gecko; compatible; GPTBot/1.4; +https://openai.com/gptbot)"
74.7.241.13 - - [20/Aug/2026:11:05:05 +0200] "GET /?z=fpipu42hkhc43867kfnbznx HTTP/1.1" 500 - "https://zimmerei-boettcher.de/sitemap_index.xml" "Mozilla/5.0 AppleWebKit/537.36 (KHTML, like Gecko; compatible; GPTBot/1.4; +https://openai.com/gptbot)"
74.7.241.13 - - [20/Aug/2026:11:05:27 +0200] "GET /?e=epo60bvt37729etxpyqkecu HTTP/1.1" 500 - "https://zimmerei-boettcher.de/sitemap_index.xml" "Mozilla/5.0 AppleWebKit/537.36 (KHTML, like Gecko; compatible; GPTBot/1.4; +https://openai.com/gptbot)"
74.7.241.13 - - [20/Aug/2026:11:05:48 +0200] "GET /?o=kkrp32jaop22083zjbmluwx HTTP/1.1" 500 - "https://zimmerei-boettcher.de/sitemap_index.xml" "Mozilla/5.0 AppleWebKit/537.36 (KHTML, like Gecko; compatible; GPTBot/1.4; +https://openai.com/gptbot)"
74.7.241.13 - - [20/Aug/2026:11:06:10 +0200] "GET /?u=owzw21twtvq10792gvbnegm HTTP/1.1" 500 - "https://zimmerei-boettcher.de/sitemap_index.xml" "Mozilla/5.0 AppleWebKit/537.36 (KHTML, like Gecko; compatible; GPTBot/1.4; +https://openai.com/gptbot)"
66.249.68.130 - - [20/Aug/2026:11:06:25 +0200] "GET /?a=adw298pwos11645vacouzqnj HTTP/1.1" 200 72285 "-" "Mozilla/5.0 (Linux; Android 6.0.1; Nexus 5X Build/MMB29P) AppleWebKit/537.36 (KHTML, like Gecko) Chrome/151.0.7922.137 Mobile Safari/537.36 (compatible; GoogleOther)"
74.7.241.13 - - [20/Aug/2026:11:06:30 +0200] "GET /?j=irlj80jctcv10211krkysqt HTTP/1.1" 500 - "https://zimmerei-boettcher.de/sitemap_index.xml" "Mozilla/5.0 AppleWebKit/537.36 (KHTML, like Gecko; compatible; GPTBot/1.4; +https://openai.com/gptbot)"
66.249.68.130 - - [20/Aug/2026:11:06:36 +0200] "GET /?a=uqv186it32813ygelcpcv HTTP/1.1" 200 60307 "-" "Mozilla/5.0 (Linux; Android 6.0.1; Nexus 5X Build/MMB29P) AppleWebKit/537.36 (KHTML, like Gecko) Chrome/151.0.7922.137 Mobile Safari/537.36 (compatible; GoogleOther)"
66.249.68.129 - - [20/Aug/2026:11:06:41 +0200] "GET / HTTP/1.1" 200 68468 "-" "Mozilla/5.0 (Linux; Android 6.0.1; Nexus 5X Build/MMB29P) AppleWebKit/537.36 (KHTML, like Gecko) Chrome/151.0.7922.137 Mobile Safari/537.36 (compatible; Googlebot/2.1; +http://www.google.com/bot.html)"
66.249.68.129 - - [20/Aug/2026:11:06:47 +0200] "GET /?y=tswwj81kllxf23206wwpvkk HTTP/1.1" 200 63414 "-" "Mozilla/5.0 (Linux; Android 6.0.1; Nexus 5X Build/MMB29P) AppleWebKit/537.36 (KHTML, like Gecko) Chrome/151.0.7922.137 Mobile Safari/537.36 (compatible; GoogleOther)"
74.7.241.13 - - [20/Aug/2026:11:06:52 +0200] "GET /?g=ppyn63rztzd35006xixzmcf HTTP/1.1" 500 - "https://zimmerei-boettcher.de/sitemap_index.xml" "Mozilla/5.0 AppleWebKit/537.36 (KHTML, like Gecko; compatible; GPTBot/1.4; +https://openai.com/gptbot)"
66.249.68.129 - - [20/Aug/2026:11:07:06 +0200] "GET / HTTP/1.1" 200 68359 "-" "Mozilla/5.0 (Linux; Android 6.0.1; Nexus 5X Build/MMB29P) AppleWebKit/537.36 (KHTML, like Gecko) Chrome/99.0.4844.84 Mobile Safari/537.36 (compatible; Googlebot/2.1; +http://www.google.com/bot.html)"
74.7.241.13 - - [20/Aug/2026:11:07:12 +0200] "GET /?s=enbtq68v45405xfbevnxpnq HTTP/1.1" 500 - "https://zimmerei-boettcher.de/sitemap_index.xml" "Mozilla/5.0 AppleWebKit/537.36 (KHTML, like Gecko; compatible; GPTBot/1.4; +https://openai.com/gptbot)"
66.249.68.129 - - [20/Aug/2026:11:07:13 +0200] "GET / HTTP/1.1" 200 68439 "-" "Mozilla/5.0 (compatible; Googlebot/2.1; +http://www.google.com/bot.html)"
74.7.241.13 - - [20/Aug/2026:11:07:32 +0200] "GET /?y=elvue65yfec31798vqltbed HTTP/1.1" 500 - "https://zimmerei-boettcher.de/sitemap_index.xml" "Mozilla/5.0 AppleWebKit/537.36 (KHTML, like Gecko; compatible; GPTBot/1.4; +https://openai.com/gptbot)"
74.7.241.13 - - [20/Aug/2026:11:07:54 +0200] "GET /?f=mngsv195uzxsp2028ldcmyr HTTP/1.1" 500 - "https://zimmerei-boettcher.de/sitemap_index.xml" "Mozilla/5.0 AppleWebKit/537.36 (KHTML, like Gecko; compatible; GPTBot/1.4; +https://openai.com/gptbot)"
66.249.68.129 - - [20/Aug/2026:11:08:03 +0200] "GET /?x=bjc227dwgn42286vtdkeajbs HTTP/1.1" 200 65724 "-" "Mozilla/5.0 (Linux; Android 6.0.1; Nexus 5X Build/MMB29P) AppleWebKit/537.36 (KHTML, like Gecko) Chrome/151.0.7922.137 Mobile Safari/537.36 (compatible; GoogleOther)"
74.7.241.13 - - [20/Aug/2026:11:08:16 +0200] "GET /?a=twaxv123biet9018yrhnkuc HTTP/1.1" 500 - "https://zimmerei-boettcher.de/sitemap_index.xml" "Mozilla/5.0 AppleWebKit/537.36 (KHTML, like Gecko; compatible; GPTBot/1.4; +https://openai.com/gptbot)"
66.249.68.130 - - [20/Aug/2026:11:08:23 +0200] "GET /?l=cxk180g28321ckmtsdym HTTP/1.1" 200 70199 "-" "Mozilla/5.0 (Linux; Android 6.0.1; Nexus 5X Build/MMB29P) AppleWebKit/537.36 (KHTML, like Gecko) Chrome/151.0.7922.137 Mobile Safari/537.36 (compatible; GoogleOther)"
74.7.241.13 - - [20/Aug/2026:11:08:38 +0200] "GET /?x=xrtpd159suv4058cmhoqwlq HTTP/1.1" 500 - "https://zimmerei-boettcher.de/sitemap_index.xml" "Mozilla/5.0 AppleWebKit/537.36 (KHTML, like Gecko; compatible; GPTBot/1.4; +https://openai.com/gptbot)"
74.7.241.13 - - [20/Aug/2026:11:09:00 +0200] "GET /?x=akt83eim17914olsgkbnqnh HTTP/1.1" 500 - "https://zimmerei-boettcher.de/sitemap_index.xml" "Mozilla/5.0 AppleWebKit/537.36 (KHTML, like Gecko; compatible; GPTBot/1.4; +https://openai.com/gptbot)"
74.7.241.13 - - [20/Aug/2026:11:09:21 +0200] "GET /?w=pku35xdnlp15460aqsgqjyb HTTP/1.1" 500 - "https://zimmerei-boettcher.de/sitemap_index.xml" "Mozilla/5.0 AppleWebKit/537.36 (KHTML, like Gecko; compatible; GPTBot/1.4; +https://openai.com/gptbot)"
66.249.68.130 - - [20/Aug/2026:11:09:27 +0200] "GET /?a=fjhd299b35472phvbyteju HTTP/1.1" 200 69081 "-" "Mozilla/5.0 (Linux; Android 6.0.1; Nexus 5X Build/MMB29P) AppleWebKit/537.36 (KHTML, like Gecko) Chrome/151.0.7922.137 Mobile Safari/537.36 (compatible; GoogleOther)"
74.7.241.13 - - [20/Aug/2026:11:09:41 +0200] "GET /?h=eraqp58hgo26007tohxirwmmr HTTP/1.1" 500 - "https://zimmerei-boettcher.de/sitemap_index.xml" "Mozilla/5.0 AppleWebKit/537.36 (KHTML, like Gecko; compatible; GPTBot/1.4; +https://openai.com/gptbot)"
