74.7.241.13 - - [20/Aug/2026:07:57:50 +0200] "GET /?s=dhv175c44808pmvijbp HTTP/1.1" 500 - "https://zimmerei-boettcher.de/sitemap_index.xml" "Mozilla/5.0 AppleWebKit/537.36 (KHTML, like Gecko; compatible; GPTBot/1.4; +https://openai.com/gptbot)"
74.7.241.13 - - [20/Aug/2026:07:58:11 +0200] "GET /?c=xqv178v23873jwubvqo HTTP/1.1" 500 - "https://zimmerei-boettcher.de/sitemap_index.xml" "Mozilla/5.0 AppleWebKit/537.36 (KHTML, like Gecko; compatible; GPTBot/1.4; +https://openai.com/gptbot)"
74.7.241.13 - - [20/Aug/2026:07:58:33 +0200] "GET /?i=msn190bi27191edzsye HTTP/1.1" 500 - "https://zimmerei-boettcher.de/sitemap_index.xml" "Mozilla/5.0 AppleWebKit/537.36 (KHTML, like Gecko; compatible; GPTBot/1.4; +https://openai.com/gptbot)"
74.7.241.13 - - [20/Aug/2026:07:58:55 +0200] "GET /?s=vmx101v12624dibjywx HTTP/1.1" 500 - "https://zimmerei-boettcher.de/sitemap_index.xml" "Mozilla/5.0 AppleWebKit/537.36 (KHTML, like Gecko; compatible; GPTBot/1.4; +https://openai.com/gptbot)"
74.7.241.13 - - [20/Aug/2026:07:59:16 +0200] "GET /?r=btl288qk43455lsksgt HTTP/1.1" 500 - "https://zimmerei-boettcher.de/sitemap_index.xml" "Mozilla/5.0 AppleWebKit/537.36 (KHTML, like Gecko; compatible; GPTBot/1.4; +https://openai.com/gptbot)"
74.7.241.13 - - [20/Aug/2026:07:59:38 +0200] "GET /?g=zlte106m39731lyqvht HTTP/1.1" 500 - "https://zimmerei-boettcher.de/sitemap_index.xml" "Mozilla/5.0 AppleWebKit/537.36 (KHTML, like Gecko; compatible; GPTBot/1.4; +https://openai.com/gptbot)"
66.249.68.130 - - [20/Aug/2026:07:59:48 +0200] "GET /customers/terms_and_conditions HTTP/1.1" 200 60102 "-" "Mozilla/5.0 (Linux; Android 6.0.1; Nexus 5X Build/MMB29P) AppleWebKit/537.36 (KHTML, like Gecko) Chrome/151.0.7922.137 Mobile Safari/537.36 (compatible; Googlebot/2.1; +http://www.google.com/bot.html)"
52.167.144.220 - - [20/Aug/2026:07:59:51 +0200] "GET /vordaecher/ HTTP/1.1" 200 13 "-" "Mozilla/5.0 AppleWebKit/537.36 (KHTML, like Gecko; compatible; bingbot/2.0; +http://www.bing.com/bingbot.htm) Chrome/116.0.1938.76 Safari/537.36"
74.7.241.13 - - [20/Aug/2026:08:00:00 +0200] "GET /?l=tki248q14037ukceksk HTTP/1.1" 500 - "https://zimmerei-boettcher.de/sitemap_index.xml" "Mozilla/5.0 AppleWebKit/537.36 (KHTML, like Gecko; compatible; GPTBot/1.4; +https://openai.com/gptbot)"
74.7.241.13 - - [20/Aug/2026:08:00:21 +0200] "GET /?e=gwk114v11573dzvlbgu HTTP/1.1" 500 - "https://zimmerei-boettcher.de/sitemap_index.xml" "Mozilla/5.0 AppleWebKit/537.36 (KHTML, like Gecko; compatible; GPTBot/1.4; +https://openai.com/gptbot)"
74.7.241.13 - - [20/Aug/2026:08:00:42 +0200] "GET /?q=cco141f16866spucspb HTTP/1.1" 500 - "https://zimmerei-boettcher.de/sitemap_index.xml" "Mozilla/5.0 AppleWebKit/537.36 (KHTML, like Gecko; compatible; GPTBot/1.4; +https://openai.com/gptbot)"
74.7.241.13 - - [20/Aug/2026:08:01:03 +0200] "GET /?p=btn199ma27914rpvtzs HTTP/1.1" 500 - "https://zimmerei-boettcher.de/sitemap_index.xml" "Mozilla/5.0 AppleWebKit/537.36 (KHTML, like Gecko; compatible; GPTBot/1.4; +https://openai.com/gptbot)"
74.7.241.13 - - [20/Aug/2026:08:01:24 +0200] "GET /?l=rigs259j14416zmjsab HTTP/1.1" 500 - "https://zimmerei-boettcher.de/sitemap_index.xml" "Mozilla/5.0 AppleWebKit/537.36 (KHTML, like Gecko; compatible; GPTBot/1.4; +https://openai.com/gptbot)"
74.7.241.13 - - [20/Aug/2026:08:01:45 +0200] "GET /?l=sblv170t16821zddhla HTTP/1.1" 500 - "https://zimmerei-boettcher.de/sitemap_index.xml" "Mozilla/5.0 AppleWebKit/537.36 (KHTML, like Gecko; compatible; GPTBot/1.4; +https://openai.com/gptbot)"
74.7.241.13 - - [20/Aug/2026:08:02:07 +0200] "GET /?a=uiw192w42463geumaoz HTTP/1.1" 500 - "https://zimmerei-boettcher.de/sitemap_index.xml" "Mozilla/5.0 AppleWebKit/537.36 (KHTML, like Gecko; compatible; GPTBot/1.4; +https://openai.com/gptbot)"
66.249.68.129 - - [20/Aug/2026:08:02:21 +0200] "GET /corner/cc/line/cd/883/ HTTP/1.1" 200 65214 "-" "Mozilla/5.0 (Linux; Android 6.0.1; Nexus 5X Build/MMB29P) AppleWebKit/537.36 (KHTML, like Gecko) Chrome/151.0.7922.137 Mobile Safari/537.36 (compatible; GoogleOther)"
74.7.241.13 - - [20/Aug/2026:08:02:27 +0200] "GET /?a=jkzp281i16024afuqzj HTTP/1.1" 500 - "https://zimmerei-boettcher.de/sitemap_index.xml" "Mozilla/5.0 AppleWebKit/537.36 (KHTML, like Gecko; compatible; GPTBot/1.4; +https://openai.com/gptbot)"
74.7.241.13 - - [20/Aug/2026:08:02:48 +0200] "GET /?j=cbg113m21604zpaompp HTTP/1.1" 500 - "https://zimmerei-boettcher.de/sitemap_index.xml" "Mozilla/5.0 AppleWebKit/537.36 (KHTML, like Gecko; compatible; GPTBot/1.4; +https://openai.com/gptbot)"
74.7.241.13 - - [20/Aug/2026:08:03:10 +0200] "GET /?v=kqfa286zq11867ocfoawl HTTP/1.1" 500 - "https://zimmerei-boettcher.de/sitemap_index.xml" "Mozilla/5.0 AppleWebKit/537.36 (KHTML, like Gecko; compatible; GPTBot/1.4; +https://openai.com/gptbot)"
91.193.232.153 - - [20/Aug/2026:08:03:29 +0200] "GET /wp-login.php HTTP/1.1" 500 - "-" "Mozilla/5.0 (Macintosh; Intel Mac OS X 10_15_7) AppleWebKit/605.1.15 Version/17.0 Safari/605.1.15"
74.7.241.13 - - [20/Aug/2026:08:03:31 +0200] "GET /?h=jhw166bjo1297sbjoaof HTTP/1.1" 500 - "https://zimmerei-boettcher.de/sitemap_index.xml" "Mozilla/5.0 AppleWebKit/537.36 (KHTML, like Gecko; compatible; GPTBot/1.4; +https://openai.com/gptbot)"
74.7.241.13 - - [20/Aug/2026:08:03:53 +0200] "GET /?a=vyr288v38343ewtbao HTTP/1.1" 500 - "https://zimmerei-boettcher.de/sitemap_index.xml" "Mozilla/5.0 AppleWebKit/537.36 (KHTML, like Gecko; compatible; GPTBot/1.4; +https://openai.com/gptbot)"
74.7.241.13 - - [20/Aug/2026:08:04:14 +0200] "GET /?j=iko103r15932idmzws HTTP/1.1" 500 - "https://zimmerei-boettcher.de/sitemap_index.xml" "Mozilla/5.0 AppleWebKit/537.36 (KHTML, like Gecko; compatible; GPTBot/1.4; +https://openai.com/gptbot)"
74.7.241.13 - - [20/Aug/2026:08:04:35 +0200] "GET /?t=lbs172v42565qigild HTTP/1.1" 500 - "https://zimmerei-boettcher.de/sitemap_index.xml" "Mozilla/5.0 AppleWebKit/537.36 (KHTML, like Gecko; compatible; GPTBot/1.4; +https://openai.com/gptbot)"
74.7.241.13 - - [20/Aug/2026:08:04:55 +0200] "GET /?s=oxq121d18268gnajjl HTTP/1.1" 500 - "https://zimmerei-boettcher.de/sitemap_index.xml" "Mozilla/5.0 AppleWebKit/537.36 (KHTML, like Gecko; compatible; GPTBot/1.4; +https://openai.com/gptbot)"
74.7.241.13 - - [20/Aug/2026:08:05:15 +0200] "GET /?z=ria242e32853tcxvmr HTTP/1.1" 500 - "https://zimmerei-boettcher.de/sitemap_index.xml" "Mozilla/5.0 AppleWebKit/537.36 (KHTML, like Gecko; compatible; GPTBot/1.4; +https://openai.com/gptbot)"
74.7.241.13 - - [20/Aug/2026:08:05:37 +0200] "GET /?y=xcy219y29482jyetal HTTP/1.1" 500 - "https://zimmerei-boettcher.de/sitemap_index.xml" "Mozilla/5.0 AppleWebKit/537.36 (KHTML, like Gecko; compatible; GPTBot/1.4; +https://openai.com/gptbot)"
74.7.241.13 - - [20/Aug/2026:08:05:57 +0200] "GET /?r=xae251w33572kobgbp HTTP/1.1" 500 - "https://zimmerei-boettcher.de/sitemap_index.xml" "Mozilla/5.0 AppleWebKit/537.36 (KHTML, like Gecko; compatible; GPTBot/1.4; +https://openai.com/gptbot)"
74.7.241.13 - - [20/Aug/2026:08:06:17 +0200] "GET /?d=uah163v29740fqsdih HTTP/1.1" 500 - "https://zimmerei-boettcher.de/sitemap_index.xml" "Mozilla/5.0 AppleWebKit/537.36 (KHTML, like Gecko; compatible; GPTBot/1.4; +https://openai.com/gptbot)"
66.249.68.130 - - [20/Aug/2026:08:06:22 +0200] "GET /?y=jhb33o502waktnwwm HTTP/1.1" 200 62774 "-" "Mozilla/5.0 (Linux; Android 6.0.1; Nexus 5X Build/MMB29P) AppleWebKit/537.36 (KHTML, like Gecko) Chrome/151.0.7922.137 Mobile Safari/537.36 (compatible; GoogleOther)"
74.7.241.13 - - [20/Aug/2026:08:06:38 +0200] "GET /?w=aqnbu69lo6432qexsmzg HTTP/1.1" 500 - "https://zimmerei-boettcher.de/sitemap_index.xml" "Mozilla/5.0 AppleWebKit/537.36 (KHTML, like Gecko; compatible; GPTBot/1.4; +https://openai.com/gptbot)"
74.7.241.13 - - [20/Aug/2026:08:06:58 +0200] "GET /?y=xjrt53l7812ekedxaupb HTTP/1.1" 500 - "https://zimmerei-boettcher.de/sitemap_index.xml" "Mozilla/5.0 AppleWebKit/537.36 (KHTML, like Gecko; compatible; GPTBot/1.4; +https://openai.com/gptbot)"
74.7.241.13 - - [20/Aug/2026:08:07:19 +0200] "GET /?q=qloi48kas5097ybxjzdl HTTP/1.1" 500 - "https://zimmerei-boettcher.de/sitemap_index.xml" "Mozilla/5.0 AppleWebKit/537.36 (KHTML, like Gecko; compatible; GPTBot/1.4; +https://openai.com/gptbot)"
74.7.241.13 - - [20/Aug/2026:08:07:39 +0200] "GET /?o=pip9nd43502vrabesyxg HTTP/1.1" 500 - "https://zimmerei-boettcher.de/sitemap_index.xml" "Mozilla/5.0 AppleWebKit/537.36 (KHTML, like Gecko; compatible; GPTBot/1.4; +https://openai.com/gptbot)"
74.7.241.13 - - [20/Aug/2026:08:08:00 +0200] "GET /?v=dzcu206p41385tcjlgd HTTP/1.1" 500 - "https://zimmerei-boettcher.de/sitemap_index.xml" "Mozilla/5.0 AppleWebKit/537.36 (KHTML, like Gecko; compatible; GPTBot/1.4; +https://openai.com/gptbot)"
74.7.241.13 - - [20/Aug/2026:08:08:21 +0200] "GET /?z=onr120k30877xjpvhua HTTP/1.1" 500 - "https://zimmerei-boettcher.de/sitemap_index.xml" "Mozilla/5.0 AppleWebKit/537.36 (KHTML, like Gecko; compatible; GPTBot/1.4; +https://openai.com/gptbot)"
74.7.241.13 - - [20/Aug/2026:08:08:42 +0200] "GET /?a=zwu125g39590repbkiv HTTP/1.1" 500 - "https://zimmerei-boettcher.de/sitemap_index.xml" "Mozilla/5.0 AppleWebKit/537.36 (KHTML, like Gecko; compatible; GPTBot/1.4; +https://openai.com/gptbot)"
74.7.241.13 - - [20/Aug/2026:08:09:02 +0200] "GET /?b=qip292um37647gndwst HTTP/1.1" 500 - "https://zimmerei-boettcher.de/sitemap_index.xml" "Mozilla/5.0 AppleWebKit/537.36 (KHTML, like Gecko; compatible; GPTBot/1.4; +https://openai.com/gptbot)"
74.7.241.13 - - [20/Aug/2026:08:09:23 +0200] "GET /?a=iej108k27639jmrbnrb HTTP/1.1" 500 - "https://zimmerei-boettcher.de/sitemap_index.xml" "Mozilla/5.0 AppleWebKit/537.36 (KHTML, like Gecko; compatible; GPTBot/1.4; +https://openai.com/gptbot)"
74.7.241.13 - - [20/Aug/2026:08:09:44 +0200] "GET /?a=zwu249g39466repbkiv HTTP/1.1" 500 - "https://zimmerei-boettcher.de/sitemap_index.xml" "Mozilla/5.0 AppleWebKit/537.36 (KHTML, like Gecko; compatible; GPTBot/1.4; +https://openai.com/gptbot)"
66.249.68.130 - - [20/Aug/2026:08:09:51 +0200] "GET /animetitle/?aid=14501 HTTP/1.1" 200 67917 "-" "Mozilla/5.0 (Linux; Android 6.0.1; Nexus 5X Build/MMB29P) AppleWebKit/537.36 (KHTML, like Gecko) Chrome/151.0.7922.137 Mobile Safari/537.36 (compatible; GoogleOther)"
74.7.241.13 - - [20/Aug/2026:08:10:06 +0200] "GET /?i=nuv102v48933hjbyahw HTTP/1.1" 500 - "https://zimmerei-boettcher.de/sitemap_index.xml" "Mozilla/5.0 AppleWebKit/537.36 (KHTML, like Gecko; compatible; GPTBot/1.4; +https://openai.com/gptbot)"
74.7.241.13 - - [20/Aug/2026:08:10:28 +0200] "GET /?m=jdn206b28183ezrwnot HTTP/1.1" 500 - "https://zimmerei-boettcher.de/sitemap_index.xml" "Mozilla/5.0 AppleWebKit/537.36 (KHTML, like Gecko; compatible; GPTBot/1.4; +https://openai.com/gptbot)"
74.7.241.13 - - [20/Aug/2026:08:10:49 +0200] "GET /?k=pbyj87djr5314qsortvv HTTP/1.1" 500 - "https://zimmerei-boettcher.de/sitemap_index.xml" "Mozilla/5.0 AppleWebKit/537.36 (KHTML, like Gecko; compatible; GPTBot/1.4; +https://openai.com/gptbot)"
74.7.241.13 - - [20/Aug/2026:08:11:11 +0200] "GET /?z=mwxg6o15841jpolhgqbr HTTP/1.1" 500 - "https://zimmerei-boettcher.de/sitemap_index.xml" "Mozilla/5.0 AppleWebKit/537.36 (KHTML, like Gecko; compatible; GPTBot/1.4; +https://openai.com/gptbot)"
66.249.68.130 - - [20/Aug/2026:08:11:21 +0200] "GET /point_prize/list.php HTTP/1.1" 200 60487 "-" "Mozilla/5.0 (Linux; Android 6.0.1; Nexus 5X Build/MMB29P) AppleWebKit/537.36 (KHTML, like Gecko) Chrome/151.0.7922.137 Mobile Safari/537.36 (compatible; GoogleOther)"
74.7.241.13 - - [20/Aug/2026:08:11:32 +0200] "GET /?d=scse219hex110lhutcqxf HTTP/1.1" 500 - "https://zimmerei-boettcher.de/sitemap_index.xml" "Mozilla/5.0 AppleWebKit/537.36 (KHTML, like Gecko; compatible; GPTBot/1.4; +https://openai.com/gptbot)"
74.7.241.13 - - [20/Aug/2026:08:11:52 +0200] "GET /?k=zml25mob5048rywpyoole HTTP/1.1" 500 - "https://zimmerei-boettcher.de/sitemap_index.xml" "Mozilla/5.0 AppleWebKit/537.36 (KHTML, like Gecko; compatible; GPTBot/1.4; +https://openai.com/gptbot)"
74.7.241.13 - - [20/Aug/2026:08:12:14 +0200] "GET /?l=bxnl6jr33757boeawwjkq HTTP/1.1" 500 - "https://zimmerei-boettcher.de/sitemap_index.xml" "Mozilla/5.0 AppleWebKit/537.36 (KHTML, like Gecko; compatible; GPTBot/1.4; +https://openai.com/gptbot)"
66.249.68.129 - - [20/Aug/2026:08:12:20 +0200] "GET /guide/animeword.php HTTP/1.1" 200 65588 "-" "Mozilla/5.0 (Linux; Android 6.0.1; Nexus 5X Build/MMB29P) AppleWebKit/537.36 (KHTML, like Gecko) Chrome/151.0.7922.137 Mobile Safari/537.36 (compatible; GoogleOther)"
74.7.241.13 - - [20/Aug/2026:08:12:35 +0200] "GET /?d=obggu36r7035ddmxcpvgc HTTP/1.1" 500 - "https://zimmerei-boettcher.de/sitemap_index.xml" "Mozilla/5.0 AppleWebKit/537.36 (KHTML, like Gecko; compatible; GPTBot/1.4; +https://openai.com/gptbot)"
74.7.241.13 - - [20/Aug/2026:08:12:58 +0200] "GET /?n=ormkc5k44122jzqotwhdt HTTP/1.1" 500 - "https://zimmerei-boettcher.de/sitemap_index.xml" "Mozilla/5.0 AppleWebKit/537.36 (KHTML, like Gecko; compatible; GPTBot/1.4; +https://openai.com/gptbot)"
74.7.241.13 - - [20/Aug/2026:08:13:16 +0200] "GET /?j=eswig84eb6631tpjwxjob HTTP/1.1" 500 - "https://zimmerei-boettcher.de/sitemap_index.xml" "Mozilla/5.0 AppleWebKit/537.36 (KHTML, like Gecko; compatible; GPTBot/1.4; +https://openai.com/gptbot)"
74.7.241.13 - - [20/Aug/2026:08:13:36 +0200] "GET /?s=wsg75zxh5494vofetkhvs HTTP/1.1" 500 - "https://zimmerei-boettcher.de/sitemap_index.xml" "Mozilla/5.0 AppleWebKit/537.36 (KHTML, like Gecko; compatible; GPTBot/1.4; +https://openai.com/gptbot)"
74.7.241.13 - - [20/Aug/2026:08:13:57 +0200] "GET /?e=xtvdv40b2027cpcqkxzlg HTTP/1.1" 500 - "https://zimmerei-boettcher.de/sitemap_index.xml" "Mozilla/5.0 AppleWebKit/537.36 (KHTML, like Gecko; compatible; GPTBot/1.4; +https://openai.com/gptbot)"
107.150.61.58 - - [20/Aug/2026:08:14:13 +0200] "GET /wp-content/imb0308e/edit.php HTTP/1.1" 200 6 "https://zimmerei-boettcher.de/wp-content/imb0308e/edit.php" "Mozilla/5.0 (Windows NT 10.0; Win64; x64) AppleWebKit/537.36 (KHTML, like Gecko) Chrome/58.0.3029.110 Safari/537.3"
74.7.241.13 - - [20/Aug/2026:08:14:22 +0200] "GET /?n=atayi6qb36473nsveznwx HTTP/1.1" 500 - "https://zimmerei-boettcher.de/sitemap_index.xml" "Mozilla/5.0 AppleWebKit/537.36 (KHTML, like Gecko; compatible; GPTBot/1.4; +https://openai.com/gptbot)"
74.7.241.13 - - [20/Aug/2026:08:14:44 +0200] "GET /?z=dvviy95rrns1054gfyqaf HTTP/1.1" 500 - "https://zimmerei-boettcher.de/sitemap_index.xml" "Mozilla/5.0 AppleWebKit/537.36 (KHTML, like Gecko; compatible; GPTBot/1.4; +https://openai.com/gptbot)"
74.7.241.13 - - [20/Aug/2026:08:15:08 +0200] "GET /?z=gwo46alsxb2205lxudtsd HTTP/1.1" 500 - "https://zimmerei-boettcher.de/sitemap_index.xml" "Mozilla/5.0 AppleWebKit/537.36 (KHTML, like Gecko; compatible; GPTBot/1.4; +https://openai.com/gptbot)"
107.150.61.58 - - [20/Aug/2026:08:14:01 +0200] "GET /wp-content/imb0308e/edit.php HTTP/1.1" 200 - "https://zimmerei-boettcher.de/wp-content/imb0308e/edit.php" "Mozilla/5.0 (Windows NT 10.0; Win64; x64) AppleWebKit/537.36 (KHTML, like Gecko) Chrome/58.0.3029.110 Safari/537.3"
74.7.241.13 - - [20/Aug/2026:08:15:31 +0200] "GET /?u=ibks50adx5305ihqkjiir HTTP/1.1" 500 - "https://zimmerei-boettcher.de/sitemap_index.xml" "Mozilla/5.0 AppleWebKit/537.36 (KHTML, like Gecko; compatible; GPTBot/1.4; +https://openai.com/gptbot)"
74.7.241.13 - - [20/Aug/2026:08:15:50 +0200] "GET /?j=yoa64vlwge6929corflfh HTTP/1.1" 500 - "https://zimmerei-boettcher.de/sitemap_index.xml" "Mozilla/5.0 AppleWebKit/537.36 (KHTML, like Gecko; compatible; GPTBot/1.4; +https://openai.com/gptbot)"
74.7.241.13 - - [20/Aug/2026:08:16:06 +0200] "GET /?d=ofr1dyif40888lfraioan HTTP/1.1" 500 - "https://zimmerei-boettcher.de/sitemap_index.xml" "Mozilla/5.0 AppleWebKit/537.36 (KHTML, like Gecko; compatible; GPTBot/1.4; +https://openai.com/gptbot)"
66.249.68.131 - - [20/Aug/2026:08:16:21 +0200] "GET /ranking/ HTTP/1.1" 200 67960 "-" "Mozilla/5.0 (Linux; Android 6.0.1; Nexus 5X Build/MMB29P) AppleWebKit/537.36 (KHTML, like Gecko) Chrome/151.0.7922.137 Mobile Safari/537.36 (compatible; GoogleOther)"
74.7.241.13 - - [20/Aug/2026:08:16:26 +0200] "GET /?j=yob92xmge475ydjbuucuj HTTP/1.1" 500 - "https://zimmerei-boettcher.de/sitemap_index.xml" "Mozilla/5.0 AppleWebKit/537.36 (KHTML, like Gecko; compatible; GPTBot/1.4; +https://openai.com/gptbot)"
74.7.241.13 - - [20/Aug/2026:08:16:47 +0200] "GET /?t=vgfz89ntolx760mgltozu HTTP/1.1" 500 - "https://zimmerei-boettcher.de/sitemap_index.xml" "Mozilla/5.0 AppleWebKit/537.36 (KHTML, like Gecko; compatible; GPTBot/1.4; +https://openai.com/gptbot)"
74.7.241.13 - - [20/Aug/2026:08:17:09 +0200] "GET /?t=jjaog223lwv4888aiqrfh HTTP/1.1" 500 - "https://zimmerei-boettcher.de/sitemap_index.xml" "Mozilla/5.0 AppleWebKit/537.36 (KHTML, like Gecko; compatible; GPTBot/1.4; +https://openai.com/gptbot)"
66.249.68.131 - - [20/Aug/2026:08:17:23 +0200] "GET /?n=skv79wo35990eismoljb HTTP/1.1" 200 58696 "-" "Mozilla/5.0 (Linux; Android 6.0.1; Nexus 5X Build/MMB29P) AppleWebKit/537.36 (KHTML, like Gecko) Chrome/151.0.7922.137 Mobile Safari/537.36 (compatible; GoogleOther)"
74.7.241.13 - - [20/Aug/2026:08:17:30 +0200] "GET /?d=qbuy24s23151pluuutxlc HTTP/1.1" 500 - "https://zimmerei-boettcher.de/sitemap_index.xml" "Mozilla/5.0 AppleWebKit/537.36 (KHTML, like Gecko; compatible; GPTBot/1.4; +https://openai.com/gptbot)"
74.7.241.13 - - [20/Aug/2026:08:17:51 +0200] "GET /?t=mbpm47ez33386rcctbwir HTTP/1.1" 500 - "https://zimmerei-boettcher.de/sitemap_index.xml" "Mozilla/5.0 AppleWebKit/537.36 (KHTML, like Gecko; compatible; GPTBot/1.4; +https://openai.com/gptbot)"
74.7.241.13 - - [20/Aug/2026:08:18:13 +0200] "GET /?t=abp226tjaxy6573exudft HTTP/1.1" 500 - "https://zimmerei-boettcher.de/sitemap_index.xml" "Mozilla/5.0 AppleWebKit/537.36 (KHTML, like Gecko; compatible; GPTBot/1.4; +https://openai.com/gptbot)"
74.7.241.13 - - [20/Aug/2026:08:18:33 +0200] "GET /?l=npen48s45061ezceuzbzl HTTP/1.1" 500 - "https://zimmerei-boettcher.de/sitemap_index.xml" "Mozilla/5.0 AppleWebKit/537.36 (KHTML, like Gecko; compatible; GPTBot/1.4; +https://openai.com/gptbot)"
74.7.241.13 - - [20/Aug/2026:08:18:55 +0200] "GET /?f=lxdn252t6211bcxpvrwlr HTTP/1.1" 500 - "https://zimmerei-boettcher.de/sitemap_index.xml" "Mozilla/5.0 AppleWebKit/537.36 (KHTML, like Gecko; compatible; GPTBot/1.4; +https://openai.com/gptbot)"
74.7.241.13 - - [20/Aug/2026:08:19:16 +0200] "GET /?d=jocii53a26632mppqyrrb HTTP/1.1" 500 - "https://zimmerei-boettcher.de/sitemap_index.xml" "Mozilla/5.0 AppleWebKit/537.36 (KHTML, like Gecko; compatible; GPTBot/1.4; +https://openai.com/gptbot)"
74.7.241.13 - - [20/Aug/2026:08:19:36 +0200] "GET /?a=thn60xm49195kvgnwamhx HTTP/1.1" 500 - "https://zimmerei-boettcher.de/sitemap_index.xml" "Mozilla/5.0 AppleWebKit/537.36 (KHTML, like Gecko; compatible; GPTBot/1.4; +https://openai.com/gptbot)"
74.7.241.13 - - [20/Aug/2026:08:19:58 +0200] "GET /?s=iym19pwkw40612jcjkchj HTTP/1.1" 500 - "https://zimmerei-boettcher.de/sitemap_index.xml" "Mozilla/5.0 AppleWebKit/537.36 (KHTML, like Gecko; compatible; GPTBot/1.4; +https://openai.com/gptbot)"
74.7.241.13 - - [20/Aug/2026:08:20:20 +0200] "GET /?o=cpspl163fdf8956iobfaz HTTP/1.1" 500 - "https://zimmerei-boettcher.de/sitemap_index.xml" "Mozilla/5.0 AppleWebKit/537.36 (KHTML, like Gecko; compatible; GPTBot/1.4; +https://openai.com/gptbot)"
74.7.241.13 - - [20/Aug/2026:08:20:41 +0200] "GET /?j=mjfgi36drc20687jlndcl HTTP/1.1" 500 - "https://zimmerei-boettcher.de/sitemap_index.xml" "Mozilla/5.0 AppleWebKit/537.36 (KHTML, like Gecko; compatible; GPTBot/1.4; +https://openai.com/gptbot)"
74.7.241.13 - - [20/Aug/2026:08:21:03 +0200] "GET /?s=ywl49gji18984ysyrkbte HTTP/1.1" 500 - "https://zimmerei-boettcher.de/sitemap_index.xml" "Mozilla/5.0 AppleWebKit/537.36 (KHTML, like Gecko; compatible; GPTBot/1.4; +https://openai.com/gptbot)"
74.7.241.13 - - [20/Aug/2026:08:21:23 +0200] "GET /?z=agp33zctgt18694xbcbgy HTTP/1.1" 500 - "https://zimmerei-boettcher.de/sitemap_index.xml" "Mozilla/5.0 AppleWebKit/537.36 (KHTML, like Gecko; compatible; GPTBot/1.4; +https://openai.com/gptbot)"
74.7.241.13 - - [20/Aug/2026:08:21:43 +0200] "GET /?f=xsrvw11wam43168nhyzfm HTTP/1.1" 500 - "https://zimmerei-boettcher.de/sitemap_index.xml" "Mozilla/5.0 AppleWebKit/537.36 (KHTML, like Gecko; compatible; GPTBot/1.4; +https://openai.com/gptbot)"
74.7.241.13 - - [20/Aug/2026:08:22:05 +0200] "GET /?x=elno59riyr37970vtrekn HTTP/1.1" 500 - "https://zimmerei-boettcher.de/sitemap_index.xml" "Mozilla/5.0 AppleWebKit/537.36 (KHTML, like Gecko; compatible; GPTBot/1.4; +https://openai.com/gptbot)"
74.7.241.13 - - [20/Aug/2026:08:22:26 +0200] "GET /?h=wyla67nopt36304unhwqo HTTP/1.1" 500 - "https://zimmerei-boettcher.de/sitemap_index.xml" "Mozilla/5.0 AppleWebKit/537.36 (KHTML, like Gecko; compatible; GPTBot/1.4; +https://openai.com/gptbot)"
74.7.241.13 - - [20/Aug/2026:08:22:46 +0200] "GET /?r=aqc23e16398txtmnxieut HTTP/1.1" 500 - "https://zimmerei-boettcher.de/sitemap_index.xml" "Mozilla/5.0 AppleWebKit/537.36 (KHTML, like Gecko; compatible; GPTBot/1.4; +https://openai.com/gptbot)"
74.7.241.13 - - [20/Aug/2026:08:23:07 +0200] "GET /?f=ojj100bbrw4233blxpqtu HTTP/1.1" 500 - "https://zimmerei-boettcher.de/sitemap_index.xml" "Mozilla/5.0 AppleWebKit/537.36 (KHTML, like Gecko; compatible; GPTBot/1.4; +https://openai.com/gptbot)"
74.7.241.13 - - [20/Aug/2026:08:23:28 +0200] "GET /?p=ptyag72f25667apcqduup HTTP/1.1" 500 - "https://zimmerei-boettcher.de/sitemap_index.xml" "Mozilla/5.0 AppleWebKit/537.36 (KHTML, like Gecko; compatible; GPTBot/1.4; +https://openai.com/gptbot)"
74.7.241.13 - - [20/Aug/2026:08:23:50 +0200] "GET /?s=hjxj61fjff31148rvvnsj HTTP/1.1" 500 - "https://zimmerei-boettcher.de/sitemap_index.xml" "Mozilla/5.0 AppleWebKit/537.36 (KHTML, like Gecko; compatible; GPTBot/1.4; +https://openai.com/gptbot)"
74.7.241.13 - - [20/Aug/2026:08:24:11 +0200] "GET /?e=vgiv241m1124lclmwlmih HTTP/1.1" 500 - "https://zimmerei-boettcher.de/sitemap_index.xml" "Mozilla/5.0 AppleWebKit/537.36 (KHTML, like Gecko; compatible; GPTBot/1.4; +https://openai.com/gptbot)"
74.7.241.13 - - [20/Aug/2026:08:24:33 +0200] "GET /?i=ioat210lpac9827pklqlc HTTP/1.1" 500 - "https://zimmerei-boettcher.de/sitemap_index.xml" "Mozilla/5.0 AppleWebKit/537.36 (KHTML, like Gecko; compatible; GPTBot/1.4; +https://openai.com/gptbot)"
74.7.241.13 - - [20/Aug/2026:08:24:55 +0200] "GET /?s=trhka21cph27252fbpvgl HTTP/1.1" 500 - "https://zimmerei-boettcher.de/sitemap_index.xml" "Mozilla/5.0 AppleWebKit/537.36 (KHTML, like Gecko; compatible; GPTBot/1.4; +https://openai.com/gptbot)"
74.7.241.13 - - [20/Aug/2026:08:25:16 +0200] "GET /?r=tafxs255pgn3838jtdwzg HTTP/1.1" 500 - "https://zimmerei-boettcher.de/sitemap_index.xml" "Mozilla/5.0 AppleWebKit/537.36 (KHTML, like Gecko; compatible; GPTBot/1.4; +https://openai.com/gptbot)"
74.7.241.13 - - [20/Aug/2026:08:25:37 +0200] "GET /?g=xnpyl88wgy31345nqgnem HTTP/1.1" 500 - "https://zimmerei-boettcher.de/sitemap_index.xml" "Mozilla/5.0 AppleWebKit/537.36 (KHTML, like Gecko; compatible; GPTBot/1.4; +https://openai.com/gptbot)"
74.7.241.13 - - [20/Aug/2026:08:25:58 +0200] "GET /?e=nhf98ph32235dkjkotrrc HTTP/1.1" 500 - "https://zimmerei-boettcher.de/sitemap_index.xml" "Mozilla/5.0 AppleWebKit/537.36 (KHTML, like Gecko; compatible; GPTBot/1.4; +https://openai.com/gptbot)"
74.7.241.13 - - [20/Aug/2026:08:26:19 +0200] "GET /?q=uxb43gkhn24678bifzzxg HTTP/1.1" 500 - "https://zimmerei-boettcher.de/sitemap_index.xml" "Mozilla/5.0 AppleWebKit/537.36 (KHTML, like Gecko; compatible; GPTBot/1.4; +https://openai.com/gptbot)"
74.7.241.13 - - [20/Aug/2026:08:26:40 +0200] "GET /?v=ztgq10i13691gtptfvsmf HTTP/1.1" 500 - "https://zimmerei-boettcher.de/sitemap_index.xml" "Mozilla/5.0 AppleWebKit/537.36 (KHTML, like Gecko; compatible; GPTBot/1.4; +https://openai.com/gptbot)"
74.7.241.13 - - [20/Aug/2026:08:27:01 +0200] "GET /?a=qbwed19ioc44094pucdbd HTTP/1.1" 500 - "https://zimmerei-boettcher.de/sitemap_index.xml" "Mozilla/5.0 AppleWebKit/537.36 (KHTML, like Gecko; compatible; GPTBot/1.4; +https://openai.com/gptbot)"
74.7.241.13 - - [20/Aug/2026:08:27:22 +0200] "GET /?z=tgd20l13239quwiwwbjzy HTTP/1.1" 500 - "https://zimmerei-boettcher.de/sitemap_index.xml" "Mozilla/5.0 AppleWebKit/537.36 (KHTML, like Gecko; compatible; GPTBot/1.4; +https://openai.com/gptbot)"
74.7.241.13 - - [20/Aug/2026:08:27:43 +0200] "GET /?c=qjq75xla16088inuidijb HTTP/1.1" 500 - "https://zimmerei-boettcher.de/sitemap_index.xml" "Mozilla/5.0 AppleWebKit/537.36 (KHTML, like Gecko; compatible; GPTBot/1.4; +https://openai.com/gptbot)"
74.7.241.13 - - [20/Aug/2026:08:28:05 +0200] "GET /?w=exhb68erf32869uwfcvrb HTTP/1.1" 500 - "https://zimmerei-boettcher.de/sitemap_index.xml" "Mozilla/5.0 AppleWebKit/537.36 (KHTML, like Gecko; compatible; GPTBot/1.4; +https://openai.com/gptbot)"
74.7.241.13 - - [20/Aug/2026:08:28:25 +0200] "GET /?m=sexa14v49185qsvvgnlml HTTP/1.1" 500 - "https://zimmerei-boettcher.de/sitemap_index.xml" "Mozilla/5.0 AppleWebKit/537.36 (KHTML, like Gecko; compatible; GPTBot/1.4; +https://openai.com/gptbot)"
74.7.241.13 - - [20/Aug/2026:08:28:47 +0200] "GET /?n=qvzdx38eh15535tjnvayh HTTP/1.1" 500 - "https://zimmerei-boettcher.de/sitemap_index.xml" "Mozilla/5.0 AppleWebKit/537.36 (KHTML, like Gecko; compatible; GPTBot/1.4; +https://openai.com/gptbot)"
74.7.241.13 - - [20/Aug/2026:08:29:09 +0200] "GET /?w=fyfww124bmf8913feehxu HTTP/1.1" 500 - "https://zimmerei-boettcher.de/sitemap_index.xml" "Mozilla/5.0 AppleWebKit/537.36 (KHTML, like Gecko; compatible; GPTBot/1.4; +https://openai.com/gptbot)"
74.7.241.13 - - [20/Aug/2026:08:29:31 +0200] "GET /?d=pnxk92xkg30113fhcbbrz HTTP/1.1" 500 - "https://zimmerei-boettcher.de/sitemap_index.xml" "Mozilla/5.0 AppleWebKit/537.36 (KHTML, like Gecko; compatible; GPTBot/1.4; +https://openai.com/gptbot)"
74.7.241.13 - - [20/Aug/2026:08:29:51 +0200] "GET /?z=vath112eavr1635prqsaj HTTP/1.1" 500 - "https://zimmerei-boettcher.de/sitemap_index.xml" "Mozilla/5.0 AppleWebKit/537.36 (KHTML, like Gecko; compatible; GPTBot/1.4; +https://openai.com/gptbot)"
74.7.241.13 - - [20/Aug/2026:08:30:11 +0200] "GET /?u=zzq194ovd1889grjwdrdg HTTP/1.1" 500 - "https://zimmerei-boettcher.de/sitemap_index.xml" "Mozilla/5.0 AppleWebKit/537.36 (KHTML, like Gecko; compatible; GPTBot/1.4; +https://openai.com/gptbot)"
74.7.241.13 - - [20/Aug/2026:08:30:32 +0200] "GET /?e=hkkf14mmy41887jzlmzld HTTP/1.1" 500 - "https://zimmerei-boettcher.de/sitemap_index.xml" "Mozilla/5.0 AppleWebKit/537.36 (KHTML, like Gecko; compatible; GPTBot/1.4; +https://openai.com/gptbot)"
74.7.241.13 - - [20/Aug/2026:08:30:54 +0200] "GET /?f=bbm31xvcl22770qdxgvig HTTP/1.1" 500 - "https://zimmerei-boettcher.de/sitemap_index.xml" "Mozilla/5.0 AppleWebKit/537.36 (KHTML, like Gecko; compatible; GPTBot/1.4; +https://openai.com/gptbot)"
74.7.241.13 - - [20/Aug/2026:08:31:15 +0200] "GET /?z=lwy260xjj8659xxootsoe HTTP/1.1" 500 - "https://zimmerei-boettcher.de/sitemap_index.xml" "Mozilla/5.0 AppleWebKit/537.36 (KHTML, like Gecko; compatible; GPTBot/1.4; +https://openai.com/gptbot)"
74.7.241.13 - - [20/Aug/2026:08:31:36 +0200] "GET /?g=fybbz15gy43634bbpsusy HTTP/1.1" 500 - "https://zimmerei-boettcher.de/sitemap_index.xml" "Mozilla/5.0 AppleWebKit/537.36 (KHTML, like Gecko; compatible; GPTBot/1.4; +https://openai.com/gptbot)"
74.7.241.13 - - [20/Aug/2026:08:31:57 +0200] "GET /?s=rikk250xr9941zzoehtqr HTTP/1.1" 500 - "https://zimmerei-boettcher.de/sitemap_index.xml" "Mozilla/5.0 AppleWebKit/537.36 (KHTML, like Gecko; compatible; GPTBot/1.4; +https://openai.com/gptbot)"
74.7.241.13 - - [20/Aug/2026:08:32:19 +0200] "GET /?x=zwz32djv33795aktiedxg HTTP/1.1" 500 - "https://zimmerei-boettcher.de/sitemap_index.xml" "Mozilla/5.0 AppleWebKit/537.36 (KHTML, like Gecko; compatible; GPTBot/1.4; +https://openai.com/gptbot)"
74.7.241.13 - - [20/Aug/2026:08:32:39 +0200] "GET /?v=equcl46vwh38483cdkttb HTTP/1.1" 500 - "https://zimmerei-boettcher.de/sitemap_index.xml" "Mozilla/5.0 AppleWebKit/537.36 (KHTML, like Gecko; compatible; GPTBot/1.4; +https://openai.com/gptbot)"
74.7.241.13 - - [20/Aug/2026:08:33:01 +0200] "GET /?u=kes54fgk45643jrsnpcmy HTTP/1.1" 500 - "https://zimmerei-boettcher.de/sitemap_index.xml" "Mozilla/5.0 AppleWebKit/537.36 (KHTML, like Gecko; compatible; GPTBot/1.4; +https://openai.com/gptbot)"
66.249.68.130 - - [20/Aug/2026:08:33:02 +0200] "GET /corner/cc/new_free_shipping/cd/3034/ HTTP/1.1" 200 66134 "-" "Mozilla/5.0 (Linux; Android 6.0.1; Nexus 5X Build/MMB29P) AppleWebKit/537.36 (KHTML, like Gecko) Chrome/151.0.7922.137 Mobile Safari/537.36 (compatible; GoogleOther)"
74.7.241.13 - - [20/Aug/2026:08:33:22 +0200] "GET /?n=bbaxq148wfb4915feziif HTTP/1.1" 500 - "https://zimmerei-boettcher.de/sitemap_index.xml" "Mozilla/5.0 AppleWebKit/537.36 (KHTML, like Gecko; compatible; GPTBot/1.4; +https://openai.com/gptbot)"
74.7.241.13 - - [20/Aug/2026:08:33:43 +0200] "GET /?n=tky49dbwm34878jzrwqdw HTTP/1.1" 500 - "https://zimmerei-boettcher.de/sitemap_index.xml" "Mozilla/5.0 AppleWebKit/537.36 (KHTML, like Gecko; compatible; GPTBot/1.4; +https://openai.com/gptbot)"
74.7.241.13 - - [20/Aug/2026:08:34:03 +0200] "GET /?h=dykug104qna5415muaybt HTTP/1.1" 500 - "https://zimmerei-boettcher.de/sitemap_index.xml" "Mozilla/5.0 AppleWebKit/537.36 (KHTML, like Gecko; compatible; GPTBot/1.4; +https://openai.com/gptbot)"
74.7.241.13 - - [20/Aug/2026:08:34:24 +0200] "GET /?s=qaiu13irm27340prrxcii HTTP/1.1" 500 - "https://zimmerei-boettcher.de/sitemap_index.xml" "Mozilla/5.0 AppleWebKit/537.36 (KHTML, like Gecko; compatible; GPTBot/1.4; +https://openai.com/gptbot)"
74.7.241.13 - - [20/Aug/2026:08:34:44 +0200] "GET /?l=qgth100rncr1001erfqwp HTTP/1.1" 500 - "https://zimmerei-boettcher.de/sitemap_index.xml" "Mozilla/5.0 AppleWebKit/537.36 (KHTML, like Gecko; compatible; GPTBot/1.4; +https://openai.com/gptbot)"
74.7.241.13 - - [20/Aug/2026:08:35:05 +0200] "GET /?z=zeh276z33363hbkbmkrx HTTP/1.1" 500 - "https://zimmerei-boettcher.de/sitemap_index.xml" "Mozilla/5.0 AppleWebKit/537.36 (KHTML, like Gecko; compatible; GPTBot/1.4; +https://openai.com/gptbot)"
74.7.241.13 - - [20/Aug/2026:08:35:26 +0200] "GET /?k=dpr84bwac17245tlhowim HTTP/1.1" 500 - "https://zimmerei-boettcher.de/sitemap_index.xml" "Mozilla/5.0 AppleWebKit/537.36 (KHTML, like Gecko; compatible; GPTBot/1.4; +https://openai.com/gptbot)"
74.7.241.13 - - [20/Aug/2026:08:35:46 +0200] "GET /?e=qumxr160zv8973tzhlguk HTTP/1.1" 500 - "https://zimmerei-boettcher.de/sitemap_index.xml" "Mozilla/5.0 AppleWebKit/537.36 (KHTML, like Gecko; compatible; GPTBot/1.4; +https://openai.com/gptbot)"
74.7.241.13 - - [20/Aug/2026:08:36:07 +0200] "GET /?r=ysft90n17653akrszjcgh HTTP/1.1" 500 - "https://zimmerei-boettcher.de/sitemap_index.xml" "Mozilla/5.0 AppleWebKit/537.36 (KHTML, like Gecko; compatible; GPTBot/1.4; +https://openai.com/gptbot)"
66.249.68.129 - - [20/Aug/2026:08:36:21 +0200] "GET /products/list.php?nf=1&nd%5B%5D=7&nd%5B%5D=8 HTTP/1.1" 200 65987 "-" "Mozilla/5.0 (Linux; Android 6.0.1; Nexus 5X Build/MMB29P) AppleWebKit/537.36 (KHTML, like Gecko) Chrome/151.0.7922.137 Mobile Safari/537.36 (compatible; GoogleOther)"
74.7.241.13 - - [20/Aug/2026:08:36:28 +0200] "GET /?g=imee25ydd44430ttzfzaqsxv HTTP/1.1" 500 - "https://zimmerei-boettcher.de/sitemap_index.xml" "Mozilla/5.0 AppleWebKit/537.36 (KHTML, like Gecko; compatible; GPTBot/1.4; +https://openai.com/gptbot)"
74.7.241.13 - - [20/Aug/2026:08:36:48 +0200] "GET /?k=rrr131t25270hjfxlwfk HTTP/1.1" 500 - "https://zimmerei-boettcher.de/sitemap_index.xml" "Mozilla/5.0 AppleWebKit/537.36 (KHTML, like Gecko; compatible; GPTBot/1.4; +https://openai.com/gptbot)"
74.7.241.13 - - [20/Aug/2026:08:37:10 +0200] "GET /?k=innv226gg28389olbhjd HTTP/1.1" 500 - "https://zimmerei-boettcher.de/sitemap_index.xml" "Mozilla/5.0 AppleWebKit/537.36 (KHTML, like Gecko; compatible; GPTBot/1.4; +https://openai.com/gptbot)"
74.7.241.13 - - [20/Aug/2026:08:37:31 +0200] "GET /?f=gfzn274s26275hqhqpld HTTP/1.1" 500 - "https://zimmerei-boettcher.de/sitemap_index.xml" "Mozilla/5.0 AppleWebKit/537.36 (KHTML, like Gecko; compatible; GPTBot/1.4; +https://openai.com/gptbot)"
74.7.241.13 - - [20/Aug/2026:08:37:53 +0200] "GET /?e=kph165r23150qidyihml HTTP/1.1" 500 - "https://zimmerei-boettcher.de/sitemap_index.xml" "Mozilla/5.0 AppleWebKit/537.36 (KHTML, like Gecko; compatible; GPTBot/1.4; +https://openai.com/gptbot)"
74.7.241.13 - - [20/Aug/2026:08:38:13 +0200] "GET /?k=vsk196hd40699mbmabji HTTP/1.1" 500 - "https://zimmerei-boettcher.de/sitemap_index.xml" "Mozilla/5.0 AppleWebKit/537.36 (KHTML, like Gecko; compatible; GPTBot/1.4; +https://openai.com/gptbot)"
74.7.241.13 - - [20/Aug/2026:08:38:34 +0200] "GET /?k=jlh130qjf23529vafcvz HTTP/1.1" 500 - "https://zimmerei-boettcher.de/sitemap_index.xml" "Mozilla/5.0 AppleWebKit/537.36 (KHTML, like Gecko; compatible; GPTBot/1.4; +https://openai.com/gptbot)"
74.7.241.13 - - [20/Aug/2026:08:38:55 +0200] "GET /?i=fbb260m41019fvekdyby HTTP/1.1" 500 - "https://zimmerei-boettcher.de/sitemap_index.xml" "Mozilla/5.0 AppleWebKit/537.36 (KHTML, like Gecko; compatible; GPTBot/1.4; +https://openai.com/gptbot)"
74.7.241.13 - - [20/Aug/2026:08:39:17 +0200] "GET /?z=fvtd297l47734tgfwdfk HTTP/1.1" 500 - "https://zimmerei-boettcher.de/sitemap_index.xml" "Mozilla/5.0 AppleWebKit/537.36 (KHTML, like Gecko; compatible; GPTBot/1.4; +https://openai.com/gptbot)"
66.249.68.130 - - [20/Aug/2026:08:39:27 +0200] "GET /info.php HTTP/1.1" 403 65184 "-" "Mozilla/5.0 (Linux; Android 6.0.1; Nexus 5X Build/MMB29P) AppleWebKit/537.36 (KHTML, like Gecko) Chrome/151.0.7922.137 Mobile Safari/537.36 (compatible; GoogleOther)"
74.7.241.13 - - [20/Aug/2026:08:39:37 +0200] "GET /?a=qnmf185d34876pwxwzfx HTTP/1.1" 500 - "https://zimmerei-boettcher.de/sitemap_index.xml" "Mozilla/5.0 AppleWebKit/537.36 (KHTML, like Gecko; compatible; GPTBot/1.4; +https://openai.com/gptbot)"
2a03:2880:f806:41:: - - [20/Aug/2026:08:39:44 +0200] "GET /news_sitemap.xml HTTP/1.1" 200 13 "-" "Mozilla/5.0 (Macintosh; Intel Mac OS X 10_15_7) AppleWebKit/537.36 (KHTML, like Gecko) Chrome/145.0.0.0 Safari/537.36 (compatible; meta-externalagent/1.1 (+https://developers.facebook.com/docs/sharing/webmasters/crawler))"
74.7.241.13 - - [20/Aug/2026:08:39:58 +0200] "GET /?k=jhplz219r11586iksndl HTTP/1.1" 500 - "https://zimmerei-boettcher.de/sitemap_index.xml" "Mozilla/5.0 AppleWebKit/537.36 (KHTML, like Gecko; compatible; GPTBot/1.4; +https://openai.com/gptbot)"
74.7.241.13 - - [20/Aug/2026:08:40:19 +0200] "GET /?o=bxw296a23929rmhnerrq HTTP/1.1" 500 - "https://zimmerei-boettcher.de/sitemap_index.xml" "Mozilla/5.0 AppleWebKit/537.36 (KHTML, like Gecko; compatible; GPTBot/1.4; +https://openai.com/gptbot)"
74.7.241.13 - - [20/Aug/2026:08:40:41 +0200] "GET /?c=xvs201cg29816cncodmu HTTP/1.1" 500 - "https://zimmerei-boettcher.de/sitemap_index.xml" "Mozilla/5.0 AppleWebKit/537.36 (KHTML, like Gecko; compatible; GPTBot/1.4; +https://openai.com/gptbot)"
74.7.241.13 - - [20/Aug/2026:08:41:02 +0200] "GET /?y=jzieb143k31616tvfhfp HTTP/1.1" 500 - "https://zimmerei-boettcher.de/sitemap_index.xml" "Mozilla/5.0 AppleWebKit/537.36 (KHTML, like Gecko; compatible; GPTBot/1.4; +https://openai.com/gptbot)"
74.7.241.13 - - [20/Aug/2026:08:41:22 +0200] "GET /?z=red240n23873wgdyrxqf HTTP/1.1" 500 - "https://zimmerei-boettcher.de/sitemap_index.xml" "Mozilla/5.0 AppleWebKit/537.36 (KHTML, like Gecko; compatible; GPTBot/1.4; +https://openai.com/gptbot)"
74.7.241.13 - - [20/Aug/2026:08:41:44 +0200] "GET /?u=rxr156r37123wogimwgt HTTP/1.1" 500 - "https://zimmerei-boettcher.de/sitemap_index.xml" "Mozilla/5.0 AppleWebKit/537.36 (KHTML, like Gecko; compatible; GPTBot/1.4; +https://openai.com/gptbot)"
74.7.241.13 - - [20/Aug/2026:08:42:07 +0200] "GET /?x=pme279b16306tzxomuqz HTTP/1.1" 500 - "https://zimmerei-boettcher.de/sitemap_index.xml" "Mozilla/5.0 AppleWebKit/537.36 (KHTML, like Gecko; compatible; GPTBot/1.4; +https://openai.com/gptbot)"
74.7.241.13 - - [20/Aug/2026:08:42:27 +0200] "GET /?l=oae193af45782fsyuoya HTTP/1.1" 500 - "https://zimmerei-boettcher.de/sitemap_index.xml" "Mozilla/5.0 AppleWebKit/537.36 (KHTML, like Gecko; compatible; GPTBot/1.4; +https://openai.com/gptbot)"
194.173.174.10 - - [20/Aug/2026:08:42:33 +0200] "GET / HTTP/1.1" 500 - "-" "Mozilla/5.0 (Windows NT 10.0; Win64; x64) AppleWebKit/537.36 (KHTML, like Gecko) Chrome/103.0.5060.134 Safari/537.36 Edg/103.0.1264.71"
74.7.241.13 - - [20/Aug/2026:08:42:52 +0200] "GET /?n=gkb204z32931shlppnzd HTTP/1.1" 500 - "https://zimmerei-boettcher.de/sitemap_index.xml" "Mozilla/5.0 AppleWebKit/537.36 (KHTML, like Gecko; compatible; GPTBot/1.4; +https://openai.com/gptbot)"
43.255.191.173 - - [20/Aug/2026:08:43:06 +0200] "GET /google708b7b4ea0bddd5b.xhtml HTTP/1.1" 302 - "-" "Mozilla/5.0 (Windows NT 10.0; Win64; x64) AppleWebKit/537.36 (KHTML, like Gecko) Chrome/150.0.0.0 Safari/537.36"
43.255.191.173 - - [20/Aug/2026:08:43:10 +0200] "GET /google708b7b4ea0bddd5b.html HTTP/1.1" 200 53 "-" "Mozilla/5.0 (Windows NT 10.0; Win64; x64) AppleWebKit/537.36 (KHTML, like Gecko) Chrome/150.0.0.0 Safari/537.36"
43.255.191.173 - - [20/Aug/2026:08:43:13 +0200] "GET /favicon.ico HTTP/1.1" 500 - "https://zimmerei-boettcher.de/google708b7b4ea0bddd5b.html" "Mozilla/5.0 (Windows NT 10.0; Win64; x64) AppleWebKit/537.36 (KHTML, like Gecko) Chrome/150.0.0.0 Safari/537.36"
74.7.241.13 - - [20/Aug/2026:08:43:14 +0200] "GET /?l=cjz146qtm11409sqbzdi HTTP/1.1" 500 - "https://zimmerei-boettcher.de/sitemap_index.xml" "Mozilla/5.0 AppleWebKit/537.36 (KHTML, like Gecko; compatible; GPTBot/1.4; +https://openai.com/gptbot)"
74.7.241.13 - - [20/Aug/2026:08:43:32 +0200] "GET /?e=duzs132wx26015wqqsap HTTP/1.1" 500 - "https://zimmerei-boettcher.de/sitemap_index.xml" "Mozilla/5.0 AppleWebKit/537.36 (KHTML, like Gecko; compatible; GPTBot/1.4; +https://openai.com/gptbot)"
74.7.241.13 - - [20/Aug/2026:08:43:52 +0200] "GET /?u=hjh243qmk12428gldkrp HTTP/1.1" 500 - "https://zimmerei-boettcher.de/sitemap_index.xml" "Mozilla/5.0 AppleWebKit/537.36 (KHTML, like Gecko; compatible; GPTBot/1.4; +https://openai.com/gptbot)"
74.7.241.13 - - [20/Aug/2026:08:44:13 +0200] "GET /?j=vlw290gq14747fgvwyoa HTTP/1.1" 500 - "https://zimmerei-boettcher.de/sitemap_index.xml" "Mozilla/5.0 AppleWebKit/537.36 (KHTML, like Gecko; compatible; GPTBot/1.4; +https://openai.com/gptbot)"
74.7.241.13 - - [20/Aug/2026:08:44:33 +0200] "GET /?x=rkcx265fl34454gsrfke HTTP/1.1" 500 - "https://zimmerei-boettcher.de/sitemap_index.xml" "Mozilla/5.0 AppleWebKit/537.36 (KHTML, like Gecko; compatible; GPTBot/1.4; +https://openai.com/gptbot)"
66.249.68.130 - - [20/Aug/2026:08:44:41 +0200] "GET /?h=vfzy214p31291sovwrnea HTTP/1.1" 200 67555 "-" "Mozilla/5.0 (Linux; Android 6.0.1; Nexus 5X Build/MMB29P) AppleWebKit/537.36 (KHTML, like Gecko) Chrome/151.0.7922.137 Mobile Safari/537.36 (compatible; GoogleOther)"
74.7.241.13 - - [20/Aug/2026:08:44:54 +0200] "GET /?m=awa268fk31895wbfouue HTTP/1.1" 500 - "https://zimmerei-boettcher.de/sitemap_index.xml" "Mozilla/5.0 AppleWebKit/537.36 (KHTML, like Gecko; compatible; GPTBot/1.4; +https://openai.com/gptbot)"
74.7.241.13 - - [20/Aug/2026:08:45:16 +0200] "GET /?y=lsfy276os33609wdassf HTTP/1.1" 500 - "https://zimmerei-boettcher.de/sitemap_index.xml" "Mozilla/5.0 AppleWebKit/537.36 (KHTML, like Gecko; compatible; GPTBot/1.4; +https://openai.com/gptbot)"
66.249.68.131 - - [20/Aug/2026:08:45:38 +0200] "GET /buy.php HTTP/1.1" 200 59019 "-" "Mozilla/5.0 (Linux; Android 6.0.1; Nexus 5X Build/MMB29P) AppleWebKit/537.36 (KHTML, like Gecko) Chrome/151.0.7922.137 Mobile Safari/537.36 (compatible; GoogleOther)"
74.7.241.13 - - [20/Aug/2026:08:45:36 +0200] "GET /?h=rho187ok28874ybqzkab HTTP/1.1" 500 - "https://zimmerei-boettcher.de/sitemap_index.xml" "Mozilla/5.0 AppleWebKit/537.36 (KHTML, like Gecko; compatible; GPTBot/1.4; +https://openai.com/gptbot)"
74.7.241.13 - - [20/Aug/2026:08:45:57 +0200] "GET /?l=qbc217naa11776hhsuqp HTTP/1.1" 500 - "https://zimmerei-boettcher.de/sitemap_index.xml" "Mozilla/5.0 AppleWebKit/537.36 (KHTML, like Gecko; compatible; GPTBot/1.4; +https://openai.com/gptbot)"
66.249.68.131 - - [20/Aug/2026:08:46:20 +0200] "GET /?n=mrozv293y46450fbdvpexl HTTP/1.1" 200 72217 "-" "Mozilla/5.0 (Linux; Android 6.0.1; Nexus 5X Build/MMB29P) AppleWebKit/537.36 (KHTML, like Gecko) Chrome/151.0.7922.137 Mobile Safari/537.36 (compatible; GoogleOther)"
74.7.241.13 - - [20/Aug/2026:08:46:19 +0200] "GET /?o=ajm234ur22537ugfcocp HTTP/1.1" 500 - "https://zimmerei-boettcher.de/sitemap_index.xml" "Mozilla/5.0 AppleWebKit/537.36 (KHTML, like Gecko; compatible; GPTBot/1.4; +https://openai.com/gptbot)"
74.7.241.13 - - [20/Aug/2026:08:46:41 +0200] "GET /?x=syqg122ru39617suosfx HTTP/1.1" 500 - "https://zimmerei-boettcher.de/sitemap_index.xml" "Mozilla/5.0 AppleWebKit/537.36 (KHTML, like Gecko; compatible; GPTBot/1.4; +https://openai.com/gptbot)"
74.7.241.13 - - [20/Aug/2026:08:47:02 +0200] "GET /?n=gkb202z32933shlppnzd HTTP/1.1" 500 - "https://zimmerei-boettcher.de/sitemap_index.xml" "Mozilla/5.0 AppleWebKit/537.36 (KHTML, like Gecko; compatible; GPTBot/1.4; +https://openai.com/gptbot)"
74.7.241.13 - - [20/Aug/2026:08:47:23 +0200] "GET /?s=rjij266ih19141xcetjx HTTP/1.1" 500 - "https://zimmerei-boettcher.de/sitemap_index.xml" "Mozilla/5.0 AppleWebKit/537.36 (KHTML, like Gecko; compatible; GPTBot/1.4; +https://openai.com/gptbot)"
74.7.241.13 - - [20/Aug/2026:08:47:43 +0200] "GET /?u=zpa258v43739souewwad HTTP/1.1" 500 - "https://zimmerei-boettcher.de/sitemap_index.xml" "Mozilla/5.0 AppleWebKit/537.36 (KHTML, like Gecko; compatible; GPTBot/1.4; +https://openai.com/gptbot)"
74.7.241.13 - - [20/Aug/2026:08:48:05 +0200] "GET /?m=whdp159xt31560htawqy HTTP/1.1" 500 - "https://zimmerei-boettcher.de/sitemap_index.xml" "Mozilla/5.0 AppleWebKit/537.36 (KHTML, like Gecko; compatible; GPTBot/1.4; +https://openai.com/gptbot)"
74.7.241.13 - - [20/Aug/2026:08:49:41 +0200] "GET /?u=uxel299ib43468ihquqs HTTP/1.1" 500 - "https://zimmerei-boettcher.de/sitemap_index.xml" "Mozilla/5.0 AppleWebKit/537.36 (KHTML, like Gecko; compatible; GPTBot/1.4; +https://openai.com/gptbot)"
74.7.241.13 - - [20/Aug/2026:08:51:16 +0200] "GET /?m=wqae134lx27823fykqff HTTP/1.1" 500 - "https://zimmerei-boettcher.de/sitemap_index.xml" "Mozilla/5.0 AppleWebKit/537.36 (KHTML, like Gecko; compatible; GPTBot/1.4; +https://openai.com/gptbot)"
74.7.241.13 - - [20/Aug/2026:08:52:24 +0200] "GET /?o=oyt200hlu35243npzyjp HTTP/1.1" 500 - "https://zimmerei-boettcher.de/sitemap_index.xml" "Mozilla/5.0 AppleWebKit/537.36 (KHTML, like Gecko; compatible; GPTBot/1.4; +https://openai.com/gptbot)"
74.7.241.13 - - [20/Aug/2026:08:52:34 +0200] "GET /?r=uvfa267ih19736vwckkj HTTP/1.1" 500 - "https://zimmerei-boettcher.de/sitemap_index.xml" "Mozilla/5.0 AppleWebKit/537.36 (KHTML, like Gecko; compatible; GPTBot/1.4; +https://openai.com/gptbot)"
74.7.241.13 - - [20/Aug/2026:08:52:53 +0200] "GET /?k=clpq244tu49141bvuant HTTP/1.1" 500 - "https://zimmerei-boettcher.de/sitemap_index.xml" "Mozilla/5.0 AppleWebKit/537.36 (KHTML, like Gecko; compatible; GPTBot/1.4; +https://openai.com/gptbot)"
74.7.241.13 - - [20/Aug/2026:08:53:09 +0200] "GET /?r=eubcx198k31905awyeua HTTP/1.1" 500 - "https://zimmerei-boettcher.de/sitemap_index.xml" "Mozilla/5.0 AppleWebKit/537.36 (KHTML, like Gecko; compatible; GPTBot/1.4; +https://openai.com/gptbot)"
74.7.241.13 - - [20/Aug/2026:08:53:22 +0200] "GET /?x=ymdf237tf43640ibodpx HTTP/1.1" 500 - "https://zimmerei-boettcher.de/sitemap_index.xml" "Mozilla/5.0 AppleWebKit/537.36 (KHTML, like Gecko; compatible; GPTBot/1.4; +https://openai.com/gptbot)"
74.7.241.13 - - [20/Aug/2026:08:53:38 +0200] "GET /?d=kfbe221fh39880oldvhs HTTP/1.1" 500 - "https://zimmerei-boettcher.de/sitemap_index.xml" "Mozilla/5.0 AppleWebKit/537.36 (KHTML, like Gecko; compatible; GPTBot/1.4; +https://openai.com/gptbot)"
74.7.241.13 - - [20/Aug/2026:08:53:59 +0200] "GET /?n=vrv251zy16306fwqieie HTTP/1.1" 500 - "https://zimmerei-boettcher.de/sitemap_index.xml" "Mozilla/5.0 AppleWebKit/537.36 (KHTML, like Gecko; compatible; GPTBot/1.4; +https://openai.com/gptbot)"
74.7.241.13 - - [20/Aug/2026:08:54:19 +0200] "GET /?s=hlsh239d46084noulign HTTP/1.1" 500 - "https://zimmerei-boettcher.de/sitemap_index.xml" "Mozilla/5.0 AppleWebKit/537.36 (KHTML, like Gecko; compatible; GPTBot/1.4; +https://openai.com/gptbot)"
74.7.241.13 - - [20/Aug/2026:08:54:39 +0200] "GET /?t=jaoh198ul11055zkjerz HTTP/1.1" 500 - "https://zimmerei-boettcher.de/sitemap_index.xml" "Mozilla/5.0 AppleWebKit/537.36 (KHTML, like Gecko; compatible; GPTBot/1.4; +https://openai.com/gptbot)"
74.7.241.13 - - [20/Aug/2026:08:55:00 +0200] "GET /?g=hoge45faozu3690ksqbvu HTTP/1.1" 500 - "https://zimmerei-boettcher.de/sitemap_index.xml" "Mozilla/5.0 AppleWebKit/537.36 (KHTML, like Gecko; compatible; GPTBot/1.4; +https://openai.com/gptbot)"
74.7.241.13 - - [20/Aug/2026:08:55:21 +0200] "GET /?r=wbz23l20474iucaqtjgnj HTTP/1.1" 500 - "https://zimmerei-boettcher.de/sitemap_index.xml" "Mozilla/5.0 AppleWebKit/537.36 (KHTML, like Gecko; compatible; GPTBot/1.4; +https://openai.com/gptbot)"
74.7.241.13 - - [20/Aug/2026:08:55:42 +0200] "GET /?s=lquk152m9693nbxozfpsl HTTP/1.1" 500 - "https://zimmerei-boettcher.de/sitemap_index.xml" "Mozilla/5.0 AppleWebKit/537.36 (KHTML, like Gecko; compatible; GPTBot/1.4; +https://openai.com/gptbot)"
74.7.241.13 - - [20/Aug/2026:08:56:05 +0200] "GET /?u=mbde95qux46610ejgkpca HTTP/1.1" 500 - "https://zimmerei-boettcher.de/sitemap_index.xml" "Mozilla/5.0 AppleWebKit/537.36 (KHTML, like Gecko; compatible; GPTBot/1.4; +https://openai.com/gptbot)"
74.7.241.13 - - [20/Aug/2026:08:56:25 +0200] "GET /?y=vsa50jfnc29485flqpzpm HTTP/1.1" 500 - "https://zimmerei-boettcher.de/sitemap_index.xml" "Mozilla/5.0 AppleWebKit/537.36 (KHTML, like Gecko; compatible; GPTBot/1.4; +https://openai.com/gptbot)"
74.7.241.13 - - [20/Aug/2026:08:56:51 +0200] "GET /?i=wyz48f31935sdicbkpuce HTTP/1.1" 500 - "https://zimmerei-boettcher.de/sitemap_index.xml" "Mozilla/5.0 AppleWebKit/537.36 (KHTML, like Gecko; compatible; GPTBot/1.4; +https://openai.com/gptbot)"
74.7.241.13 - - [20/Aug/2026:08:57:08 +0200] "GET /?a=ojhv65pnw40914hbatqke HTTP/1.1" 500 - "https://zimmerei-boettcher.de/sitemap_index.xml" "Mozilla/5.0 AppleWebKit/537.36 (KHTML, like Gecko; compatible; GPTBot/1.4; +https://openai.com/gptbot)"
74.7.241.13 - - [20/Aug/2026:08:57:33 +0200] "GET /?f=uebwt179ac6208pyomwcm HTTP/1.1" 500 - "https://zimmerei-boettcher.de/sitemap_index.xml" "Mozilla/5.0 AppleWebKit/537.36 (KHTML, like Gecko; compatible; GPTBot/1.4; +https://openai.com/gptbot)"
74.7.241.13 - - [20/Aug/2026:08:57:49 +0200] "GET /?k=kdcb294lyq9631thurznz HTTP/1.1" 500 - "https://zimmerei-boettcher.de/sitemap_index.xml" "Mozilla/5.0 AppleWebKit/537.36 (KHTML, like Gecko; compatible; GPTBot/1.4; +https://openai.com/gptbot)"
74.7.241.13 - - [20/Aug/2026:08:58:11 +0200] "GET /?a=mln234nsrzk8067osdrhu HTTP/1.1" 500 - "https://zimmerei-boettcher.de/sitemap_index.xml" "Mozilla/5.0 AppleWebKit/537.36 (KHTML, like Gecko; compatible; GPTBot/1.4; +https://openai.com/gptbot)"
74.7.241.13 - - [20/Aug/2026:08:58:36 +0200] "GET /?u=pkw208ulb8169yxeviaql HTTP/1.1" 500 - "https://zimmerei-boettcher.de/sitemap_index.xml" "Mozilla/5.0 AppleWebKit/537.36 (KHTML, like Gecko; compatible; GPTBot/1.4; +https://openai.com/gptbot)"
74.7.241.13 - - [20/Aug/2026:08:59:00 +0200] "GET /?s=dckf44cy2469ptbuvcxno HTTP/1.1" 500 - "https://zimmerei-boettcher.de/sitemap_index.xml" "Mozilla/5.0 AppleWebKit/537.36 (KHTML, like Gecko; compatible; GPTBot/1.4; +https://openai.com/gptbot)"
74.7.241.13 - - [20/Aug/2026:08:59:52 +0200] "GET /?n=arpj53ca21774hzavsgxq HTTP/1.1" 500 - "https://zimmerei-boettcher.de/sitemap_index.xml" "Mozilla/5.0 AppleWebKit/537.36 (KHTML, like Gecko; compatible; GPTBot/1.4; +https://openai.com/gptbot)"
74.7.241.13 - - [20/Aug/2026:09:00:12 +0200] "GET /?k=cni25gqtf9184xwqsnets HTTP/1.1" 500 - "https://zimmerei-boettcher.de/sitemap_index.xml" "Mozilla/5.0 AppleWebKit/537.36 (KHTML, like Gecko; compatible; GPTBot/1.4; +https://openai.com/gptbot)"
43.255.191.173 - - [20/Aug/2026:09:00:23 +0200] "GET /google708b7b4ea0bddd5b.xhtml HTTP/1.1" 302 - "-" "Mozilla/5.0 (Windows NT 10.0; Win64; x64) AppleWebKit/537.36 (KHTML, like Gecko) Chrome/150.0.0.0 Safari/537.36"
43.255.191.173 - - [20/Aug/2026:09:00:24 +0200] "GET /google708b7b4ea0bddd5b.html HTTP/1.1" 200 53 "-" "Mozilla/5.0 (Windows NT 10.0; Win64; x64) AppleWebKit/537.36 (KHTML, like Gecko) Chrome/150.0.0.0 Safari/537.36"
74.7.241.13 - - [20/Aug/2026:09:00:33 +0200] "GET /?t=qexsm51vzs6452aovzhbw HTTP/1.1" 500 - "https://zimmerei-boettcher.de/sitemap_index.xml" "Mozilla/5.0 AppleWebKit/537.36 (KHTML, like Gecko; compatible; GPTBot/1.4; +https://openai.com/gptbot)"
107.150.37.82 - - [20/Aug/2026:08:59:07 +0200] "GET /wp-content/imb0308e/edit.php HTTP/1.1" 200 - "https://zimmerei-boettcher.de/wp-content/imb0308e/edit.php" "Mozilla/5.0 (Windows NT 10.0; Win64; x64) AppleWebKit/537.36 (KHTML, like Gecko) Chrome/58.0.3029.110 Safari/537.3"
43.255.191.173 - - [20/Aug/2026:09:00:40 +0200] "GET /favicon.ico HTTP/1.1" 500 - "https://zimmerei-boettcher.de/google708b7b4ea0bddd5b.html" "Mozilla/5.0 (Windows NT 10.0; Win64; x64) AppleWebKit/537.36 (KHTML, like Gecko) Chrome/150.0.0.0 Safari/537.36"
74.7.241.13 - - [20/Aug/2026:09:00:46 +0200] "GET /?l=khfda19dpgcj3022zcjqdl HTTP/1.1" 500 - "https://zimmerei-boettcher.de/sitemap_index.xml" "Mozilla/5.0 AppleWebKit/537.36 (KHTML, like Gecko; compatible; GPTBot/1.4; +https://openai.com/gptbot)"
74.7.241.13 - - [20/Aug/2026:09:01:00 +0200] "GET /?v=vwoh16pxcb7139akiivupx HTTP/1.1" 500 - "https://zimmerei-boettcher.de/sitemap_index.xml" "Mozilla/5.0 AppleWebKit/537.36 (KHTML, like Gecko; compatible; GPTBot/1.4; +https://openai.com/gptbot)"
74.7.241.13 - - [20/Aug/2026:09:01:20 +0200] "GET /?v=gia99miazp4362zilsbamg HTTP/1.1" 500 - "https://zimmerei-boettcher.de/sitemap_index.xml" "Mozilla/5.0 AppleWebKit/537.36 (KHTML, like Gecko; compatible; GPTBot/1.4; +https://openai.com/gptbot)"
74.7.241.13 - - [20/Aug/2026:09:01:48 +0200] "GET /?g=ezgy40gecp47777svfxgfp HTTP/1.1" 500 - "https://zimmerei-boettcher.de/sitemap_index.xml" "Mozilla/5.0 AppleWebKit/537.36 (KHTML, like Gecko; compatible; GPTBot/1.4; +https://openai.com/gptbot)"
