74.7.241.13 - - [20/Aug/2026:04:47:46 +0200] "GET /special/241000451.html HTTP/1.1" 500 - "https://zimmerei-boettcher.de/sitemap_index.xml" "Mozilla/5.0 AppleWebKit/537.36 (KHTML, like Gecko; compatible; GPTBot/1.4; +https://openai.com/gptbot)"
74.7.241.13 - - [20/Aug/2026:04:48:03 +0200] "GET /special/222038162.html HTTP/1.1" 500 - "https://zimmerei-boettcher.de/sitemap_index.xml" "Mozilla/5.0 AppleWebKit/537.36 (KHTML, like Gecko; compatible; GPTBot/1.4; +https://openai.com/gptbot)"
74.7.241.13 - - [20/Aug/2026:04:48:17 +0200] "GET /special/016011106.html HTTP/1.1" 500 - "https://zimmerei-boettcher.de/sitemap_index.xml" "Mozilla/5.0 AppleWebKit/537.36 (KHTML, like Gecko; compatible; GPTBot/1.4; +https://openai.com/gptbot)"
74.7.241.13 - - [20/Aug/2026:04:48:38 +0200] "GET /special/154009990.html HTTP/1.1" 500 - "https://zimmerei-boettcher.de/sitemap_index.xml" "Mozilla/5.0 AppleWebKit/537.36 (KHTML, like Gecko; compatible; GPTBot/1.4; +https://openai.com/gptbot)"
74.7.241.13 - - [20/Aug/2026:04:49:21 +0200] "GET /special/059006555.html HTTP/1.1" 500 - "https://zimmerei-boettcher.de/sitemap_index.xml" "Mozilla/5.0 AppleWebKit/537.36 (KHTML, like Gecko; compatible; GPTBot/1.4; +https://openai.com/gptbot)"
74.7.241.13 - - [20/Aug/2026:04:49:41 +0200] "GET /special/111044063.html HTTP/1.1" 500 - "https://zimmerei-boettcher.de/sitemap_index.xml" "Mozilla/5.0 AppleWebKit/537.36 (KHTML, like Gecko; compatible; GPTBot/1.4; +https://openai.com/gptbot)"
74.7.241.13 - - [20/Aug/2026:04:50:05 +0200] "GET /special/265022203.html HTTP/1.1" 500 - "https://zimmerei-boettcher.de/sitemap_index.xml" "Mozilla/5.0 AppleWebKit/537.36 (KHTML, like Gecko; compatible; GPTBot/1.4; +https://openai.com/gptbot)"
74.7.241.13 - - [20/Aug/2026:04:50:41 +0200] "GET /special/121042111.html HTTP/1.1" 500 - "https://zimmerei-boettcher.de/sitemap_index.xml" "Mozilla/5.0 AppleWebKit/537.36 (KHTML, like Gecko; compatible; GPTBot/1.4; +https://openai.com/gptbot)"
66.249.68.131 - - [20/Aug/2026:04:51:04 +0200] "GET /welcome/index.php HTTP/1.1" 200 8192 "-" "Mozilla/5.0 (Linux; Android 6.0.1; Nexus 5X Build/MMB29P) AppleWebKit/537.36 (KHTML, like Gecko) Chrome/151.0.7922.137 Mobile Safari/537.36 (compatible; GoogleOther)"
74.7.241.13 - - [20/Aug/2026:04:51:29 +0200] "GET /special/300012382.html HTTP/1.1" 500 - "https://zimmerei-boettcher.de/sitemap_index.xml" "Mozilla/5.0 AppleWebKit/537.36 (KHTML, like Gecko; compatible; GPTBot/1.4; +https://openai.com/gptbot)"
74.7.241.13 - - [20/Aug/2026:04:52:07 +0200] "GET /special/140003224.html HTTP/1.1" 500 - "https://zimmerei-boettcher.de/sitemap_index.xml" "Mozilla/5.0 AppleWebKit/537.36 (KHTML, like Gecko; compatible; GPTBot/1.4; +https://openai.com/gptbot)"
74.7.241.13 - - [20/Aug/2026:04:53:00 +0200] "GET /special/222024454.html HTTP/1.1" 500 - "https://zimmerei-boettcher.de/sitemap_index.xml" "Mozilla/5.0 AppleWebKit/537.36 (KHTML, like Gecko; compatible; GPTBot/1.4; +https://openai.com/gptbot)"
74.7.241.13 - - [20/Aug/2026:04:53:15 +0200] "GET /special/236000212.html HTTP/1.1" 500 - "https://zimmerei-boettcher.de/sitemap_index.xml" "Mozilla/5.0 AppleWebKit/537.36 (KHTML, like Gecko; compatible; GPTBot/1.4; +https://openai.com/gptbot)"
74.7.241.13 - - [20/Aug/2026:04:54:23 +0200] "GET /special/150006688.html HTTP/1.1" 500 - "https://zimmerei-boettcher.de/sitemap_index.xml" "Mozilla/5.0 AppleWebKit/537.36 (KHTML, like Gecko; compatible; GPTBot/1.4; +https://openai.com/gptbot)"
74.7.241.13 - - [20/Aug/2026:04:57:09 +0200] "GET /special/114044480.html HTTP/1.1" 500 - "https://zimmerei-boettcher.de/sitemap_index.xml" "Mozilla/5.0 AppleWebKit/537.36 (KHTML, like Gecko; compatible; GPTBot/1.4; +https://openai.com/gptbot)"
74.7.241.13 - - [20/Aug/2026:04:58:28 +0200] "GET /special/030006122.html HTTP/1.1" 500 - "https://zimmerei-boettcher.de/sitemap_index.xml" "Mozilla/5.0 AppleWebKit/537.36 (KHTML, like Gecko; compatible; GPTBot/1.4; +https://openai.com/gptbot)"
74.7.241.13 - - [20/Aug/2026:04:58:40 +0200] "GET /special/047017689.html HTTP/1.1" 500 - "https://zimmerei-boettcher.de/sitemap_index.xml" "Mozilla/5.0 AppleWebKit/537.36 (KHTML, like Gecko; compatible; GPTBot/1.4; +https://openai.com/gptbot)"
74.7.241.13 - - [20/Aug/2026:04:59:02 +0200] "GET /special/275009167.html HTTP/1.1" 500 - "https://zimmerei-boettcher.de/sitemap_index.xml" "Mozilla/5.0 AppleWebKit/537.36 (KHTML, like Gecko; compatible; GPTBot/1.4; +https://openai.com/gptbot)"
74.7.241.13 - - [20/Aug/2026:04:59:57 +0200] "GET /special/146032846.html HTTP/1.1" 500 - "https://zimmerei-boettcher.de/sitemap_index.xml" "Mozilla/5.0 AppleWebKit/537.36 (KHTML, like Gecko; compatible; GPTBot/1.4; +https://openai.com/gptbot)"
74.7.241.13 - - [20/Aug/2026:05:01:02 +0200] "GET /special/144038196.html HTTP/1.1" 500 - "https://zimmerei-boettcher.de/sitemap_index.xml" "Mozilla/5.0 AppleWebKit/537.36 (KHTML, like Gecko; compatible; GPTBot/1.4; +https://openai.com/gptbot)"
74.7.241.13 - - [20/Aug/2026:05:01:41 +0200] "GET /special/062018796.html HTTP/1.1" 500 - "https://zimmerei-boettcher.de/sitemap_index.xml" "Mozilla/5.0 AppleWebKit/537.36 (KHTML, like Gecko; compatible; GPTBot/1.4; +https://openai.com/gptbot)"
74.7.241.13 - - [20/Aug/2026:05:02:40 +0200] "GET /special/013026891.html HTTP/1.1" 500 - "https://zimmerei-boettcher.de/sitemap_index.xml" "Mozilla/5.0 AppleWebKit/537.36 (KHTML, like Gecko; compatible; GPTBot/1.4; +https://openai.com/gptbot)"
74.7.241.13 - - [20/Aug/2026:05:03:15 +0200] "GET /special/261016379.html HTTP/1.1" 500 - "https://zimmerei-boettcher.de/sitemap_index.xml" "Mozilla/5.0 AppleWebKit/537.36 (KHTML, like Gecko; compatible; GPTBot/1.4; +https://openai.com/gptbot)"
40.77.167.30 - - [20/Aug/2026:05:06:51 +0200] "GET /sitemap_index.xml HTTP/1.1" 200 13 "-" "Mozilla/5.0 AppleWebKit/537.36 (KHTML, like Gecko; compatible; bingbot/2.0; +http://www.bing.com/bingbot.htm) Chrome/116.0.1938.76 Safari/537.36"
74.7.241.13 - - [20/Aug/2026:05:20:25 +0200] "GET /special/147029343.html HTTP/1.1" 500 - "https://zimmerei-boettcher.de/sitemap_index.xml" "Mozilla/5.0 AppleWebKit/537.36 (KHTML, like Gecko; compatible; GPTBot/1.4; +https://openai.com/gptbot)"
74.7.241.13 - - [20/Aug/2026:05:20:45 +0200] "GET /special/127010953.html HTTP/1.1" 500 - "https://zimmerei-boettcher.de/sitemap_index.xml" "Mozilla/5.0 AppleWebKit/537.36 (KHTML, like Gecko; compatible; GPTBot/1.4; +https://openai.com/gptbot)"
74.7.241.13 - - [20/Aug/2026:05:21:13 +0200] "GET /special/115042969.html HTTP/1.1" 500 - "https://zimmerei-boettcher.de/sitemap_index.xml" "Mozilla/5.0 AppleWebKit/537.36 (KHTML, like Gecko; compatible; GPTBot/1.4; +https://openai.com/gptbot)"
74.7.241.13 - - [20/Aug/2026:05:21:19 +0200] "GET /special/120045794.html HTTP/1.1" 500 - "https://zimmerei-boettcher.de/sitemap_index.xml" "Mozilla/5.0 AppleWebKit/537.36 (KHTML, like Gecko; compatible; GPTBot/1.4; +https://openai.com/gptbot)"
74.7.241.13 - - [20/Aug/2026:05:21:39 +0200] "GET /special/148003724.html HTTP/1.1" 500 - "https://zimmerei-boettcher.de/sitemap_index.xml" "Mozilla/5.0 AppleWebKit/537.36 (KHTML, like Gecko; compatible; GPTBot/1.4; +https://openai.com/gptbot)"
74.7.241.13 - - [20/Aug/2026:05:22:08 +0200] "GET /special/164035254.html HTTP/1.1" 500 - "https://zimmerei-boettcher.de/sitemap_index.xml" "Mozilla/5.0 AppleWebKit/537.36 (KHTML, like Gecko; compatible; GPTBot/1.4; +https://openai.com/gptbot)"
66.249.68.131 - - [20/Aug/2026:05:22:14 +0200] "GET /pay_deposit/list.php HTTP/1.1" 200 61486 "-" "Mozilla/5.0 (Linux; Android 6.0.1; Nexus 5X Build/MMB29P) AppleWebKit/537.36 (KHTML, like Gecko) Chrome/151.0.7922.137 Mobile Safari/537.36 (compatible; GoogleOther)"
74.7.241.13 - - [20/Aug/2026:05:22:32 +0200] "GET /special/268044978.html HTTP/1.1" 500 - "https://zimmerei-boettcher.de/sitemap_index.xml" "Mozilla/5.0 AppleWebKit/537.36 (KHTML, like Gecko; compatible; GPTBot/1.4; +https://openai.com/gptbot)"
74.7.241.13 - - [20/Aug/2026:05:23:00 +0200] "GET /special/029015635.html HTTP/1.1" 500 - "https://zimmerei-boettcher.de/sitemap_index.xml" "Mozilla/5.0 AppleWebKit/537.36 (KHTML, like Gecko; compatible; GPTBot/1.4; +https://openai.com/gptbot)"
74.7.241.13 - - [20/Aug/2026:05:25:00 +0200] "GET /special/213016537.html HTTP/1.1" 500 - "https://zimmerei-boettcher.de/sitemap_index.xml" "Mozilla/5.0 AppleWebKit/537.36 (KHTML, like Gecko; compatible; GPTBot/1.4; +https://openai.com/gptbot)"
74.7.241.13 - - [20/Aug/2026:05:26:29 +0200] "GET /special/172044998.html HTTP/1.1" 500 - "https://zimmerei-boettcher.de/sitemap_index.xml" "Mozilla/5.0 AppleWebKit/537.36 (KHTML, like Gecko; compatible; GPTBot/1.4; +https://openai.com/gptbot)"
74.7.241.13 - - [20/Aug/2026:05:29:02 +0200] "GET /special/120049674.html HTTP/1.1" 500 - "https://zimmerei-boettcher.de/sitemap_index.xml" "Mozilla/5.0 AppleWebKit/537.36 (KHTML, like Gecko; compatible; GPTBot/1.4; +https://openai.com/gptbot)"
66.249.68.130 - - [20/Aug/2026:05:34:37 +0200] "GET /animetitle/?aid=16001 HTTP/1.1" 200 59573 "-" "Mozilla/5.0 (Linux; Android 6.0.1; Nexus 5X Build/MMB29P) AppleWebKit/537.36 (KHTML, like Gecko) Chrome/151.0.7922.137 Mobile Safari/537.36 (compatible; GoogleOther)"
74.7.241.13 - - [20/Aug/2026:05:37:24 +0200] "GET /special/114023894.html HTTP/1.1" 500 - "https://zimmerei-boettcher.de/sitemap_index.xml" "Mozilla/5.0 AppleWebKit/537.36 (KHTML, like Gecko; compatible; GPTBot/1.4; +https://openai.com/gptbot)"
74.7.241.13 - - [20/Aug/2026:05:38:25 +0200] "GET /special/284031846.html HTTP/1.1" 500 - "https://zimmerei-boettcher.de/sitemap_index.xml" "Mozilla/5.0 AppleWebKit/537.36 (KHTML, like Gecko; compatible; GPTBot/1.4; +https://openai.com/gptbot)"
74.7.241.13 - - [20/Aug/2026:05:39:12 +0200] "GET /special/136037244.html HTTP/1.1" 500 - "https://zimmerei-boettcher.de/sitemap_index.xml" "Mozilla/5.0 AppleWebKit/537.36 (KHTML, like Gecko; compatible; GPTBot/1.4; +https://openai.com/gptbot)"
74.7.175.190 - - [20/Aug/2026:05:39:12 +0200] "GET /robots.txt HTTP/1.1" 304 - "-" "Mozilla/5.0 (Macintosh; Intel Mac OS X 10_15_7) AppleWebKit/537.36 (KHTML, like Gecko) Chrome/131.0.0.0 Safari/537.36; compatible; OAI-SearchBot/1.4; robots.txt; +https://openai.com/searchbot"
74.7.241.13 - - [20/Aug/2026:05:40:52 +0200] "GET /special/229037445.html HTTP/1.1" 500 - "https://zimmerei-boettcher.de/sitemap_index.xml" "Mozilla/5.0 AppleWebKit/537.36 (KHTML, like Gecko; compatible; GPTBot/1.4; +https://openai.com/gptbot)"
74.7.241.13 - - [20/Aug/2026:05:42:15 +0200] "GET /special/150043842.html HTTP/1.1" 500 - "https://zimmerei-boettcher.de/sitemap_index.xml" "Mozilla/5.0 AppleWebKit/537.36 (KHTML, like Gecko; compatible; GPTBot/1.4; +https://openai.com/gptbot)"
74.7.241.13 - - [20/Aug/2026:05:43:17 +0200] "GET /special/026027814.html HTTP/1.1" 500 - "https://zimmerei-boettcher.de/sitemap_index.xml" "Mozilla/5.0 AppleWebKit/537.36 (KHTML, like Gecko; compatible; GPTBot/1.4; +https://openai.com/gptbot)"
74.7.241.13 - - [20/Aug/2026:05:43:35 +0200] "GET /special/250038814.html HTTP/1.1" 500 - "https://zimmerei-boettcher.de/sitemap_index.xml" "Mozilla/5.0 AppleWebKit/537.36 (KHTML, like Gecko; compatible; GPTBot/1.4; +https://openai.com/gptbot)"
74.7.241.13 - - [20/Aug/2026:05:44:45 +0200] "GET /special/275041607.html HTTP/1.1" 500 - "https://zimmerei-boettcher.de/sitemap_index.xml" "Mozilla/5.0 AppleWebKit/537.36 (KHTML, like Gecko; compatible; GPTBot/1.4; +https://openai.com/gptbot)"
74.7.241.13 - - [20/Aug/2026:05:45:00 +0200] "GET /special/247037193.html HTTP/1.1" 500 - "https://zimmerei-boettcher.de/sitemap_index.xml" "Mozilla/5.0 AppleWebKit/537.36 (KHTML, like Gecko; compatible; GPTBot/1.4; +https://openai.com/gptbot)"
74.7.241.13 - - [20/Aug/2026:05:45:55 +0200] "GET /special/185007673.html HTTP/1.1" 500 - "https://zimmerei-boettcher.de/sitemap_index.xml" "Mozilla/5.0 AppleWebKit/537.36 (KHTML, like Gecko; compatible; GPTBot/1.4; +https://openai.com/gptbot)"
74.7.241.13 - - [20/Aug/2026:05:46:24 +0200] "GET /special/274039172.html HTTP/1.1" 500 - "https://zimmerei-boettcher.de/sitemap_index.xml" "Mozilla/5.0 AppleWebKit/537.36 (KHTML, like Gecko; compatible; GPTBot/1.4; +https://openai.com/gptbot)"
66.249.68.130 - - [20/Aug/2026:05:46:26 +0200] "GET /promotion/ HTTP/1.1" 200 70221 "-" "Mozilla/5.0 (Linux; Android 6.0.1; Nexus 5X Build/MMB29P) AppleWebKit/537.36 (KHTML, like Gecko) Chrome/151.0.7922.137 Mobile Safari/537.36 (compatible; GoogleOther)"
74.7.241.13 - - [20/Aug/2026:05:46:31 +0200] "GET /special/257003487.html HTTP/1.1" 500 - "https://zimmerei-boettcher.de/sitemap_index.xml" "Mozilla/5.0 AppleWebKit/537.36 (KHTML, like Gecko; compatible; GPTBot/1.4; +https://openai.com/gptbot)"
74.7.241.13 - - [20/Aug/2026:05:46:39 +0200] "GET /special/165043901.html HTTP/1.1" 500 - "https://zimmerei-boettcher.de/sitemap_index.xml" "Mozilla/5.0 AppleWebKit/537.36 (KHTML, like Gecko; compatible; GPTBot/1.4; +https://openai.com/gptbot)"
74.7.241.13 - - [20/Aug/2026:05:46:55 +0200] "GET /special/027013889.html HTTP/1.1" 500 - "https://zimmerei-boettcher.de/sitemap_index.xml" "Mozilla/5.0 AppleWebKit/537.36 (KHTML, like Gecko; compatible; GPTBot/1.4; +https://openai.com/gptbot)"
74.7.241.13 - - [20/Aug/2026:05:47:41 +0200] "GET /special/140027978.html HTTP/1.1" 500 - "https://zimmerei-boettcher.de/sitemap_index.xml" "Mozilla/5.0 AppleWebKit/537.36 (KHTML, like Gecko; compatible; GPTBot/1.4; +https://openai.com/gptbot)"
74.7.241.13 - - [20/Aug/2026:05:48:00 +0200] "GET /special/269009713.html HTTP/1.1" 500 - "https://zimmerei-boettcher.de/sitemap_index.xml" "Mozilla/5.0 AppleWebKit/537.36 (KHTML, like Gecko; compatible; GPTBot/1.4; +https://openai.com/gptbot)"
74.7.241.13 - - [20/Aug/2026:05:48:36 +0200] "GET /special/280037396.html HTTP/1.1" 500 - "https://zimmerei-boettcher.de/sitemap_index.xml" "Mozilla/5.0 AppleWebKit/537.36 (KHTML, like Gecko; compatible; GPTBot/1.4; +https://openai.com/gptbot)"
74.7.241.13 - - [20/Aug/2026:05:49:13 +0200] "GET /special/058031744.html HTTP/1.1" 500 - "https://zimmerei-boettcher.de/sitemap_index.xml" "Mozilla/5.0 AppleWebKit/537.36 (KHTML, like Gecko; compatible; GPTBot/1.4; +https://openai.com/gptbot)"
74.7.241.13 - - [20/Aug/2026:05:49:28 +0200] "GET /special/195027285.html HTTP/1.1" 500 - "https://zimmerei-boettcher.de/sitemap_index.xml" "Mozilla/5.0 AppleWebKit/537.36 (KHTML, like Gecko; compatible; GPTBot/1.4; +https://openai.com/gptbot)"
74.7.241.13 - - [20/Aug/2026:05:49:40 +0200] "GET /special/192043504.html HTTP/1.1" 500 - "https://zimmerei-boettcher.de/sitemap_index.xml" "Mozilla/5.0 AppleWebKit/537.36 (KHTML, like Gecko; compatible; GPTBot/1.4; +https://openai.com/gptbot)"
74.7.241.13 - - [20/Aug/2026:05:50:02 +0200] "GET /special/148004296.html HTTP/1.1" 500 - "https://zimmerei-boettcher.de/sitemap_index.xml" "Mozilla/5.0 AppleWebKit/537.36 (KHTML, like Gecko; compatible; GPTBot/1.4; +https://openai.com/gptbot)"
74.7.241.13 - - [20/Aug/2026:05:50:21 +0200] "GET /special/168013052.html HTTP/1.1" 500 - "https://zimmerei-boettcher.de/sitemap_index.xml" "Mozilla/5.0 AppleWebKit/537.36 (KHTML, like Gecko; compatible; GPTBot/1.4; +https://openai.com/gptbot)"
74.7.241.13 - - [20/Aug/2026:05:50:30 +0200] "GET /special/245027439.html HTTP/1.1" 500 - "https://zimmerei-boettcher.de/sitemap_index.xml" "Mozilla/5.0 AppleWebKit/537.36 (KHTML, like Gecko; compatible; GPTBot/1.4; +https://openai.com/gptbot)"
74.7.241.13 - - [20/Aug/2026:05:50:53 +0200] "GET /special/267028455.html HTTP/1.1" 500 - "https://zimmerei-boettcher.de/sitemap_index.xml" "Mozilla/5.0 AppleWebKit/537.36 (KHTML, like Gecko; compatible; GPTBot/1.4; +https://openai.com/gptbot)"
74.7.241.13 - - [20/Aug/2026:05:51:08 +0200] "GET /special/142036288.html HTTP/1.1" 500 - "https://zimmerei-boettcher.de/sitemap_index.xml" "Mozilla/5.0 AppleWebKit/537.36 (KHTML, like Gecko; compatible; GPTBot/1.4; +https://openai.com/gptbot)"
66.249.68.131 - - [20/Aug/2026:05:51:21 +0200] "GET /faq/detail.php?id=1013 HTTP/1.1" 200 59202 "-" "Mozilla/5.0 (Linux; Android 6.0.1; Nexus 5X Build/MMB29P) AppleWebKit/537.36 (KHTML, like Gecko) Chrome/151.0.7922.137 Mobile Safari/537.36 (compatible; GoogleOther)"
74.7.241.13 - - [20/Aug/2026:05:51:29 +0200] "GET /special/244031378.html HTTP/1.1" 500 - "https://zimmerei-boettcher.de/sitemap_index.xml" "Mozilla/5.0 AppleWebKit/537.36 (KHTML, like Gecko; compatible; GPTBot/1.4; +https://openai.com/gptbot)"
74.7.241.13 - - [20/Aug/2026:05:51:50 +0200] "GET /special/196032028.html HTTP/1.1" 500 - "https://zimmerei-boettcher.de/sitemap_index.xml" "Mozilla/5.0 AppleWebKit/537.36 (KHTML, like Gecko; compatible; GPTBot/1.4; +https://openai.com/gptbot)"
74.7.241.13 - - [20/Aug/2026:05:52:12 +0200] "GET /special/179045173.html HTTP/1.1" 500 - "https://zimmerei-boettcher.de/sitemap_index.xml" "Mozilla/5.0 AppleWebKit/537.36 (KHTML, like Gecko; compatible; GPTBot/1.4; +https://openai.com/gptbot)"
74.7.241.13 - - [20/Aug/2026:05:52:33 +0200] "GET /special/136005832.html HTTP/1.1" 500 - "https://zimmerei-boettcher.de/sitemap_index.xml" "Mozilla/5.0 AppleWebKit/537.36 (KHTML, like Gecko; compatible; GPTBot/1.4; +https://openai.com/gptbot)"
74.7.241.13 - - [20/Aug/2026:05:52:54 +0200] "GET /special/272037186.html HTTP/1.1" 500 - "https://zimmerei-boettcher.de/sitemap_index.xml" "Mozilla/5.0 AppleWebKit/537.36 (KHTML, like Gecko; compatible; GPTBot/1.4; +https://openai.com/gptbot)"
74.7.241.13 - - [20/Aug/2026:05:53:16 +0200] "GET /special/164024708.html HTTP/1.1" 500 - "https://zimmerei-boettcher.de/sitemap_index.xml" "Mozilla/5.0 AppleWebKit/537.36 (KHTML, like Gecko; compatible; GPTBot/1.4; +https://openai.com/gptbot)"
74.7.241.13 - - [20/Aug/2026:05:53:37 +0200] "GET /special/203041673.html HTTP/1.1" 500 - "https://zimmerei-boettcher.de/sitemap_index.xml" "Mozilla/5.0 AppleWebKit/537.36 (KHTML, like Gecko; compatible; GPTBot/1.4; +https://openai.com/gptbot)"
74.7.241.13 - - [20/Aug/2026:05:53:58 +0200] "GET /special/143021089.html HTTP/1.1" 500 - "https://zimmerei-boettcher.de/sitemap_index.xml" "Mozilla/5.0 AppleWebKit/537.36 (KHTML, like Gecko; compatible; GPTBot/1.4; +https://openai.com/gptbot)"
74.7.241.13 - - [20/Aug/2026:05:54:19 +0200] "GET /special/180027836.html HTTP/1.1" 500 - "https://zimmerei-boettcher.de/sitemap_index.xml" "Mozilla/5.0 AppleWebKit/537.36 (KHTML, like Gecko; compatible; GPTBot/1.4; +https://openai.com/gptbot)"
74.7.241.13 - - [20/Aug/2026:05:54:40 +0200] "GET /special/178025084.html HTTP/1.1" 500 - "https://zimmerei-boettcher.de/sitemap_index.xml" "Mozilla/5.0 AppleWebKit/537.36 (KHTML, like Gecko; compatible; GPTBot/1.4; +https://openai.com/gptbot)"
74.7.241.13 - - [20/Aug/2026:05:55:01 +0200] "GET /special/258037132.html HTTP/1.1" 500 - "https://zimmerei-boettcher.de/sitemap_index.xml" "Mozilla/5.0 AppleWebKit/537.36 (KHTML, like Gecko; compatible; GPTBot/1.4; +https://openai.com/gptbot)"
74.7.241.13 - - [20/Aug/2026:05:55:22 +0200] "GET /special/139027251.html HTTP/1.1" 500 - "https://zimmerei-boettcher.de/sitemap_index.xml" "Mozilla/5.0 AppleWebKit/537.36 (KHTML, like Gecko; compatible; GPTBot/1.4; +https://openai.com/gptbot)"
74.7.241.13 - - [20/Aug/2026:05:55:44 +0200] "GET /special/121036447.html HTTP/1.1" 500 - "https://zimmerei-boettcher.de/sitemap_index.xml" "Mozilla/5.0 AppleWebKit/537.36 (KHTML, like Gecko; compatible; GPTBot/1.4; +https://openai.com/gptbot)"
74.7.241.13 - - [20/Aug/2026:05:56:04 +0200] "GET /special/269004167.html HTTP/1.1" 500 - "https://zimmerei-boettcher.de/sitemap_index.xml" "Mozilla/5.0 AppleWebKit/537.36 (KHTML, like Gecko; compatible; GPTBot/1.4; +https://openai.com/gptbot)"
74.7.241.13 - - [20/Aug/2026:05:56:26 +0200] "GET /special/114038270.html HTTP/1.1" 500 - "https://zimmerei-boettcher.de/sitemap_index.xml" "Mozilla/5.0 AppleWebKit/537.36 (KHTML, like Gecko; compatible; GPTBot/1.4; +https://openai.com/gptbot)"
74.7.241.13 - - [20/Aug/2026:05:56:45 +0200] "GET /special/233047661.html HTTP/1.1" 500 - "https://zimmerei-boettcher.de/sitemap_index.xml" "Mozilla/5.0 AppleWebKit/537.36 (KHTML, like Gecko; compatible; GPTBot/1.4; +https://openai.com/gptbot)"
66.249.68.131 - - [20/Aug/2026:05:56:49 +0200] "GET /faq/ HTTP/1.1" 200 60531 "-" "Mozilla/5.0 (Linux; Android 6.0.1; Nexus 5X Build/MMB29P) AppleWebKit/537.36 (KHTML, like Gecko) Chrome/151.0.7922.137 Mobile Safari/537.36 (compatible; GoogleOther)"
74.7.241.13 - - [20/Aug/2026:05:57:06 +0200] "GET /special/056036284.html HTTP/1.1" 500 - "https://zimmerei-boettcher.de/sitemap_index.xml" "Mozilla/5.0 AppleWebKit/537.36 (KHTML, like Gecko; compatible; GPTBot/1.4; +https://openai.com/gptbot)"
74.7.241.13 - - [20/Aug/2026:05:57:32 +0200] "GET /special/134018056.html HTTP/1.1" 500 - "https://zimmerei-boettcher.de/sitemap_index.xml" "Mozilla/5.0 AppleWebKit/537.36 (KHTML, like Gecko; compatible; GPTBot/1.4; +https://openai.com/gptbot)"
74.7.241.13 - - [20/Aug/2026:05:58:06 +0200] "GET /special/221041689.html HTTP/1.1" 500 - "https://zimmerei-boettcher.de/sitemap_index.xml" "Mozilla/5.0 AppleWebKit/537.36 (KHTML, like Gecko; compatible; GPTBot/1.4; +https://openai.com/gptbot)"
74.7.241.13 - - [20/Aug/2026:05:58:23 +0200] "GET /special/034019788.html HTTP/1.1" 500 - "https://zimmerei-boettcher.de/sitemap_index.xml" "Mozilla/5.0 AppleWebKit/537.36 (KHTML, like Gecko; compatible; GPTBot/1.4; +https://openai.com/gptbot)"
74.7.241.13 - - [20/Aug/2026:05:58:52 +0200] "GET /special/245001653.html HTTP/1.1" 500 - "https://zimmerei-boettcher.de/sitemap_index.xml" "Mozilla/5.0 AppleWebKit/537.36 (KHTML, like Gecko; compatible; GPTBot/1.4; +https://openai.com/gptbot)"
74.7.241.13 - - [20/Aug/2026:05:59:10 +0200] "GET /special/294036384.html HTTP/1.1" 500 - "https://zimmerei-boettcher.de/sitemap_index.xml" "Mozilla/5.0 AppleWebKit/537.36 (KHTML, like Gecko; compatible; GPTBot/1.4; +https://openai.com/gptbot)"
74.7.241.13 - - [20/Aug/2026:05:59:29 +0200] "GET /special/199032655.html HTTP/1.1" 500 - "https://zimmerei-boettcher.de/sitemap_index.xml" "Mozilla/5.0 AppleWebKit/537.36 (KHTML, like Gecko; compatible; GPTBot/1.4; +https://openai.com/gptbot)"
74.7.241.13 - - [20/Aug/2026:05:59:50 +0200] "GET /special/241026965.html HTTP/1.1" 500 - "https://zimmerei-boettcher.de/sitemap_index.xml" "Mozilla/5.0 AppleWebKit/537.36 (KHTML, like Gecko; compatible; GPTBot/1.4; +https://openai.com/gptbot)"
74.7.241.13 - - [20/Aug/2026:06:00:15 +0200] "GET /special/248036504.html HTTP/1.1" 500 - "https://zimmerei-boettcher.de/sitemap_index.xml" "Mozilla/5.0 AppleWebKit/537.36 (KHTML, like Gecko; compatible; GPTBot/1.4; +https://openai.com/gptbot)"
74.7.241.13 - - [20/Aug/2026:06:00:36 +0200] "GET /special/156048778.html HTTP/1.1" 500 - "https://zimmerei-boettcher.de/sitemap_index.xml" "Mozilla/5.0 AppleWebKit/537.36 (KHTML, like Gecko; compatible; GPTBot/1.4; +https://openai.com/gptbot)"
74.7.241.13 - - [20/Aug/2026:06:00:53 +0200] "GET /special/108036654.html HTTP/1.1" 500 - "https://zimmerei-boettcher.de/sitemap_index.xml" "Mozilla/5.0 AppleWebKit/537.36 (KHTML, like Gecko; compatible; GPTBot/1.4; +https://openai.com/gptbot)"
74.7.241.13 - - [20/Aug/2026:06:01:15 +0200] "GET /special/194007534.html HTTP/1.1" 500 - "https://zimmerei-boettcher.de/sitemap_index.xml" "Mozilla/5.0 AppleWebKit/537.36 (KHTML, like Gecko; compatible; GPTBot/1.4; +https://openai.com/gptbot)"
66.249.68.131 - - [20/Aug/2026:06:01:31 +0200] "GET /?w=dkop53un48594pyurwvupi HTTP/1.1" 200 69006 "-" "Mozilla/5.0 (Linux; Android 6.0.1; Nexus 5X Build/MMB29P) AppleWebKit/537.36 (KHTML, like Gecko) Chrome/151.0.7922.137 Mobile Safari/537.36 (compatible; GoogleOther)"
74.7.241.13 - - [20/Aug/2026:06:01:35 +0200] "GET /special/162036048.html HTTP/1.1" 500 - "https://zimmerei-boettcher.de/sitemap_index.xml" "Mozilla/5.0 AppleWebKit/537.36 (KHTML, like Gecko; compatible; GPTBot/1.4; +https://openai.com/gptbot)"
74.7.241.13 - - [20/Aug/2026:06:01:57 +0200] "GET /special/215048419.html HTTP/1.1" 500 - "https://zimmerei-boettcher.de/sitemap_index.xml" "Mozilla/5.0 AppleWebKit/537.36 (KHTML, like Gecko; compatible; GPTBot/1.4; +https://openai.com/gptbot)"
74.7.241.13 - - [20/Aug/2026:06:02:17 +0200] "GET /special/269015241.html HTTP/1.1" 500 - "https://zimmerei-boettcher.de/sitemap_index.xml" "Mozilla/5.0 AppleWebKit/537.36 (KHTML, like Gecko; compatible; GPTBot/1.4; +https://openai.com/gptbot)"
74.7.241.13 - - [20/Aug/2026:06:02:39 +0200] "GET /special/133002759.html HTTP/1.1" 500 - "https://zimmerei-boettcher.de/sitemap_index.xml" "Mozilla/5.0 AppleWebKit/537.36 (KHTML, like Gecko; compatible; GPTBot/1.4; +https://openai.com/gptbot)"
74.7.241.13 - - [20/Aug/2026:06:03:00 +0200] "GET /special/174042988.html HTTP/1.1" 500 - "https://zimmerei-boettcher.de/sitemap_index.xml" "Mozilla/5.0 AppleWebKit/537.36 (KHTML, like Gecko; compatible; GPTBot/1.4; +https://openai.com/gptbot)"
74.7.241.13 - - [20/Aug/2026:06:03:28 +0200] "GET /special/270019158.html HTTP/1.1" 500 - "https://zimmerei-boettcher.de/sitemap_index.xml" "Mozilla/5.0 AppleWebKit/537.36 (KHTML, like Gecko; compatible; GPTBot/1.4; +https://openai.com/gptbot)"
74.7.241.13 - - [20/Aug/2026:06:03:43 +0200] "GET /special/039018165.html HTTP/1.1" 500 - "https://zimmerei-boettcher.de/sitemap_index.xml" "Mozilla/5.0 AppleWebKit/537.36 (KHTML, like Gecko; compatible; GPTBot/1.4; +https://openai.com/gptbot)"
74.7.241.13 - - [20/Aug/2026:06:04:03 +0200] "GET /special/179045137.html HTTP/1.1" 500 - "https://zimmerei-boettcher.de/sitemap_index.xml" "Mozilla/5.0 AppleWebKit/537.36 (KHTML, like Gecko; compatible; GPTBot/1.4; +https://openai.com/gptbot)"
74.7.241.13 - - [20/Aug/2026:06:04:37 +0200] "GET /special/196028410.html HTTP/1.1" 500 - "https://zimmerei-boettcher.de/sitemap_index.xml" "Mozilla/5.0 AppleWebKit/537.36 (KHTML, like Gecko; compatible; GPTBot/1.4; +https://openai.com/gptbot)"
74.7.241.13 - - [20/Aug/2026:06:04:48 +0200] "GET /special/234039764.html HTTP/1.1" 500 - "https://zimmerei-boettcher.de/sitemap_index.xml" "Mozilla/5.0 AppleWebKit/537.36 (KHTML, like Gecko; compatible; GPTBot/1.4; +https://openai.com/gptbot)"
74.7.241.13 - - [20/Aug/2026:06:05:11 +0200] "GET /special/281039351.html HTTP/1.1" 500 - "https://zimmerei-boettcher.de/sitemap_index.xml" "Mozilla/5.0 AppleWebKit/537.36 (KHTML, like Gecko; compatible; GPTBot/1.4; +https://openai.com/gptbot)"
74.7.241.13 - - [20/Aug/2026:06:05:43 +0200] "GET /special/158020366.html HTTP/1.1" 500 - "https://zimmerei-boettcher.de/sitemap_index.xml" "Mozilla/5.0 AppleWebKit/537.36 (KHTML, like Gecko; compatible; GPTBot/1.4; +https://openai.com/gptbot)"
66.249.68.129 - - [20/Aug/2026:06:05:50 +0200] "GET /cart/index.php HTTP/1.1" 200 62498 "-" "Mozilla/5.0 (Linux; Android 6.0.1; Nexus 5X Build/MMB29P) AppleWebKit/537.36 (KHTML, like Gecko) Chrome/151.0.7922.137 Mobile Safari/537.36 (compatible; GoogleOther)"
74.7.241.13 - - [20/Aug/2026:06:06:18 +0200] "GET /special/170041536.html HTTP/1.1" 500 - "https://zimmerei-boettcher.de/sitemap_index.xml" "Mozilla/5.0 AppleWebKit/537.36 (KHTML, like Gecko; compatible; GPTBot/1.4; +https://openai.com/gptbot)"
74.7.241.13 - - [20/Aug/2026:06:06:27 +0200] "GET /special/219045341.html HTTP/1.1" 500 - "https://zimmerei-boettcher.de/sitemap_index.xml" "Mozilla/5.0 AppleWebKit/537.36 (KHTML, like Gecko; compatible; GPTBot/1.4; +https://openai.com/gptbot)"
74.7.241.13 - - [20/Aug/2026:06:06:46 +0200] "GET /special/116039450.html HTTP/1.1" 500 - "https://zimmerei-boettcher.de/sitemap_index.xml" "Mozilla/5.0 AppleWebKit/537.36 (KHTML, like Gecko; compatible; GPTBot/1.4; +https://openai.com/gptbot)"
74.7.241.13 - - [20/Aug/2026:06:07:05 +0200] "GET /special/236011456.html HTTP/1.1" 500 - "https://zimmerei-boettcher.de/sitemap_index.xml" "Mozilla/5.0 AppleWebKit/537.36 (KHTML, like Gecko; compatible; GPTBot/1.4; +https://openai.com/gptbot)"
74.7.241.13 - - [20/Aug/2026:06:07:32 +0200] "GET /special/279006425.html HTTP/1.1" 500 - "https://zimmerei-boettcher.de/sitemap_index.xml" "Mozilla/5.0 AppleWebKit/537.36 (KHTML, like Gecko; compatible; GPTBot/1.4; +https://openai.com/gptbot)"
74.7.241.13 - - [20/Aug/2026:06:07:52 +0200] "GET /special/133002489.html HTTP/1.1" 500 - "https://zimmerei-boettcher.de/sitemap_index.xml" "Mozilla/5.0 AppleWebKit/537.36 (KHTML, like Gecko; compatible; GPTBot/1.4; +https://openai.com/gptbot)"
74.7.241.13 - - [20/Aug/2026:06:08:06 +0200] "GET /special/213001875.html HTTP/1.1" 500 - "https://zimmerei-boettcher.de/sitemap_index.xml" "Mozilla/5.0 AppleWebKit/537.36 (KHTML, like Gecko; compatible; GPTBot/1.4; +https://openai.com/gptbot)"
74.7.241.13 - - [20/Aug/2026:06:08:25 +0200] "GET /special/118049634.html HTTP/1.1" 500 - "https://zimmerei-boettcher.de/sitemap_index.xml" "Mozilla/5.0 AppleWebKit/537.36 (KHTML, like Gecko; compatible; GPTBot/1.4; +https://openai.com/gptbot)"
74.7.241.13 - - [20/Aug/2026:06:08:45 +0200] "GET /special/095024587.html HTTP/1.1" 500 - "https://zimmerei-boettcher.de/sitemap_index.xml" "Mozilla/5.0 AppleWebKit/537.36 (KHTML, like Gecko; compatible; GPTBot/1.4; +https://openai.com/gptbot)"
74.7.241.13 - - [20/Aug/2026:06:09:06 +0200] "GET /special/299008751.html HTTP/1.1" 500 - "https://zimmerei-boettcher.de/sitemap_index.xml" "Mozilla/5.0 AppleWebKit/537.36 (KHTML, like Gecko; compatible; GPTBot/1.4; +https://openai.com/gptbot)"
66.249.68.130 - - [20/Aug/2026:06:09:16 +0200] "GET /ranking/ HTTP/1.1" 200 68044 "-" "Mozilla/5.0 (Linux; Android 6.0.1; Nexus 5X Build/MMB29P) AppleWebKit/537.36 (KHTML, like Gecko) Chrome/151.0.7922.137 Mobile Safari/537.36 (compatible; GoogleOther)"
74.7.241.13 - - [20/Aug/2026:06:09:31 +0200] "GET /special/098023496.html HTTP/1.1" 500 - "https://zimmerei-boettcher.de/sitemap_index.xml" "Mozilla/5.0 AppleWebKit/537.36 (KHTML, like Gecko; compatible; GPTBot/1.4; +https://openai.com/gptbot)"
74.7.241.13 - - [20/Aug/2026:06:10:13 +0200] "GET /special/177005689.html HTTP/1.1" 500 - "https://zimmerei-boettcher.de/sitemap_index.xml" "Mozilla/5.0 AppleWebKit/537.36 (KHTML, like Gecko; compatible; GPTBot/1.4; +https://openai.com/gptbot)"
74.7.241.13 - - [20/Aug/2026:06:11:27 +0200] "GET /special/205036759.html HTTP/1.1" 500 - "https://zimmerei-boettcher.de/sitemap_index.xml" "Mozilla/5.0 AppleWebKit/537.36 (KHTML, like Gecko; compatible; GPTBot/1.4; +https://openai.com/gptbot)"
74.7.241.13 - - [20/Aug/2026:06:11:55 +0200] "GET /special/035021675.html HTTP/1.1" 500 - "https://zimmerei-boettcher.de/sitemap_index.xml" "Mozilla/5.0 AppleWebKit/537.36 (KHTML, like Gecko; compatible; GPTBot/1.4; +https://openai.com/gptbot)"
74.7.241.13 - - [20/Aug/2026:06:14:02 +0200] "GET /special/189020587.html HTTP/1.1" 500 - "https://zimmerei-boettcher.de/sitemap_index.xml" "Mozilla/5.0 AppleWebKit/537.36 (KHTML, like Gecko; compatible; GPTBot/1.4; +https://openai.com/gptbot)"
74.7.241.13 - - [20/Aug/2026:06:14:10 +0200] "GET /special/271040945.html HTTP/1.1" 500 - "https://zimmerei-boettcher.de/sitemap_index.xml" "Mozilla/5.0 AppleWebKit/537.36 (KHTML, like Gecko; compatible; GPTBot/1.4; +https://openai.com/gptbot)"
74.7.241.13 - - [20/Aug/2026:06:14:26 +0200] "GET /special/125026689.html HTTP/1.1" 500 - "https://zimmerei-boettcher.de/sitemap_index.xml" "Mozilla/5.0 AppleWebKit/537.36 (KHTML, like Gecko; compatible; GPTBot/1.4; +https://openai.com/gptbot)"
74.7.241.13 - - [20/Aug/2026:06:14:44 +0200] "GET /special/132029514.html HTTP/1.1" 500 - "https://zimmerei-boettcher.de/sitemap_index.xml" "Mozilla/5.0 AppleWebKit/537.36 (KHTML, like Gecko; compatible; GPTBot/1.4; +https://openai.com/gptbot)"
74.7.241.13 - - [20/Aug/2026:06:15:04 +0200] "GET /special/196034968.html HTTP/1.1" 500 - "https://zimmerei-boettcher.de/sitemap_index.xml" "Mozilla/5.0 AppleWebKit/537.36 (KHTML, like Gecko; compatible; GPTBot/1.4; +https://openai.com/gptbot)"
74.7.241.13 - - [20/Aug/2026:06:15:26 +0200] "GET /special/178033590.html HTTP/1.1" 500 - "https://zimmerei-boettcher.de/sitemap_index.xml" "Mozilla/5.0 AppleWebKit/537.36 (KHTML, like Gecko; compatible; GPTBot/1.4; +https://openai.com/gptbot)"
74.7.241.13 - - [20/Aug/2026:06:15:47 +0200] "GET /special/276028596.html HTTP/1.1" 500 - "https://zimmerei-boettcher.de/sitemap_index.xml" "Mozilla/5.0 AppleWebKit/537.36 (KHTML, like Gecko; compatible; GPTBot/1.4; +https://openai.com/gptbot)"
208.113.214.87 - - [20/Aug/2026:06:15:55 +0200] "GET / HTTP/1.1" 500 - "-" "Mozilla/5.0 (Windows NT 10.0; WOW64; rv:119.0) Gecko/20100101 Firefox/119.0"
208.113.214.87 - - [20/Aug/2026:06:16:06 +0200] "GET / HTTP/1.1" 500 - "-" "Mozilla/5.0 (Windows NT 11.0; Win64; x64) AppleWebKit/537.36 (KHTML, like Gecko) Chrome/136.0.4306.231 Safari/537.36"
66.249.68.129 - - [20/Aug/2026:06:15:46 +0200] "GET /animetitle/?aid=4548 HTTP/1.1" 200 77746 "-" "Mozilla/5.0 (Linux; Android 6.0.1; Nexus 5X Build/MMB29P) AppleWebKit/537.36 (KHTML, like Gecko) Chrome/151.0.7922.137 Mobile Safari/537.36 (compatible; GoogleOther)"
74.7.241.13 - - [20/Aug/2026:06:16:19 +0200] "GET /special/289003847.html HTTP/1.1" 500 - "https://zimmerei-boettcher.de/sitemap_index.xml" "Mozilla/5.0 AppleWebKit/537.36 (KHTML, like Gecko; compatible; GPTBot/1.4; +https://openai.com/gptbot)"
74.7.241.13 - - [20/Aug/2026:06:16:39 +0200] "GET /special/264028918.html HTTP/1.1" 500 - "https://zimmerei-boettcher.de/sitemap_index.xml" "Mozilla/5.0 AppleWebKit/537.36 (KHTML, like Gecko; compatible; GPTBot/1.4; +https://openai.com/gptbot)"
74.7.241.13 - - [20/Aug/2026:06:16:59 +0200] "GET /special/230019724.html HTTP/1.1" 500 - "https://zimmerei-boettcher.de/sitemap_index.xml" "Mozilla/5.0 AppleWebKit/537.36 (KHTML, like Gecko; compatible; GPTBot/1.4; +https://openai.com/gptbot)"
74.7.241.13 - - [20/Aug/2026:06:17:20 +0200] "GET /special/198049676.html HTTP/1.1" 500 - "https://zimmerei-boettcher.de/sitemap_index.xml" "Mozilla/5.0 AppleWebKit/537.36 (KHTML, like Gecko; compatible; GPTBot/1.4; +https://openai.com/gptbot)"
74.7.241.13 - - [20/Aug/2026:06:17:42 +0200] "GET /special/163020917.html HTTP/1.1" 500 - "https://zimmerei-boettcher.de/sitemap_index.xml" "Mozilla/5.0 AppleWebKit/537.36 (KHTML, like Gecko; compatible; GPTBot/1.4; +https://openai.com/gptbot)"
74.7.241.13 - - [20/Aug/2026:06:18:06 +0200] "GET /special/016032976.html HTTP/1.1" 500 - "https://zimmerei-boettcher.de/sitemap_index.xml" "Mozilla/5.0 AppleWebKit/537.36 (KHTML, like Gecko; compatible; GPTBot/1.4; +https://openai.com/gptbot)"
74.7.241.13 - - [20/Aug/2026:06:18:21 +0200] "GET /special/015014937.html HTTP/1.1" 500 - "https://zimmerei-boettcher.de/sitemap_index.xml" "Mozilla/5.0 AppleWebKit/537.36 (KHTML, like Gecko; compatible; GPTBot/1.4; +https://openai.com/gptbot)"
74.7.241.13 - - [20/Aug/2026:06:18:41 +0200] "GET /special/238044166.html HTTP/1.1" 500 - "https://zimmerei-boettcher.de/sitemap_index.xml" "Mozilla/5.0 AppleWebKit/537.36 (KHTML, like Gecko; compatible; GPTBot/1.4; +https://openai.com/gptbot)"
74.7.241.13 - - [20/Aug/2026:06:19:08 +0200] "GET /special/168046930.html HTTP/1.1" 500 - "https://zimmerei-boettcher.de/sitemap_index.xml" "Mozilla/5.0 AppleWebKit/537.36 (KHTML, like Gecko; compatible; GPTBot/1.4; +https://openai.com/gptbot)"
66.249.68.129 - - [20/Aug/2026:06:19:13 +0200] "GET /animetitle/?aid=19360 HTTP/1.1" 200 62744 "-" "Mozilla/5.0 (Linux; Android 6.0.1; Nexus 5X Build/MMB29P) AppleWebKit/537.36 (KHTML, like Gecko) Chrome/151.0.7922.137 Mobile Safari/537.36 (compatible; GoogleOther)"
74.7.241.13 - - [20/Aug/2026:06:19:39 +0200] "GET /special/265030157.html HTTP/1.1" 500 - "https://zimmerei-boettcher.de/sitemap_index.xml" "Mozilla/5.0 AppleWebKit/537.36 (KHTML, like Gecko; compatible; GPTBot/1.4; +https://openai.com/gptbot)"
74.7.241.13 - - [20/Aug/2026:06:19:53 +0200] "GET /special/157026597.html HTTP/1.1" 500 - "https://zimmerei-boettcher.de/sitemap_index.xml" "Mozilla/5.0 AppleWebKit/537.36 (KHTML, like Gecko; compatible; GPTBot/1.4; +https://openai.com/gptbot)"
74.7.241.13 - - [20/Aug/2026:06:20:08 +0200] "GET /special/018035842.html HTTP/1.1" 500 - "https://zimmerei-boettcher.de/sitemap_index.xml" "Mozilla/5.0 AppleWebKit/537.36 (KHTML, like Gecko; compatible; GPTBot/1.4; +https://openai.com/gptbot)"
74.7.241.13 - - [20/Aug/2026:06:20:30 +0200] "GET /special/251035477.html HTTP/1.1" 500 - "https://zimmerei-boettcher.de/sitemap_index.xml" "Mozilla/5.0 AppleWebKit/537.36 (KHTML, like Gecko; compatible; GPTBot/1.4; +https://openai.com/gptbot)"
74.7.241.13 - - [20/Aug/2026:06:21:37 +0200] "GET /special/068015424.html HTTP/1.1" 500 - "https://zimmerei-boettcher.de/sitemap_index.xml" "Mozilla/5.0 AppleWebKit/537.36 (KHTML, like Gecko; compatible; GPTBot/1.4; +https://openai.com/gptbot)"
74.7.241.13 - - [20/Aug/2026:06:27:56 +0200] "GET /special/049028861.html HTTP/1.1" 500 - "https://zimmerei-boettcher.de/sitemap_index.xml" "Mozilla/5.0 AppleWebKit/537.36 (KHTML, like Gecko; compatible; GPTBot/1.4; +https://openai.com/gptbot)"
74.7.241.13 - - [20/Aug/2026:06:28:17 +0200] "GET /special/162024574.html HTTP/1.1" 500 - "https://zimmerei-boettcher.de/sitemap_index.xml" "Mozilla/5.0 AppleWebKit/537.36 (KHTML, like Gecko; compatible; GPTBot/1.4; +https://openai.com/gptbot)"
74.7.241.13 - - [20/Aug/2026:06:29:12 +0200] "GET /special/086016254.html HTTP/1.1" 500 - "https://zimmerei-boettcher.de/sitemap_index.xml" "Mozilla/5.0 AppleWebKit/537.36 (KHTML, like Gecko; compatible; GPTBot/1.4; +https://openai.com/gptbot)"
66.249.68.130 - - [20/Aug/2026:06:29:29 +0200] "GET /soreosu HTTP/1.1" 200 60396 "-" "Mozilla/5.0 (Linux; Android 6.0.1; Nexus 5X Build/MMB29P) AppleWebKit/537.36 (KHTML, like Gecko) Chrome/151.0.7922.137 Mobile Safari/537.36 (compatible; GoogleOther)"
74.7.241.13 - - [20/Aug/2026:06:29:36 +0200] "GET /special/178006264.html HTTP/1.1" 500 - "https://zimmerei-boettcher.de/sitemap_index.xml" "Mozilla/5.0 AppleWebKit/537.36 (KHTML, like Gecko; compatible; GPTBot/1.4; +https://openai.com/gptbot)"
74.7.241.13 - - [20/Aug/2026:06:29:43 +0200] "GET /special/079035483.html HTTP/1.1" 500 - "https://zimmerei-boettcher.de/sitemap_index.xml" "Mozilla/5.0 AppleWebKit/537.36 (KHTML, like Gecko; compatible; GPTBot/1.4; +https://openai.com/gptbot)"
74.7.241.13 - - [20/Aug/2026:06:29:55 +0200] "GET /special/076031478.html HTTP/1.1" 500 - "https://zimmerei-boettcher.de/sitemap_index.xml" "Mozilla/5.0 AppleWebKit/537.36 (KHTML, like Gecko; compatible; GPTBot/1.4; +https://openai.com/gptbot)"
74.7.241.13 - - [20/Aug/2026:06:30:06 +0200] "GET /special/179036591.html HTTP/1.1" 500 - "https://zimmerei-boettcher.de/sitemap_index.xml" "Mozilla/5.0 AppleWebKit/537.36 (KHTML, like Gecko; compatible; GPTBot/1.4; +https://openai.com/gptbot)"
74.7.241.13 - - [20/Aug/2026:06:30:17 +0200] "GET /special/197007625.html HTTP/1.1" 500 - "https://zimmerei-boettcher.de/sitemap_index.xml" "Mozilla/5.0 AppleWebKit/537.36 (KHTML, like Gecko; compatible; GPTBot/1.4; +https://openai.com/gptbot)"
74.7.241.13 - - [20/Aug/2026:06:30:33 +0200] "GET /special/172043284.html HTTP/1.1" 500 - "https://zimmerei-boettcher.de/sitemap_index.xml" "Mozilla/5.0 AppleWebKit/537.36 (KHTML, like Gecko; compatible; GPTBot/1.4; +https://openai.com/gptbot)"
74.7.241.13 - - [20/Aug/2026:06:30:52 +0200] "GET /special/129003417.html HTTP/1.1" 500 - "https://zimmerei-boettcher.de/sitemap_index.xml" "Mozilla/5.0 AppleWebKit/537.36 (KHTML, like Gecko; compatible; GPTBot/1.4; +https://openai.com/gptbot)"
74.7.241.13 - - [20/Aug/2026:06:31:09 +0200] "GET /special/097011435.html HTTP/1.1" 500 - "https://zimmerei-boettcher.de/sitemap_index.xml" "Mozilla/5.0 AppleWebKit/537.36 (KHTML, like Gecko; compatible; GPTBot/1.4; +https://openai.com/gptbot)"
74.7.241.13 - - [20/Aug/2026:06:31:31 +0200] "GET /special/289006913.html HTTP/1.1" 500 - "https://zimmerei-boettcher.de/sitemap_index.xml" "Mozilla/5.0 AppleWebKit/537.36 (KHTML, like Gecko; compatible; GPTBot/1.4; +https://openai.com/gptbot)"
66.249.68.130 - - [20/Aug/2026:06:31:40 +0200] "GET /cart/index.php HTTP/1.1" 200 62501 "-" "Mozilla/5.0 (Linux; Android 6.0.1; Nexus 5X Build/MMB29P) AppleWebKit/537.36 (KHTML, like Gecko) Chrome/151.0.7922.137 Mobile Safari/537.36 (compatible; GoogleOther)"
74.7.241.13 - - [20/Aug/2026:06:31:52 +0200] "GET /special/238026784.html HTTP/1.1" 500 - "https://zimmerei-boettcher.de/sitemap_index.xml" "Mozilla/5.0 AppleWebKit/537.36 (KHTML, like Gecko; compatible; GPTBot/1.4; +https://openai.com/gptbot)"
74.7.241.13 - - [20/Aug/2026:06:32:13 +0200] "GET /special/163044855.html HTTP/1.1" 500 - "https://zimmerei-boettcher.de/sitemap_index.xml" "Mozilla/5.0 AppleWebKit/537.36 (KHTML, like Gecko; compatible; GPTBot/1.4; +https://openai.com/gptbot)"
74.7.241.13 - - [20/Aug/2026:06:32:37 +0200] "GET /special/146049638.html HTTP/1.1" 500 - "https://zimmerei-boettcher.de/sitemap_index.xml" "Mozilla/5.0 AppleWebKit/537.36 (KHTML, like Gecko; compatible; GPTBot/1.4; +https://openai.com/gptbot)"
74.7.241.13 - - [20/Aug/2026:06:32:58 +0200] "GET /special/197048033.html HTTP/1.1" 500 - "https://zimmerei-boettcher.de/sitemap_index.xml" "Mozilla/5.0 AppleWebKit/537.36 (KHTML, like Gecko; compatible; GPTBot/1.4; +https://openai.com/gptbot)"
74.7.241.13 - - [20/Aug/2026:06:33:21 +0200] "GET /special/087046137.html HTTP/1.1" 500 - "https://zimmerei-boettcher.de/sitemap_index.xml" "Mozilla/5.0 AppleWebKit/537.36 (KHTML, like Gecko; compatible; GPTBot/1.4; +https://openai.com/gptbot)"
74.7.241.13 - - [20/Aug/2026:06:34:30 +0200] "GET /special/169024623.html HTTP/1.1" 500 - "https://zimmerei-boettcher.de/sitemap_index.xml" "Mozilla/5.0 AppleWebKit/537.36 (KHTML, like Gecko; compatible; GPTBot/1.4; +https://openai.com/gptbot)"
66.249.68.130 - - [20/Aug/2026:06:40:29 +0200] "GET /tag/details.php?id=5228 HTTP/1.1" 200 60842 "-" "Mozilla/5.0 (Linux; Android 6.0.1; Nexus 5X Build/MMB29P) AppleWebKit/537.36 (KHTML, like Gecko) Chrome/151.0.7922.137 Mobile Safari/537.36 (compatible; GoogleOther)"
74.7.241.13 - - [20/Aug/2026:06:40:48 +0200] "GET /special/130038452.html HTTP/1.1" 500 - "https://zimmerei-boettcher.de/sitemap_index.xml" "Mozilla/5.0 AppleWebKit/537.36 (KHTML, like Gecko; compatible; GPTBot/1.4; +https://openai.com/gptbot)"
74.7.241.13 - - [20/Aug/2026:06:40:58 +0200] "GET /special/076014318.html HTTP/1.1" 500 - "https://zimmerei-boettcher.de/sitemap_index.xml" "Mozilla/5.0 AppleWebKit/537.36 (KHTML, like Gecko; compatible; GPTBot/1.4; +https://openai.com/gptbot)"
74.7.241.13 - - [20/Aug/2026:06:41:16 +0200] "GET /special/169017343.html HTTP/1.1" 500 - "https://zimmerei-boettcher.de/sitemap_index.xml" "Mozilla/5.0 AppleWebKit/537.36 (KHTML, like Gecko; compatible; GPTBot/1.4; +https://openai.com/gptbot)"
66.249.68.129 - - [20/Aug/2026:06:41:19 +0200] "GET /?a=mvq283bjxr48238hdzvdxpde HTTP/1.1" 200 59499 "-" "Mozilla/5.0 (Linux; Android 6.0.1; Nexus 5X Build/MMB29P) AppleWebKit/537.36 (KHTML, like Gecko) Chrome/151.0.7922.137 Mobile Safari/537.36 (compatible; Googlebot/2.1; +http://www.google.com/bot.html)"
74.7.241.13 - - [20/Aug/2026:06:41:36 +0200] "GET /special/012013786.html HTTP/1.1" 500 - "https://zimmerei-boettcher.de/sitemap_index.xml" "Mozilla/5.0 AppleWebKit/537.36 (KHTML, like Gecko; compatible; GPTBot/1.4; +https://openai.com/gptbot)"
74.7.241.13 - - [20/Aug/2026:06:41:58 +0200] "GET /special/056014968.html HTTP/1.1" 500 - "https://zimmerei-boettcher.de/sitemap_index.xml" "Mozilla/5.0 AppleWebKit/537.36 (KHTML, like Gecko; compatible; GPTBot/1.4; +https://openai.com/gptbot)"
74.7.241.13 - - [20/Aug/2026:06:42:19 +0200] "GET /special/293011945.html HTTP/1.1" 500 - "https://zimmerei-boettcher.de/sitemap_index.xml" "Mozilla/5.0 AppleWebKit/537.36 (KHTML, like Gecko; compatible; GPTBot/1.4; +https://openai.com/gptbot)"
74.7.241.13 - - [20/Aug/2026:06:42:40 +0200] "GET /special/202047186.html HTTP/1.1" 500 - "https://zimmerei-boettcher.de/sitemap_index.xml" "Mozilla/5.0 AppleWebKit/537.36 (KHTML, like Gecko; compatible; GPTBot/1.4; +https://openai.com/gptbot)"
74.7.241.13 - - [20/Aug/2026:06:43:02 +0200] "GET /special/277030649.html HTTP/1.1" 500 - "https://zimmerei-boettcher.de/sitemap_index.xml" "Mozilla/5.0 AppleWebKit/537.36 (KHTML, like Gecko; compatible; GPTBot/1.4; +https://openai.com/gptbot)"
204.12.239.66 - - [20/Aug/2026:06:43:07 +0200] "GET /wp-content/imb0308e/edit.php HTTP/1.1" 200 6 "https://zimmerei-boettcher.de/wp-content/imb0308e/edit.php" "Mozilla/5.0 (Windows NT 10.0; Win64; x64) AppleWebKit/537.36 (KHTML, like Gecko) Chrome/58.0.3029.110 Safari/537.3"
74.7.241.13 - - [20/Aug/2026:06:43:24 +0200] "GET /special/187009613.html HTTP/1.1" 500 - "https://zimmerei-boettcher.de/sitemap_index.xml" "Mozilla/5.0 AppleWebKit/537.36 (KHTML, like Gecko; compatible; GPTBot/1.4; +https://openai.com/gptbot)"
66.249.68.129 - - [20/Aug/2026:06:43:40 +0200] "GET /animetitle/?aid=19340 HTTP/1.1" 200 62003 "-" "Mozilla/5.0 (Linux; Android 6.0.1; Nexus 5X Build/MMB29P) AppleWebKit/537.36 (KHTML, like Gecko) Chrome/151.0.7922.137 Mobile Safari/537.36 (compatible; GoogleOther)"
74.7.241.13 - - [20/Aug/2026:06:43:44 +0200] "GET /special/248010952.html HTTP/1.1" 500 - "https://zimmerei-boettcher.de/sitemap_index.xml" "Mozilla/5.0 AppleWebKit/537.36 (KHTML, like Gecko; compatible; GPTBot/1.4; +https://openai.com/gptbot)"
74.7.241.13 - - [20/Aug/2026:06:44:05 +0200] "GET /special/075017423.html HTTP/1.1" 500 - "https://zimmerei-boettcher.de/sitemap_index.xml" "Mozilla/5.0 AppleWebKit/537.36 (KHTML, like Gecko; compatible; GPTBot/1.4; +https://openai.com/gptbot)"
74.7.241.13 - - [20/Aug/2026:06:44:25 +0200] "GET /special/249006721.html HTTP/1.1" 500 - "https://zimmerei-boettcher.de/sitemap_index.xml" "Mozilla/5.0 AppleWebKit/537.36 (KHTML, like Gecko; compatible; GPTBot/1.4; +https://openai.com/gptbot)"
204.12.239.66 - - [20/Aug/2026:06:43:06 +0200] "GET /wp-content/imb0308e/edit.php HTTP/1.1" 200 - "https://zimmerei-boettcher.de/wp-content/imb0308e/edit.php" "Mozilla/5.0 (Windows NT 10.0; Win64; x64) AppleWebKit/537.36 (KHTML, like Gecko) Chrome/58.0.3029.110 Safari/537.3"
74.7.241.13 - - [20/Aug/2026:06:44:46 +0200] "GET /special/255041073.html HTTP/1.1" 500 - "https://zimmerei-boettcher.de/sitemap_index.xml" "Mozilla/5.0 AppleWebKit/537.36 (KHTML, like Gecko; compatible; GPTBot/1.4; +https://openai.com/gptbot)"
74.7.241.13 - - [20/Aug/2026:06:45:07 +0200] "GET /special/193008261.html HTTP/1.1" 500 - "https://zimmerei-boettcher.de/sitemap_index.xml" "Mozilla/5.0 AppleWebKit/537.36 (KHTML, like Gecko; compatible; GPTBot/1.4; +https://openai.com/gptbot)"
74.7.241.13 - - [20/Aug/2026:06:45:29 +0200] "GET /special/155046483.html HTTP/1.1" 500 - "https://zimmerei-boettcher.de/sitemap_index.xml" "Mozilla/5.0 AppleWebKit/537.36 (KHTML, like Gecko; compatible; GPTBot/1.4; +https://openai.com/gptbot)"
74.7.241.13 - - [20/Aug/2026:06:45:50 +0200] "GET /special/135028739.html HTTP/1.1" 500 - "https://zimmerei-boettcher.de/sitemap_index.xml" "Mozilla/5.0 AppleWebKit/537.36 (KHTML, like Gecko; compatible; GPTBot/1.4; +https://openai.com/gptbot)"
74.7.241.13 - - [20/Aug/2026:06:46:10 +0200] "GET /special/185047839.html HTTP/1.1" 500 - "https://zimmerei-boettcher.de/sitemap_index.xml" "Mozilla/5.0 AppleWebKit/537.36 (KHTML, like Gecko; compatible; GPTBot/1.4; +https://openai.com/gptbot)"
74.7.241.13 - - [20/Aug/2026:06:46:31 +0200] "GET /special/251039147.html HTTP/1.1" 500 - "https://zimmerei-boettcher.de/sitemap_index.xml" "Mozilla/5.0 AppleWebKit/537.36 (KHTML, like Gecko; compatible; GPTBot/1.4; +https://openai.com/gptbot)"
74.7.241.13 - - [20/Aug/2026:06:46:52 +0200] "GET /special/059041683.html HTTP/1.1" 500 - "https://zimmerei-boettcher.de/sitemap_index.xml" "Mozilla/5.0 AppleWebKit/537.36 (KHTML, like Gecko; compatible; GPTBot/1.4; +https://openai.com/gptbot)"
74.7.241.13 - - [20/Aug/2026:06:47:13 +0200] "GET /special/260017954.html HTTP/1.1" 500 - "https://zimmerei-boettcher.de/sitemap_index.xml" "Mozilla/5.0 AppleWebKit/537.36 (KHTML, like Gecko; compatible; GPTBot/1.4; +https://openai.com/gptbot)"
66.249.68.130 - - [20/Aug/2026:06:47:27 +0200] "GET /corner/cc/anion_info_zh/cd/929/ HTTP/1.1" 200 63116 "-" "Mozilla/5.0 (Linux; Android 6.0.1; Nexus 5X Build/MMB29P) AppleWebKit/537.36 (KHTML, like Gecko) Chrome/151.0.7922.137 Mobile Safari/537.36 (compatible; GoogleOther)"
74.7.241.13 - - [20/Aug/2026:06:47:33 +0200] "GET /special/026049538.html HTTP/1.1" 500 - "https://zimmerei-boettcher.de/sitemap_index.xml" "Mozilla/5.0 AppleWebKit/537.36 (KHTML, like Gecko; compatible; GPTBot/1.4; +https://openai.com/gptbot)"
74.7.241.13 - - [20/Aug/2026:06:47:54 +0200] "GET /special/041026839.html HTTP/1.1" 500 - "https://zimmerei-boettcher.de/sitemap_index.xml" "Mozilla/5.0 AppleWebKit/537.36 (KHTML, like Gecko; compatible; GPTBot/1.4; +https://openai.com/gptbot)"
74.7.241.13 - - [20/Aug/2026:06:48:15 +0200] "GET /special/128033674.html HTTP/1.1" 500 - "https://zimmerei-boettcher.de/sitemap_index.xml" "Mozilla/5.0 AppleWebKit/537.36 (KHTML, like Gecko; compatible; GPTBot/1.4; +https://openai.com/gptbot)"
74.7.241.13 - - [20/Aug/2026:06:48:37 +0200] "GET /special/284037116.html HTTP/1.1" 500 - "https://zimmerei-boettcher.de/sitemap_index.xml" "Mozilla/5.0 AppleWebKit/537.36 (KHTML, like Gecko; compatible; GPTBot/1.4; +https://openai.com/gptbot)"
66.249.68.129 - - [20/Aug/2026:06:48:50 +0200] "GET /?z=ngpjq84tqmdk41911thsgeqk HTTP/1.1" 200 61333 "-" "Mozilla/5.0 (Linux; Android 6.0.1; Nexus 5X Build/MMB29P) AppleWebKit/537.36 (KHTML, like Gecko) Chrome/151.0.7922.137 Mobile Safari/537.36 (compatible; Googlebot/2.1; +http://www.google.com/bot.html)"
74.7.241.13 - - [20/Aug/2026:06:48:57 +0200] "GET /special/281023495.html HTTP/1.1" 500 - "https://zimmerei-boettcher.de/sitemap_index.xml" "Mozilla/5.0 AppleWebKit/537.36 (KHTML, like Gecko; compatible; GPTBot/1.4; +https://openai.com/gptbot)"
74.7.241.13 - - [20/Aug/2026:06:49:18 +0200] "GET /special/056018934.html HTTP/1.1" 500 - "https://zimmerei-boettcher.de/sitemap_index.xml" "Mozilla/5.0 AppleWebKit/537.36 (KHTML, like Gecko; compatible; GPTBot/1.4; +https://openai.com/gptbot)"
74.7.241.13 - - [20/Aug/2026:06:49:39 +0200] "GET /special/273047891.html HTTP/1.1" 500 - "https://zimmerei-boettcher.de/sitemap_index.xml" "Mozilla/5.0 AppleWebKit/537.36 (KHTML, like Gecko; compatible; GPTBot/1.4; +https://openai.com/gptbot)"
