74.7.227.51 - - [20/Aug/2026:11:32:11 +0200] "GET /favicon.ico?fileloc=//lib64/libasound.so.2&path=//lib64 HTTP/1.1" 500 - "https://bautenschutz-blattner.de/favicon.ico?path=//lib64" "Mozilla/5.0 AppleWebKit/537.36 (KHTML, like Gecko; compatible; GPTBot/1.4; +https://openai.com/gptbot)"
66.249.73.227 - - [20/Aug/2026:11:32:14 +0200] "GET /29911232 HTTP/1.1" 200 162362 "-" "Mozilla/5.0 (Linux; Android 6.0.1; Nexus 5X Build/MMB29P) AppleWebKit/537.36 (KHTML, like Gecko) Chrome/151.0.7922.137 Mobile Safari/537.36 (compatible; Googlebot/2.1; +http://www.google.com/bot.html)"
74.7.227.51 - - [20/Aug/2026:11:32:32 +0200] "GET /favicon.ico?fileloc=//lib64/libmariadb.so.3&path=//lib64 HTTP/1.1" 500 - "https://bautenschutz-blattner.de/favicon.ico?path=//lib64" "Mozilla/5.0 AppleWebKit/537.36 (KHTML, like Gecko; compatible; GPTBot/1.4; +https://openai.com/gptbot)"
74.7.227.51 - - [20/Aug/2026:11:32:54 +0200] "GET /favicon.ico?fileloc=//lib64/libexempi.so.8&path=//lib64 HTTP/1.1" 500 - "https://bautenschutz-blattner.de/favicon.ico?path=//lib64" "Mozilla/5.0 AppleWebKit/537.36 (KHTML, like Gecko; compatible; GPTBot/1.4; +https://openai.com/gptbot)"
74.7.227.51 - - [20/Aug/2026:11:33:16 +0200] "GET /favicon.ico?fileloc=//lib64/libsmartcols.so.1&path=//lib64 HTTP/1.1" 500 - "https://bautenschutz-blattner.de/favicon.ico?path=//lib64" "Mozilla/5.0 AppleWebKit/537.36 (KHTML, like Gecko; compatible; GPTBot/1.4; +https://openai.com/gptbot)"
74.7.227.51 - - [20/Aug/2026:11:33:36 +0200] "GET /favicon.ico?fileloc=//lib64/libdaemon.so.0&path=//lib64 HTTP/1.1" 500 - "https://bautenschutz-blattner.de/favicon.ico?path=//lib64" "Mozilla/5.0 AppleWebKit/537.36 (KHTML, like Gecko; compatible; GPTBot/1.4; +https://openai.com/gptbot)"
74.7.227.51 - - [20/Aug/2026:11:33:57 +0200] "GET /favicon.ico?fileloc=//lib64/libdatrie.so.1&path=//lib64 HTTP/1.1" 500 - "https://bautenschutz-blattner.de/favicon.ico?path=//lib64" "Mozilla/5.0 AppleWebKit/537.36 (KHTML, like Gecko; compatible; GPTBot/1.4; +https://openai.com/gptbot)"
74.7.227.51 - - [20/Aug/2026:11:34:24 +0200] "GET /favicon.ico?fileloc=//lib64/libsigsegv.so.2&path=//lib64 HTTP/1.1" 500 - "https://bautenschutz-blattner.de/favicon.ico?path=//lib64" "Mozilla/5.0 AppleWebKit/537.36 (KHTML, like Gecko; compatible; GPTBot/1.4; +https://openai.com/gptbot)"
74.7.227.51 - - [20/Aug/2026:11:34:52 +0200] "GET /favicon.ico?fileloc=//lib64/libpoppler-glib.so.8&path=//lib64 HTTP/1.1" 500 - "https://bautenschutz-blattner.de/favicon.ico?path=//lib64" "Mozilla/5.0 AppleWebKit/537.36 (KHTML, like Gecko; compatible; GPTBot/1.4; +https://openai.com/gptbot)"
204.12.239.66 - - [20/Aug/2026:11:33:58 +0200] "GET /wp-includes/pl7c61d4/edit.php HTTP/1.1" 200 - "https://bautenschutz-blattner.de/wp-includes/pl7c61d4/edit.php" "Mozilla/5.0 (Windows NT 10.0; Win64; x64) AppleWebKit/537.36 (KHTML, like Gecko) Chrome/58.0.3029.110 Safari/537.3"
74.7.227.51 - - [20/Aug/2026:11:35:27 +0200] "GET /favicon.ico?fileloc=//lib64/libsnappy.so.1&path=//lib64 HTTP/1.1" 500 - "https://bautenschutz-blattner.de/favicon.ico?path=//lib64" "Mozilla/5.0 AppleWebKit/537.36 (KHTML, like Gecko; compatible; GPTBot/1.4; +https://openai.com/gptbot)"
74.7.227.51 - - [20/Aug/2026:11:35:41 +0200] "GET /favicon.ico?fileloc=//lib64/libhistory.so.8&path=//lib64 HTTP/1.1" 500 - "https://bautenschutz-blattner.de/favicon.ico?path=//lib64" "Mozilla/5.0 AppleWebKit/537.36 (KHTML, like Gecko; compatible; GPTBot/1.4; +https://openai.com/gptbot)"
74.7.227.51 - - [20/Aug/2026:11:35:57 +0200] "GET /favicon.ico?fileloc=//lib64/libverto-libev.so.1&path=//lib64 HTTP/1.1" 500 - "https://bautenschutz-blattner.de/favicon.ico?path=//lib64" "Mozilla/5.0 AppleWebKit/537.36 (KHTML, like Gecko; compatible; GPTBot/1.4; +https://openai.com/gptbot)"
66.249.73.227 - - [20/Aug/2026:11:35:59 +0200] "GET /rage/lamp/qjn11dklug10247da.shtml HTTP/1.1" 200 152380 "-" "Mozilla/5.0 (Linux; Android 6.0.1; Nexus 5X Build/MMB29P) AppleWebKit/537.36 (KHTML, like Gecko) Chrome/151.0.7922.137 Mobile Safari/537.36 (compatible; GoogleOther)"
74.7.227.51 - - [20/Aug/2026:11:36:10 +0200] "GET /favicon.ico?fileloc=//lib64/libselinux.so.1&path=//lib64 HTTP/1.1" 500 - "https://bautenschutz-blattner.de/favicon.ico?path=//lib64" "Mozilla/5.0 AppleWebKit/537.36 (KHTML, like Gecko; compatible; GPTBot/1.4; +https://openai.com/gptbot)"
66.249.73.227 - - [20/Aug/2026:11:36:10 +0200] "GET /special/048004371.html HTTP/1.1" 200 157107 "-" "Mozilla/5.0 (Linux; Android 6.0.1; Nexus 5X Build/MMB29P) AppleWebKit/537.36 (KHTML, like Gecko) Chrome/151.0.7922.137 Mobile Safari/537.36 (compatible; Googlebot/2.1; +http://www.google.com/bot.html)"
74.7.227.51 - - [20/Aug/2026:11:36:32 +0200] "GET /favicon.ico?fileloc=//lib64/libfreetype.so.6&path=//lib64 HTTP/1.1" 500 - "https://bautenschutz-blattner.de/favicon.ico?path=//lib64" "Mozilla/5.0 AppleWebKit/537.36 (KHTML, like Gecko; compatible; GPTBot/1.4; +https://openai.com/gptbot)"
74.7.227.51 - - [20/Aug/2026:11:36:52 +0200] "GET /favicon.ico?fileloc=//lib64/libcolorhug.so.2&path=//lib64 HTTP/1.1" 500 - "https://bautenschutz-blattner.de/favicon.ico?path=//lib64" "Mozilla/5.0 AppleWebKit/537.36 (KHTML, like Gecko; compatible; GPTBot/1.4; +https://openai.com/gptbot)"
74.7.227.51 - - [20/Aug/2026:11:37:13 +0200] "GET /favicon.ico?fileloc=//lib64/libasprintf.so.0&path=//lib64 HTTP/1.1" 500 - "https://bautenschutz-blattner.de/favicon.ico?path=//lib64" "Mozilla/5.0 AppleWebKit/537.36 (KHTML, like Gecko; compatible; GPTBot/1.4; +https://openai.com/gptbot)"
74.7.227.51 - - [20/Aug/2026:11:37:34 +0200] "GET /favicon.ico?fileloc=//lib64/libteamdctl.so.0&path=//lib64 HTTP/1.1" 500 - "https://bautenschutz-blattner.de/favicon.ico?path=//lib64" "Mozilla/5.0 AppleWebKit/537.36 (KHTML, like Gecko; compatible; GPTBot/1.4; +https://openai.com/gptbot)"
74.7.227.51 - - [20/Aug/2026:11:37:55 +0200] "GET /favicon.ico?fileloc=//lib64/libreadline.so.8&path=//lib64 HTTP/1.1" 500 - "https://bautenschutz-blattner.de/favicon.ico?path=//lib64" "Mozilla/5.0 AppleWebKit/537.36 (KHTML, like Gecko; compatible; GPTBot/1.4; +https://openai.com/gptbot)"
74.7.227.51 - - [20/Aug/2026:11:38:16 +0200] "GET /favicon.ico?fileloc=//lib64/libext2fs.so&path=//lib64 HTTP/1.1" 500 - "https://bautenschutz-blattner.de/favicon.ico?path=//lib64" "Mozilla/5.0 AppleWebKit/537.36 (KHTML, like Gecko; compatible; GPTBot/1.4; +https://openai.com/gptbot)"
74.7.227.51 - - [20/Aug/2026:11:38:36 +0200] "GET /favicon.ico?fileloc=//lib64/libext2fs.so.2&path=//lib64 HTTP/1.1" 500 - "https://bautenschutz-blattner.de/favicon.ico?path=//lib64" "Mozilla/5.0 AppleWebKit/537.36 (KHTML, like Gecko; compatible; GPTBot/1.4; +https://openai.com/gptbot)"
74.7.227.51 - - [20/Aug/2026:11:38:57 +0200] "GET /favicon.ico?fileloc=//lib64/libncurses.so.6&path=//lib64 HTTP/1.1" 500 - "https://bautenschutz-blattner.de/favicon.ico?path=//lib64" "Mozilla/5.0 AppleWebKit/537.36 (KHTML, like Gecko; compatible; GPTBot/1.4; +https://openai.com/gptbot)"
66.249.73.228 - - [20/Aug/2026:11:39:09 +0200] "GET /1935743 HTTP/1.1" 200 163617 "-" "Mozilla/5.0 (Linux; Android 6.0.1; Nexus 5X Build/MMB29P) AppleWebKit/537.36 (KHTML, like Gecko) Chrome/151.0.7922.137 Mobile Safari/537.36 (compatible; Googlebot/2.1; +http://www.google.com/bot.html)"
74.7.227.51 - - [20/Aug/2026:11:39:18 +0200] "GET /favicon.ico?fileloc=//lib64/.libgmp.so.10.4.0.hmac&path=//lib64 HTTP/1.1" 500 - "https://bautenschutz-blattner.de/favicon.ico?path=//lib64" "Mozilla/5.0 AppleWebKit/537.36 (KHTML, like Gecko; compatible; GPTBot/1.4; +https://openai.com/gptbot)"
74.7.227.51 - - [20/Aug/2026:11:39:39 +0200] "GET /favicon.ico?fileloc=//tmp/juQpn9ivOS&path=//tmp HTTP/1.1" 500 - "https://bautenschutz-blattner.de/favicon.ico?path=//tmp" "Mozilla/5.0 AppleWebKit/537.36 (KHTML, like Gecko; compatible; GPTBot/1.4; +https://openai.com/gptbot)"
74.7.227.51 - - [20/Aug/2026:11:40:00 +0200] "GET /favicon.ico?fileloc=//bin/systemd-socket-activate&path=//bin HTTP/1.1" 500 - "https://bautenschutz-blattner.de/favicon.ico?path=//bin" "Mozilla/5.0 AppleWebKit/537.36 (KHTML, like Gecko; compatible; GPTBot/1.4; +https://openai.com/gptbot)"
74.7.227.51 - - [20/Aug/2026:11:40:21 +0200] "GET /favicon.ico?fileloc=//bin/mysql_fix_extensions&path=//bin HTTP/1.1" 500 - "https://bautenschutz-blattner.de/favicon.ico?path=//bin" "Mozilla/5.0 AppleWebKit/537.36 (KHTML, like Gecko; compatible; GPTBot/1.4; +https://openai.com/gptbot)"
74.7.227.51 - - [20/Aug/2026:11:40:42 +0200] "GET /favicon.ico?fileloc=//bin/systemd-detect-virt&path=//bin HTTP/1.1" 500 - "https://bautenschutz-blattner.de/favicon.ico?path=//bin" "Mozilla/5.0 AppleWebKit/537.36 (KHTML, like Gecko; compatible; GPTBot/1.4; +https://openai.com/gptbot)"
74.7.227.51 - - [20/Aug/2026:11:41:02 +0200] "GET /favicon.ico?fileloc=//bin/mariadbd-safe-helper&path=//bin HTTP/1.1" 500 - "https://bautenschutz-blattner.de/favicon.ico?path=//bin" "Mozilla/5.0 AppleWebKit/537.36 (KHTML, like Gecko; compatible; GPTBot/1.4; +https://openai.com/gptbot)"
74.7.227.51 - - [20/Aug/2026:11:41:23 +0200] "GET /favicon.ico?fileloc=//etc/outgoing_mail_hold_users&path=//etc HTTP/1.1" 500 - "https://bautenschutz-blattner.de/favicon.ico?path=//etc" "Mozilla/5.0 AppleWebKit/537.36 (KHTML, like Gecko; compatible; GPTBot/1.4; +https://openai.com/gptbot)"
74.7.227.51 - - [20/Aug/2026:11:41:45 +0200] "GET /favicon.ico?fileloc=//etc/exim_trusted_configs&path=//etc HTTP/1.1" 500 - "https://bautenschutz-blattner.de/favicon.ico?path=//etc" "Mozilla/5.0 AppleWebKit/537.36 (KHTML, like Gecko; compatible; GPTBot/1.4; +https://openai.com/gptbot)"
74.7.227.51 - - [20/Aug/2026:11:42:06 +0200] "GET /favicon.ico?fileloc=//bin/pango-view&path=//bin HTTP/1.1" 500 - "https://bautenschutz-blattner.de/favicon.ico?path=//bin" "Mozilla/5.0 AppleWebKit/537.36 (KHTML, like Gecko; compatible; GPTBot/1.4; +https://openai.com/gptbot)"
74.7.227.51 - - [20/Aug/2026:11:42:27 +0200] "GET /favicon.ico?fileloc=//bin/orc-bugreport&path=//bin HTTP/1.1" 500 - "https://bautenschutz-blattner.de/favicon.ico?path=//bin" "Mozilla/5.0 AppleWebKit/537.36 (KHTML, like Gecko; compatible; GPTBot/1.4; +https://openai.com/gptbot)"
74.7.227.51 - - [20/Aug/2026:11:42:50 +0200] "GET /favicon.ico?fileloc=//bin/gdbus-codegen&path=//bin HTTP/1.1" 500 - "https://bautenschutz-blattner.de/favicon.ico?path=//bin" "Mozilla/5.0 AppleWebKit/537.36 (KHTML, like Gecko; compatible; GPTBot/1.4; +https://openai.com/gptbot)"
74.7.227.51 - - [20/Aug/2026:11:43:10 +0200] "GET /favicon.ico?fileloc=//bin/json_reformat&path=//bin HTTP/1.1" 500 - "https://bautenschutz-blattner.de/favicon.ico?path=//bin" "Mozilla/5.0 AppleWebKit/537.36 (KHTML, like Gecko; compatible; GPTBot/1.4; +https://openai.com/gptbot)"
66.249.73.228 - - [20/Aug/2026:11:43:09 +0200] "GET /4020679 HTTP/1.1" 200 155820 "-" "Mozilla/5.0 (Linux; Android 6.0.1; Nexus 5X Build/MMB29P) AppleWebKit/537.36 (KHTML, like Gecko) Chrome/151.0.7922.137 Mobile Safari/537.36 (compatible; Googlebot/2.1; +http://www.google.com/bot.html)"
66.249.73.228 - - [20/Aug/2026:11:43:11 +0200] "GET /shop/pg/1005024086/ HTTP/1.1" 200 155943 "-" "Mozilla/5.0 (Linux; Android 6.0.1; Nexus 5X Build/MMB29P) AppleWebKit/537.36 (KHTML, like Gecko) Chrome/151.0.7922.137 Mobile Safari/537.36 (compatible; GoogleOther)"
74.7.227.51 - - [20/Aug/2026:11:43:29 +0200] "GET /favicon.ico?fileloc=//bin/unicode_start&path=//bin HTTP/1.1" 500 - "https://bautenschutz-blattner.de/favicon.ico?path=//bin" "Mozilla/5.0 AppleWebKit/537.36 (KHTML, like Gecko; compatible; GPTBot/1.4; +https://openai.com/gptbot)"
74.7.227.51 - - [20/Aug/2026:11:43:50 +0200] "GET /favicon.ico?fileloc=//bin/mariadb-check&path=//bin HTTP/1.1" 500 - "https://bautenschutz-blattner.de/favicon.ico?path=//bin" "Mozilla/5.0 AppleWebKit/537.36 (KHTML, like Gecko; compatible; GPTBot/1.4; +https://openai.com/gptbot)"
74.7.227.51 - - [20/Aug/2026:11:44:11 +0200] "GET /favicon.ico?fileloc=//bin/mariadbd-safe&path=//bin HTTP/1.1" 500 - "https://bautenschutz-blattner.de/favicon.ico?path=//bin" "Mozilla/5.0 AppleWebKit/537.36 (KHTML, like Gecko; compatible; GPTBot/1.4; +https://openai.com/gptbot)"
66.249.73.227 - - [20/Aug/2026:11:44:13 +0200] "GET /6027979 HTTP/1.1" 200 169197 "-" "Mozilla/5.0 (Linux; Android 6.0.1; Nexus 5X Build/MMB29P) AppleWebKit/537.36 (KHTML, like Gecko) Chrome/151.0.7922.137 Mobile Safari/537.36 (compatible; GoogleOther)"
74.7.227.51 - - [20/Aug/2026:11:44:34 +0200] "GET /favicon.ico?fileloc=//bin/semodule_link&path=//bin HTTP/1.1" 500 - "https://bautenschutz-blattner.de/favicon.ico?path=//bin" "Mozilla/5.0 AppleWebKit/537.36 (KHTML, like Gecko; compatible; GPTBot/1.4; +https://openai.com/gptbot)"
74.7.227.51 - - [20/Aug/2026:11:44:57 +0200] "GET /favicon.ico?fileloc=//lib64/libavahi-libevent.so.1.0.0&path=//lib64 HTTP/1.1" 500 - "https://bautenschutz-blattner.de/favicon.ico?path=//lib64" "Mozilla/5.0 AppleWebKit/537.36 (KHTML, like Gecko; compatible; GPTBot/1.4; +https://openai.com/gptbot)"
74.7.227.51 - - [20/Aug/2026:11:45:19 +0200] "GET /favicon.ico?fileloc=//lib64/libldap.so.2.0.200&path=//lib64 HTTP/1.1" 500 - "https://bautenschutz-blattner.de/favicon.ico?path=//lib64" "Mozilla/5.0 AppleWebKit/537.36 (KHTML, like Gecko; compatible; GPTBot/1.4; +https://openai.com/gptbot)"
74.7.227.51 - - [20/Aug/2026:11:45:36 +0200] "GET /favicon.ico?fileloc=//lib64/liblcms2.so.2.0.12&path=//lib64 HTTP/1.1" 500 - "https://bautenschutz-blattner.de/favicon.ico?path=//lib64" "Mozilla/5.0 AppleWebKit/537.36 (KHTML, like Gecko; compatible; GPTBot/1.4; +https://openai.com/gptbot)"
74.7.227.51 - - [20/Aug/2026:11:45:55 +0200] "GET /favicon.ico?fileloc=//lib64/libicutest.so&path=//lib64 HTTP/1.1" 500 - "https://bautenschutz-blattner.de/favicon.ico?path=//lib64" "Mozilla/5.0 AppleWebKit/537.36 (KHTML, like Gecko; compatible; GPTBot/1.4; +https://openai.com/gptbot)"
74.7.227.51 - - [20/Aug/2026:11:46:16 +0200] "GET /favicon.ico?fileloc=//lib64/libpcrecpp.so&path=//lib64 HTTP/1.1" 500 - "https://bautenschutz-blattner.de/favicon.ico?path=//lib64" "Mozilla/5.0 AppleWebKit/537.36 (KHTML, like Gecko; compatible; GPTBot/1.4; +https://openai.com/gptbot)"
74.7.227.51 - - [20/Aug/2026:11:46:36 +0200] "GET /favicon.ico?fileloc=//lib64/libisccfg.so&path=//lib64 HTTP/1.1" 500 - "https://bautenschutz-blattner.de/favicon.ico?path=//lib64" "Mozilla/5.0 AppleWebKit/537.36 (KHTML, like Gecko; compatible; GPTBot/1.4; +https://openai.com/gptbot)"
74.7.227.51 - - [20/Aug/2026:11:46:57 +0200] "GET /favicon.ico?fileloc=//lib64/libnssckbi.so&path=//lib64 HTTP/1.1" 500 - "https://bautenschutz-blattner.de/favicon.ico?path=//lib64" "Mozilla/5.0 AppleWebKit/537.36 (KHTML, like Gecko; compatible; GPTBot/1.4; +https://openai.com/gptbot)"
66.249.73.227 - - [20/Aug/2026:11:47:04 +0200] "GET /614029078 HTTP/1.1" 200 160274 "-" "Mozilla/5.0 (Linux; Android 6.0.1; Nexus 5X Build/MMB29P) AppleWebKit/537.36 (KHTML, like Gecko) Chrome/151.0.7922.137 Mobile Safari/537.36 (compatible; Googlebot/2.1; +http://www.google.com/bot.html)"
74.7.227.51 - - [20/Aug/2026:11:47:17 +0200] "GET /favicon.ico?fileloc=//bin/python3.9-config&path=//bin HTTP/1.1" 500 - "https://bautenschutz-blattner.de/favicon.ico?path=//bin" "Mozilla/5.0 AppleWebKit/537.36 (KHTML, like Gecko; compatible; GPTBot/1.4; +https://openai.com/gptbot)"
185.65.134.224 - - [20/Aug/2026:11:47:24 +0200] "GET /robots.txt HTTP/1.1" 200 438 "-" "Go-http-client/2.0"
74.7.227.51 - - [20/Aug/2026:11:47:38 +0200] "GET /favicon.ico?fileloc=//bin/appstream-compose&path=//bin HTTP/1.1" 500 - "https://bautenschutz-blattner.de/favicon.ico?path=//bin" "Mozilla/5.0 AppleWebKit/537.36 (KHTML, like Gecko; compatible; GPTBot/1.4; +https://openai.com/gptbot)"
74.7.227.51 - - [20/Aug/2026:11:48:03 +0200] "GET /favicon.ico?fileloc=//bin/needs-restarting&path=//bin HTTP/1.1" 500 - "https://bautenschutz-blattner.de/favicon.ico?path=//bin" "Mozilla/5.0 AppleWebKit/537.36 (KHTML, like Gecko; compatible; GPTBot/1.4; +https://openai.com/gptbot)"
74.7.227.51 - - [20/Aug/2026:11:48:23 +0200] "GET /favicon.ico?fileloc=//etc/neighbor_netblocks&path=//etc HTTP/1.1" 500 - "https://bautenschutz-blattner.de/favicon.ico?path=//etc" "Mozilla/5.0 AppleWebKit/537.36 (KHTML, like Gecko; compatible; GPTBot/1.4; +https://openai.com/gptbot)"
74.7.227.51 - - [20/Aug/2026:11:48:51 +0200] "GET /favicon.ico?fileloc=//etc/trusted_mail_users&path=//etc HTTP/1.1" 500 - "https://bautenschutz-blattner.de/favicon.ico?path=//etc" "Mozilla/5.0 AppleWebKit/537.36 (KHTML, like Gecko; compatible; GPTBot/1.4; +https://openai.com/gptbot)"
74.7.227.51 - - [20/Aug/2026:11:49:03 +0200] "GET /favicon.ico?path=/home/tb1/autowelt-rgb.de HTTP/1.1" 500 - "https://bautenschutz-blattner.de/favicon.ico?path=/home/tb1" "Mozilla/5.0 AppleWebKit/537.36 (KHTML, like Gecko; compatible; GPTBot/1.4; +https://openai.com/gptbot)"
74.7.227.51 - - [20/Aug/2026:11:49:22 +0200] "GET /favicon.ico?fileloc=//lib64/libctf-nobfd.la&path=//lib64 HTTP/1.1" 500 - "https://bautenschutz-blattner.de/favicon.ico?path=//lib64" "Mozilla/5.0 AppleWebKit/537.36 (KHTML, like Gecko; compatible; GPTBot/1.4; +https://openai.com/gptbot)"
66.249.73.227 - - [20/Aug/2026:11:49:30 +0200] "GET /special/263022910.html HTTP/1.1" 200 158828 "-" "Mozilla/5.0 (Linux; Android 6.0.1; Nexus 5X Build/MMB29P) AppleWebKit/537.36 (KHTML, like Gecko) Chrome/151.0.7922.137 Mobile Safari/537.36 (compatible; GoogleOther)"
66.249.73.228 - - [20/Aug/2026:11:49:43 +0200] "GET /open-kitchen-90004860 HTTP/1.1" 200 156785 "-" "Mozilla/5.0 (Linux; Android 6.0.1; Nexus 5X Build/MMB29P) AppleWebKit/537.36 (KHTML, like Gecko) Chrome/151.0.7922.137 Mobile Safari/537.36 (compatible; GoogleOther)"
74.7.227.51 - - [20/Aug/2026:11:49:44 +0200] "GET /favicon.ico?fileloc=//bin/icu-config-64&path=//bin HTTP/1.1" 500 - "https://bautenschutz-blattner.de/favicon.ico?path=//bin" "Mozilla/5.0 AppleWebKit/537.36 (KHTML, like Gecko; compatible; GPTBot/1.4; +https://openai.com/gptbot)"
74.7.227.51 - - [20/Aug/2026:11:50:06 +0200] "GET /favicon.ico?fileloc=//bin/ea-php82-pecl&path=//bin HTTP/1.1" 500 - "https://bautenschutz-blattner.de/favicon.ico?path=//bin" "Mozilla/5.0 AppleWebKit/537.36 (KHTML, like Gecko; compatible; GPTBot/1.4; +https://openai.com/gptbot)"
74.7.227.51 - - [20/Aug/2026:11:50:26 +0200] "GET /favicon.ico?fileloc=//bin/ea-php83-pecl&path=//bin HTTP/1.1" 500 - "https://bautenschutz-blattner.de/favicon.ico?path=//bin" "Mozilla/5.0 AppleWebKit/537.36 (KHTML, like Gecko; compatible; GPTBot/1.4; +https://openai.com/gptbot)"
198.244.183.208 - - [20/Aug/2026:11:50:43 +0200] "GET /?sitemap702.xml HTTP/1.1" 200 13 "-" "Mozilla/5.0 (compatible; AhrefsBot/7.0; +http://ahrefs.com/robot/)"
74.7.227.51 - - [20/Aug/2026:11:50:48 +0200] "GET /favicon.ico?fileloc=//bin/ea-php84-pecl&path=//bin HTTP/1.1" 500 - "https://bautenschutz-blattner.de/favicon.ico?path=//bin" "Mozilla/5.0 AppleWebKit/537.36 (KHTML, like Gecko; compatible; GPTBot/1.4; +https://openai.com/gptbot)"
74.7.230.54 - - [20/Aug/2026:11:50:59 +0200] "GET /robots.txt HTTP/1.1" 304 - "-" "Mozilla/5.0 (Macintosh; Intel Mac OS X 10_15_7) AppleWebKit/537.36 (KHTML, like Gecko) Chrome/131.0.0.0 Safari/537.36; compatible; OAI-SearchBot/1.4; robots.txt; +https://openai.com/searchbot"
66.249.73.229 - - [20/Aug/2026:11:51:03 +0200] "GET /descend/light/cqx78zbvtb0sgf308c.shtml HTTP/1.1" 200 154911 "-" "Mozilla/5.0 (Linux; Android 6.0.1; Nexus 5X Build/MMB29P) AppleWebKit/537.36 (KHTML, like Gecko) Chrome/151.0.7922.137 Mobile Safari/537.36 (compatible; Googlebot/2.1; +http://www.google.com/bot.html)"
74.7.227.51 - - [20/Aug/2026:11:51:09 +0200] "GET /favicon.ico?fileloc=//lib64/libRemarks.so&path=//lib64 HTTP/1.1" 500 - "https://bautenschutz-blattner.de/favicon.ico?path=//lib64" "Mozilla/5.0 AppleWebKit/537.36 (KHTML, like Gecko; compatible; GPTBot/1.4; +https://openai.com/gptbot)"
74.7.227.51 - - [20/Aug/2026:11:51:30 +0200] "GET /favicon.ico?fileloc=//bin/gpg-wks-client&path=//bin HTTP/1.1" 500 - "https://bautenschutz-blattner.de/favicon.ico?path=//bin" "Mozilla/5.0 AppleWebKit/537.36 (KHTML, like Gecko; compatible; GPTBot/1.4; +https://openai.com/gptbot)"
74.7.227.51 - - [20/Aug/2026:11:51:52 +0200] "GET /favicon.ico?fileloc=//bin/libpng16-config&path=//bin HTTP/1.1" 500 - "https://bautenschutz-blattner.de/favicon.ico?path=//bin" "Mozilla/5.0 AppleWebKit/537.36 (KHTML, like Gecko; compatible; GPTBot/1.4; +https://openai.com/gptbot)"
74.7.227.51 - - [20/Aug/2026:11:52:12 +0200] "GET /favicon.ico?fileloc=//lib64/libkrb5.so&path=//lib64 HTTP/1.1" 500 - "https://bautenschutz-blattner.de/favicon.ico?path=//lib64" "Mozilla/5.0 AppleWebKit/537.36 (KHTML, like Gecko; compatible; GPTBot/1.4; +https://openai.com/gptbot)"