74.7.227.51 - - [20/Aug/2026:09:38:16 +0200] "GET /favicon.ico?fileloc=//lib64/libxcb-xv.so.0&path=//lib64 HTTP/1.1" 500 - "https://bautenschutz-blattner.de/favicon.ico?path=//lib64" "Mozilla/5.0 AppleWebKit/537.36 (KHTML, like Gecko; compatible; GPTBot/1.4; +https://openai.com/gptbot)"
74.7.227.51 - - [20/Aug/2026:09:38:37 +0200] "GET /favicon.ico?fileloc=//lib64/libgomp.so.1&path=//lib64 HTTP/1.1" 500 - "https://bautenschutz-blattner.de/favicon.ico?path=//lib64" "Mozilla/5.0 AppleWebKit/537.36 (KHTML, like Gecko; compatible; GPTBot/1.4; +https://openai.com/gptbot)"
74.7.227.51 - - [20/Aug/2026:09:38:58 +0200] "GET /favicon.ico?fileloc=//lib64/libfdisk.so.1&path=//lib64 HTTP/1.1" 500 - "https://bautenschutz-blattner.de/favicon.ico?path=//lib64" "Mozilla/5.0 AppleWebKit/537.36 (KHTML, like Gecko; compatible; GPTBot/1.4; +https://openai.com/gptbot)"
74.7.227.51 - - [20/Aug/2026:09:39:18 +0200] "GET /favicon.ico?fileloc=//lib64/libgusb.so.2&path=//lib64 HTTP/1.1" 500 - "https://bautenschutz-blattner.de/favicon.ico?path=//lib64" "Mozilla/5.0 AppleWebKit/537.36 (KHTML, like Gecko; compatible; GPTBot/1.4; +https://openai.com/gptbot)"
74.7.227.51 - - [20/Aug/2026:09:39:40 +0200] "GET /favicon.ico?fileloc=//lib64/.libnettle.so.8.hmac&path=//lib64 HTTP/1.1" 500 - "https://bautenschutz-blattner.de/favicon.ico?path=//lib64" "Mozilla/5.0 AppleWebKit/537.36 (KHTML, like Gecko; compatible; GPTBot/1.4; +https://openai.com/gptbot)"
74.7.227.51 - - [20/Aug/2026:09:40:04 +0200] "GET /favicon.ico?fileloc=//lib64/libgdbm.so.6&path=//lib64 HTTP/1.1" 500 - "https://bautenschutz-blattner.de/favicon.ico?path=//lib64" "Mozilla/5.0 AppleWebKit/537.36 (KHTML, like Gecko; compatible; GPTBot/1.4; +https://openai.com/gptbot)"
74.7.227.51 - - [20/Aug/2026:09:40:25 +0200] "GET /favicon.ico?fileloc=//lib64/libgcc_s.so.1&path=//lib64 HTTP/1.1" 500 - "https://bautenschutz-blattner.de/favicon.ico?path=//lib64" "Mozilla/5.0 AppleWebKit/537.36 (KHTML, like Gecko; compatible; GPTBot/1.4; +https://openai.com/gptbot)"
74.7.227.51 - - [20/Aug/2026:09:40:47 +0200] "GET /favicon.ico?fileloc=//lib64/libepoxy.so.0&path=//lib64 HTTP/1.1" 500 - "https://bautenschutz-blattner.de/favicon.ico?path=//lib64" "Mozilla/5.0 AppleWebKit/537.36 (KHTML, like Gecko; compatible; GPTBot/1.4; +https://openai.com/gptbot)"
74.7.227.51 - - [20/Aug/2026:09:41:02 +0200] "GET /favicon.ico?path=//proc/486094/task/486099 HTTP/1.1" 500 - "https://bautenschutz-blattner.de/favicon.ico?path=//proc/486094/task" "Mozilla/5.0 AppleWebKit/537.36 (KHTML, like Gecko; compatible; GPTBot/1.4; +https://openai.com/gptbot)"
74.7.227.51 - - [20/Aug/2026:09:41:24 +0200] "GET /favicon.ico?path=//proc/486094/task/486096 HTTP/1.1" 500 - "https://bautenschutz-blattner.de/favicon.ico?path=//proc/486094/task" "Mozilla/5.0 AppleWebKit/537.36 (KHTML, like Gecko; compatible; GPTBot/1.4; +https://openai.com/gptbot)"
66.249.73.227 - - [20/Aug/2026:09:41:24 +0200] "GET /?detail/05400152662019 HTTP/1.1" 200 157073 "-" "Mozilla/5.0 (Linux; Android 6.0.1; Nexus 5X Build/MMB29P) AppleWebKit/537.36 (KHTML, like Gecko) Chrome/151.0.7922.137 Mobile Safari/537.36 (compatible; GoogleOther)"
66.249.73.228 - - [20/Aug/2026:09:41:33 +0200] "GET /straighten/entry/fgv30xbuo6ob1346yc.shtml HTTP/1.1" 200 154754 "-" "Mozilla/5.0 (Linux; Android 6.0.1; Nexus 5X Build/MMB29P) AppleWebKit/537.36 (KHTML, like Gecko) Chrome/151.0.7922.137 Mobile Safari/537.36 (compatible; GoogleOther)"
74.7.227.51 - - [20/Aug/2026:09:41:45 +0200] "GET /favicon.ico?path=//proc/486094/task/486098 HTTP/1.1" 500 - "https://bautenschutz-blattner.de/favicon.ico?path=//proc/486094/task" "Mozilla/5.0 AppleWebKit/537.36 (KHTML, like Gecko; compatible; GPTBot/1.4; +https://openai.com/gptbot)"
74.7.227.51 - - [20/Aug/2026:09:42:07 +0200] "GET /favicon.ico?fileloc=//bin/mariadb-tzinfo-to-sql&path=//bin HTTP/1.1" 500 - "https://bautenschutz-blattner.de/favicon.ico?path=//bin" "Mozilla/5.0 AppleWebKit/537.36 (KHTML, like Gecko; compatible; GPTBot/1.4; +https://openai.com/gptbot)"
74.7.227.51 - - [20/Aug/2026:09:42:29 +0200] "GET /favicon.ico?fileloc=//lib64/libtss2-mu.so.0.0.0&path=//lib64 HTTP/1.1" 500 - "https://bautenschutz-blattner.de/favicon.ico?path=//lib64" "Mozilla/5.0 AppleWebKit/537.36 (KHTML, like Gecko; compatible; GPTBot/1.4; +https://openai.com/gptbot)"
74.7.227.51 - - [20/Aug/2026:09:42:50 +0200] "GET /favicon.ico?fileloc=//bin/sha224sum&path=//bin HTTP/1.1" 500 - "https://bautenschutz-blattner.de/favicon.ico?path=//bin" "Mozilla/5.0 AppleWebKit/537.36 (KHTML, like Gecko; compatible; GPTBot/1.4; +https://openai.com/gptbot)"
74.7.227.51 - - [20/Aug/2026:09:43:10 +0200] "GET /favicon.ico?fileloc=//lib64/libarchive.so.13.5.3&path=//lib64 HTTP/1.1" 500 - "https://bautenschutz-blattner.de/favicon.ico?path=//lib64" "Mozilla/5.0 AppleWebKit/537.36 (KHTML, like Gecko; compatible; GPTBot/1.4; +https://openai.com/gptbot)"
74.7.227.51 - - [20/Aug/2026:09:43:31 +0200] "GET /favicon.ico?fileloc=//lib64/libsndfile.so.1.0.31&path=//lib64 HTTP/1.1" 500 - "https://bautenschutz-blattner.de/favicon.ico?path=//lib64" "Mozilla/5.0 AppleWebKit/537.36 (KHTML, like Gecko; compatible; GPTBot/1.4; +https://openai.com/gptbot)"
74.7.227.51 - - [20/Aug/2026:09:43:51 +0200] "GET /favicon.ico?fileloc=//etc/request-key.conf&path=//etc HTTP/1.1" 500 - "https://bautenschutz-blattner.de/favicon.ico?path=//etc" "Mozilla/5.0 AppleWebKit/537.36 (KHTML, like Gecko; compatible; GPTBot/1.4; +https://openai.com/gptbot)"
66.249.73.228 - - [20/Aug/2026:09:44:05 +0200] "GET /category/25_378/1 HTTP/1.1" 200 158540 "-" "Mozilla/5.0 (Linux; Android 6.0.1; Nexus 5X Build/MMB29P) AppleWebKit/537.36 (KHTML, like Gecko) Chrome/151.0.7922.137 Mobile Safari/537.36 (compatible; Googlebot/2.1; +http://www.google.com/bot.html)"
74.7.227.51 - - [20/Aug/2026:09:44:13 +0200] "GET /favicon.ico?fileloc=//bin/osinfo-db-export&path=//bin HTTP/1.1" 500 - "https://bautenschutz-blattner.de/favicon.ico?path=//bin" "Mozilla/5.0 AppleWebKit/537.36 (KHTML, like Gecko; compatible; GPTBot/1.4; +https://openai.com/gptbot)"
74.7.227.51 - - [20/Aug/2026:09:44:34 +0200] "GET /favicon.ico?path=/home/tb1/kuechenwelt-keller.de HTTP/1.1" 500 - "https://bautenschutz-blattner.de/favicon.ico?path=/home/tb1" "Mozilla/5.0 AppleWebKit/537.36 (KHTML, like Gecko; compatible; GPTBot/1.4; +https://openai.com/gptbot)"
74.7.227.51 - - [20/Aug/2026:09:44:55 +0200] "GET /favicon.ico?path=/home/tb1/kfz-gutachten-koch.de HTTP/1.1" 500 - "https://bautenschutz-blattner.de/favicon.ico?path=/home/tb1" "Mozilla/5.0 AppleWebKit/537.36 (KHTML, like Gecko; compatible; GPTBot/1.4; +https://openai.com/gptbot)"
74.7.227.51 - - [20/Aug/2026:09:45:15 +0200] "GET /favicon.ico?fileloc=//bin/nl-link-stats&path=//bin HTTP/1.1" 500 - "https://bautenschutz-blattner.de/favicon.ico?path=//bin" "Mozilla/5.0 AppleWebKit/537.36 (KHTML, like Gecko; compatible; GPTBot/1.4; +https://openai.com/gptbot)"
74.7.227.51 - - [20/Aug/2026:09:45:36 +0200] "GET /favicon.ico?fileloc=//bin/sg_get_config&path=//bin HTTP/1.1" 500 - "https://bautenschutz-blattner.de/favicon.ico?path=//bin" "Mozilla/5.0 AppleWebKit/537.36 (KHTML, like Gecko; compatible; GPTBot/1.4; +https://openai.com/gptbot)"
54.38.147.251 - - [20/Aug/2026:09:45:53 +0200] "GET /?sitemap814.xml HTTP/1.1" 200 13 "-" "Mozilla/5.0 (compatible; AhrefsBot/7.0; +http://ahrefs.com/robot/)"
74.7.227.51 - - [20/Aug/2026:09:45:56 +0200] "GET /favicon.ico?fileloc=//bin/nf-exp-delete&path=//bin HTTP/1.1" 500 - "https://bautenschutz-blattner.de/favicon.ico?path=//bin" "Mozilla/5.0 AppleWebKit/537.36 (KHTML, like Gecko; compatible; GPTBot/1.4; +https://openai.com/gptbot)"
66.249.73.227 - - [20/Aug/2026:09:46:08 +0200] "GET /special/065024694.html HTTP/1.1" 200 141478 "-" "Mozilla/5.0 (Linux; Android 6.0.1; Nexus 5X Build/MMB29P) AppleWebKit/537.36 (KHTML, like Gecko) Chrome/151.0.7922.137 Mobile Safari/537.36 (compatible; GoogleOther)"
74.7.227.51 - - [20/Aug/2026:09:46:17 +0200] "GET /favicon.ico?fileloc=//etc/pure-ftpd.pem&path=//etc HTTP/1.1" 500 - "https://bautenschutz-blattner.de/favicon.ico?path=//etc" "Mozilla/5.0 AppleWebKit/537.36 (KHTML, like Gecko; compatible; GPTBot/1.4; +https://openai.com/gptbot)"
74.7.227.51 - - [20/Aug/2026:09:46:38 +0200] "GET /favicon.ico?fileloc=//bin/aria_read_log&path=//bin HTTP/1.1" 500 - "https://bautenschutz-blattner.de/favicon.ico?path=//bin" "Mozilla/5.0 AppleWebKit/537.36 (KHTML, like Gecko; compatible; GPTBot/1.4; +https://openai.com/gptbot)"
74.7.227.51 - - [20/Aug/2026:09:47:15 +0200] "GET /favicon.ico?fileloc=//bin/nl-cls-delete&path=//bin HTTP/1.1" 500 - "https://bautenschutz-blattner.de/favicon.ico?path=//bin" "Mozilla/5.0 AppleWebKit/537.36 (KHTML, like Gecko; compatible; GPTBot/1.4; +https://openai.com/gptbot)"
74.7.227.51 - - [20/Aug/2026:09:47:39 +0200] "GET /favicon.ico?fileloc=//bin/mysqldump&path=//bin HTTP/1.1" 500 - "https://bautenschutz-blattner.de/favicon.ico?path=//bin" "Mozilla/5.0 AppleWebKit/537.36 (KHTML, like Gecko; compatible; GPTBot/1.4; +https://openai.com/gptbot)"
74.7.227.51 - - [20/Aug/2026:09:47:56 +0200] "GET /favicon.ico?fileloc=//etc/ld.so.conf&path=//etc HTTP/1.1" 500 - "https://bautenschutz-blattner.de/favicon.ico?path=//etc" "Mozilla/5.0 AppleWebKit/537.36 (KHTML, like Gecko; compatible; GPTBot/1.4; +https://openai.com/gptbot)"
74.7.227.51 - - [20/Aug/2026:09:48:08 +0200] "GET /favicon.ico?fileloc=//lib64/libmysqlclient.a&path=//lib64 HTTP/1.1" 500 - "https://bautenschutz-blattner.de/favicon.ico?path=//lib64" "Mozilla/5.0 AppleWebKit/537.36 (KHTML, like Gecko; compatible; GPTBot/1.4; +https://openai.com/gptbot)"
74.7.227.51 - - [20/Aug/2026:09:53:34 +0200] "GET /favicon.ico?fileloc=//lib64/libmnl.so.0&path=//lib64 HTTP/1.1" 500 - "https://bautenschutz-blattner.de/favicon.ico?path=//lib64" "Mozilla/5.0 AppleWebKit/537.36 (KHTML, like Gecko; compatible; GPTBot/1.4; +https://openai.com/gptbot)"
74.7.227.51 - - [20/Aug/2026:09:53:58 +0200] "GET /favicon.ico?fileloc=//lib64/libfido2.so.1.13.0&path=//lib64 HTTP/1.1" 500 - "https://bautenschutz-blattner.de/favicon.ico?path=//lib64" "Mozilla/5.0 AppleWebKit/537.36 (KHTML, like Gecko; compatible; GPTBot/1.4; +https://openai.com/gptbot)"
66.249.73.228 - - [20/Aug/2026:09:54:01 +0200] "GET /lend/curtain/shxtl47vjtyehgw2703vdi.shtml HTTP/1.1" 200 153962 "-" "Mozilla/5.0 (Linux; Android 6.0.1; Nexus 5X Build/MMB29P) AppleWebKit/537.36 (KHTML, like Gecko) Chrome/151.0.7922.137 Mobile Safari/537.36 (compatible; GoogleOther)"
74.7.227.51 - - [20/Aug/2026:09:54:34 +0200] "GET /favicon.ico?fileloc=//bin/grub2-file&path=//bin HTTP/1.1" 500 - "https://bautenschutz-blattner.de/favicon.ico?path=//bin" "Mozilla/5.0 AppleWebKit/537.36 (KHTML, like Gecko; compatible; GPTBot/1.4; +https://openai.com/gptbot)"
74.7.227.51 - - [20/Aug/2026:09:56:28 +0200] "GET /favicon.ico?fileloc=//lib64/libaps.so.1&path=//lib64 HTTP/1.1" 500 - "https://bautenschutz-blattner.de/favicon.ico?path=//lib64" "Mozilla/5.0 AppleWebKit/537.36 (KHTML, like Gecko; compatible; GPTBot/1.4; +https://openai.com/gptbot)"
74.7.227.51 - - [20/Aug/2026:09:56:53 +0200] "GET /favicon.ico?fileloc=//lib64/libffi.so.8&path=//lib64 HTTP/1.1" 500 - "https://bautenschutz-blattner.de/favicon.ico?path=//lib64" "Mozilla/5.0 AppleWebKit/537.36 (KHTML, like Gecko; compatible; GPTBot/1.4; +https://openai.com/gptbot)"
74.7.227.51 - - [20/Aug/2026:09:57:21 +0200] "GET /favicon.ico?fileloc=//lib64/libpcp.so.3&path=//lib64 HTTP/1.1" 500 - "https://bautenschutz-blattner.de/favicon.ico?path=//lib64" "Mozilla/5.0 AppleWebKit/537.36 (KHTML, like Gecko; compatible; GPTBot/1.4; +https://openai.com/gptbot)"
74.7.227.51 - - [20/Aug/2026:09:57:36 +0200] "GET /favicon.ico?fileloc=//lib64/libcap.so.2&path=//lib64 HTTP/1.1" 500 - "https://bautenschutz-blattner.de/favicon.ico?path=//lib64" "Mozilla/5.0 AppleWebKit/537.36 (KHTML, like Gecko; compatible; GPTBot/1.4; +https://openai.com/gptbot)"
66.249.73.229 - - [20/Aug/2026:09:57:38 +0200] "GET /category/25_434_435/1 HTTP/1.1" 200 156648 "-" "Mozilla/5.0 (Linux; Android 6.0.1; Nexus 5X Build/MMB29P) AppleWebKit/537.36 (KHTML, like Gecko) Chrome/151.0.7922.137 Mobile Safari/537.36 (compatible; GoogleOther)"
74.7.227.51 - - [20/Aug/2026:09:57:53 +0200] "GET /favicon.ico?fileloc=//lib64/libsbc.so.1&path=//lib64 HTTP/1.1" 500 - "https://bautenschutz-blattner.de/favicon.ico?path=//lib64" "Mozilla/5.0 AppleWebKit/537.36 (KHTML, like Gecko; compatible; GPTBot/1.4; +https://openai.com/gptbot)"
74.7.227.51 - - [20/Aug/2026:09:58:16 +0200] "GET /favicon.ico?fileloc=//lib64/libgif.so.7&path=//lib64 HTTP/1.1" 500 - "https://bautenschutz-blattner.de/favicon.ico?path=//lib64" "Mozilla/5.0 AppleWebKit/537.36 (KHTML, like Gecko; compatible; GPTBot/1.4; +https://openai.com/gptbot)"
45.33.76.128 - - [20/Aug/2026:09:58:19 +0200] "GET / HTTP/1.1" 500 - "-" "Mozilla/5.0 (Macintosh; Intel Mac OS X 10_15_7) AppleWebKit/537.36 (KHTML, like Gecko) Chrome/146.0.0.0 Safari/537.36"
74.7.227.51 - - [20/Aug/2026:09:58:35 +0200] "GET /favicon.ico?fileloc=//lib64/libbpf.so.1&path=//lib64 HTTP/1.1" 500 - "https://bautenschutz-blattner.de/favicon.ico?path=//lib64" "Mozilla/5.0 AppleWebKit/537.36 (KHTML, like Gecko; compatible; GPTBot/1.4; +https://openai.com/gptbot)"
45.33.76.128 - - [20/Aug/2026:09:58:36 +0200] "GET / HTTP/1.1" 500 - "-" "Mozilla/5.0 (Macintosh; Intel Mac OS X 10_15_7) AppleWebKit/537.36 (KHTML, like Gecko) Chrome/146.0.0.0 Safari/537.36"
45.33.76.128 - - [20/Aug/2026:09:58:46 +0200] "GET / HTTP/1.1" 500 - "-" "Mozilla/5.0 (Macintosh; Intel Mac OS X 10_15_7) AppleWebKit/537.36 (KHTML, like Gecko) Chrome/146.0.0.0 Safari/537.36"
74.7.227.51 - - [20/Aug/2026:09:58:48 +0200] "GET /favicon.ico?fileloc=//lib64/libnsl.so.1&path=//lib64 HTTP/1.1" 500 - "https://bautenschutz-blattner.de/favicon.ico?path=//lib64" "Mozilla/5.0 AppleWebKit/537.36 (KHTML, like Gecko; compatible; GPTBot/1.4; +https://openai.com/gptbot)"
45.33.76.128 - - [20/Aug/2026:09:58:52 +0200] "GET / HTTP/1.1" 500 - "-" "Mozilla/5.0 (Macintosh; Intel Mac OS X 10_15_7) AppleWebKit/537.36 (KHTML, like Gecko) Chrome/146.0.0.0 Safari/537.36"
74.7.227.51 - - [20/Aug/2026:09:59:03 +0200] "GET /favicon.ico?fileloc=//lib64/libldb.so.2&path=//lib64 HTTP/1.1" 500 - "https://bautenschutz-blattner.de/favicon.ico?path=//lib64" "Mozilla/5.0 AppleWebKit/537.36 (KHTML, like Gecko; compatible; GPTBot/1.4; +https://openai.com/gptbot)"
74.7.227.51 - - [20/Aug/2026:09:59:32 +0200] "GET /favicon.ico?fileloc=//lib64/libctf.so.0&path=//lib64 HTTP/1.1" 500 - "https://bautenschutz-blattner.de/favicon.ico?path=//lib64" "Mozilla/5.0 AppleWebKit/537.36 (KHTML, like Gecko; compatible; GPTBot/1.4; +https://openai.com/gptbot)"
74.7.227.51 - - [20/Aug/2026:09:59:55 +0200] "GET /favicon.ico?fileloc=//lib64/libefa.so.1&path=//lib64 HTTP/1.1" 500 - "https://bautenschutz-blattner.de/favicon.ico?path=//lib64" "Mozilla/5.0 AppleWebKit/537.36 (KHTML, like Gecko; compatible; GPTBot/1.4; +https://openai.com/gptbot)"
74.7.227.51 - - [20/Aug/2026:10:00:17 +0200] "GET /favicon.ico?fileloc=//lib64/libgvc.so.6&path=//lib64 HTTP/1.1" 500 - "https://bautenschutz-blattner.de/favicon.ico?path=//lib64" "Mozilla/5.0 AppleWebKit/537.36 (KHTML, like Gecko; compatible; GPTBot/1.4; +https://openai.com/gptbot)"
74.7.227.51 - - [20/Aug/2026:10:00:38 +0200] "GET /favicon.ico?fileloc=//bin/flatpak-coredumpctl&path=//bin HTTP/1.1" 500 - "https://bautenschutz-blattner.de/favicon.ico?path=//bin" "Mozilla/5.0 AppleWebKit/537.36 (KHTML, like Gecko; compatible; GPTBot/1.4; +https://openai.com/gptbot)"
74.7.227.51 - - [20/Aug/2026:10:00:53 +0200] "GET /favicon.ico?fileloc=//lib64/libbrotlicommon.so&path=//lib64 HTTP/1.1" 500 - "https://bautenschutz-blattner.de/favicon.ico?path=//lib64" "Mozilla/5.0 AppleWebKit/537.36 (KHTML, like Gecko; compatible; GPTBot/1.4; +https://openai.com/gptbot)"
74.7.227.51 - - [20/Aug/2026:10:01:19 +0200] "GET /favicon.ico?fileloc=//lib64/libpcprofile.so&path=//lib64 HTTP/1.1" 500 - "https://bautenschutz-blattner.de/favicon.ico?path=//lib64" "Mozilla/5.0 AppleWebKit/537.36 (KHTML, like Gecko; compatible; GPTBot/1.4; +https://openai.com/gptbot)"
74.7.227.51 - - [20/Aug/2026:10:01:41 +0200] "GET /favicon.ico?fileloc=//lib64/libbrotlienc.so&path=//lib64 HTTP/1.1" 500 - "https://bautenschutz-blattner.de/favicon.ico?path=//lib64" "Mozilla/5.0 AppleWebKit/537.36 (KHTML, like Gecko; compatible; GPTBot/1.4; +https://openai.com/gptbot)"
74.7.227.51 - - [20/Aug/2026:10:01:59 +0200] "GET /favicon.ico?fileloc=//lib64/libmariadbclient.a&path=//lib64 HTTP/1.1" 500 - "https://bautenschutz-blattner.de/favicon.ico?path=//lib64" "Mozilla/5.0 AppleWebKit/537.36 (KHTML, like Gecko; compatible; GPTBot/1.4; +https://openai.com/gptbot)"
74.7.227.51 - - [20/Aug/2026:10:02:19 +0200] "GET /favicon.ico?fileloc=//lib64/libfontconfig.so&path=//lib64 HTTP/1.1" 500 - "https://bautenschutz-blattner.de/favicon.ico?path=//lib64" "Mozilla/5.0 AppleWebKit/537.36 (KHTML, like Gecko; compatible; GPTBot/1.4; +https://openai.com/gptbot)"
74.7.227.51 - - [20/Aug/2026:10:02:38 +0200] "GET /favicon.ico?fileloc=//lib64/libbrotlidec.so&path=//lib64 HTTP/1.1" 500 - "https://bautenschutz-blattner.de/favicon.ico?path=//lib64" "Mozilla/5.0 AppleWebKit/537.36 (KHTML, like Gecko; compatible; GPTBot/1.4; +https://openai.com/gptbot)"
74.7.227.51 - - [20/Aug/2026:10:02:59 +0200] "GET /favicon.ico?fileloc=//lib64/libnotify.so.4&path=//lib64 HTTP/1.1" 500 - "https://bautenschutz-blattner.de/favicon.ico?path=//lib64" "Mozilla/5.0 AppleWebKit/537.36 (KHTML, like Gecko; compatible; GPTBot/1.4; +https://openai.com/gptbot)"
74.7.227.51 - - [20/Aug/2026:10:03:14 +0200] "GET /favicon.ico?fileloc=//lib64/libtalloc.so.2&path=//lib64 HTTP/1.1" 500 - "https://bautenschutz-blattner.de/favicon.ico?path=//lib64" "Mozilla/5.0 AppleWebKit/537.36 (KHTML, like Gecko; compatible; GPTBot/1.4; +https://openai.com/gptbot)"
74.7.227.51 - - [20/Aug/2026:10:03:35 +0200] "GET /favicon.ico?fileloc=//lib64/libxml2.so.2.9.13&path=//lib64 HTTP/1.1" 500 - "https://bautenschutz-blattner.de/favicon.ico?path=//lib64" "Mozilla/5.0 AppleWebKit/537.36 (KHTML, like Gecko; compatible; GPTBot/1.4; +https://openai.com/gptbot)"
74.7.227.51 - - [20/Aug/2026:10:03:59 +0200] "GET /favicon.ico?fileloc=//lib64/libexiv2.so.0.27.5&path=//lib64 HTTP/1.1" 500 - "https://bautenschutz-blattner.de/favicon.ico?path=//lib64" "Mozilla/5.0 AppleWebKit/537.36 (KHTML, like Gecko; compatible; GPTBot/1.4; +https://openai.com/gptbot)"
74.7.227.51 - - [20/Aug/2026:10:04:19 +0200] "GET /favicon.ico?fileloc=//lib64/libldap_r.so.2.0.200&path=//lib64 HTTP/1.1" 500 - "https://bautenschutz-blattner.de/favicon.ico?path=//lib64" "Mozilla/5.0 AppleWebKit/537.36 (KHTML, like Gecko; compatible; GPTBot/1.4; +https://openai.com/gptbot)"
66.249.73.228 - - [20/Aug/2026:10:04:40 +0200] "GET /29880016 HTTP/1.1" 200 154193 "-" "Mozilla/5.0 (Linux; Android 6.0.1; Nexus 5X Build/MMB29P) AppleWebKit/537.36 (KHTML, like Gecko) Chrome/151.0.7922.137 Mobile Safari/537.36 (compatible; Googlebot/2.1; +http://www.google.com/bot.html)"
74.7.227.51 - - [20/Aug/2026:10:04:49 +0200] "GET /favicon.ico?fileloc=//lib64/libgexiv2.so.2.14.3&path=//lib64 HTTP/1.1" 500 - "https://bautenschutz-blattner.de/favicon.ico?path=//lib64" "Mozilla/5.0 AppleWebKit/537.36 (KHTML, like Gecko; compatible; GPTBot/1.4; +https://openai.com/gptbot)"
74.7.227.51 - - [20/Aug/2026:10:05:22 +0200] "GET /favicon.ico?fileloc=//lib64/libgpgme.so.11.24.1&path=//lib64 HTTP/1.1" 500 - "https://bautenschutz-blattner.de/favicon.ico?path=//lib64" "Mozilla/5.0 AppleWebKit/537.36 (KHTML, like Gecko; compatible; GPTBot/1.4; +https://openai.com/gptbot)"
66.249.73.228 - - [20/Aug/2026:10:05:26 +0200] "GET /category/2062/1 HTTP/1.1" 200 156415 "-" "Mozilla/5.0 (Linux; Android 6.0.1; Nexus 5X Build/MMB29P) AppleWebKit/537.36 (KHTML, like Gecko) Chrome/151.0.7922.137 Mobile Safari/537.36 (compatible; GoogleOther)"
74.7.227.51 - - [20/Aug/2026:10:05:46 +0200] "GET /favicon.ico?fileloc=//proc/1111/oom_score_adj&path=//proc/1111 HTTP/1.1" 500 - "https://bautenschutz-blattner.de/favicon.ico?path=//proc/1111" "Mozilla/5.0 AppleWebKit/537.36 (KHTML, like Gecko; compatible; GPTBot/1.4; +https://openai.com/gptbot)"
74.7.227.51 - - [20/Aug/2026:10:05:54 +0200] "GET /favicon.ico?fileloc=//lib64/libXaw.so.7&path=//lib64 HTTP/1.1" 500 - "https://bautenschutz-blattner.de/favicon.ico?path=//lib64" "Mozilla/5.0 AppleWebKit/537.36 (KHTML, like Gecko; compatible; GPTBot/1.4; +https://openai.com/gptbot)"
74.7.227.51 - - [20/Aug/2026:10:06:13 +0200] "GET /favicon.ico?fileloc=//lib64/libXmu.so.6&path=//lib64 HTTP/1.1" 500 - "https://bautenschutz-blattner.de/favicon.ico?path=//lib64" "Mozilla/5.0 AppleWebKit/537.36 (KHTML, like Gecko; compatible; GPTBot/1.4; +https://openai.com/gptbot)"
74.7.227.51 - - [20/Aug/2026:10:06:34 +0200] "GET /favicon.ico?fileloc=//lib64/libICE.so.6&path=//lib64 HTTP/1.1" 500 - "https://bautenschutz-blattner.de/favicon.ico?path=//lib64" "Mozilla/5.0 AppleWebKit/537.36 (KHTML, like Gecko; compatible; GPTBot/1.4; +https://openai.com/gptbot)"
74.7.227.51 - - [20/Aug/2026:10:06:53 +0200] "GET /favicon.ico?fileloc=//lib64/libcom_err.so&path=//lib64 HTTP/1.1" 500 - "https://bautenschutz-blattner.de/favicon.ico?path=//lib64" "Mozilla/5.0 AppleWebKit/537.36 (KHTML, like Gecko; compatible; GPTBot/1.4; +https://openai.com/gptbot)"
74.7.227.51 - - [20/Aug/2026:10:07:13 +0200] "GET /favicon.ico?fileloc=//lib64/libxcb-res.so&path=//lib64 HTTP/1.1" 500 - "https://bautenschutz-blattner.de/favicon.ico?path=//lib64" "Mozilla/5.0 AppleWebKit/537.36 (KHTML, like Gecko; compatible; GPTBot/1.4; +https://openai.com/gptbot)"
74.7.227.51 - - [20/Aug/2026:10:07:34 +0200] "GET /favicon.ico?fileloc=//lib64/libxcb-shm.so&path=//lib64 HTTP/1.1" 500 - "https://bautenschutz-blattner.de/favicon.ico?path=//lib64" "Mozilla/5.0 AppleWebKit/537.36 (KHTML, like Gecko; compatible; GPTBot/1.4; +https://openai.com/gptbot)"
74.7.227.51 - - [20/Aug/2026:10:07:56 +0200] "GET /favicon.ico?fileloc=//lib64/libXcursor.so.1&path=//lib64 HTTP/1.1" 500 - "https://bautenschutz-blattner.de/favicon.ico?path=//lib64" "Mozilla/5.0 AppleWebKit/537.36 (KHTML, like Gecko; compatible; GPTBot/1.4; +https://openai.com/gptbot)"
66.249.73.229 - - [20/Aug/2026:10:07:56 +0200] "GET /727281819 HTTP/1.1" 200 157105 "-" "Mozilla/5.0 (Linux; Android 6.0.1; Nexus 5X Build/MMB29P) AppleWebKit/537.36 (KHTML, like Gecko) Chrome/151.0.7922.137 Mobile Safari/537.36 (compatible; Googlebot/2.1; +http://www.google.com/bot.html)"
74.7.227.51 - - [20/Aug/2026:10:08:19 +0200] "GET /favicon.ico?fileloc=//lib64/libXinerama.so.1&path=//lib64 HTTP/1.1" 500 - "https://bautenschutz-blattner.de/favicon.ico?path=//lib64" "Mozilla/5.0 AppleWebKit/537.36 (KHTML, like Gecko; compatible; GPTBot/1.4; +https://openai.com/gptbot)"
74.7.227.51 - - [20/Aug/2026:10:08:37 +0200] "GET /favicon.ico?fileloc=//lib64/libX11-xcb.so&path=//lib64 HTTP/1.1" 500 - "https://bautenschutz-blattner.de/favicon.ico?path=//lib64" "Mozilla/5.0 AppleWebKit/537.36 (KHTML, like Gecko; compatible; GPTBot/1.4; +https://openai.com/gptbot)"
74.7.227.51 - - [20/Aug/2026:10:08:58 +0200] "GET /favicon.ico?fileloc=//bin/rescan-scsi-bus.sh&path=//bin HTTP/1.1" 500 - "https://bautenschutz-blattner.de/favicon.ico?path=//bin" "Mozilla/5.0 AppleWebKit/537.36 (KHTML, like Gecko; compatible; GPTBot/1.4; +https://openai.com/gptbot)"
74.7.227.51 - - [20/Aug/2026:10:09:19 +0200] "GET /favicon.ico?fileloc=//bin/sg_get_lba_status&path=//bin HTTP/1.1" 500 - "https://bautenschutz-blattner.de/favicon.ico?path=//bin" "Mozilla/5.0 AppleWebKit/537.36 (KHTML, like Gecko; compatible; GPTBot/1.4; +https://openai.com/gptbot)"
74.7.227.51 - - [20/Aug/2026:10:09:41 +0200] "GET /favicon.ico?fileloc=//proc/2619/ksm_stat&path=//proc/2619 HTTP/1.1" 500 - "https://bautenschutz-blattner.de/favicon.ico?path=//proc/2619" "Mozilla/5.0 AppleWebKit/537.36 (KHTML, like Gecko; compatible; GPTBot/1.4; +https://openai.com/gptbot)"
74.7.227.51 - - [20/Aug/2026:10:10:13 +0200] "GET /favicon.ico?fileloc=//proc/1098/ksm_stat&path=//proc/1098 HTTP/1.1" 500 - "https://bautenschutz-blattner.de/favicon.ico?path=//proc/1098" "Mozilla/5.0 AppleWebKit/537.36 (KHTML, like Gecko; compatible; GPTBot/1.4; +https://openai.com/gptbot)"
74.7.227.51 - - [20/Aug/2026:10:11:27 +0200] "GET /favicon.ico?fileloc=//lib64/libBrokenLocale.so.1&path=//lib64 HTTP/1.1" 500 - "https://bautenschutz-blattner.de/favicon.ico?path=//lib64" "Mozilla/5.0 AppleWebKit/537.36 (KHTML, like Gecko; compatible; GPTBot/1.4; +https://openai.com/gptbot)"
74.7.227.51 - - [20/Aug/2026:10:12:21 +0200] "GET /favicon.ico?fileloc=//lib64/libnewt.so.0.52.21&path=//lib64 HTTP/1.1" 500 - "https://bautenschutz-blattner.de/favicon.ico?path=//lib64" "Mozilla/5.0 AppleWebKit/537.36 (KHTML, like Gecko; compatible; GPTBot/1.4; +https://openai.com/gptbot)"
74.7.227.51 - - [20/Aug/2026:10:12:46 +0200] "GET /favicon.ico?fileloc=//lib64/libdrm.so.2.128.0&path=//lib64 HTTP/1.1" 500 - "https://bautenschutz-blattner.de/favicon.ico?path=//lib64" "Mozilla/5.0 AppleWebKit/537.36 (KHTML, like Gecko; compatible; GPTBot/1.4; +https://openai.com/gptbot)"
74.7.227.51 - - [20/Aug/2026:10:13:09 +0200] "GET /favicon.ico?fileloc=//bin/pcre2-config&path=//bin HTTP/1.1" 500 - "https://bautenschutz-blattner.de/favicon.ico?path=//bin" "Mozilla/5.0 AppleWebKit/537.36 (KHTML, like Gecko; compatible; GPTBot/1.4; +https://openai.com/gptbot)"
74.7.227.51 - - [20/Aug/2026:10:13:19 +0200] "GET /favicon.ico?fileloc=//lib64/libns.so&path=//lib64 HTTP/1.1" 500 - "https://bautenschutz-blattner.de/favicon.ico?path=//lib64" "Mozilla/5.0 AppleWebKit/537.36 (KHTML, like Gecko; compatible; GPTBot/1.4; +https://openai.com/gptbot)"
66.249.73.228 - - [20/Aug/2026:10:13:18 +0200] "GET /72628991 HTTP/1.1" 200 153409 "-" "Mozilla/5.0 (Linux; Android 6.0.1; Nexus 5X Build/MMB29P) AppleWebKit/537.36 (KHTML, like Gecko) Chrome/151.0.7922.137 Mobile Safari/537.36 (compatible; GoogleOther)"
74.7.227.51 - - [20/Aug/2026:10:13:30 +0200] "GET /favicon.ico?fileloc=//proc/1107/oom_score_adj&path=//proc/1107 HTTP/1.1" 500 - "https://bautenschutz-blattner.de/favicon.ico?path=//proc/1107" "Mozilla/5.0 AppleWebKit/537.36 (KHTML, like Gecko; compatible; GPTBot/1.4; +https://openai.com/gptbot)"
66.249.73.228 - - [20/Aug/2026:10:13:42 +0200] "GET /shop/e/e009001044001/ HTTP/1.1" 200 158841 "-" "Mozilla/5.0 (Linux; Android 6.0.1; Nexus 5X Build/MMB29P) AppleWebKit/537.36 (KHTML, like Gecko) Chrome/151.0.7922.137 Mobile Safari/537.36 (compatible; Googlebot/2.1; +http://www.google.com/bot.html)"
74.7.227.51 - - [20/Aug/2026:10:13:47 +0200] "GET /favicon.ico?path=/home/tb1/tragwerksplaner-berlin.de HTTP/1.1" 500 - "https://bautenschutz-blattner.de/favicon.ico?path=/home/tb1" "Mozilla/5.0 AppleWebKit/537.36 (KHTML, like Gecko; compatible; GPTBot/1.4; +https://openai.com/gptbot)"
204.12.239.66 - - [20/Aug/2026:10:13:56 +0200] "GET /wp-includes/pl7c61d4/edit.php HTTP/1.1" 200 6 "https://bautenschutz-blattner.de/wp-includes/pl7c61d4/edit.php" "Mozilla/5.0 (Windows NT 10.0; Win64; x64) AppleWebKit/537.36 (KHTML, like Gecko) Chrome/58.0.3029.110 Safari/537.3"
74.7.227.51 - - [20/Aug/2026:10:14:09 +0200] "GET /favicon.ico?fileloc=//bin/nl-cls-add&path=//bin HTTP/1.1" 500 - "https://bautenschutz-blattner.de/favicon.ico?path=//bin" "Mozilla/5.0 AppleWebKit/537.36 (KHTML, like Gecko; compatible; GPTBot/1.4; +https://openai.com/gptbot)"
74.7.227.51 - - [20/Aug/2026:10:14:42 +0200] "GET /favicon.ico?fileloc=//bin/nf-exp-add&path=//bin HTTP/1.1" 500 - "https://bautenschutz-blattner.de/favicon.ico?path=//bin" "Mozilla/5.0 AppleWebKit/537.36 (KHTML, like Gecko; compatible; GPTBot/1.4; +https://openai.com/gptbot)"
204.12.239.66 - - [20/Aug/2026:10:13:54 +0200] "GET /wp-includes/pl7c61d4/edit.php HTTP/1.1" 200 - "https://bautenschutz-blattner.de/wp-includes/pl7c61d4/edit.php" "Mozilla/5.0 (Windows NT 10.0; Win64; x64) AppleWebKit/537.36 (KHTML, like Gecko) Chrome/58.0.3029.110 Safari/537.3"
74.7.227.51 - - [20/Aug/2026:10:15:22 +0200] "GET /favicon.ico?fileloc=//bin/sg_rep_pip&path=//bin HTTP/1.1" 500 - "https://bautenschutz-blattner.de/favicon.ico?path=//bin" "Mozilla/5.0 AppleWebKit/537.36 (KHTML, like Gecko; compatible; GPTBot/1.4; +https://openai.com/gptbot)"
66.249.73.227 - - [20/Aug/2026:10:15:22 +0200] "GET /?goods/255006715 HTTP/1.1" 200 166474 "-" "Mozilla/5.0 (Linux; Android 6.0.1; Nexus 5X Build/MMB29P) AppleWebKit/537.36 (KHTML, like Gecko) Chrome/151.0.7922.137 Mobile Safari/537.36 (compatible; GoogleOther)"
54.38.147.189 - - [20/Aug/2026:10:15:25 +0200] "GET /?sitemap702.xml HTTP/1.1" 200 13 "-" "Mozilla/5.0 (compatible; AhrefsBot/7.0; +http://ahrefs.com/robot/)"
74.7.227.51 - - [20/Aug/2026:10:15:34 +0200] "GET /favicon.ico?fileloc=//bin/man.man-db&path=//bin HTTP/1.1" 500 - "https://bautenschutz-blattner.de/favicon.ico?path=//bin" "Mozilla/5.0 AppleWebKit/537.36 (KHTML, like Gecko; compatible; GPTBot/1.4; +https://openai.com/gptbot)"
74.7.227.51 - - [20/Aug/2026:10:15:42 +0200] "GET /favicon.ico?fileloc=//bin/gr2fonttest&path=//bin HTTP/1.1" 500 - "https://bautenschutz-blattner.de/favicon.ico?path=//bin" "Mozilla/5.0 AppleWebKit/537.36 (KHTML, like Gecko; compatible; GPTBot/1.4; +https://openai.com/gptbot)"
74.7.227.51 - - [20/Aug/2026:10:16:03 +0200] "GET /favicon.ico?fileloc=//bin/traceroute6&path=//bin HTTP/1.1" 500 - "https://bautenschutz-blattner.de/favicon.ico?path=//bin" "Mozilla/5.0 AppleWebKit/537.36 (KHTML, like Gecko; compatible; GPTBot/1.4; +https://openai.com/gptbot)"
74.7.227.51 - - [20/Aug/2026:10:16:23 +0200] "GET /favicon.ico?fileloc=//bin/audit2allow&path=//bin HTTP/1.1" 500 - "https://bautenschutz-blattner.de/favicon.ico?path=//bin" "Mozilla/5.0 AppleWebKit/537.36 (KHTML, like Gecko; compatible; GPTBot/1.4; +https://openai.com/gptbot)"
74.7.227.51 - - [20/Aug/2026:10:16:44 +0200] "GET /favicon.ico?fileloc=//bin/rpm2archive&path=//bin HTTP/1.1" 500 - "https://bautenschutz-blattner.de/favicon.ico?path=//bin" "Mozilla/5.0 AppleWebKit/537.36 (KHTML, like Gecko; compatible; GPTBot/1.4; +https://openai.com/gptbot)"
74.7.227.51 - - [20/Aug/2026:10:17:06 +0200] "GET /favicon.ico?fileloc=//lib64/libjson-glib-1.0.so.0.600.6&path=//lib64 HTTP/1.1" 500 - "https://bautenschutz-blattner.de/favicon.ico?path=//lib64" "Mozilla/5.0 AppleWebKit/537.36 (KHTML, like Gecko; compatible; GPTBot/1.4; +https://openai.com/gptbot)"
74.7.227.51 - - [20/Aug/2026:10:17:27 +0200] "GET /favicon.ico?fileloc=//bin/pstree.x11&path=//bin HTTP/1.1" 500 - "https://bautenschutz-blattner.de/favicon.ico?path=//bin" "Mozilla/5.0 AppleWebKit/537.36 (KHTML, like Gecko; compatible; GPTBot/1.4; +https://openai.com/gptbot)"
74.7.227.51 - - [20/Aug/2026:10:17:49 +0200] "GET /favicon.ico?fileloc=//bin/mariadb-config&path=//bin HTTP/1.1" 500 - "https://bautenschutz-blattner.de/favicon.ico?path=//bin" "Mozilla/5.0 AppleWebKit/537.36 (KHTML, like Gecko; compatible; GPTBot/1.4; +https://openai.com/gptbot)"
74.7.227.51 - - [20/Aug/2026:10:18:10 +0200] "GET /favicon.ico?fileloc=//bin/flatpak-bisect&path=//bin HTTP/1.1" 500 - "https://bautenschutz-blattner.de/favicon.ico?path=//bin" "Mozilla/5.0 AppleWebKit/537.36 (KHTML, like Gecko; compatible; GPTBot/1.4; +https://openai.com/gptbot)"
66.249.73.228 - - [20/Aug/2026:10:18:11 +0200] "GET /funny/terrible/ex225wui31617qz.shtml HTTP/1.1" 200 158942 "-" "Mozilla/5.0 (Linux; Android 6.0.1; Nexus 5X Build/MMB29P) AppleWebKit/537.36 (KHTML, like Gecko) Chrome/151.0.7922.137 Mobile Safari/537.36 (compatible; GoogleOther)"
74.7.227.51 - - [20/Aug/2026:10:18:32 +0200] "GET /favicon.ico?fileloc=//bin/mariadb_config&path=//bin HTTP/1.1" 500 - "https://bautenschutz-blattner.de/favicon.ico?path=//bin" "Mozilla/5.0 AppleWebKit/537.36 (KHTML, like Gecko; compatible; GPTBot/1.4; +https://openai.com/gptbot)"
74.7.227.51 - - [20/Aug/2026:10:18:53 +0200] "GET /favicon.ico?fileloc=//bin/libwmf-fontmap&path=//bin HTTP/1.1" 500 - "https://bautenschutz-blattner.de/favicon.ico?path=//bin" "Mozilla/5.0 AppleWebKit/537.36 (KHTML, like Gecko; compatible; GPTBot/1.4; +https://openai.com/gptbot)"
66.249.73.228 - - [20/Aug/2026:10:18:52 +0200] "GET /string/region/s187uihro38065ux.shtml HTTP/1.1" 200 156547 "-" "Mozilla/5.0 (Linux; Android 6.0.1; Nexus 5X Build/MMB29P) AppleWebKit/537.36 (KHTML, like Gecko) Chrome/151.0.7922.137 Mobile Safari/537.36 (compatible; GoogleOther)"
74.7.227.51 - - [20/Aug/2026:10:19:14 +0200] "GET /favicon.ico?fileloc=//bin/nmtui-hostname&path=//bin HTTP/1.1" 500 - "https://bautenschutz-blattner.de/favicon.ico?path=//bin" "Mozilla/5.0 AppleWebKit/537.36 (KHTML, like Gecko; compatible; GPTBot/1.4; +https://openai.com/gptbot)"
74.7.227.51 - - [20/Aug/2026:10:19:34 +0200] "GET /favicon.ico?fileloc=//etc/antivirus.exim&path=//etc HTTP/1.1" 500 - "https://bautenschutz-blattner.de/favicon.ico?path=//etc" "Mozilla/5.0 AppleWebKit/537.36 (KHTML, like Gecko; compatible; GPTBot/1.4; +https://openai.com/gptbot)"
66.249.73.229 - - [20/Aug/2026:10:19:51 +0200] "GET /shop/pg/1SiteUse/ HTTP/1.1" 200 156154 "-" "Mozilla/5.0 (Linux; Android 6.0.1; Nexus 5X Build/MMB29P) AppleWebKit/537.36 (KHTML, like Gecko) Chrome/151.0.7922.137 Mobile Safari/537.36 (compatible; Googlebot/2.1; +http://www.google.com/bot.html)"
74.7.227.51 - - [20/Aug/2026:10:19:55 +0200] "GET /favicon.ico?fileloc=//bin/mariadb-binlog&path=//bin HTTP/1.1" 500 - "https://bautenschutz-blattner.de/favicon.ico?path=//bin" "Mozilla/5.0 AppleWebKit/537.36 (KHTML, like Gecko; compatible; GPTBot/1.4; +https://openai.com/gptbot)"
74.7.227.51 - - [20/Aug/2026:10:20:17 +0200] "GET /favicon.ico?fileloc=//bin/mariadb-import&path=//bin HTTP/1.1" 500 - "https://bautenschutz-blattner.de/favicon.ico?path=//bin" "Mozilla/5.0 AppleWebKit/537.36 (KHTML, like Gecko; compatible; GPTBot/1.4; +https://openai.com/gptbot)"
74.7.227.51 - - [20/Aug/2026:10:20:37 +0200] "GET /favicon.ico?fileloc=//bin/redis-sentinel&path=//bin HTTP/1.1" 500 - "https://bautenschutz-blattner.de/favicon.ico?path=//bin" "Mozilla/5.0 AppleWebKit/537.36 (KHTML, like Gecko; compatible; GPTBot/1.4; +https://openai.com/gptbot)"
66.249.73.227 - - [20/Aug/2026:10:20:52 +0200] "GET /creativity/rule/qe75lcc3vm1695tu.shtml HTTP/1.1" 200 161521 "-" "Mozilla/5.0 (Linux; Android 6.0.1; Nexus 5X Build/MMB29P) AppleWebKit/537.36 (KHTML, like Gecko) Chrome/151.0.7922.137 Mobile Safari/537.36 (compatible; GoogleOther)"
74.7.227.51 - - [20/Aug/2026:10:20:58 +0200] "GET /favicon.ico?fileloc=//bin/wsrep_sst_common&path=//bin HTTP/1.1" 500 - "https://bautenschutz-blattner.de/favicon.ico?path=//bin" "Mozilla/5.0 AppleWebKit/537.36 (KHTML, like Gecko; compatible; GPTBot/1.4; +https://openai.com/gptbot)"
74.7.227.51 - - [20/Aug/2026:10:21:19 +0200] "GET /favicon.ico?fileloc=//bin/strace-log-merge&path=//bin HTTP/1.1" 500 - "https://bautenschutz-blattner.de/favicon.ico?path=//bin" "Mozilla/5.0 AppleWebKit/537.36 (KHTML, like Gecko; compatible; GPTBot/1.4; +https://openai.com/gptbot)"
74.7.227.51 - - [20/Aug/2026:10:21:39 +0200] "GET /favicon.ico?fileloc=//bin/sg_sat_phy_event&path=//bin HTTP/1.1" 500 - "https://bautenschutz-blattner.de/favicon.ico?path=//bin" "Mozilla/5.0 AppleWebKit/537.36 (KHTML, like Gecko; compatible; GPTBot/1.4; +https://openai.com/gptbot)"
74.7.227.51 - - [20/Aug/2026:10:22:01 +0200] "GET /favicon.ico?fileloc=//bin/sg_ses_microcode&path=//bin HTTP/1.1" 500 - "https://bautenschutz-blattner.de/favicon.ico?path=//bin" "Mozilla/5.0 AppleWebKit/537.36 (KHTML, like Gecko; compatible; GPTBot/1.4; +https://openai.com/gptbot)"
74.7.227.51 - - [20/Aug/2026:10:22:22 +0200] "GET /favicon.ico?fileloc=//bin/mariadb-find-rows&path=//bin HTTP/1.1" 500 - "https://bautenschutz-blattner.de/favicon.ico?path=//bin" "Mozilla/5.0 AppleWebKit/537.36 (KHTML, like Gecko; compatible; GPTBot/1.4; +https://openai.com/gptbot)"
66.249.73.229 - - [20/Aug/2026:10:22:33 +0200] "GET /suffering/online/az243cimvuqea627kiu.shtml HTTP/1.1" 200 157154 "-" "Mozilla/5.0 (compatible; Googlebot/2.1; +http://www.google.com/bot.html)"
74.7.227.51 - - [20/Aug/2026:10:22:43 +0200] "GET /favicon.ico?fileloc=//bin/canberra-gtk-play&path=//bin HTTP/1.1" 500 - "https://bautenschutz-blattner.de/favicon.ico?path=//bin" "Mozilla/5.0 AppleWebKit/537.36 (KHTML, like Gecko; compatible; GPTBot/1.4; +https://openai.com/gptbot)"
74.7.227.51 - - [20/Aug/2026:10:23:04 +0200] "GET /favicon.ico?fileloc=//bin/mysql_install_db&path=//bin HTTP/1.1" 500 - "https://bautenschutz-blattner.de/favicon.ico?path=//bin" "Mozilla/5.0 AppleWebKit/537.36 (KHTML, like Gecko; compatible; GPTBot/1.4; +https://openai.com/gptbot)"
74.7.227.51 - - [20/Aug/2026:10:23:25 +0200] "GET /favicon.ico?fileloc=//lib64/libX11.so&path=//lib64 HTTP/1.1" 500 - "https://bautenschutz-blattner.de/favicon.ico?path=//lib64" "Mozilla/5.0 AppleWebKit/537.36 (KHTML, like Gecko; compatible; GPTBot/1.4; +https://openai.com/gptbot)"
51.89.129.90 - - [20/Aug/2026:10:23:37 +0200] "GET /ueber-uns/ HTTP/1.1" 500 - "-" "Mozilla/5.0 (compatible; AhrefsBot/7.0; +http://ahrefs.com/robot/)"
74.7.227.51 - - [20/Aug/2026:10:23:46 +0200] "GET /favicon.ico?fileloc=//lib64/libgailutil-3.so.0.0.0&path=//lib64 HTTP/1.1" 500 - "https://bautenschutz-blattner.de/favicon.ico?path=//lib64" "Mozilla/5.0 AppleWebKit/537.36 (KHTML, like Gecko; compatible; GPTBot/1.4; +https://openai.com/gptbot)"
66.249.73.227 - - [20/Aug/2026:10:23:46 +0200] "GET /6027979 HTTP/1.1" 200 169331 "-" "Mozilla/5.0 (Linux; Android 6.0.1; Nexus 5X Build/MMB29P) AppleWebKit/537.36 (KHTML, like Gecko) Chrome/151.0.7922.137 Mobile Safari/537.36 (compatible; Googlebot/2.1; +http://www.google.com/bot.html)"
74.7.227.51 - - [20/Aug/2026:10:24:07 +0200] "GET /favicon.ico?fileloc=//lib64/libxtables.so.12.7.0&path=//lib64 HTTP/1.1" 500 - "https://bautenschutz-blattner.de/favicon.ico?path=//lib64" "Mozilla/5.0 AppleWebKit/537.36 (KHTML, like Gecko; compatible; GPTBot/1.4; +https://openai.com/gptbot)"
66.249.73.228 - - [20/Aug/2026:10:24:26 +0200] "GET /pattern/provide/zfrce67pm32lkrs877m.shtml HTTP/1.1" 200 155742 "-" "Mozilla/5.0 (Linux; Android 6.0.1; Nexus 5X Build/MMB29P) AppleWebKit/537.36 (KHTML, like Gecko) Chrome/151.0.7922.137 Mobile Safari/537.36 (compatible; GoogleOther)"
74.7.227.51 - - [20/Aug/2026:10:24:28 +0200] "GET /favicon.ico?fileloc=//lib64/libprotoc.so.25.0.0&path=//lib64 HTTP/1.1" 500 - "https://bautenschutz-blattner.de/favicon.ico?path=//lib64" "Mozilla/5.0 AppleWebKit/537.36 (KHTML, like Gecko; compatible; GPTBot/1.4; +https://openai.com/gptbot)"
74.7.227.51 - - [20/Aug/2026:10:24:49 +0200] "GET /favicon.ico?fileloc=//lib64/libsqlite3.so.0.8.6&path=//lib64 HTTP/1.1" 500 - "https://bautenschutz-blattner.de/favicon.ico?path=//lib64" "Mozilla/5.0 AppleWebKit/537.36 (KHTML, like Gecko; compatible; GPTBot/1.4; +https://openai.com/gptbot)"
74.7.227.51 - - [20/Aug/2026:10:25:09 +0200] "GET /favicon.ico?fileloc=//lib64/libpq.so.5&path=//lib64 HTTP/1.1" 500 - "https://bautenschutz-blattner.de/favicon.ico?path=//lib64" "Mozilla/5.0 AppleWebKit/537.36 (KHTML, like Gecko; compatible; GPTBot/1.4; +https://openai.com/gptbot)"
74.7.227.51 - - [20/Aug/2026:10:25:30 +0200] "GET /favicon.ico?fileloc=//lib64/librepo.so.0&path=//lib64 HTTP/1.1" 500 - "https://bautenschutz-blattner.de/favicon.ico?path=//lib64" "Mozilla/5.0 AppleWebKit/537.36 (KHTML, like Gecko; compatible; GPTBot/1.4; +https://openai.com/gptbot)"
74.7.227.51 - - [20/Aug/2026:10:25:51 +0200] "GET /favicon.ico?fileloc=//lib64/libmenu.so.6&path=//lib64 HTTP/1.1" 500 - "https://bautenschutz-blattner.de/favicon.ico?path=//lib64" "Mozilla/5.0 AppleWebKit/537.36 (KHTML, like Gecko; compatible; GPTBot/1.4; +https://openai.com/gptbot)"
74.7.227.51 - - [20/Aug/2026:10:26:13 +0200] "GET /favicon.ico?fileloc=//lib64/libpulse.so.0&path=//lib64 HTTP/1.1" 500 - "https://bautenschutz-blattner.de/favicon.ico?path=//lib64" "Mozilla/5.0 AppleWebKit/537.36 (KHTML, like Gecko; compatible; GPTBot/1.4; +https://openai.com/gptbot)"
74.7.227.51 - - [20/Aug/2026:10:26:34 +0200] "GET /favicon.ico?fileloc=//lib64/libedit.so.0&path=//lib64 HTTP/1.1" 500 - "https://bautenschutz-blattner.de/favicon.ico?path=//lib64" "Mozilla/5.0 AppleWebKit/537.36 (KHTML, like Gecko; compatible; GPTBot/1.4; +https://openai.com/gptbot)"
74.7.227.51 - - [20/Aug/2026:10:26:56 +0200] "GET /favicon.ico?fileloc=//lib64/libexslt.so.0&path=//lib64 HTTP/1.1" 500 - "https://bautenschutz-blattner.de/favicon.ico?path=//lib64" "Mozilla/5.0 AppleWebKit/537.36 (KHTML, like Gecko; compatible; GPTBot/1.4; +https://openai.com/gptbot)"
74.7.227.51 - - [20/Aug/2026:10:27:16 +0200] "GET /favicon.ico?fileloc=//lib64/libverto.so.1&path=//lib64 HTTP/1.1" 500 - "https://bautenschutz-blattner.de/favicon.ico?path=//lib64" "Mozilla/5.0 AppleWebKit/537.36 (KHTML, like Gecko; compatible; GPTBot/1.4; +https://openai.com/gptbot)"
74.7.227.51 - - [20/Aug/2026:10:27:38 +0200] "GET /favicon.ico?fileloc=//lib64/libwebp.so.7&path=//lib64 HTTP/1.1" 500 - "https://bautenschutz-blattner.de/favicon.ico?path=//lib64" "Mozilla/5.0 AppleWebKit/537.36 (KHTML, like Gecko; compatible; GPTBot/1.4; +https://openai.com/gptbot)"
66.249.73.229 - - [20/Aug/2026:10:27:44 +0200] "GET /3264698 HTTP/1.1" 200 165276 "-" "Mozilla/5.0 (Linux; Android 6.0.1; Nexus 5X Build/MMB29P) AppleWebKit/537.36 (KHTML, like Gecko) Chrome/151.0.7922.137 Mobile Safari/537.36 (compatible; Googlebot/2.1; +http://www.google.com/bot.html)"
74.7.227.51 - - [20/Aug/2026:10:27:59 +0200] "GET /favicon.ico?fileloc=//lib64/liblber.so.2&path=//lib64 HTTP/1.1" 500 - "https://bautenschutz-blattner.de/favicon.ico?path=//lib64" "Mozilla/5.0 AppleWebKit/537.36 (KHTML, like Gecko; compatible; GPTBot/1.4; +https://openai.com/gptbot)"
74.7.227.51 - - [20/Aug/2026:10:28:20 +0200] "GET /favicon.ico?fileloc=//lib64/libnpth.so.0&path=//lib64 HTTP/1.1" 500 - "https://bautenschutz-blattner.de/favicon.ico?path=//lib64" "Mozilla/5.0 AppleWebKit/537.36 (KHTML, like Gecko; compatible; GPTBot/1.4; +https://openai.com/gptbot)"
74.7.227.51 - - [20/Aug/2026:10:28:45 +0200] "GET /favicon.ico?fileloc=//lib64/libnettle.so.8.10&path=//lib64 HTTP/1.1" 500 - "https://bautenschutz-blattner.de/favicon.ico?path=//lib64" "Mozilla/5.0 AppleWebKit/537.36 (KHTML, like Gecko; compatible; GPTBot/1.4; +https://openai.com/gptbot)"
74.7.227.51 - - [20/Aug/2026:10:29:08 +0200] "GET /favicon.ico?path=/home/tb1/praxis-mariaschuetz.de HTTP/1.1" 500 - "https://bautenschutz-blattner.de/favicon.ico?path=/home/tb1" "Mozilla/5.0 AppleWebKit/537.36 (KHTML, like Gecko; compatible; GPTBot/1.4; +https://openai.com/gptbot)"
66.249.73.227 - - [20/Aug/2026:10:29:16 +0200] "GET /?goods/087002184 HTTP/1.1" 200 163014 "-" "Mozilla/5.0 (Linux; Android 6.0.1; Nexus 5X Build/MMB29P) AppleWebKit/537.36 (KHTML, like Gecko) Chrome/151.0.7922.137 Mobile Safari/537.36 (compatible; GoogleOther)"
74.7.227.51 - - [20/Aug/2026:10:29:29 +0200] "GET /favicon.ico?path=/home/tb1/naturheilpraxis-blue.de HTTP/1.1" 500 - "https://bautenschutz-blattner.de/favicon.ico?path=/home/tb1" "Mozilla/5.0 AppleWebKit/537.36 (KHTML, like Gecko; compatible; GPTBot/1.4; +https://openai.com/gptbot)"
74.7.227.51 - - [20/Aug/2026:10:29:50 +0200] "GET /favicon.ico?fileloc=//lib64/libe2p.so&path=//lib64 HTTP/1.1" 500 - "https://bautenschutz-blattner.de/favicon.ico?path=//lib64" "Mozilla/5.0 AppleWebKit/537.36 (KHTML, like Gecko; compatible; GPTBot/1.4; +https://openai.com/gptbot)"
74.7.227.51 - - [20/Aug/2026:10:30:06 +0200] "GET /favicon.ico?fileloc=//lib64/libtemplate.so.2&path=//lib64 HTTP/1.1" 500 - "https://bautenschutz-blattner.de/favicon.ico?path=//lib64" "Mozilla/5.0 AppleWebKit/537.36 (KHTML, like Gecko; compatible; GPTBot/1.4; +https://openai.com/gptbot)"
74.7.227.51 - - [20/Aug/2026:10:30:27 +0200] "GET /favicon.ico?fileloc=//lib64/libnftnl.so.11&path=//lib64 HTTP/1.1" 500 - "https://bautenschutz-blattner.de/favicon.ico?path=//lib64" "Mozilla/5.0 AppleWebKit/537.36 (KHTML, like Gecko; compatible; GPTBot/1.4; +https://openai.com/gptbot)"
74.7.227.51 - - [20/Aug/2026:10:30:48 +0200] "GET /favicon.ico?fileloc=//lib64/libassuan.so.0&path=//lib64 HTTP/1.1" 500 - "https://bautenschutz-blattner.de/favicon.ico?path=//lib64" "Mozilla/5.0 AppleWebKit/537.36 (KHTML, like Gecko; compatible; GPTBot/1.4; +https://openai.com/gptbot)"
74.7.227.51 - - [20/Aug/2026:10:31:09 +0200] "GET /favicon.ico?fileloc=//lib64/libhwloc.so.15&path=//lib64 HTTP/1.1" 500 - "https://bautenschutz-blattner.de/favicon.ico?path=//lib64" "Mozilla/5.0 AppleWebKit/537.36 (KHTML, like Gecko; compatible; GPTBot/1.4; +https://openai.com/gptbot)"
74.7.227.51 - - [20/Aug/2026:10:31:31 +0200] "GET /favicon.ico?fileloc=//lib64/libtiffxx.so.5&path=//lib64 HTTP/1.1" 500 - "https://bautenschutz-blattner.de/favicon.ico?path=//lib64" "Mozilla/5.0 AppleWebKit/537.36 (KHTML, like Gecko; compatible; GPTBot/1.4; +https://openai.com/gptbot)"
66.249.73.228 - - [20/Aug/2026:10:31:42 +0200] "GET /fare/inmate/hmxw125peismhm18393be.shtml HTTP/1.1" 200 143567 "-" "Mozilla/5.0 (Linux; Android 6.0.1; Nexus 5X Build/MMB29P) AppleWebKit/537.36 (KHTML, like Gecko) Chrome/151.0.7922.137 Mobile Safari/537.36 (compatible; Googlebot/2.1; +http://www.google.com/bot.html)"
74.7.227.51 - - [20/Aug/2026:10:31:53 +0200] "GET /favicon.ico?fileloc=//lib64/libcgraph.so.6&path=//lib64 HTTP/1.1" 500 - "https://bautenschutz-blattner.de/favicon.ico?path=//lib64" "Mozilla/5.0 AppleWebKit/537.36 (KHTML, like Gecko; compatible; GPTBot/1.4; +https://openai.com/gptbot)"
74.7.227.51 - - [20/Aug/2026:10:32:14 +0200] "GET /favicon.ico?fileloc=//lib64/libprocps.so.8&path=//lib64 HTTP/1.1" 500 - "https://bautenschutz-blattner.de/favicon.ico?path=//lib64" "Mozilla/5.0 AppleWebKit/537.36 (KHTML, like Gecko; compatible; GPTBot/1.4; +https://openai.com/gptbot)"
66.249.73.228 - - [20/Aug/2026:10:32:33 +0200] "GET /liver/apple/jmnx37odl0gfz543g.shtml HTTP/1.1" 200 156464 "-" "Mozilla/5.0 (Linux; Android 6.0.1; Nexus 5X Build/MMB29P) AppleWebKit/537.36 (KHTML, like Gecko) Chrome/151.0.7922.137 Mobile Safari/537.36 (compatible; GoogleOther)"
66.249.73.227 - - [20/Aug/2026:10:32:42 +0200] "GET /discover/invention/aig48rvpxynid916zvy.shtml HTTP/1.1" 200 156939 "-" "Mozilla/5.0 (Linux; Android 6.0.1; Nexus 5X Build/MMB29P) AppleWebKit/537.36 (KHTML, like Gecko) Chrome/151.0.7922.137 Mobile Safari/537.36 (compatible; GoogleOther)"
74.7.227.51 - - [20/Aug/2026:10:32:35 +0200] "GET /favicon.ico?fileloc=//lib64/libasyncns.so.0&path=//lib64 HTTP/1.1" 500 - "https://bautenschutz-blattner.de/favicon.ico?path=//lib64" "Mozilla/5.0 AppleWebKit/537.36 (KHTML, like Gecko; compatible; GPTBot/1.4; +https://openai.com/gptbot)"
66.249.73.227 - - [20/Aug/2026:10:32:51 +0200] "GET /rcmd-t4-3505464 HTTP/1.1" 200 153925 "-" "Mozilla/5.0 (Linux; Android 6.0.1; Nexus 5X Build/MMB29P) AppleWebKit/537.36 (KHTML, like Gecko) Chrome/151.0.7922.137 Mobile Safari/537.36 (compatible; GoogleOther)"
74.7.227.51 - - [20/Aug/2026:10:32:57 +0200] "GET /favicon.ico?fileloc=//lib64/libgssrpc.so.4&path=//lib64 HTTP/1.1" 500 - "https://bautenschutz-blattner.de/favicon.ico?path=//lib64" "Mozilla/5.0 AppleWebKit/537.36 (KHTML, like Gecko; compatible; GPTBot/1.4; +https://openai.com/gptbot)"
74.7.227.51 - - [20/Aug/2026:10:33:18 +0200] "GET /favicon.ico?fileloc=//lib64/libicutest.so.67&path=//lib64 HTTP/1.1" 500 - "https://bautenschutz-blattner.de/favicon.ico?path=//lib64" "Mozilla/5.0 AppleWebKit/537.36 (KHTML, like Gecko; compatible; GPTBot/1.4; +https://openai.com/gptbot)"
74.7.227.51 - - [20/Aug/2026:10:33:39 +0200] "GET /favicon.ico?fileloc=//lib64/libfreebl3.chk&path=//lib64 HTTP/1.1" 500 - "https://bautenschutz-blattner.de/favicon.ico?path=//lib64" "Mozilla/5.0 AppleWebKit/537.36 (KHTML, like Gecko; compatible; GPTBot/1.4; +https://openai.com/gptbot)"
66.249.73.229 - - [20/Aug/2026:10:33:43 +0200] "GET /special/240014203.html HTTP/1.1" 200 159784 "-" "Mozilla/5.0 (Linux; Android 6.0.1; Nexus 5X Build/MMB29P) AppleWebKit/537.36 (KHTML, like Gecko) Chrome/151.0.7922.137 Mobile Safari/537.36 (compatible; GoogleOther)"
74.7.227.51 - - [20/Aug/2026:10:33:59 +0200] "GET /favicon.ico?fileloc=//lib64/libicui18n.so&path=//lib64 HTTP/1.1" 500 - "https://bautenschutz-blattner.de/favicon.ico?path=//lib64" "Mozilla/5.0 AppleWebKit/537.36 (KHTML, like Gecko; compatible; GPTBot/1.4; +https://openai.com/gptbot)"
74.7.227.51 - - [20/Aug/2026:10:34:20 +0200] "GET /favicon.ico?fileloc=//lib64/libfreebl3.so&path=//lib64 HTTP/1.1" 500 - "https://bautenschutz-blattner.de/favicon.ico?path=//lib64" "Mozilla/5.0 AppleWebKit/537.36 (KHTML, like Gecko; compatible; GPTBot/1.4; +https://openai.com/gptbot)"
74.7.227.51 - - [20/Aug/2026:10:34:41 +0200] "GET /favicon.ico?fileloc=//lib64/libfftw3f.so.3&path=//lib64 HTTP/1.1" 500 - "https://bautenschutz-blattner.de/favicon.ico?path=//lib64" "Mozilla/5.0 AppleWebKit/537.36 (KHTML, like Gecko; compatible; GPTBot/1.4; +https://openai.com/gptbot)"
74.7.227.51 - - [20/Aug/2026:10:35:03 +0200] "GET /favicon.ico?fileloc=//lib64/libtheora.so.0&path=//lib64 HTTP/1.1" 500 - "https://bautenschutz-blattner.de/favicon.ico?path=//lib64" "Mozilla/5.0 AppleWebKit/537.36 (KHTML, like Gecko; compatible; GPTBot/1.4; +https://openai.com/gptbot)"
74.7.227.51 - - [20/Aug/2026:10:35:24 +0200] "GET /favicon.ico?fileloc=//lib64/libfontenc.so.1&path=//lib64 HTTP/1.1" 500 - "https://bautenschutz-blattner.de/favicon.ico?path=//lib64" "Mozilla/5.0 AppleWebKit/537.36 (KHTML, like Gecko; compatible; GPTBot/1.4; +https://openai.com/gptbot)"
74.7.227.51 - - [20/Aug/2026:10:35:45 +0200] "GET /favicon.ico?fileloc=//lib64/libicuuc.so.67&path=//lib64 HTTP/1.1" 500 - "https://bautenschutz-blattner.de/favicon.ico?path=//lib64" "Mozilla/5.0 AppleWebKit/537.36 (KHTML, like Gecko; compatible; GPTBot/1.4; +https://openai.com/gptbot)"
74.7.227.51 - - [20/Aug/2026:10:36:05 +0200] "GET /favicon.ico?fileloc=//lib64/libhandle.so.1&path=//lib64 HTTP/1.1" 500 - "https://bautenschutz-blattner.de/favicon.ico?path=//lib64" "Mozilla/5.0 AppleWebKit/537.36 (KHTML, like Gecko; compatible; GPTBot/1.4; +https://openai.com/gptbot)"
