20.65.105.233 - - [20/Aug/2026:01:50:31 +0200] "GET /wp-is.php HTTP/1.1" 404 5750 "-" "-"
20.65.105.233 - - [20/Aug/2026:01:50:31 +0200] "GET /lala.php HTTP/1.1" 404 5750 "-" "-"
20.65.105.233 - - [20/Aug/2026:01:50:32 +0200] "GET /fileas.php HTTP/1.1" 404 5750 "-" "-"
20.65.105.233 - - [20/Aug/2026:01:50:32 +0200] "GET /file8.php HTTP/1.1" 404 5750 "-" "-"
20.65.105.233 - - [20/Aug/2026:01:50:32 +0200] "GET /x7.php HTTP/1.1" 404 5750 "-" "-"
20.65.105.233 - - [20/Aug/2026:01:50:32 +0200] "GET /moon.php HTTP/1.1" 404 5750 "-" "-"
20.65.105.233 - - [20/Aug/2026:01:50:32 +0200] "GET /fs.php HTTP/1.1" 404 5750 "-" "-"
20.65.105.233 - - [20/Aug/2026:01:50:33 +0200] "GET /v4.php HTTP/1.1" 404 5750 "-" "-"
20.65.105.233 - - [20/Aug/2026:01:50:33 +0200] "GET /wto.php HTTP/1.1" 404 5750 "-" "-"
20.65.105.233 - - [20/Aug/2026:01:50:33 +0200] "GET /CLA.php HTTP/1.1" 404 5750 "-" "-"
20.65.105.233 - - [20/Aug/2026:01:50:33 +0200] "GET /file1.php HTTP/1.1" 404 5750 "-" "-"
20.65.105.233 - - [20/Aug/2026:01:50:33 +0200] "GET /pp.php HTTP/1.1" 404 5750 "-" "-"
20.65.105.233 - - [20/Aug/2026:01:50:34 +0200] "GET /mds.php HTTP/1.1" 404 5750 "-" "-"
20.65.105.233 - - [20/Aug/2026:01:50:34 +0200] "GET /0x0x.php HTTP/1.1" 404 5750 "-" "-"
20.65.105.233 - - [20/Aug/2026:01:50:34 +0200] "GET /file17.php HTTP/1.1" 404 5750 "-" "-"
20.65.105.233 - - [20/Aug/2026:01:50:34 +0200] "GET /flower.php HTTP/1.1" 404 5750 "-" "-"
20.65.105.233 - - [20/Aug/2026:01:50:34 +0200] "GET /444.php HTTP/1.1" 404 5750 "-" "-"
20.65.105.233 - - [20/Aug/2026:01:50:35 +0200] "GET /finny.php HTTP/1.1" 404 5750 "-" "-"
20.65.105.233 - - [20/Aug/2026:01:50:35 +0200] "GET /x.php HTTP/1.1" 404 5750 "-" "-"
20.65.105.233 - - [20/Aug/2026:01:50:35 +0200] "GET /1aa.php HTTP/1.1" 404 5750 "-" "-"
20.65.105.233 - - [20/Aug/2026:01:50:35 +0200] "GET /2.php HTTP/1.1" 404 5750 "-" "-"
20.65.105.233 - - [20/Aug/2026:01:50:35 +0200] "GET /class19.php HTTP/1.1" 404 5750 "-" "-"
20.65.105.233 - - [20/Aug/2026:01:50:35 +0200] "GET /he.php HTTP/1.1" 404 5750 "-" "-"
20.65.105.233 - - [20/Aug/2026:01:50:36 +0200] "GET /bless11.php HTTP/1.1" 404 5750 "-" "-"
20.65.105.233 - - [20/Aug/2026:01:50:36 +0200] "GET /sko.php HTTP/1.1" 404 5750 "-" "-"
20.65.105.233 - - [20/Aug/2026:01:50:36 +0200] "GET /o.php HTTP/1.1" 404 5750 "-" "-"
20.65.105.233 - - [20/Aug/2026:01:50:36 +0200] "GET /ws34.php HTTP/1.1" 404 5750 "-" "-"
20.65.105.233 - - [20/Aug/2026:01:50:36 +0200] "GET /mini.php HTTP/1.1" 404 5750 "-" "-"
20.65.105.233 - - [20/Aug/2026:01:50:37 +0200] "GET /inde.php HTTP/1.1" 404 5750 "-" "-"
20.65.105.233 - - [20/Aug/2026:01:50:37 +0200] "GET /111.php HTTP/1.1" 404 5750 "-" "-"
20.65.105.233 - - [20/Aug/2026:01:50:37 +0200] "GET /xxxx.php HTTP/1.1" 404 5750 "-" "-"
20.65.105.233 - - [20/Aug/2026:01:50:37 +0200] "GET /an7.php HTTP/1.1" 404 5750 "-" "-"
20.65.105.233 - - [20/Aug/2026:01:50:37 +0200] "GET /666.php HTTP/1.1" 404 5750 "-" "-"
20.65.105.233 - - [20/Aug/2026:01:50:38 +0200] "GET /a.php HTTP/1.1" 404 5750 "-" "-"
20.65.105.233 - - [20/Aug/2026:01:50:38 +0200] "GET /bless.php HTTP/1.1" 404 5750 "-" "-"
20.65.105.233 - - [20/Aug/2026:01:50:38 +0200] "GET /file9.php HTTP/1.1" 404 5750 "-" "-"
20.65.105.233 - - [20/Aug/2026:01:50:38 +0200] "GET /a2.php HTTP/1.1" 404 5750 "-" "-"
20.65.105.233 - - [20/Aug/2026:01:50:38 +0200] "GET /file4.php HTTP/1.1" 404 5750 "-" "-"
20.65.105.233 - - [20/Aug/2026:01:50:39 +0200] "GET /plss3.php HTTP/1.1" 404 5750 "-" "-"
20.65.105.233 - - [20/Aug/2026:01:50:39 +0200] "GET /file15.php HTTP/1.1" 404 5750 "-" "-"
20.65.105.233 - - [20/Aug/2026:01:50:39 +0200] "GET /wsd.php HTTP/1.1" 404 5750 "-" "-"
20.65.105.233 - - [20/Aug/2026:01:50:39 +0200] "GET /shell.php HTTP/1.1" 404 5750 "-" "-"
20.65.105.233 - - [20/Aug/2026:01:50:39 +0200] "GET /akk.php HTTP/1.1" 404 5750 "-" "-"
20.65.105.233 - - [20/Aug/2026:01:50:40 +0200] "GET /n.php HTTP/1.1" 404 5750 "-" "-"
20.65.105.233 - - [20/Aug/2026:01:50:40 +0200] "GET /ws36.php HTTP/1.1" 404 5750 "-" "-"
20.65.105.233 - - [20/Aug/2026:01:50:40 +0200] "GET /ws45.php HTTP/1.1" 404 5750 "-" "-"
20.65.105.233 - - [20/Aug/2026:01:50:40 +0200] "GET /file30.php HTTP/1.1" 404 5750 "-" "-"
20.65.105.233 - - [20/Aug/2026:01:50:40 +0200] "GET /racs3.php HTTP/1.1" 404 5750 "-" "-"
20.65.105.233 - - [20/Aug/2026:01:50:40 +0200] "GET /cccc.php HTTP/1.1" 404 5750 "-" "-"
20.65.105.233 - - [20/Aug/2026:01:50:41 +0200] "GET /file3.php HTTP/1.1" 404 5750 "-" "-"
20.65.105.233 - - [20/Aug/2026:01:50:41 +0200] "GET /mail.php HTTP/1.1" 404 5750 "-" "-"
20.65.105.233 - - [20/Aug/2026:01:50:41 +0200] "GET /lm13.php HTTP/1.1" 404 5750 "-" "-"
20.65.105.233 - - [20/Aug/2026:01:50:41 +0200] "GET /xeqdlun.php HTTP/1.1" 404 5750 "-" "-"
20.65.105.233 - - [20/Aug/2026:01:50:42 +0200] "GET /file18.php HTTP/1.1" 404 5750 "-" "-"
20.65.105.233 - - [20/Aug/2026:01:50:42 +0200] "GET /hook.php HTTP/1.1" 404 5750 "-" "-"
74.7.227.51 - - [20/Aug/2026:01:50:42 +0200] "GET /favicon.ico?fileloc=//bin/tee&path=//bin HTTP/1.1" 500 - "https://bautenschutz-blattner.de/favicon.ico?path=//bin" "Mozilla/5.0 AppleWebKit/537.36 (KHTML, like Gecko; compatible; GPTBot/1.4; +https://openai.com/gptbot)"
20.65.105.233 - - [20/Aug/2026:01:50:42 +0200] "GET /ffile.php HTTP/1.1" 404 5750 "-" "-"
20.65.105.233 - - [20/Aug/2026:01:50:42 +0200] "GET /file2.php HTTP/1.1" 404 5750 "-" "-"
20.65.105.233 - - [20/Aug/2026:01:50:43 +0200] "GET /xxw.php HTTP/1.1" 404 5750 "-" "-"
20.65.105.233 - - [20/Aug/2026:01:50:43 +0200] "GET /wcas.php HTTP/1.1" 404 5750 "-" "-"
20.65.105.233 - - [20/Aug/2026:01:50:43 +0200] "GET /000.php HTTP/1.1" 404 5750 "-" "-"
20.65.105.233 - - [20/Aug/2026:01:50:43 +0200] "GET /tor.php HTTP/1.1" 404 5750 "-" "-"
20.65.105.233 - - [20/Aug/2026:01:50:43 +0200] "GET /ws37.php HTTP/1.1" 404 5750 "-" "-"
20.65.105.233 - - [20/Aug/2026:01:50:43 +0200] "GET /class20.php HTTP/1.1" 404 5750 "-" "-"
20.65.105.233 - - [20/Aug/2026:01:50:44 +0200] "GET /card.php HTTP/1.1" 404 5750 "-" "-"
20.65.105.233 - - [20/Aug/2026:01:50:44 +0200] "GET /031.php HTTP/1.1" 404 5750 "-" "-"
20.65.105.233 - - [20/Aug/2026:01:50:44 +0200] "GET /size.php HTTP/1.1" 404 5750 "-" "-"
20.65.105.233 - - [20/Aug/2026:01:50:44 +0200] "GET /error.php HTTP/1.1" 404 5750 "-" "-"
20.65.105.233 - - [20/Aug/2026:01:50:44 +0200] "GET /404.php HTTP/1.1" 404 5750 "-" "-"
20.65.105.233 - - [20/Aug/2026:01:50:45 +0200] "GET /file32.php HTTP/1.1" 404 5750 "-" "-"
20.65.105.233 - - [20/Aug/2026:01:50:45 +0200] "GET /lol.php HTTP/1.1" 404 5750 "-" "-"
20.65.105.233 - - [20/Aug/2026:01:50:45 +0200] "GET /haa.php HTTP/1.1" 404 5750 "-" "-"
20.65.105.233 - - [20/Aug/2026:01:50:45 +0200] "GET /333.php HTTP/1.1" 404 5750 "-" "-"
20.65.105.233 - - [20/Aug/2026:01:50:45 +0200] "GET /ws38.php HTTP/1.1" 404 5750 "-" "-"
20.65.105.233 - - [20/Aug/2026:01:50:46 +0200] "GET /xx.php HTTP/1.1" 404 5750 "-" "-"
20.65.105.233 - - [20/Aug/2026:01:50:46 +0200] "GET /klex.php HTTP/1.1" 404 5750 "-" "-"
20.65.105.233 - - [20/Aug/2026:01:50:46 +0200] "GET /tx38.php HTTP/1.1" 404 5750 "-" "-"
20.65.105.233 - - [20/Aug/2026:01:50:46 +0200] "GET /ilex.php HTTP/1.1" 404 5750 "-" "-"
20.65.105.233 - - [20/Aug/2026:01:50:46 +0200] "GET /file.php HTTP/1.1" 404 5750 "-" "-"
20.65.105.233 - - [20/Aug/2026:01:50:47 +0200] "GET /k.php HTTP/1.1" 404 5750 "-" "-"
20.65.105.233 - - [20/Aug/2026:01:50:47 +0200] "GET /alpa.php HTTP/1.1" 404 5750 "-" "-"
20.65.105.233 - - [20/Aug/2026:01:50:47 +0200] "GET /bless5.php HTTP/1.1" 404 5750 "-" "-"
20.65.105.233 - - [20/Aug/2026:01:50:47 +0200] "GET /bless3.php HTTP/1.1" 404 5750 "-" "-"
20.65.105.233 - - [20/Aug/2026:01:50:47 +0200] "GET /gmo.php HTTP/1.1" 404 5750 "-" "-"
20.65.105.233 - - [20/Aug/2026:01:50:48 +0200] "GET /12.php HTTP/1.1" 404 5750 "-" "-"
20.65.105.233 - - [20/Aug/2026:01:50:48 +0200] "GET /100.kb.php HTTP/1.1" 404 5750 "-" "-"
74.7.227.51 - - [20/Aug/2026:01:51:02 +0200] "GET /favicon.ico?fileloc=//bin/lua&path=//bin HTTP/1.1" 500 - "https://bautenschutz-blattner.de/favicon.ico?path=//bin" "Mozilla/5.0 AppleWebKit/537.36 (KHTML, like Gecko; compatible; GPTBot/1.4; +https://openai.com/gptbot)"
74.7.227.51 - - [20/Aug/2026:01:51:24 +0200] "GET /favicon.ico?fileloc=//bin/rpm&path=//bin HTTP/1.1" 500 - "https://bautenschutz-blattner.de/favicon.ico?path=//bin" "Mozilla/5.0 AppleWebKit/537.36 (KHTML, like Gecko; compatible; GPTBot/1.4; +https://openai.com/gptbot)"
74.7.227.51 - - [20/Aug/2026:01:51:44 +0200] "GET /favicon.ico?fileloc=//bin/man&path=//bin HTTP/1.1" 500 - "https://bautenschutz-blattner.de/favicon.ico?path=//bin" "Mozilla/5.0 AppleWebKit/537.36 (KHTML, like Gecko; compatible; GPTBot/1.4; +https://openai.com/gptbot)"
66.249.73.229 - - [20/Aug/2026:01:51:59 +0200] "GET /daishinshop-1079-1037150 HTTP/1.1" 200 156476 "-" "Mozilla/5.0 (Linux; Android 6.0.1; Nexus 5X Build/MMB29P) AppleWebKit/537.36 (KHTML, like Gecko) Chrome/151.0.7922.137 Mobile Safari/537.36 (compatible; GoogleOther)"
74.7.227.51 - - [20/Aug/2026:01:52:06 +0200] "GET /favicon.ico?fileloc=//bin/lex&path=//bin HTTP/1.1" 500 - "https://bautenschutz-blattner.de/favicon.ico?path=//bin" "Mozilla/5.0 AppleWebKit/537.36 (KHTML, like Gecko; compatible; GPTBot/1.4; +https://openai.com/gptbot)"
74.7.227.51 - - [20/Aug/2026:01:52:28 +0200] "GET /favicon.ico?path=//etc/ld.so.conf.d HTTP/1.1" 500 - "https://bautenschutz-blattner.de/favicon.ico?path=//etc" "Mozilla/5.0 AppleWebKit/537.36 (KHTML, like Gecko; compatible; GPTBot/1.4; +https://openai.com/gptbot)"
74.7.227.51 - - [20/Aug/2026:01:52:48 +0200] "GET /favicon.ico?path=//etc/sssd HTTP/1.1" 500 - "https://bautenschutz-blattner.de/favicon.ico?path=//etc" "Mozilla/5.0 AppleWebKit/537.36 (KHTML, like Gecko; compatible; GPTBot/1.4; +https://openai.com/gptbot)"
74.7.227.51 - - [20/Aug/2026:01:53:10 +0200] "GET /favicon.ico?fileloc=//etc/localdomains.rpmnew&path=//etc HTTP/1.1" 500 - "https://bautenschutz-blattner.de/favicon.ico?path=//etc" "Mozilla/5.0 AppleWebKit/537.36 (KHTML, like Gecko; compatible; GPTBot/1.4; +https://openai.com/gptbot)"
74.7.227.51 - - [20/Aug/2026:01:53:30 +0200] "GET /favicon.ico?path=//proc/477240/net/rpc/auth.unix.gid HTTP/1.1" 500 - "https://bautenschutz-blattner.de/favicon.ico?path=//proc/477240/net/rpc" "Mozilla/5.0 AppleWebKit/537.36 (KHTML, like Gecko; compatible; GPTBot/1.4; +https://openai.com/gptbot)"
74.7.227.51 - - [20/Aug/2026:01:53:51 +0200] "GET /favicon.ico?path=//proc/477246/net/rpc/auth.unix.gid HTTP/1.1" 500 - "https://bautenschutz-blattner.de/favicon.ico?path=//proc/477246/net/rpc" "Mozilla/5.0 AppleWebKit/537.36 (KHTML, like Gecko; compatible; GPTBot/1.4; +https://openai.com/gptbot)"
74.7.227.51 - - [20/Aug/2026:01:54:12 +0200] "GET /favicon.ico?path=//proc/477242/net/rpc/auth.unix.gid HTTP/1.1" 500 - "https://bautenschutz-blattner.de/favicon.ico?path=//proc/477242/net/rpc" "Mozilla/5.0 AppleWebKit/537.36 (KHTML, like Gecko; compatible; GPTBot/1.4; +https://openai.com/gptbot)"
66.249.66.64 - - [20/Aug/2026:01:54:17 +0200] "GET /special/037019502.html HTTP/1.1" 200 165660 "-" "Mozilla/5.0 (Linux; Android 6.0.1; Nexus 5X Build/MMB29P) AppleWebKit/537.36 (KHTML, like Gecko) Chrome/151.0.7922.137 Mobile Safari/537.36 (compatible; GoogleOther)"
74.7.227.51 - - [20/Aug/2026:01:54:32 +0200] "GET /favicon.ico?path=//proc/485474/net/rpc/auth.unix.gid HTTP/1.1" 500 - "https://bautenschutz-blattner.de/favicon.ico?path=//proc/485474/net/rpc" "Mozilla/5.0 AppleWebKit/537.36 (KHTML, like Gecko; compatible; GPTBot/1.4; +https://openai.com/gptbot)"
74.7.227.51 - - [20/Aug/2026:01:54:53 +0200] "GET /favicon.ico?path=//proc/477245/net/rpc/auth.unix.gid HTTP/1.1" 500 - "https://bautenschutz-blattner.de/favicon.ico?path=//proc/477245/net/rpc" "Mozilla/5.0 AppleWebKit/537.36 (KHTML, like Gecko; compatible; GPTBot/1.4; +https://openai.com/gptbot)"
74.7.227.51 - - [20/Aug/2026:01:55:14 +0200] "GET /favicon.ico?path=//proc/477233/net/rpc/auth.unix.gid HTTP/1.1" 500 - "https://bautenschutz-blattner.de/favicon.ico?path=//proc/477233/net/rpc" "Mozilla/5.0 AppleWebKit/537.36 (KHTML, like Gecko; compatible; GPTBot/1.4; +https://openai.com/gptbot)"
74.7.227.51 - - [20/Aug/2026:01:55:34 +0200] "GET /favicon.ico?path=//proc/477237/net/rpc/auth.unix.gid HTTP/1.1" 500 - "https://bautenschutz-blattner.de/favicon.ico?path=//proc/477237/net/rpc" "Mozilla/5.0 AppleWebKit/537.36 (KHTML, like Gecko; compatible; GPTBot/1.4; +https://openai.com/gptbot)"
74.7.227.51 - - [20/Aug/2026:01:55:55 +0200] "GET /favicon.ico?path=//proc/477234/net/rpc/auth.unix.gid HTTP/1.1" 500 - "https://bautenschutz-blattner.de/favicon.ico?path=//proc/477234/net/rpc" "Mozilla/5.0 AppleWebKit/537.36 (KHTML, like Gecko; compatible; GPTBot/1.4; +https://openai.com/gptbot)"
74.7.227.51 - - [20/Aug/2026:01:56:17 +0200] "GET /favicon.ico?path=//proc/486173/net/rpc/auth.unix.ip HTTP/1.1" 500 - "https://bautenschutz-blattner.de/favicon.ico?path=//proc/486173/net/rpc" "Mozilla/5.0 AppleWebKit/537.36 (KHTML, like Gecko; compatible; GPTBot/1.4; +https://openai.com/gptbot)"
107.150.61.58 - - [20/Aug/2026:01:56:35 +0200] "GET /wp-includes/pl7c61d4/edit.php HTTP/1.1" 200 6 "https://bautenschutz-blattner.de/wp-includes/pl7c61d4/edit.php" "Mozilla/5.0 (Windows NT 10.0; Win64; x64) AppleWebKit/537.36 (KHTML, like Gecko) Chrome/58.0.3029.110 Safari/537.3"
66.249.73.227 - - [20/Aug/2026:01:56:37 +0200] "GET /special/006000333.html HTTP/1.1" 200 156623 "-" "Mozilla/5.0 (Linux; Android 6.0.1; Nexus 5X Build/MMB29P) AppleWebKit/537.36 (KHTML, like Gecko) Chrome/151.0.7922.137 Mobile Safari/537.36 (compatible; GoogleOther)"
74.7.227.51 - - [20/Aug/2026:01:56:41 +0200] "GET /favicon.ico?path=//proc/477243/net/rpc/auth.unix.gid HTTP/1.1" 500 - "https://bautenschutz-blattner.de/favicon.ico?path=//proc/477243/net/rpc" "Mozilla/5.0 AppleWebKit/537.36 (KHTML, like Gecko; compatible; GPTBot/1.4; +https://openai.com/gptbot)"
74.7.227.51 - - [20/Aug/2026:01:57:00 +0200] "GET /favicon.ico?path=//proc/477241/net/rpc/auth.unix.gid HTTP/1.1" 500 - "https://bautenschutz-blattner.de/favicon.ico?path=//proc/477241/net/rpc" "Mozilla/5.0 AppleWebKit/537.36 (KHTML, like Gecko; compatible; GPTBot/1.4; +https://openai.com/gptbot)"
74.7.227.51 - - [20/Aug/2026:01:57:20 +0200] "GET /favicon.ico?path=//etc/depmod.d HTTP/1.1" 500 - "https://bautenschutz-blattner.de/favicon.ico?path=//etc" "Mozilla/5.0 AppleWebKit/537.36 (KHTML, like Gecko; compatible; GPTBot/1.4; +https://openai.com/gptbot)"
74.7.227.51 - - [20/Aug/2026:01:57:41 +0200] "GET /favicon.ico?path=//proc/3808397/net/dev_snmp6 HTTP/1.1" 500 - "https://bautenschutz-blattner.de/favicon.ico?path=//proc/3808397/net" "Mozilla/5.0 AppleWebKit/537.36 (KHTML, like Gecko; compatible; GPTBot/1.4; +https://openai.com/gptbot)"
66.249.73.227 - - [20/Aug/2026:01:57:39 +0200] "GET /53070752 HTTP/1.1" 200 162444 "-" "Mozilla/5.0 (Linux; Android 6.0.1; Nexus 5X Build/MMB29P) AppleWebKit/537.36 (KHTML, like Gecko) Chrome/151.0.7922.137 Mobile Safari/537.36 (compatible; GoogleOther)"
107.150.61.58 - - [20/Aug/2026:01:56:20 +0200] "GET /wp-includes/pl7c61d4/edit.php HTTP/1.1" 200 - "https://bautenschutz-blattner.de/wp-includes/pl7c61d4/edit.php" "Mozilla/5.0 (Windows NT 10.0; Win64; x64) AppleWebKit/537.36 (KHTML, like Gecko) Chrome/58.0.3029.110 Safari/537.3"
66.249.73.227 - - [20/Aug/2026:01:57:53 +0200] "GET /special/230013435.html HTTP/1.1" 200 157701 "-" "Mozilla/5.0 (Linux; Android 6.0.1; Nexus 5X Build/MMB29P) AppleWebKit/537.36 (KHTML, like Gecko) Chrome/151.0.7922.137 Mobile Safari/537.36 (compatible; GoogleOther)"
74.7.227.51 - - [20/Aug/2026:01:58:01 +0200] "GET /favicon.ico?path=//proc/1990921/net/dev_snmp6 HTTP/1.1" 500 - "https://bautenschutz-blattner.de/favicon.ico?path=//proc/1990921/net" "Mozilla/5.0 AppleWebKit/537.36 (KHTML, like Gecko; compatible; GPTBot/1.4; +https://openai.com/gptbot)"
66.249.73.227 - - [20/Aug/2026:01:58:06 +0200] "GET /overspec-asfour-405-20-cr-box HTTP/1.1" 200 154591 "-" "Mozilla/5.0 (Linux; Android 6.0.1; Nexus 5X Build/MMB29P) AppleWebKit/537.36 (KHTML, like Gecko) Chrome/151.0.7922.137 Mobile Safari/537.36 (compatible; GoogleOther)"
74.7.227.51 - - [20/Aug/2026:01:58:23 +0200] "GET /favicon.ico?path=//lib64/pdns HTTP/1.1" 500 - "https://bautenschutz-blattner.de/favicon.ico?path=//lib64" "Mozilla/5.0 AppleWebKit/537.36 (KHTML, like Gecko; compatible; GPTBot/1.4; +https://openai.com/gptbot)"
74.7.227.51 - - [20/Aug/2026:01:58:43 +0200] "GET /favicon.ico?path=//lib64/llvm HTTP/1.1" 500 - "https://bautenschutz-blattner.de/favicon.ico?path=//lib64" "Mozilla/5.0 AppleWebKit/537.36 (KHTML, like Gecko; compatible; GPTBot/1.4; +https://openai.com/gptbot)"
66.249.73.228 - - [20/Aug/2026:01:58:54 +0200] "GET /496349976 HTTP/1.1" 200 157741 "-" "Mozilla/5.0 (Linux; Android 6.0.1; Nexus 5X Build/MMB29P) AppleWebKit/537.36 (KHTML, like Gecko) Chrome/151.0.7922.137 Mobile Safari/537.36 (compatible; Googlebot/2.1; +http://www.google.com/bot.html)"
66.249.73.228 - - [20/Aug/2026:01:58:56 +0200] "GET /drill/gross/dx113zautz12905fo.shtml HTTP/1.1" 200 157492 "-" "Mozilla/5.0 (Linux; Android 6.0.1; Nexus 5X Build/MMB29P) AppleWebKit/537.36 (KHTML, like Gecko) Chrome/151.0.7922.137 Mobile Safari/537.36 (compatible; GoogleOther)"
74.7.227.51 - - [20/Aug/2026:01:59:05 +0200] "GET /favicon.ico?path=//etc/pkcs11 HTTP/1.1" 500 - "https://bautenschutz-blattner.de/favicon.ico?path=//etc" "Mozilla/5.0 AppleWebKit/537.36 (KHTML, like Gecko; compatible; GPTBot/1.4; +https://openai.com/gptbot)"
74.7.227.51 - - [20/Aug/2026:01:59:26 +0200] "GET /favicon.ico?path=//lib64/bind HTTP/1.1" 500 - "https://bautenschutz-blattner.de/favicon.ico?path=//lib64" "Mozilla/5.0 AppleWebKit/537.36 (KHTML, like Gecko; compatible; GPTBot/1.4; +https://openai.com/gptbot)"
66.249.73.229 - - [20/Aug/2026:01:59:44 +0200] "GET /category/106/1 HTTP/1.1" 200 169717 "-" "Mozilla/5.0 (Linux; Android 6.0.1; Nexus 5X Build/MMB29P) AppleWebKit/537.36 (KHTML, like Gecko) Chrome/151.0.7922.137 Mobile Safari/537.36 (compatible; GoogleOther)"
74.7.227.51 - - [20/Aug/2026:01:59:48 +0200] "GET /favicon.ico?fileloc=//bin/kdumpctl&path=//bin HTTP/1.1" 500 - "https://bautenschutz-blattner.de/favicon.ico?path=//bin" "Mozilla/5.0 AppleWebKit/537.36 (KHTML, like Gecko; compatible; GPTBot/1.4; +https://openai.com/gptbot)"
66.249.73.228 - - [20/Aug/2026:01:59:55 +0200] "GET /happily/she/lfvq119jkw5i10025xvr.shtml HTTP/1.1" 200 157671 "-" "Mozilla/5.0 (Linux; Android 6.0.1; Nexus 5X Build/MMB29P) AppleWebKit/537.36 (KHTML, like Gecko) Chrome/151.0.7922.137 Mobile Safari/537.36 (compatible; GoogleOther)"
74.7.227.51 - - [20/Aug/2026:02:00:08 +0200] "GET /favicon.ico?fileloc=//bin/msgunfmt&path=//bin HTTP/1.1" 500 - "https://bautenschutz-blattner.de/favicon.ico?path=//bin" "Mozilla/5.0 AppleWebKit/537.36 (KHTML, like Gecko; compatible; GPTBot/1.4; +https://openai.com/gptbot)"
74.7.227.51 - - [20/Aug/2026:02:00:29 +0200] "GET /favicon.ico?path=//lib64/man-db HTTP/1.1" 500 - "https://bautenschutz-blattner.de/favicon.ico?path=//lib64" "Mozilla/5.0 AppleWebKit/537.36 (KHTML, like Gecko; compatible; GPTBot/1.4; +https://openai.com/gptbot)"
66.249.73.227 - - [20/Aug/2026:02:00:33 +0200] "GET /279877064 HTTP/1.1" 200 161137 "-" "Mozilla/5.0 (Linux; Android 6.0.1; Nexus 5X Build/MMB29P) AppleWebKit/537.36 (KHTML, like Gecko) Chrome/151.0.7922.137 Mobile Safari/537.36 (compatible; GoogleOther)"
74.7.227.51 - - [20/Aug/2026:02:00:50 +0200] "GET /favicon.ico?path=//lib64/libnfsidmap HTTP/1.1" 500 - "https://bautenschutz-blattner.de/favicon.ico?path=//lib64" "Mozilla/5.0 AppleWebKit/537.36 (KHTML, like Gecko; compatible; GPTBot/1.4; +https://openai.com/gptbot)"
74.7.227.51 - - [20/Aug/2026:02:01:10 +0200] "GET /favicon.ico?path=//etc/cron.hourly HTTP/1.1" 500 - "https://bautenschutz-blattner.de/favicon.ico?path=//etc" "Mozilla/5.0 AppleWebKit/537.36 (KHTML, like Gecko; compatible; GPTBot/1.4; +https://openai.com/gptbot)"
74.7.227.51 - - [20/Aug/2026:02:01:32 +0200] "GET /favicon.ico?path=//etc/chkconfig.d HTTP/1.1" 500 - "https://bautenschutz-blattner.de/favicon.ico?path=//etc" "Mozilla/5.0 AppleWebKit/537.36 (KHTML, like Gecko; compatible; GPTBot/1.4; +https://openai.com/gptbot)"
74.7.227.51 - - [20/Aug/2026:02:01:53 +0200] "GET /favicon.ico?path=//lib64/llvm21/include HTTP/1.1" 500 - "https://bautenschutz-blattner.de/favicon.ico?path=//lib64/llvm21" "Mozilla/5.0 AppleWebKit/537.36 (KHTML, like Gecko; compatible; GPTBot/1.4; +https://openai.com/gptbot)"
74.7.227.51 - - [20/Aug/2026:02:02:14 +0200] "GET /favicon.ico?fileloc=//proc/kcore&path=//proc HTTP/1.1" 500 - "https://bautenschutz-blattner.de/favicon.ico?path=//proc" "Mozilla/5.0 AppleWebKit/537.36 (KHTML, like Gecko; compatible; GPTBot/1.4; +https://openai.com/gptbot)"
74.7.227.51 - - [20/Aug/2026:02:02:35 +0200] "GET /favicon.ico?path=//proc/2619/map_files HTTP/1.1" 500 - "https://bautenschutz-blattner.de/favicon.ico?path=//proc/2619" "Mozilla/5.0 AppleWebKit/537.36 (KHTML, like Gecko; compatible; GPTBot/1.4; +https://openai.com/gptbot)"
74.7.227.51 - - [20/Aug/2026:02:02:56 +0200] "GET /favicon.ico?path=//proc/1098/map_files HTTP/1.1" 500 - "https://bautenschutz-blattner.de/favicon.ico?path=//proc/1098" "Mozilla/5.0 AppleWebKit/537.36 (KHTML, like Gecko; compatible; GPTBot/1.4; +https://openai.com/gptbot)"
66.249.73.229 - - [20/Aug/2026:02:03:09 +0200] "GET /dead/concept/lg70xwt0rbv108b.shtml HTTP/1.1" 200 162451 "-" "Mozilla/5.0 (Linux; Android 6.0.1; Nexus 5X Build/MMB29P) AppleWebKit/537.36 (KHTML, like Gecko) Chrome/151.0.7922.137 Mobile Safari/537.36 (compatible; GoogleOther)"
74.7.227.51 - - [20/Aug/2026:02:03:18 +0200] "GET /favicon.ico?path=//etc/scl HTTP/1.1" 500 - "https://bautenschutz-blattner.de/favicon.ico?path=//etc" "Mozilla/5.0 AppleWebKit/537.36 (KHTML, like Gecko; compatible; GPTBot/1.4; +https://openai.com/gptbot)"
66.249.73.228 - - [20/Aug/2026:02:03:26 +0200] "GET /4085512 HTTP/1.1" 200 165788 "-" "Mozilla/5.0 (Linux; Android 6.0.1; Nexus 5X Build/MMB29P) AppleWebKit/537.36 (KHTML, like Gecko) Chrome/151.0.7922.137 Mobile Safari/537.36 (compatible; GoogleOther)"
74.7.227.51 - - [20/Aug/2026:02:03:39 +0200] "GET /favicon.ico?path=//etc/rpm HTTP/1.1" 500 - "https://bautenschutz-blattner.de/favicon.ico?path=//etc" "Mozilla/5.0 AppleWebKit/537.36 (KHTML, like Gecko; compatible; GPTBot/1.4; +https://openai.com/gptbot)"
74.7.227.51 - - [20/Aug/2026:02:04:00 +0200] "GET /favicon.ico?path=//etc/ssl HTTP/1.1" 500 - "https://bautenschutz-blattner.de/favicon.ico?path=//etc" "Mozilla/5.0 AppleWebKit/537.36 (KHTML, like Gecko; compatible; GPTBot/1.4; +https://openai.com/gptbot)"
74.7.227.51 - - [20/Aug/2026:02:04:21 +0200] "GET /favicon.ico?path=//var/lib HTTP/1.1" 500 - "https://bautenschutz-blattner.de/favicon.ico?path=//var" "Mozilla/5.0 AppleWebKit/537.36 (KHTML, like Gecko; compatible; GPTBot/1.4; +https://openai.com/gptbot)"
74.7.227.51 - - [20/Aug/2026:02:04:42 +0200] "GET /favicon.ico?path=//etc/gss HTTP/1.1" 500 - "https://bautenschutz-blattner.de/favicon.ico?path=//etc" "Mozilla/5.0 AppleWebKit/537.36 (KHTML, like Gecko; compatible; GPTBot/1.4; +https://openai.com/gptbot)"
74.7.227.51 - - [20/Aug/2026:02:05:03 +0200] "GET /favicon.ico?path=//var/log HTTP/1.1" 500 - "https://bautenschutz-blattner.de/favicon.ico?path=//var" "Mozilla/5.0 AppleWebKit/537.36 (KHTML, like Gecko; compatible; GPTBot/1.4; +https://openai.com/gptbot)"
74.7.227.51 - - [20/Aug/2026:02:05:25 +0200] "GET /favicon.ico?path=//var/adm HTTP/1.1" 500 - "https://bautenschutz-blattner.de/favicon.ico?path=//var" "Mozilla/5.0 AppleWebKit/537.36 (KHTML, like Gecko; compatible; GPTBot/1.4; +https://openai.com/gptbot)"
74.7.227.51 - - [20/Aug/2026:02:05:45 +0200] "GET /favicon.ico?path=//etc/egl HTTP/1.1" 500 - "https://bautenschutz-blattner.de/favicon.ico?path=//etc" "Mozilla/5.0 AppleWebKit/537.36 (KHTML, like Gecko; compatible; GPTBot/1.4; +https://openai.com/gptbot)"
74.7.227.51 - - [20/Aug/2026:02:06:06 +0200] "GET /favicon.ico?path=//lib64/gtk-3.0/modules HTTP/1.1" 500 - "https://bautenschutz-blattner.de/favicon.ico?path=//lib64/gtk-3.0" "Mozilla/5.0 AppleWebKit/537.36 (KHTML, like Gecko; compatible; GPTBot/1.4; +https://openai.com/gptbot)"
66.249.73.227 - - [20/Aug/2026:02:06:19 +0200] "GET /shape/enforcement/u98acyedwof6290v.shtml HTTP/1.1" 200 156991 "-" "Mozilla/5.0 (Linux; Android 6.0.1; Nexus 5X Build/MMB29P) AppleWebKit/537.36 (KHTML, like Gecko) Chrome/151.0.7922.137 Mobile Safari/537.36 (compatible; GoogleOther)"
74.7.227.51 - - [20/Aug/2026:02:06:26 +0200] "GET /favicon.ico?fileloc=//bin/rpm2cpio&path=//bin HTTP/1.1" 500 - "https://bautenschutz-blattner.de/favicon.ico?path=//bin" "Mozilla/5.0 AppleWebKit/537.36 (KHTML, like Gecko; compatible; GPTBot/1.4; +https://openai.com/gptbot)"
66.249.73.228 - - [20/Aug/2026:02:06:30 +0200] "GET /rage/lamp/qjn11dklug10247da.shtml HTTP/1.1" 200 152689 "-" "Mozilla/5.0 (Linux; Android 6.0.1; Nexus 5X Build/MMB29P) AppleWebKit/537.36 (KHTML, like Gecko) Chrome/151.0.7922.137 Mobile Safari/537.36 (compatible; GoogleOther)"
74.7.227.51 - - [20/Aug/2026:02:06:47 +0200] "GET /favicon.ico?fileloc=//bin/tracker3&path=//bin HTTP/1.1" 500 - "https://bautenschutz-blattner.de/favicon.ico?path=//bin" "Mozilla/5.0 AppleWebKit/537.36 (KHTML, like Gecko; compatible; GPTBot/1.4; +https://openai.com/gptbot)"
74.7.227.51 - - [20/Aug/2026:02:07:09 +0200] "GET /favicon.ico?fileloc=//bin/sha1hmac&path=//bin HTTP/1.1" 500 - "https://bautenschutz-blattner.de/favicon.ico?path=//bin" "Mozilla/5.0 AppleWebKit/537.36 (KHTML, like Gecko; compatible; GPTBot/1.4; +https://openai.com/gptbot)"
74.7.227.51 - - [20/Aug/2026:02:07:31 +0200] "GET /favicon.ico?fileloc=//bin/pod2text&path=//bin HTTP/1.1" 500 - "https://bautenschutz-blattner.de/favicon.ico?path=//bin" "Mozilla/5.0 AppleWebKit/537.36 (KHTML, like Gecko; compatible; GPTBot/1.4; +https://openai.com/gptbot)"
66.249.73.229 - - [20/Aug/2026:02:07:44 +0200] "GET /special/030037735.html HTTP/1.1" 200 143836 "-" "Mozilla/5.0 (Linux; Android 6.0.1; Nexus 5X Build/MMB29P) AppleWebKit/537.36 (KHTML, like Gecko) Chrome/151.0.7922.137 Mobile Safari/537.36 (compatible; GoogleOther)"
74.7.227.51 - - [20/Aug/2026:02:07:52 +0200] "GET /favicon.ico?fileloc=//bin/ps2ascii&path=//bin HTTP/1.1" 500 - "https://bautenschutz-blattner.de/favicon.ico?path=//bin" "Mozilla/5.0 AppleWebKit/537.36 (KHTML, like Gecko; compatible; GPTBot/1.4; +https://openai.com/gptbot)"
74.7.227.51 - - [20/Aug/2026:02:08:14 +0200] "GET /favicon.ico?fileloc=//bin/autom4te&path=//bin HTTP/1.1" 500 - "https://bautenschutz-blattner.de/favicon.ico?path=//bin" "Mozilla/5.0 AppleWebKit/537.36 (KHTML, like Gecko; compatible; GPTBot/1.4; +https://openai.com/gptbot)"
74.7.227.51 - - [20/Aug/2026:02:08:35 +0200] "GET /favicon.ico?fileloc=//bin/zone2sql&path=//bin HTTP/1.1" 500 - "https://bautenschutz-blattner.de/favicon.ico?path=//bin" "Mozilla/5.0 AppleWebKit/537.36 (KHTML, like Gecko; compatible; GPTBot/1.4; +https://openai.com/gptbot)"
74.7.227.51 - - [20/Aug/2026:02:08:56 +0200] "GET /favicon.ico?fileloc=//bin/pod2html&path=//bin HTTP/1.1" 500 - "https://bautenschutz-blattner.de/favicon.ico?path=//bin" "Mozilla/5.0 AppleWebKit/537.36 (KHTML, like Gecko; compatible; GPTBot/1.4; +https://openai.com/gptbot)"
66.249.73.227 - - [20/Aug/2026:02:09:14 +0200] "GET /size/assemble/thdy23lmpa3pos169.shtml HTTP/1.1" 200 158391 "-" "Mozilla/5.0 (Linux; Android 6.0.1; Nexus 5X Build/MMB29P) AppleWebKit/537.36 (KHTML, like Gecko) Chrome/151.0.7922.137 Mobile Safari/537.36 (compatible; GoogleOther)"
74.7.227.51 - - [20/Aug/2026:02:09:17 +0200] "GET /favicon.ico?path=//etc/logrotate.d HTTP/1.1" 500 - "https://bautenschutz-blattner.de/favicon.ico?path=//etc" "Mozilla/5.0 AppleWebKit/537.36 (KHTML, like Gecko; compatible; GPTBot/1.4; +https://openai.com/gptbot)"
74.7.227.51 - - [20/Aug/2026:02:09:37 +0200] "GET /favicon.ico?fileloc=//lib64/liblua-5.4.so&path=//lib64 HTTP/1.1" 500 - "https://bautenschutz-blattner.de/favicon.ico?path=//lib64" "Mozilla/5.0 AppleWebKit/537.36 (KHTML, like Gecko; compatible; GPTBot/1.4; +https://openai.com/gptbot)"
66.249.73.228 - - [20/Aug/2026:02:09:39 +0200] "GET /experienced/stare/jceu106qgi0njh42682qzd.shtml HTTP/1.1" 200 142897 "-" "Mozilla/5.0 (Linux; Android 6.0.1; Nexus 5X Build/MMB29P) AppleWebKit/537.36 (KHTML, like Gecko) Chrome/151.0.7922.137 Mobile Safari/537.36 (compatible; GoogleOther)"
74.7.227.51 - - [20/Aug/2026:02:09:59 +0200] "GET /favicon.ico?fileloc=//lib64/libzip.so.5.3&path=//lib64 HTTP/1.1" 500 - "https://bautenschutz-blattner.de/favicon.ico?path=//lib64" "Mozilla/5.0 AppleWebKit/537.36 (KHTML, like Gecko; compatible; GPTBot/1.4; +https://openai.com/gptbot)"
74.7.227.51 - - [20/Aug/2026:02:10:21 +0200] "GET /favicon.ico?fileloc=//lib64/libaps.so.1.0&path=//lib64 HTTP/1.1" 500 - "https://bautenschutz-blattner.de/favicon.ico?path=//lib64" "Mozilla/5.0 AppleWebKit/537.36 (KHTML, like Gecko; compatible; GPTBot/1.4; +https://openai.com/gptbot)"
74.7.227.51 - - [20/Aug/2026:02:10:42 +0200] "GET /favicon.ico?fileloc=//lib64/libcbor.so.0.7&path=//lib64 HTTP/1.1" 500 - "https://bautenschutz-blattner.de/favicon.ico?path=//lib64" "Mozilla/5.0 AppleWebKit/537.36 (KHTML, like Gecko; compatible; GPTBot/1.4; +https://openai.com/gptbot)"
74.7.227.51 - - [20/Aug/2026:02:11:04 +0200] "GET /favicon.ico?fileloc=//lib64/libss.so.2.0&path=//lib64 HTTP/1.1" 500 - "https://bautenschutz-blattner.de/favicon.ico?path=//lib64" "Mozilla/5.0 AppleWebKit/537.36 (KHTML, like Gecko; compatible; GPTBot/1.4; +https://openai.com/gptbot)"
74.7.227.51 - - [20/Aug/2026:02:11:25 +0200] "GET /favicon.ico?fileloc=//lib64/libform.so.6.2&path=//lib64 HTTP/1.1" 500 - "https://bautenschutz-blattner.de/favicon.ico?path=//lib64" "Mozilla/5.0 AppleWebKit/537.36 (KHTML, like Gecko; compatible; GPTBot/1.4; +https://openai.com/gptbot)"
74.7.227.51 - - [20/Aug/2026:02:11:46 +0200] "GET /favicon.ico?path=//etc/cron.monthly HTTP/1.1" 500 - "https://bautenschutz-blattner.de/favicon.ico?path=//etc" "Mozilla/5.0 AppleWebKit/537.36 (KHTML, like Gecko; compatible; GPTBot/1.4; +https://openai.com/gptbot)"
74.7.227.51 - - [20/Aug/2026:02:12:07 +0200] "GET /favicon.ico?path=//etc/valiases HTTP/1.1" 500 - "https://bautenschutz-blattner.de/favicon.ico?path=//etc" "Mozilla/5.0 AppleWebKit/537.36 (KHTML, like Gecko; compatible; GPTBot/1.4; +https://openai.com/gptbot)"
66.249.73.228 - - [20/Aug/2026:02:12:07 +0200] "GET /714056159 HTTP/1.1" 200 155423 "-" "Mozilla/5.0 (Linux; Android 6.0.1; Nexus 5X Build/MMB29P) AppleWebKit/537.36 (KHTML, like Gecko) Chrome/151.0.7922.137 Mobile Safari/537.36 (compatible; GoogleOther)"
74.7.227.51 - - [20/Aug/2026:02:12:28 +0200] "GET /favicon.ico?path=//etc/terminfo HTTP/1.1" 500 - "https://bautenschutz-blattner.de/favicon.ico?path=//etc" "Mozilla/5.0 AppleWebKit/537.36 (KHTML, like Gecko; compatible; GPTBot/1.4; +https://openai.com/gptbot)"
74.7.227.51 - - [20/Aug/2026:02:12:49 +0200] "GET /favicon.ico?path=//etc/openldap HTTP/1.1" 500 - "https://bautenschutz-blattner.de/favicon.ico?path=//etc" "Mozilla/5.0 AppleWebKit/537.36 (KHTML, like Gecko; compatible; GPTBot/1.4; +https://openai.com/gptbot)"
66.249.73.228 - - [20/Aug/2026:02:12:54 +0200] "GET /special/151029928.html HTTP/1.1" 200 157120 "-" "Mozilla/5.0 (Linux; Android 6.0.1; Nexus 5X Build/MMB29P) AppleWebKit/537.36 (KHTML, like Gecko) Chrome/151.0.7922.137 Mobile Safari/537.36 (compatible; GoogleOther)"
74.7.227.51 - - [20/Aug/2026:02:13:09 +0200] "GET /favicon.ico?path=//proc/sysvipc HTTP/1.1" 500 - "https://bautenschutz-blattner.de/favicon.ico?path=//proc" "Mozilla/5.0 AppleWebKit/537.36 (KHTML, like Gecko; compatible; GPTBot/1.4; +https://openai.com/gptbot)"
74.7.227.51 - - [20/Aug/2026:02:13:29 +0200] "GET /favicon.ico?path=//var/preserve HTTP/1.1" 500 - "https://bautenschutz-blattner.de/favicon.ico?path=//var" "Mozilla/5.0 AppleWebKit/537.36 (KHTML, like Gecko; compatible; GPTBot/1.4; +https://openai.com/gptbot)"
74.7.227.51 - - [20/Aug/2026:02:13:50 +0200] "GET /favicon.ico?path=/home/tb1/mail HTTP/1.1" 500 - "https://bautenschutz-blattner.de/favicon.ico?path=/home/tb1" "Mozilla/5.0 AppleWebKit/537.36 (KHTML, like Gecko; compatible; GPTBot/1.4; +https://openai.com/gptbot)"
74.7.227.51 - - [20/Aug/2026:02:14:10 +0200] "GET /favicon.ico?fileloc=//lib64/libexif.so.12&path=//lib64 HTTP/1.1" 500 - "https://bautenschutz-blattner.de/favicon.ico?path=//lib64" "Mozilla/5.0 AppleWebKit/537.36 (KHTML, like Gecko; compatible; GPTBot/1.4; +https://openai.com/gptbot)"
74.7.227.51 - - [20/Aug/2026:02:14:31 +0200] "GET /favicon.ico?fileloc=//lib64/libxml2.so.2&path=//lib64 HTTP/1.1" 500 - "https://bautenschutz-blattner.de/favicon.ico?path=//lib64" "Mozilla/5.0 AppleWebKit/537.36 (KHTML, like Gecko; compatible; GPTBot/1.4; +https://openai.com/gptbot)"
66.249.73.228 - - [20/Aug/2026:02:14:48 +0200] "GET /toyu/top/CKmSpSfTop.jsp HTTP/1.1" 200 155171 "-" "Mozilla/5.0 (Linux; Android 6.0.1; Nexus 5X Build/MMB29P) AppleWebKit/537.36 (KHTML, like Gecko) Chrome/151.0.7922.137 Mobile Safari/537.36 (compatible; Googlebot/2.1; +http://www.google.com/bot.html)"
74.7.227.51 - - [20/Aug/2026:02:14:51 +0200] "GET /favicon.ico?fileloc=//lib64/libglib-2.0.so&path=//lib64 HTTP/1.1" 500 - "https://bautenschutz-blattner.de/favicon.ico?path=//lib64" "Mozilla/5.0 AppleWebKit/537.36 (KHTML, like Gecko; compatible; GPTBot/1.4; +https://openai.com/gptbot)"
74.7.227.51 - - [20/Aug/2026:02:15:13 +0200] "GET /favicon.ico?fileloc=//lib64/libjbig.so.2.1&path=//lib64 HTTP/1.1" 500 - "https://bautenschutz-blattner.de/favicon.ico?path=//lib64" "Mozilla/5.0 AppleWebKit/537.36 (KHTML, like Gecko; compatible; GPTBot/1.4; +https://openai.com/gptbot)"
74.7.227.51 - - [20/Aug/2026:02:15:34 +0200] "GET /favicon.ico?fileloc=//lib64/libgio-2.0.so&path=//lib64 HTTP/1.1" 500 - "https://bautenschutz-blattner.de/favicon.ico?path=//lib64" "Mozilla/5.0 AppleWebKit/537.36 (KHTML, like Gecko; compatible; GPTBot/1.4; +https://openai.com/gptbot)"
74.7.227.51 - - [20/Aug/2026:02:15:55 +0200] "GET /favicon.ico?fileloc=//bin/yum&path=//bin HTTP/1.1" 500 - "https://bautenschutz-blattner.de/favicon.ico?path=//bin" "Mozilla/5.0 AppleWebKit/537.36 (KHTML, like Gecko; compatible; GPTBot/1.4; +https://openai.com/gptbot)"
66.249.73.229 - - [20/Aug/2026:02:16:10 +0200] "GET /axtos-1011c082-001-1 HTTP/1.1" 200 155510 "-" "Mozilla/5.0 (Linux; Android 6.0.1; Nexus 5X Build/MMB29P) AppleWebKit/537.36 (KHTML, like Gecko) Chrome/151.0.7922.137 Mobile Safari/537.36 (compatible; GoogleOther)"
74.7.227.51 - - [20/Aug/2026:02:16:16 +0200] "GET /favicon.ico?fileloc=//bin/dwz&path=//bin HTTP/1.1" 500 - "https://bautenschutz-blattner.de/favicon.ico?path=//bin" "Mozilla/5.0 AppleWebKit/537.36 (KHTML, like Gecko; compatible; GPTBot/1.4; +https://openai.com/gptbot)"
66.249.73.228 - - [20/Aug/2026:02:16:34 +0200] "GET /special/014049049.html HTTP/1.1" 200 143824 "-" "Mozilla/5.0 (Linux; Android 6.0.1; Nexus 5X Build/MMB29P) AppleWebKit/537.36 (KHTML, like Gecko) Chrome/151.0.7922.137 Mobile Safari/537.36 (compatible; GoogleOther)"
74.7.227.51 - - [20/Aug/2026:02:16:37 +0200] "GET /favicon.ico?fileloc=//bin/sum&path=//bin HTTP/1.1" 500 - "https://bautenschutz-blattner.de/favicon.ico?path=//bin" "Mozilla/5.0 AppleWebKit/537.36 (KHTML, like Gecko; compatible; GPTBot/1.4; +https://openai.com/gptbot)"
74.7.227.51 - - [20/Aug/2026:02:16:57 +0200] "GET /favicon.ico?path=/home/tb1/.razor HTTP/1.1" 500 - "https://bautenschutz-blattner.de/favicon.ico?path=/home/tb1" "Mozilla/5.0 AppleWebKit/537.36 (KHTML, like Gecko; compatible; GPTBot/1.4; +https://openai.com/gptbot)"
74.7.227.51 - - [20/Aug/2026:02:17:18 +0200] "GET /favicon.ico?path=/home/tb1/tmp HTTP/1.1" 500 - "https://bautenschutz-blattner.de/favicon.ico?path=/home/tb1" "Mozilla/5.0 AppleWebKit/537.36 (KHTML, like Gecko; compatible; GPTBot/1.4; +https://openai.com/gptbot)"
66.249.73.228 - - [20/Aug/2026:02:17:31 +0200] "GET /tremendous/aide/dx113zautz12905fo.shtml HTTP/1.1" 200 157697 "-" "Mozilla/5.0 (Linux; Android 6.0.1; Nexus 5X Build/MMB29P) AppleWebKit/537.36 (KHTML, like Gecko) Chrome/151.0.7922.137 Mobile Safari/537.36 (compatible; GoogleOther)"
74.7.227.51 - - [20/Aug/2026:02:17:39 +0200] "GET /favicon.ico?path=/home/tb1/.trash HTTP/1.1" 500 - "https://bautenschutz-blattner.de/favicon.ico?path=/home/tb1" "Mozilla/5.0 AppleWebKit/537.36 (KHTML, like Gecko; compatible; GPTBot/1.4; +https://openai.com/gptbot)"
74.7.227.51 - - [20/Aug/2026:02:18:01 +0200] "GET /favicon.ico?path=/home/tb1/etc HTTP/1.1" 500 - "https://bautenschutz-blattner.de/favicon.ico?path=/home/tb1" "Mozilla/5.0 AppleWebKit/537.36 (KHTML, like Gecko; compatible; GPTBot/1.4; +https://openai.com/gptbot)"
74.7.227.51 - - [20/Aug/2026:02:18:22 +0200] "GET /favicon.ico?path=/home/tb1/ssl HTTP/1.1" 500 - "https://bautenschutz-blattner.de/favicon.ico?path=/home/tb1" "Mozilla/5.0 AppleWebKit/537.36 (KHTML, like Gecko; compatible; GPTBot/1.4; +https://openai.com/gptbot)"
74.7.227.51 - - [20/Aug/2026:02:18:44 +0200] "GET /favicon.ico?path=//var/crash HTTP/1.1" 500 - "https://bautenschutz-blattner.de/favicon.ico?path=//var" "Mozilla/5.0 AppleWebKit/537.36 (KHTML, like Gecko; compatible; GPTBot/1.4; +https://openai.com/gptbot)"
74.7.227.51 - - [20/Aug/2026:02:19:05 +0200] "GET /favicon.ico?path=//var/cache HTTP/1.1" 500 - "https://bautenschutz-blattner.de/favicon.ico?path=//var" "Mozilla/5.0 AppleWebKit/537.36 (KHTML, like Gecko; compatible; GPTBot/1.4; +https://openai.com/gptbot)"
74.7.227.51 - - [20/Aug/2026:02:19:25 +0200] "GET /favicon.ico?path=//var/local HTTP/1.1" 500 - "https://bautenschutz-blattner.de/favicon.ico?path=//var" "Mozilla/5.0 AppleWebKit/537.36 (KHTML, like Gecko; compatible; GPTBot/1.4; +https://openai.com/gptbot)"
66.249.73.227 - - [20/Aug/2026:02:19:26 +0200] "GET /special/142003251.html HTTP/1.1" 200 164974 "-" "Mozilla/5.0 (Linux; Android 6.0.1; Nexus 5X Build/MMB29P) AppleWebKit/537.36 (KHTML, like Gecko) Chrome/151.0.7922.137 Mobile Safari/537.36 (compatible; GoogleOther)"
74.7.227.51 - - [20/Aug/2026:02:19:47 +0200] "GET /favicon.ico?path=//etc/fonts HTTP/1.1" 500 - "https://bautenschutz-blattner.de/favicon.ico?path=//etc" "Mozilla/5.0 AppleWebKit/537.36 (KHTML, like Gecko; compatible; GPTBot/1.4; +https://openai.com/gptbot)"
74.7.227.51 - - [20/Aug/2026:02:20:07 +0200] "GET /favicon.ico?path=//var/mail HTTP/1.1" 500 - "https://bautenschutz-blattner.de/favicon.ico?path=//var" "Mozilla/5.0 AppleWebKit/537.36 (KHTML, like Gecko; compatible; GPTBot/1.4; +https://openai.com/gptbot)"
74.7.227.51 - - [20/Aug/2026:02:20:29 +0200] "GET /favicon.ico?path=//proc/irq HTTP/1.1" 500 - "https://bautenschutz-blattner.de/favicon.ico?path=//proc" "Mozilla/5.0 AppleWebKit/537.36 (KHTML, like Gecko; compatible; GPTBot/1.4; +https://openai.com/gptbot)"
74.7.227.51 - - [20/Aug/2026:02:20:49 +0200] "GET /favicon.ico?path=//proc/scsi HTTP/1.1" 500 - "https://bautenschutz-blattner.de/favicon.ico?path=//proc" "Mozilla/5.0 AppleWebKit/537.36 (KHTML, like Gecko; compatible; GPTBot/1.4; +https://openai.com/gptbot)"
74.7.227.51 - - [20/Aug/2026:02:21:10 +0200] "GET /favicon.ico?path=//proc/tty HTTP/1.1" 500 - "https://bautenschutz-blattner.de/favicon.ico?path=//proc" "Mozilla/5.0 AppleWebKit/537.36 (KHTML, like Gecko; compatible; GPTBot/1.4; +https://openai.com/gptbot)"
74.7.227.51 - - [20/Aug/2026:02:21:31 +0200] "GET /favicon.ico?path=//etc/dhcp HTTP/1.1" 500 - "https://bautenschutz-blattner.de/favicon.ico?path=//etc" "Mozilla/5.0 AppleWebKit/537.36 (KHTML, like Gecko; compatible; GPTBot/1.4; +https://openai.com/gptbot)"
74.7.227.51 - - [20/Aug/2026:02:21:53 +0200] "GET /favicon.ico?path=//etc/alsa HTTP/1.1" 500 - "https://bautenschutz-blattner.de/favicon.ico?path=//etc" "Mozilla/5.0 AppleWebKit/537.36 (KHTML, like Gecko; compatible; GPTBot/1.4; +https://openai.com/gptbot)"
74.7.227.51 - - [20/Aug/2026:02:22:13 +0200] "GET /favicon.ico?path=//etc/dconf HTTP/1.1" 500 - "https://bautenschutz-blattner.de/favicon.ico?path=//etc" "Mozilla/5.0 AppleWebKit/537.36 (KHTML, like Gecko; compatible; GPTBot/1.4; +https://openai.com/gptbot)"
74.7.227.51 - - [20/Aug/2026:02:22:34 +0200] "GET /favicon.ico?path=//proc/driver HTTP/1.1" 500 - "https://bautenschutz-blattner.de/favicon.ico?path=//proc" "Mozilla/5.0 AppleWebKit/537.36 (KHTML, like Gecko; compatible; GPTBot/1.4; +https://openai.com/gptbot)"
66.249.73.227 - - [20/Aug/2026:02:22:42 +0200] "GET /special/077001064.html HTTP/1.1" 200 156348 "-" "Mozilla/5.0 (Linux; Android 6.0.1; Nexus 5X Build/MMB29P) AppleWebKit/537.36 (KHTML, like Gecko) Chrome/151.0.7922.137 Mobile Safari/537.36 (compatible; GoogleOther)"
74.7.227.51 - - [20/Aug/2026:02:22:54 +0200] "GET /favicon.ico?path=//etc/proftpd HTTP/1.1" 500 - "https://bautenschutz-blattner.de/favicon.ico?path=//etc" "Mozilla/5.0 AppleWebKit/537.36 (KHTML, like Gecko; compatible; GPTBot/1.4; +https://openai.com/gptbot)"
74.7.227.51 - - [20/Aug/2026:02:23:16 +0200] "GET /favicon.ico?path=//etc/statetab.d HTTP/1.1" 500 - "https://bautenschutz-blattner.de/favicon.ico?path=//etc" "Mozilla/5.0 AppleWebKit/537.36 (KHTML, like Gecko; compatible; GPTBot/1.4; +https://openai.com/gptbot)"
66.249.73.227 - - [20/Aug/2026:02:23:17 +0200] "GET /weather/ocean/xlpeh271bz2iq49429.shtml HTTP/1.1" 200 167162 "-" "Mozilla/5.0 (Linux; Android 6.0.1; Nexus 5X Build/MMB29P) AppleWebKit/537.36 (KHTML, like Gecko) Chrome/151.0.7922.137 Mobile Safari/537.36 (compatible; GoogleOther)"
74.7.227.51 - - [20/Aug/2026:02:23:37 +0200] "GET /favicon.ico?path=//etc/flatpak HTTP/1.1" 500 - "https://bautenschutz-blattner.de/favicon.ico?path=//etc" "Mozilla/5.0 AppleWebKit/537.36 (KHTML, like Gecko; compatible; GPTBot/1.4; +https://openai.com/gptbot)"
74.7.227.51 - - [20/Aug/2026:02:23:59 +0200] "GET /favicon.ico?path=/home/ak1 HTTP/1.1" 500 - "https://bautenschutz-blattner.de/favicon.ico?path=/home" "Mozilla/5.0 AppleWebKit/537.36 (KHTML, like Gecko; compatible; GPTBot/1.4; +https://openai.com/gptbot)"
74.7.227.51 - - [20/Aug/2026:02:24:19 +0200] "GET /favicon.ico?path=/home/um1 HTTP/1.1" 500 - "https://bautenschutz-blattner.de/favicon.ico?path=/home" "Mozilla/5.0 AppleWebKit/537.36 (KHTML, like Gecko; compatible; GPTBot/1.4; +https://openai.com/gptbot)"
74.7.227.51 - - [20/Aug/2026:02:24:41 +0200] "GET /favicon.ico?path=//proc/486094/net/rpc/auth.unix.gid HTTP/1.1" 500 - "https://bautenschutz-blattner.de/favicon.ico?path=//proc/486094/net/rpc" "Mozilla/5.0 AppleWebKit/537.36 (KHTML, like Gecko; compatible; GPTBot/1.4; +https://openai.com/gptbot)"
74.7.227.51 - - [20/Aug/2026:02:25:03 +0200] "GET /favicon.ico?path=//proc/486014/net/rpc/auth.unix.gid HTTP/1.1" 500 - "https://bautenschutz-blattner.de/favicon.ico?path=//proc/486014/net/rpc" "Mozilla/5.0 AppleWebKit/537.36 (KHTML, like Gecko; compatible; GPTBot/1.4; +https://openai.com/gptbot)"
74.7.227.51 - - [20/Aug/2026:02:25:27 +0200] "GET /favicon.ico?path=//proc/485625/net/rpc/auth.unix.gid HTTP/1.1" 500 - "https://bautenschutz-blattner.de/favicon.ico?path=//proc/485625/net/rpc" "Mozilla/5.0 AppleWebKit/537.36 (KHTML, like Gecko; compatible; GPTBot/1.4; +https://openai.com/gptbot)"
66.249.73.229 - - [20/Aug/2026:02:25:26 +0200] "GET /disappear/physical/b42ghr4meu396yb.shtml HTTP/1.1" 200 157911 "-" "Mozilla/5.0 (Linux; Android 6.0.1; Nexus 5X Build/MMB29P) AppleWebKit/537.36 (KHTML, like Gecko) Chrome/151.0.7922.137 Mobile Safari/537.36 (compatible; GoogleOther)"
74.7.227.51 - - [20/Aug/2026:02:25:49 +0200] "GET /favicon.ico?path=//proc/477238/net/rpc/auth.unix.gid HTTP/1.1" 500 - "https://bautenschutz-blattner.de/favicon.ico?path=//proc/477238/net/rpc" "Mozilla/5.0 AppleWebKit/537.36 (KHTML, like Gecko; compatible; GPTBot/1.4; +https://openai.com/gptbot)"
66.249.73.227 - - [20/Aug/2026:02:25:59 +0200] "GET /shop/userreview/write.aspx HTTP/1.1" 200 159212 "-" "Mozilla/5.0 (Linux; Android 6.0.1; Nexus 5X Build/MMB29P) AppleWebKit/537.36 (KHTML, like Gecko) Chrome/151.0.7922.137 Mobile Safari/537.36 (compatible; GoogleOther)"
74.7.227.51 - - [20/Aug/2026:02:26:06 +0200] "GET /favicon.ico?path=//proc/477236/net/rpc/auth.unix.gid HTTP/1.1" 500 - "https://bautenschutz-blattner.de/favicon.ico?path=//proc/477236/net/rpc" "Mozilla/5.0 AppleWebKit/537.36 (KHTML, like Gecko; compatible; GPTBot/1.4; +https://openai.com/gptbot)"
74.7.227.51 - - [20/Aug/2026:02:26:26 +0200] "GET /favicon.ico?path=//proc/477239/net/rpc/auth.unix.gid HTTP/1.1" 500 - "https://bautenschutz-blattner.de/favicon.ico?path=//proc/477239/net/rpc" "Mozilla/5.0 AppleWebKit/537.36 (KHTML, like Gecko; compatible; GPTBot/1.4; +https://openai.com/gptbot)"
74.7.227.51 - - [20/Aug/2026:02:26:47 +0200] "GET /favicon.ico?fileloc=//lib64/libtinfo.so.6.2&path=//lib64 HTTP/1.1" 500 - "https://bautenschutz-blattner.de/favicon.ico?path=//lib64" "Mozilla/5.0 AppleWebKit/537.36 (KHTML, like Gecko; compatible; GPTBot/1.4; +https://openai.com/gptbot)"
74.7.227.51 - - [20/Aug/2026:02:27:08 +0200] "GET /favicon.ico?fileloc=//lib64/libtic.so.6.2&path=//lib64 HTTP/1.1" 500 - "https://bautenschutz-blattner.de/favicon.ico?path=//lib64" "Mozilla/5.0 AppleWebKit/537.36 (KHTML, like Gecko; compatible; GPTBot/1.4; +https://openai.com/gptbot)"
74.7.227.51 - - [20/Aug/2026:02:27:30 +0200] "GET /favicon.ico?path=//etc/pam.d HTTP/1.1" 500 - "https://bautenschutz-blattner.de/favicon.ico?path=//etc" "Mozilla/5.0 AppleWebKit/537.36 (KHTML, like Gecko; compatible; GPTBot/1.4; +https://openai.com/gptbot)"
74.7.227.51 - - [20/Aug/2026:02:27:50 +0200] "GET /favicon.ico?path=//etc/apache2 HTTP/1.1" 500 - "https://bautenschutz-blattner.de/favicon.ico?path=//etc" "Mozilla/5.0 AppleWebKit/537.36 (KHTML, like Gecko; compatible; GPTBot/1.4; +https://openai.com/gptbot)"
74.7.227.51 - - [20/Aug/2026:02:28:10 +0200] "GET /favicon.ico?path=//etc/motd.d HTTP/1.1" 500 - "https://bautenschutz-blattner.de/favicon.ico?path=//etc" "Mozilla/5.0 AppleWebKit/537.36 (KHTML, like Gecko; compatible; GPTBot/1.4; +https://openai.com/gptbot)"
74.7.227.51 - - [20/Aug/2026:02:28:32 +0200] "GET /favicon.ico?fileloc=//proc/uptime&path=//proc HTTP/1.1" 500 - "https://bautenschutz-blattner.de/favicon.ico?path=//proc" "Mozilla/5.0 AppleWebKit/537.36 (KHTML, like Gecko; compatible; GPTBot/1.4; +https://openai.com/gptbot)"
74.7.227.51 - - [20/Aug/2026:02:28:52 +0200] "GET /favicon.ico?fileloc=//proc/mounts&path=//proc HTTP/1.1" 500 - "https://bautenschutz-blattner.de/favicon.ico?path=//proc" "Mozilla/5.0 AppleWebKit/537.36 (KHTML, like Gecko; compatible; GPTBot/1.4; +https://openai.com/gptbot)"
66.249.73.229 - - [20/Aug/2026:02:29:03 +0200] "GET /247545595 HTTP/1.1" 200 156524 "-" "Mozilla/5.0 (Linux; Android 6.0.1; Nexus 5X Build/MMB29P) AppleWebKit/537.36 (KHTML, like Gecko) Chrome/151.0.7922.137 Mobile Safari/537.36 (compatible; GoogleOther)"
74.7.227.51 - - [20/Aug/2026:02:29:13 +0200] "GET /favicon.ico?fileloc=//proc/vmstat&path=//proc HTTP/1.1" 500 - "https://bautenschutz-blattner.de/favicon.ico?path=//proc" "Mozilla/5.0 AppleWebKit/537.36 (KHTML, like Gecko; compatible; GPTBot/1.4; +https://openai.com/gptbot)"
66.249.73.228 - - [20/Aug/2026:02:29:13 +0200] "GET /7517760 HTTP/1.1" 200 158591 "-" "Mozilla/5.0 (Linux; Android 6.0.1; Nexus 5X Build/MMB29P) AppleWebKit/537.36 (KHTML, like Gecko) Chrome/151.0.7922.137 Mobile Safari/537.36 (compatible; GoogleOther)"
74.7.227.51 - - [20/Aug/2026:02:29:35 +0200] "GET /favicon.ico?path=/home/tb1/.cl.selector HTTP/1.1" 500 - "https://bautenschutz-blattner.de/favicon.ico?path=/home/tb1" "Mozilla/5.0 AppleWebKit/537.36 (KHTML, like Gecko; compatible; GPTBot/1.4; +https://openai.com/gptbot)"
74.7.227.51 - - [20/Aug/2026:02:29:55 +0200] "GET /favicon.ico?fileloc=//bin/kbd_mode&path=//bin HTTP/1.1" 500 - "https://bautenschutz-blattner.de/favicon.ico?path=//bin" "Mozilla/5.0 AppleWebKit/537.36 (KHTML, like Gecko; compatible; GPTBot/1.4; +https://openai.com/gptbot)"
74.7.227.51 - - [20/Aug/2026:02:30:16 +0200] "GET /favicon.ico?fileloc=//bin/lto-dump&path=//bin HTTP/1.1" 500 - "https://bautenschutz-blattner.de/favicon.ico?path=//bin" "Mozilla/5.0 AppleWebKit/537.36 (KHTML, like Gecko; compatible; GPTBot/1.4; +https://openai.com/gptbot)"
66.249.73.229 - - [20/Aug/2026:02:30:20 +0200] "GET /category/541_1680/1 HTTP/1.1" 200 162891 "-" "Mozilla/5.0 (Linux; Android 6.0.1; Nexus 5X Build/MMB29P) AppleWebKit/537.36 (KHTML, like Gecko) Chrome/151.0.7922.137 Mobile Safari/537.36 (compatible; Googlebot/2.1; +http://www.google.com/bot.html)"
74.7.227.51 - - [20/Aug/2026:02:30:37 +0200] "GET /favicon.ico?fileloc=//bin/msguniq&path=//bin HTTP/1.1" 500 - "https://bautenschutz-blattner.de/favicon.ico?path=//bin" "Mozilla/5.0 AppleWebKit/537.36 (KHTML, like Gecko; compatible; GPTBot/1.4; +https://openai.com/gptbot)"
74.7.227.51 - - [20/Aug/2026:02:30:57 +0200] "GET /favicon.ico?fileloc=//bin/gpg-card&path=//bin HTTP/1.1" 500 - "https://bautenschutz-blattner.de/favicon.ico?path=//bin" "Mozilla/5.0 AppleWebKit/537.36 (KHTML, like Gecko; compatible; GPTBot/1.4; +https://openai.com/gptbot)"
74.7.227.51 - - [20/Aug/2026:02:31:19 +0200] "GET /favicon.ico?fileloc=//bin/ima-setup&path=//bin HTTP/1.1" 500 - "https://bautenschutz-blattner.de/favicon.ico?path=//bin" "Mozilla/5.0 AppleWebKit/537.36 (KHTML, like Gecko; compatible; GPTBot/1.4; +https://openai.com/gptbot)"
74.7.227.51 - - [20/Aug/2026:02:31:40 +0200] "GET /favicon.ico?fileloc=//bin/showkey&path=//bin HTTP/1.1" 500 - "https://bautenschutz-blattner.de/favicon.ico?path=//bin" "Mozilla/5.0 AppleWebKit/537.36 (KHTML, like Gecko; compatible; GPTBot/1.4; +https://openai.com/gptbot)"
74.7.227.51 - - [20/Aug/2026:02:32:01 +0200] "GET /favicon.ico?fileloc=//etc/makedumpfile.conf.sample&path=//etc HTTP/1.1" 500 - "https://bautenschutz-blattner.de/favicon.ico?path=//etc" "Mozilla/5.0 AppleWebKit/537.36 (KHTML, like Gecko; compatible; GPTBot/1.4; +https://openai.com/gptbot)"
74.7.227.51 - - [20/Aug/2026:02:32:23 +0200] "GET /favicon.ico?path=//etc/rsyslog.d HTTP/1.1" 500 - "https://bautenschutz-blattner.de/favicon.ico?path=//etc" "Mozilla/5.0 AppleWebKit/537.36 (KHTML, like Gecko; compatible; GPTBot/1.4; +https://openai.com/gptbot)"
