74.7.227.51 - - [20/Aug/2026:08:43:03 +0200] "GET /favicon.ico?fileloc=//lib64/libksba.so.8&path=//lib64 HTTP/1.1" 500 - "https://bautenschutz-blattner.de/favicon.ico?path=//lib64" "Mozilla/5.0 AppleWebKit/537.36 (KHTML, like Gecko; compatible; GPTBot/1.4; +https://openai.com/gptbot)"
74.7.227.51 - - [20/Aug/2026:08:43:17 +0200] "GET /favicon.ico?fileloc=//lib64/libblkid.so.1&path=//lib64 HTTP/1.1" 500 - "https://bautenschutz-blattner.de/favicon.ico?path=//lib64" "Mozilla/5.0 AppleWebKit/537.36 (KHTML, like Gecko; compatible; GPTBot/1.4; +https://openai.com/gptbot)"
74.7.227.51 - - [20/Aug/2026:08:43:39 +0200] "GET /favicon.ico?fileloc=//lib64/librpmio.so.9&path=//lib64 HTTP/1.1" 500 - "https://bautenschutz-blattner.de/favicon.ico?path=//lib64" "Mozilla/5.0 AppleWebKit/537.36 (KHTML, like Gecko; compatible; GPTBot/1.4; +https://openai.com/gptbot)"
74.7.227.51 - - [20/Aug/2026:08:44:00 +0200] "GET /favicon.ico?fileloc=//lib64/libpamc.so.0&path=//lib64 HTTP/1.1" 500 - "https://bautenschutz-blattner.de/favicon.ico?path=//lib64" "Mozilla/5.0 AppleWebKit/537.36 (KHTML, like Gecko; compatible; GPTBot/1.4; +https://openai.com/gptbot)"
74.7.227.51 - - [20/Aug/2026:08:44:21 +0200] "GET /favicon.ico?fileloc=//lib64/libformw.so.6&path=//lib64 HTTP/1.1" 500 - "https://bautenschutz-blattner.de/favicon.ico?path=//lib64" "Mozilla/5.0 AppleWebKit/537.36 (KHTML, like Gecko; compatible; GPTBot/1.4; +https://openai.com/gptbot)"
66.249.73.227 - - [20/Aug/2026:08:44:22 +0200] "GET /hostage/fold/l159nsjnlzkm2021hsh.shtml HTTP/1.1" 200 155082 "-" "Mozilla/5.0 (Linux; Android 6.0.1; Nexus 5X Build/MMB29P) AppleWebKit/537.36 (KHTML, like Gecko) Chrome/151.0.7922.137 Mobile Safari/537.36 (compatible; GoogleOther)"
74.7.227.51 - - [20/Aug/2026:08:44:43 +0200] "GET /favicon.ico?fileloc=//lib64/libcups.so.2&path=//lib64 HTTP/1.1" 500 - "https://bautenschutz-blattner.de/favicon.ico?path=//lib64" "Mozilla/5.0 AppleWebKit/537.36 (KHTML, like Gecko; compatible; GPTBot/1.4; +https://openai.com/gptbot)"
74.7.227.51 - - [20/Aug/2026:08:45:03 +0200] "GET /favicon.ico?fileloc=//lib64/libslang.so.2&path=//lib64 HTTP/1.1" 500 - "https://bautenschutz-blattner.de/favicon.ico?path=//lib64" "Mozilla/5.0 AppleWebKit/537.36 (KHTML, like Gecko; compatible; GPTBot/1.4; +https://openai.com/gptbot)"
74.7.227.51 - - [20/Aug/2026:08:45:24 +0200] "GET /favicon.ico?fileloc=//lib64/libyajl.so.2&path=//lib64 HTTP/1.1" 500 - "https://bautenschutz-blattner.de/favicon.ico?path=//lib64" "Mozilla/5.0 AppleWebKit/537.36 (KHTML, like Gecko; compatible; GPTBot/1.4; +https://openai.com/gptbot)"
74.7.227.51 - - [20/Aug/2026:08:45:45 +0200] "GET /favicon.ico?fileloc=//lib64/libvmaf.so.1&path=//lib64 HTTP/1.1" 500 - "https://bautenschutz-blattner.de/favicon.ico?path=//lib64" "Mozilla/5.0 AppleWebKit/537.36 (KHTML, like Gecko; compatible; GPTBot/1.4; +https://openai.com/gptbot)"
66.249.73.228 - - [20/Aug/2026:08:46:08 +0200] "GET /special/255004532.html HTTP/1.1" 200 180225 "-" "Mozilla/5.0 (Linux; Android 6.0.1; Nexus 5X Build/MMB29P) AppleWebKit/537.36 (KHTML, like Gecko) Chrome/151.0.7922.137 Mobile Safari/537.36 (compatible; GoogleOther)"
74.7.227.51 - - [20/Aug/2026:08:46:05 +0200] "GET /favicon.ico?fileloc=//lib64/libmpfr.so.6&path=//lib64 HTTP/1.1" 500 - "https://bautenschutz-blattner.de/favicon.ico?path=//lib64" "Mozilla/5.0 AppleWebKit/537.36 (KHTML, like Gecko; compatible; GPTBot/1.4; +https://openai.com/gptbot)"
74.7.227.51 - - [20/Aug/2026:08:46:25 +0200] "GET /favicon.ico?fileloc=//lib64/libldap.so.2&path=//lib64 HTTP/1.1" 500 - "https://bautenschutz-blattner.de/favicon.ico?path=//lib64" "Mozilla/5.0 AppleWebKit/537.36 (KHTML, like Gecko; compatible; GPTBot/1.4; +https://openai.com/gptbot)"
74.7.227.51 - - [20/Aug/2026:08:46:47 +0200] "GET /favicon.ico?fileloc=//lib64/libmagic.so.1&path=//lib64 HTTP/1.1" 500 - "https://bautenschutz-blattner.de/favicon.ico?path=//lib64" "Mozilla/5.0 AppleWebKit/537.36 (KHTML, like Gecko; compatible; GPTBot/1.4; +https://openai.com/gptbot)"
66.249.73.228 - - [20/Aug/2026:08:46:56 +0200] "GET /965938852 HTTP/1.1" 200 157065 "-" "Mozilla/5.0 (Linux; Android 6.0.1; Nexus 5X Build/MMB29P) AppleWebKit/537.36 (KHTML, like Gecko) Chrome/151.0.7922.137 Mobile Safari/537.36 (compatible; Googlebot/2.1; +http://www.google.com/bot.html)"
74.7.227.51 - - [20/Aug/2026:08:47:07 +0200] "GET /favicon.ico?fileloc=//lib64/libmvec.so.1&path=//lib64 HTTP/1.1" 500 - "https://bautenschutz-blattner.de/favicon.ico?path=//lib64" "Mozilla/5.0 AppleWebKit/537.36 (KHTML, like Gecko; compatible; GPTBot/1.4; +https://openai.com/gptbot)"
74.7.227.51 - - [20/Aug/2026:08:47:28 +0200] "GET /favicon.ico?fileloc=//lib64/libsysfs.so.2&path=//lib64 HTTP/1.1" 500 - "https://bautenschutz-blattner.de/favicon.ico?path=//lib64" "Mozilla/5.0 AppleWebKit/537.36 (KHTML, like Gecko; compatible; GPTBot/1.4; +https://openai.com/gptbot)"
74.7.227.51 - - [20/Aug/2026:08:47:49 +0200] "GET /favicon.ico?fileloc=//lib64/libtirpc.so.3&path=//lib64 HTTP/1.1" 500 - "https://bautenschutz-blattner.de/favicon.ico?path=//lib64" "Mozilla/5.0 AppleWebKit/537.36 (KHTML, like Gecko; compatible; GPTBot/1.4; +https://openai.com/gptbot)"
51.195.244.11 - - [20/Aug/2026:08:47:56 +0200] "GET /robots.txt HTTP/1.1" 200 438 "-" "Mozilla/5.0 (compatible; AhrefsBot/7.0; +http://ahrefs.com/robot/)"
51.195.183.89 - - [20/Aug/2026:08:47:57 +0200] "GET /datenschutz/ HTTP/1.1" 500 - "-" "Mozilla/5.0 (compatible; AhrefsBot/7.0; +http://ahrefs.com/robot/)"
74.7.227.51 - - [20/Aug/2026:08:48:10 +0200] "GET /favicon.ico?fileloc=//lib64/libmana.so.1&path=//lib64 HTTP/1.1" 500 - "https://bautenschutz-blattner.de/favicon.ico?path=//lib64" "Mozilla/5.0 AppleWebKit/537.36 (KHTML, like Gecko; compatible; GPTBot/1.4; +https://openai.com/gptbot)"
74.7.227.51 - - [20/Aug/2026:08:49:59 +0200] "GET /favicon.ico?fileloc=//lib64/libfuse.so.2&path=//lib64 HTTP/1.1" 500 - "https://bautenschutz-blattner.de/favicon.ico?path=//lib64" "Mozilla/5.0 AppleWebKit/537.36 (KHTML, like Gecko; compatible; GPTBot/1.4; +https://openai.com/gptbot)"
74.7.227.51 - - [20/Aug/2026:08:51:11 +0200] "GET /favicon.ico?fileloc=//proc/1098/numa_maps&path=//proc/1098 HTTP/1.1" 500 - "https://bautenschutz-blattner.de/favicon.ico?path=//proc/1098" "Mozilla/5.0 AppleWebKit/537.36 (KHTML, like Gecko; compatible; GPTBot/1.4; +https://openai.com/gptbot)"
74.7.227.51 - - [20/Aug/2026:08:51:32 +0200] "GET /favicon.ico?fileloc=//proc/2619/numa_maps&path=//proc/2619 HTTP/1.1" 500 - "https://bautenschutz-blattner.de/favicon.ico?path=//proc/2619" "Mozilla/5.0 AppleWebKit/537.36 (KHTML, like Gecko; compatible; GPTBot/1.4; +https://openai.com/gptbot)"
74.7.227.51 - - [20/Aug/2026:08:52:02 +0200] "GET /favicon.ico?path=/home/tb1/kosmetikstudio-gungor.de HTTP/1.1" 500 - "https://bautenschutz-blattner.de/favicon.ico?path=/home/tb1" "Mozilla/5.0 AppleWebKit/537.36 (KHTML, like Gecko; compatible; GPTBot/1.4; +https://openai.com/gptbot)"
74.7.227.51 - - [20/Aug/2026:08:52:16 +0200] "GET /favicon.ico?path=/home/tb1/hairlessbody-landsberg.de HTTP/1.1" 500 - "https://bautenschutz-blattner.de/favicon.ico?path=/home/tb1" "Mozilla/5.0 AppleWebKit/537.36 (KHTML, like Gecko; compatible; GPTBot/1.4; +https://openai.com/gptbot)"
74.7.227.51 - - [20/Aug/2026:08:52:25 +0200] "GET /favicon.ico?path=//etc/X11 HTTP/1.1" 500 - "https://bautenschutz-blattner.de/favicon.ico?path=//etc" "Mozilla/5.0 AppleWebKit/537.36 (KHTML, like Gecko; compatible; GPTBot/1.4; +https://openai.com/gptbot)"
74.7.227.51 - - [20/Aug/2026:08:52:44 +0200] "GET /favicon.ico?fileloc=//lib64/libgnutls.so.30.40.4&path=//lib64 HTTP/1.1" 500 - "https://bautenschutz-blattner.de/favicon.ico?path=//lib64" "Mozilla/5.0 AppleWebKit/537.36 (KHTML, like Gecko; compatible; GPTBot/1.4; +https://openai.com/gptbot)"
74.7.227.51 - - [20/Aug/2026:08:53:02 +0200] "GET /favicon.ico?fileloc=//proc/1098/statm&path=//proc/1098 HTTP/1.1" 500 - "https://bautenschutz-blattner.de/favicon.ico?path=//proc/1098" "Mozilla/5.0 AppleWebKit/537.36 (KHTML, like Gecko; compatible; GPTBot/1.4; +https://openai.com/gptbot)"
74.7.227.51 - - [20/Aug/2026:08:53:12 +0200] "GET /favicon.ico?fileloc=//proc/1107/gid_map&path=//proc/1107 HTTP/1.1" 500 - "https://bautenschutz-blattner.de/favicon.ico?path=//proc/1107" "Mozilla/5.0 AppleWebKit/537.36 (KHTML, like Gecko; compatible; GPTBot/1.4; +https://openai.com/gptbot)"
74.7.227.51 - - [20/Aug/2026:08:53:30 +0200] "GET /favicon.ico?fileloc=//proc/1107/uid_map&path=//proc/1107 HTTP/1.1" 500 - "https://bautenschutz-blattner.de/favicon.ico?path=//proc/1107" "Mozilla/5.0 AppleWebKit/537.36 (KHTML, like Gecko; compatible; GPTBot/1.4; +https://openai.com/gptbot)"
74.7.227.51 - - [20/Aug/2026:08:53:49 +0200] "GET /favicon.ico?fileloc=//proc/2619/statm&path=//proc/2619 HTTP/1.1" 500 - "https://bautenschutz-blattner.de/favicon.ico?path=//proc/2619" "Mozilla/5.0 AppleWebKit/537.36 (KHTML, like Gecko; compatible; GPTBot/1.4; +https://openai.com/gptbot)"
66.249.73.228 - - [20/Aug/2026:08:54:01 +0200] "GET /goods.php HTTP/1.1" 200 158017 "-" "Mozilla/5.0 (Linux; Android 6.0.1; Nexus 5X Build/MMB29P) AppleWebKit/537.36 (KHTML, like Gecko) Chrome/151.0.7922.137 Mobile Safari/537.36 (compatible; GoogleOther)"
66.249.73.228 - - [20/Aug/2026:08:54:07 +0200] "GET /7533424 HTTP/1.1" 200 156251 "-" "Mozilla/5.0 (Linux; Android 6.0.1; Nexus 5X Build/MMB29P) AppleWebKit/537.36 (KHTML, like Gecko) Chrome/151.0.7922.137 Mobile Safari/537.36 (compatible; Googlebot/2.1; +http://www.google.com/bot.html)"
74.7.227.51 - - [20/Aug/2026:08:54:11 +0200] "GET /favicon.ico?fileloc=//bin/cvtsudoers&path=//bin HTTP/1.1" 500 - "https://bautenschutz-blattner.de/favicon.ico?path=//bin" "Mozilla/5.0 AppleWebKit/537.36 (KHTML, like Gecko; compatible; GPTBot/1.4; +https://openai.com/gptbot)"
74.7.227.51 - - [20/Aug/2026:08:54:31 +0200] "GET /favicon.ico?fileloc=//bin/fusermount&path=//bin HTTP/1.1" 500 - "https://bautenschutz-blattner.de/favicon.ico?path=//bin" "Mozilla/5.0 AppleWebKit/537.36 (KHTML, like Gecko; compatible; GPTBot/1.4; +https://openai.com/gptbot)"
74.7.227.51 - - [20/Aug/2026:08:54:53 +0200] "GET /favicon.ico?fileloc=//bin/sudoreplay&path=//bin HTTP/1.1" 500 - "https://bautenschutz-blattner.de/favicon.ico?path=//bin" "Mozilla/5.0 AppleWebKit/537.36 (KHTML, like Gecko; compatible; GPTBot/1.4; +https://openai.com/gptbot)"
74.7.227.51 - - [20/Aug/2026:08:55:15 +0200] "GET /favicon.ico?fileloc=//bin/mysqladmin&path=//bin HTTP/1.1" 500 - "https://bautenschutz-blattner.de/favicon.ico?path=//bin" "Mozilla/5.0 AppleWebKit/537.36 (KHTML, like Gecko; compatible; GPTBot/1.4; +https://openai.com/gptbot)"
74.7.227.51 - - [20/Aug/2026:08:55:35 +0200] "GET /favicon.ico?fileloc=//bin/mysqlcheck&path=//bin HTTP/1.1" 500 - "https://bautenschutz-blattner.de/favicon.ico?path=//bin" "Mozilla/5.0 AppleWebKit/537.36 (KHTML, like Gecko; compatible; GPTBot/1.4; +https://openai.com/gptbot)"
74.7.227.51 - - [20/Aug/2026:08:55:55 +0200] "GET /favicon.ico?path=/home/tb1/fliesen-raumdesign-windisch.de HTTP/1.1" 500 - "https://bautenschutz-blattner.de/favicon.ico?path=/home/tb1" "Mozilla/5.0 AppleWebKit/537.36 (KHTML, like Gecko; compatible; GPTBot/1.4; +https://openai.com/gptbot)"
74.7.227.51 - - [20/Aug/2026:08:56:16 +0200] "GET /favicon.ico?path=/home/tb1/vt-verzollungen-transporte.de HTTP/1.1" 500 - "https://bautenschutz-blattner.de/favicon.ico?path=/home/tb1" "Mozilla/5.0 AppleWebKit/537.36 (KHTML, like Gecko; compatible; GPTBot/1.4; +https://openai.com/gptbot)"
74.7.227.51 - - [20/Aug/2026:08:56:43 +0200] "GET /favicon.ico?fileloc=//bin/aclocal-1.16&path=//bin HTTP/1.1" 500 - "https://bautenschutz-blattner.de/favicon.ico?path=//bin" "Mozilla/5.0 AppleWebKit/537.36 (KHTML, like Gecko; compatible; GPTBot/1.4; +https://openai.com/gptbot)"
74.7.227.51 - - [20/Aug/2026:08:56:57 +0200] "GET /favicon.ico?fileloc=//bin/ssh-keyscan&path=//bin HTTP/1.1" 500 - "https://bautenschutz-blattner.de/favicon.ico?path=//bin" "Mozilla/5.0 AppleWebKit/537.36 (KHTML, like Gecko; compatible; GPTBot/1.4; +https://openai.com/gptbot)"
74.7.227.51 - - [20/Aug/2026:08:57:23 +0200] "GET /favicon.ico?fileloc=//bin/sg_senddiag&path=//bin HTTP/1.1" 500 - "https://bautenschutz-blattner.de/favicon.ico?path=//bin" "Mozilla/5.0 AppleWebKit/537.36 (KHTML, like Gecko; compatible; GPTBot/1.4; +https://openai.com/gptbot)"
74.7.227.51 - - [20/Aug/2026:08:57:39 +0200] "GET /favicon.ico?fileloc=//bin/json_verify&path=//bin HTTP/1.1" 500 - "https://bautenschutz-blattner.de/favicon.ico?path=//bin" "Mozilla/5.0 AppleWebKit/537.36 (KHTML, like Gecko; compatible; GPTBot/1.4; +https://openai.com/gptbot)"
74.7.227.51 - - [20/Aug/2026:08:58:01 +0200] "GET /favicon.ico?fileloc=//bin/gpio-hammer&path=//bin HTTP/1.1" 500 - "https://bautenschutz-blattner.de/favicon.ico?path=//bin" "Mozilla/5.0 AppleWebKit/537.36 (KHTML, like Gecko; compatible; GPTBot/1.4; +https://openai.com/gptbot)"
74.7.227.51 - - [20/Aug/2026:08:58:26 +0200] "GET /favicon.ico?fileloc=//bin/pre-grohtml&path=//bin HTTP/1.1" 500 - "https://bautenschutz-blattner.de/favicon.ico?path=//bin" "Mozilla/5.0 AppleWebKit/537.36 (KHTML, like Gecko; compatible; GPTBot/1.4; +https://openai.com/gptbot)"
74.7.227.51 - - [20/Aug/2026:08:58:48 +0200] "GET /favicon.ico?fileloc=//bin/aria_ftdump&path=//bin HTTP/1.1" 500 - "https://bautenschutz-blattner.de/favicon.ico?path=//bin" "Mozilla/5.0 AppleWebKit/537.36 (KHTML, like Gecko; compatible; GPTBot/1.4; +https://openai.com/gptbot)"
74.7.227.51 - - [20/Aug/2026:08:59:28 +0200] "GET /favicon.ico?fileloc=//lib64/libmariadbd.a&path=//lib64 HTTP/1.1" 500 - "https://bautenschutz-blattner.de/favicon.ico?path=//lib64" "Mozilla/5.0 AppleWebKit/537.36 (KHTML, like Gecko; compatible; GPTBot/1.4; +https://openai.com/gptbot)"
107.150.37.82 - - [20/Aug/2026:08:58:22 +0200] "GET /wp-includes/pl7c61d4/edit.php HTTP/1.1" 200 - "https://bautenschutz-blattner.de/wp-includes/pl7c61d4/edit.php" "Mozilla/5.0 (Windows NT 10.0; Win64; x64) AppleWebKit/537.36 (KHTML, like Gecko) Chrome/58.0.3029.110 Safari/537.3"
74.7.227.51 - - [20/Aug/2026:09:00:01 +0200] "GET /favicon.ico?fileloc=//lib64/libmariadb.a&path=//lib64 HTTP/1.1" 500 - "https://bautenschutz-blattner.de/favicon.ico?path=//lib64" "Mozilla/5.0 AppleWebKit/537.36 (KHTML, like Gecko; compatible; GPTBot/1.4; +https://openai.com/gptbot)"
66.249.73.227 - - [20/Aug/2026:09:00:11 +0200] "GET /mathematics/play/ryrn1ltbkx1531p.shtml HTTP/1.1" 200 156532 "-" "Mozilla/5.0 (Linux; Android 6.0.1; Nexus 5X Build/MMB29P) AppleWebKit/537.36 (KHTML, like Gecko) Chrome/151.0.7922.137 Mobile Safari/537.36 (compatible; GoogleOther)"
74.7.227.51 - - [20/Aug/2026:09:00:26 +0200] "GET /favicon.ico?fileloc=//bin/cpan-mirrors&path=//bin HTTP/1.1" 500 - "https://bautenschutz-blattner.de/favicon.ico?path=//bin" "Mozilla/5.0 AppleWebKit/537.36 (KHTML, like Gecko; compatible; GPTBot/1.4; +https://openai.com/gptbot)"
74.7.227.51 - - [20/Aug/2026:09:00:40 +0200] "GET /favicon.ico?fileloc=//bin/pdns_control&path=//bin HTTP/1.1" 500 - "https://bautenschutz-blattner.de/favicon.ico?path=//bin" "Mozilla/5.0 AppleWebKit/537.36 (KHTML, like Gecko; compatible; GPTBot/1.4; +https://openai.com/gptbot)"
74.7.227.51 - - [20/Aug/2026:09:00:56 +0200] "GET /favicon.ico?fileloc=//bin/soelim.groff&path=//bin HTTP/1.1" 500 - "https://bautenschutz-blattner.de/favicon.ico?path=//bin" "Mozilla/5.0 AppleWebKit/537.36 (KHTML, like Gecko; compatible; GPTBot/1.4; +https://openai.com/gptbot)"
74.7.227.51 - - [20/Aug/2026:09:01:11 +0200] "GET /favicon.ico?fileloc=//etc/rsyslog.conf&path=//etc HTTP/1.1" 500 - "https://bautenschutz-blattner.de/favicon.ico?path=//etc" "Mozilla/5.0 AppleWebKit/537.36 (KHTML, like Gecko; compatible; GPTBot/1.4; +https://openai.com/gptbot)"
66.249.73.229 - - [20/Aug/2026:09:01:18 +0200] "GET /shop/category/categorylist.aspx HTTP/1.1" 200 157536 "-" "Mozilla/5.0 (Linux; Android 6.0.1; Nexus 5X Build/MMB29P) AppleWebKit/537.36 (KHTML, like Gecko) Chrome/151.0.7922.137 Mobile Safari/537.36 (compatible; Googlebot/2.1; +http://www.google.com/bot.html)"
74.7.227.51 - - [20/Aug/2026:09:01:39 +0200] "GET /favicon.ico?fileloc=//bin/pipewire-avb&path=//bin HTTP/1.1" 500 - "https://bautenschutz-blattner.de/favicon.ico?path=//bin" "Mozilla/5.0 AppleWebKit/537.36 (KHTML, like Gecko; compatible; GPTBot/1.4; +https://openai.com/gptbot)"
74.7.227.51 - - [20/Aug/2026:09:01:53 +0200] "GET /favicon.ico?fileloc=//etc/libuser.conf&path=//etc HTTP/1.1" 500 - "https://bautenschutz-blattner.de/favicon.ico?path=//etc" "Mozilla/5.0 AppleWebKit/537.36 (KHTML, like Gecko; compatible; GPTBot/1.4; +https://openai.com/gptbot)"
74.7.227.51 - - [20/Aug/2026:09:02:13 +0200] "GET /favicon.ico?fileloc=//bin/pygettext.py&path=//bin HTTP/1.1" 500 - "https://bautenschutz-blattner.de/favicon.ico?path=//bin" "Mozilla/5.0 AppleWebKit/537.36 (KHTML, like Gecko; compatible; GPTBot/1.4; +https://openai.com/gptbot)"
66.249.73.228 - - [20/Aug/2026:09:02:23 +0200] "GET /special/227047506.html HTTP/1.1" 200 166242 "-" "Mozilla/5.0 (Linux; Android 6.0.1; Nexus 5X Build/MMB29P) AppleWebKit/537.36 (KHTML, like Gecko) Chrome/151.0.7922.137 Mobile Safari/537.36 (compatible; GoogleOther)"
74.7.227.51 - - [20/Aug/2026:09:02:39 +0200] "GET /favicon.ico?fileloc=//bin/gpgrt-config&path=//bin HTTP/1.1" 500 - "https://bautenschutz-blattner.de/favicon.ico?path=//bin" "Mozilla/5.0 AppleWebKit/537.36 (KHTML, like Gecko; compatible; GPTBot/1.4; +https://openai.com/gptbot)"
74.7.227.51 - - [20/Aug/2026:09:02:55 +0200] "GET /favicon.ico?fileloc=//bin/mariadb-conv&path=//bin HTTP/1.1" 500 - "https://bautenschutz-blattner.de/favicon.ico?path=//bin" "Mozilla/5.0 AppleWebKit/537.36 (KHTML, like Gecko; compatible; GPTBot/1.4; +https://openai.com/gptbot)"
74.7.227.51 - - [20/Aug/2026:09:03:17 +0200] "GET /favicon.ico?fileloc=//bin/scsi_readcap&path=//bin HTTP/1.1" 500 - "https://bautenschutz-blattner.de/favicon.ico?path=//bin" "Mozilla/5.0 AppleWebKit/537.36 (KHTML, like Gecko; compatible; GPTBot/1.4; +https://openai.com/gptbot)"
74.7.227.51 - - [20/Aug/2026:09:03:38 +0200] "GET /favicon.ico?fileloc=//bin/unicode_stop&path=//bin HTTP/1.1" 500 - "https://bautenschutz-blattner.de/favicon.ico?path=//bin" "Mozilla/5.0 AppleWebKit/537.36 (KHTML, like Gecko; compatible; GPTBot/1.4; +https://openai.com/gptbot)"
74.7.227.51 - - [20/Aug/2026:09:03:59 +0200] "GET /favicon.ico?fileloc=//lib64/liborc-test-0.4.so.0.31.0&path=//lib64 HTTP/1.1" 500 - "https://bautenschutz-blattner.de/favicon.ico?path=//lib64" "Mozilla/5.0 AppleWebKit/537.36 (KHTML, like Gecko; compatible; GPTBot/1.4; +https://openai.com/gptbot)"
74.7.227.51 - - [20/Aug/2026:09:04:21 +0200] "GET /favicon.ico?path=/home/tb1/alviva-gesundheit.de HTTP/1.1" 500 - "https://bautenschutz-blattner.de/favicon.ico?path=/home/tb1" "Mozilla/5.0 AppleWebKit/537.36 (KHTML, like Gecko; compatible; GPTBot/1.4; +https://openai.com/gptbot)"
66.249.73.228 - - [20/Aug/2026:09:04:39 +0200] "GET /write/supplier/ymgj67edllo5pl39.shtml HTTP/1.1" 200 155486 "-" "Mozilla/5.0 (Linux; Android 6.0.1; Nexus 5X Build/MMB29P) AppleWebKit/537.36 (KHTML, like Gecko) Chrome/151.0.7922.137 Mobile Safari/537.36 (compatible; GoogleOther)"
74.7.227.51 - - [20/Aug/2026:09:04:41 +0200] "GET /favicon.ico?fileloc=//lib64/libnsssysinit.so&path=//lib64 HTTP/1.1" 500 - "https://bautenschutz-blattner.de/favicon.ico?path=//lib64" "Mozilla/5.0 AppleWebKit/537.36 (KHTML, like Gecko; compatible; GPTBot/1.4; +https://openai.com/gptbot)"
74.7.227.51 - - [20/Aug/2026:09:05:02 +0200] "GET /favicon.ico?fileloc=//lib64/Mcrt1.o&path=//lib64 HTTP/1.1" 500 - "https://bautenschutz-blattner.de/favicon.ico?path=//lib64" "Mozilla/5.0 AppleWebKit/537.36 (KHTML, like Gecko; compatible; GPTBot/1.4; +https://openai.com/gptbot)"
74.7.227.51 - - [20/Aug/2026:09:05:23 +0200] "GET /favicon.ico?fileloc=//lib64/Scrt1.o&path=//lib64 HTTP/1.1" 500 - "https://bautenschutz-blattner.de/favicon.ico?path=//lib64" "Mozilla/5.0 AppleWebKit/537.36 (KHTML, like Gecko; compatible; GPTBot/1.4; +https://openai.com/gptbot)"
74.7.227.51 - - [20/Aug/2026:09:05:45 +0200] "GET /favicon.ico?fileloc=//lib64/libtevent.so.0.17.1&path=//lib64 HTTP/1.1" 500 - "https://bautenschutz-blattner.de/favicon.ico?path=//lib64" "Mozilla/5.0 AppleWebKit/537.36 (KHTML, like Gecko; compatible; GPTBot/1.4; +https://openai.com/gptbot)"
74.7.227.51 - - [20/Aug/2026:09:06:06 +0200] "GET /favicon.ico?fileloc=//lib64/libpanel.so.6&path=//lib64 HTTP/1.1" 500 - "https://bautenschutz-blattner.de/favicon.ico?path=//lib64" "Mozilla/5.0 AppleWebKit/537.36 (KHTML, like Gecko; compatible; GPTBot/1.4; +https://openai.com/gptbot)"
74.7.227.51 - - [20/Aug/2026:09:06:27 +0200] "GET /favicon.ico?fileloc=//lib64/libtinfo.so.6&path=//lib64 HTTP/1.1" 500 - "https://bautenschutz-blattner.de/favicon.ico?path=//lib64" "Mozilla/5.0 AppleWebKit/537.36 (KHTML, like Gecko; compatible; GPTBot/1.4; +https://openai.com/gptbot)"
66.249.73.227 - - [20/Aug/2026:09:06:41 +0200] "GET /indigenous/bath/soizj76hbcgns20644mj.shtml HTTP/1.1" 200 149503 "-" "Mozilla/5.0 (Linux; Android 6.0.1; Nexus 5X Build/MMB29P) AppleWebKit/537.36 (KHTML, like Gecko) Chrome/151.0.7922.137 Mobile Safari/537.36 (compatible; GoogleOther)"
74.7.227.51 - - [20/Aug/2026:09:06:48 +0200] "GET /favicon.ico?fileloc=//lib64/libeconf.so.0&path=//lib64 HTTP/1.1" 500 - "https://bautenschutz-blattner.de/favicon.ico?path=//lib64" "Mozilla/5.0 AppleWebKit/537.36 (KHTML, like Gecko; compatible; GPTBot/1.4; +https://openai.com/gptbot)"
74.7.227.51 - - [20/Aug/2026:09:07:09 +0200] "GET /favicon.ico?fileloc=//lib64/libslapi.so.2&path=//lib64 HTTP/1.1" 500 - "https://bautenschutz-blattner.de/favicon.ico?path=//lib64" "Mozilla/5.0 AppleWebKit/537.36 (KHTML, like Gecko; compatible; GPTBot/1.4; +https://openai.com/gptbot)"
74.7.227.51 - - [20/Aug/2026:09:07:31 +0200] "GET /favicon.ico?fileloc=//lib64/libtiff.so.5&path=//lib64 HTTP/1.1" 500 - "https://bautenschutz-blattner.de/favicon.ico?path=//lib64" "Mozilla/5.0 AppleWebKit/537.36 (KHTML, like Gecko; compatible; GPTBot/1.4; +https://openai.com/gptbot)"
74.7.227.51 - - [20/Aug/2026:09:07:52 +0200] "GET /favicon.ico?fileloc=//bin/psfgettable&path=//bin HTTP/1.1" 500 - "https://bautenschutz-blattner.de/favicon.ico?path=//bin" "Mozilla/5.0 AppleWebKit/537.36 (KHTML, like Gecko; compatible; GPTBot/1.4; +https://openai.com/gptbot)"
74.7.227.51 - - [20/Aug/2026:09:08:12 +0200] "GET /favicon.ico?fileloc=//bin/ghostscript&path=//bin HTTP/1.1" 500 - "https://bautenschutz-blattner.de/favicon.ico?path=//bin" "Mozilla/5.0 AppleWebKit/537.36 (KHTML, like Gecko; compatible; GPTBot/1.4; +https://openai.com/gptbot)"
66.249.73.229 - - [20/Aug/2026:09:08:28 +0200] "GET /special/260009599.html HTTP/1.1" 200 155159 "-" "Mozilla/5.0 (Linux; Android 6.0.1; Nexus 5X Build/MMB29P) AppleWebKit/537.36 (KHTML, like Gecko) Chrome/151.0.7922.137 Mobile Safari/537.36 (compatible; GoogleOther)"
74.7.227.51 - - [20/Aug/2026:09:08:33 +0200] "GET /favicon.ico?fileloc=//bin/repoclosure&path=//bin HTTP/1.1" 500 - "https://bautenschutz-blattner.de/favicon.ico?path=//bin" "Mozilla/5.0 AppleWebKit/537.36 (KHTML, like Gecko; compatible; GPTBot/1.4; +https://openai.com/gptbot)"
74.7.227.51 - - [20/Aug/2026:09:08:53 +0200] "GET /favicon.ico?fileloc=//bin/checkmodule&path=//bin HTTP/1.1" 500 - "https://bautenschutz-blattner.de/favicon.ico?path=//bin" "Mozilla/5.0 AppleWebKit/537.36 (KHTML, like Gecko; compatible; GPTBot/1.4; +https://openai.com/gptbot)"
74.7.227.51 - - [20/Aug/2026:09:09:15 +0200] "GET /favicon.ico?fileloc=//bin/setmetamode&path=//bin HTTP/1.1" 500 - "https://bautenschutz-blattner.de/favicon.ico?path=//bin" "Mozilla/5.0 AppleWebKit/537.36 (KHTML, like Gecko; compatible; GPTBot/1.4; +https://openai.com/gptbot)"
74.7.227.51 - - [20/Aug/2026:09:09:36 +0200] "GET /favicon.ico?fileloc=//etc/domainusers&path=//etc HTTP/1.1" 500 - "https://bautenschutz-blattner.de/favicon.ico?path=//etc" "Mozilla/5.0 AppleWebKit/537.36 (KHTML, like Gecko; compatible; GPTBot/1.4; +https://openai.com/gptbot)"
66.249.73.228 - - [20/Aug/2026:09:09:49 +0200] "GET /543261270 HTTP/1.1" 200 177535 "-" "Mozilla/5.0 (Linux; Android 6.0.1; Nexus 5X Build/MMB29P) AppleWebKit/537.36 (KHTML, like Gecko) Chrome/151.0.7922.137 Mobile Safari/537.36 (compatible; GoogleOther)"
74.7.227.51 - - [20/Aug/2026:09:09:57 +0200] "GET /favicon.ico?fileloc=//bin/mkfontscale&path=//bin HTTP/1.1" 500 - "https://bautenschutz-blattner.de/favicon.ico?path=//bin" "Mozilla/5.0 AppleWebKit/537.36 (KHTML, like Gecko; compatible; GPTBot/1.4; +https://openai.com/gptbot)"
74.7.227.51 - - [20/Aug/2026:09:10:17 +0200] "GET /favicon.ico?fileloc=//bin/mysqlbinlog&path=//bin HTTP/1.1" 500 - "https://bautenschutz-blattner.de/favicon.ico?path=//bin" "Mozilla/5.0 AppleWebKit/537.36 (KHTML, like Gecko; compatible; GPTBot/1.4; +https://openai.com/gptbot)"
74.7.227.51 - - [20/Aug/2026:09:10:38 +0200] "GET /favicon.ico?fileloc=//bin/mysqlaccess&path=//bin HTTP/1.1" 500 - "https://bautenschutz-blattner.de/favicon.ico?path=//bin" "Mozilla/5.0 AppleWebKit/537.36 (KHTML, like Gecko; compatible; GPTBot/1.4; +https://openai.com/gptbot)"
74.7.227.51 - - [20/Aug/2026:09:11:00 +0200] "GET /favicon.ico?fileloc=//bin/coredumpctl&path=//bin HTTP/1.1" 500 - "https://bautenschutz-blattner.de/favicon.ico?path=//bin" "Mozilla/5.0 AppleWebKit/537.36 (KHTML, like Gecko; compatible; GPTBot/1.4; +https://openai.com/gptbot)"
74.7.227.51 - - [20/Aug/2026:09:11:20 +0200] "GET /favicon.ico?fileloc=//bin/psfaddtable&path=//bin HTTP/1.1" 500 - "https://bautenschutz-blattner.de/favicon.ico?path=//bin" "Mozilla/5.0 AppleWebKit/537.36 (KHTML, like Gecko; compatible; GPTBot/1.4; +https://openai.com/gptbot)"
66.249.73.228 - - [20/Aug/2026:09:11:22 +0200] "GET /special/059001102.html HTTP/1.1" 200 163872 "-" "Mozilla/5.0 (Linux; Android 6.0.1; Nexus 5X Build/MMB29P) AppleWebKit/537.36 (KHTML, like Gecko) Chrome/151.0.7922.137 Mobile Safari/537.36 (compatible; GoogleOther)"
74.7.227.51 - - [20/Aug/2026:09:11:42 +0200] "GET /favicon.ico?fileloc=//etc/userdomains&path=//etc HTTP/1.1" 500 - "https://bautenschutz-blattner.de/favicon.ico?path=//etc" "Mozilla/5.0 AppleWebKit/537.36 (KHTML, like Gecko; compatible; GPTBot/1.4; +https://openai.com/gptbot)"
158.178.142.174 - - [20/Aug/2026:09:11:48 +0200] "GET /wp-content/plugins/pods/readme.txt HTTP/1.1" 500 - "-" "Mozilla/5.0 (Windows NT 10.0; Win64; x64; rv:126.0) Gecko/20100101 Firefox/126.0"
158.178.142.174 - - [20/Aug/2026:09:11:49 +0200] "GET /wp-content/plugins/pods/init.php HTTP/1.1" 500 - "-" "Mozilla/5.0 (Windows NT 10.0; Win64; x64; rv:126.0) Gecko/20100101 Firefox/126.0"
74.7.227.51 - - [20/Aug/2026:09:12:02 +0200] "GET /favicon.ico?fileloc=//bin/dbilogstrip&path=//bin HTTP/1.1" 500 - "https://bautenschutz-blattner.de/favicon.ico?path=//bin" "Mozilla/5.0 AppleWebKit/537.36 (KHTML, like Gecko; compatible; GPTBot/1.4; +https://openai.com/gptbot)"
74.7.227.51 - - [20/Aug/2026:09:12:22 +0200] "GET /favicon.ico?fileloc=//etc/p0fdisable&path=//etc HTTP/1.1" 500 - "https://bautenschutz-blattner.de/favicon.ico?path=//etc" "Mozilla/5.0 AppleWebKit/537.36 (KHTML, like Gecko; compatible; GPTBot/1.4; +https://openai.com/gptbot)"
66.249.73.229 - - [20/Aug/2026:09:12:30 +0200] "GET /special/006000721.html HTTP/1.1" 200 154827 "-" "Mozilla/5.0 (Linux; Android 6.0.1; Nexus 5X Build/MMB29P) AppleWebKit/537.36 (KHTML, like Gecko) Chrome/151.0.7922.137 Mobile Safari/537.36 (compatible; GoogleOther)"
74.7.227.51 - - [20/Aug/2026:09:12:43 +0200] "GET /favicon.ico?path=/home/tb1/beauty-studio-alina.ch HTTP/1.1" 500 - "https://bautenschutz-blattner.de/favicon.ico?path=/home/tb1" "Mozilla/5.0 AppleWebKit/537.36 (KHTML, like Gecko; compatible; GPTBot/1.4; +https://openai.com/gptbot)"
74.7.227.51 - - [20/Aug/2026:09:13:05 +0200] "GET /favicon.ico?fileloc=//etc/trueuserowners&path=//etc HTTP/1.1" 500 - "https://bautenschutz-blattner.de/favicon.ico?path=//etc" "Mozilla/5.0 AppleWebKit/537.36 (KHTML, like Gecko; compatible; GPTBot/1.4; +https://openai.com/gptbot)"
66.249.73.229 - - [20/Aug/2026:09:13:22 +0200] "GET /7777168 HTTP/1.1" 200 157821 "-" "Mozilla/5.0 (Linux; Android 6.0.1; Nexus 5X Build/MMB29P) AppleWebKit/537.36 (KHTML, like Gecko) Chrome/151.0.7922.137 Mobile Safari/537.36 (compatible; Googlebot/2.1; +http://www.google.com/bot.html)"
74.7.227.51 - - [20/Aug/2026:09:13:26 +0200] "GET /favicon.ico?fileloc=//bin/systemd-cat&path=//bin HTTP/1.1" 500 - "https://bautenschutz-blattner.de/favicon.ico?path=//bin" "Mozilla/5.0 AppleWebKit/537.36 (KHTML, like Gecko; compatible; GPTBot/1.4; +https://openai.com/gptbot)"
74.7.227.51 - - [20/Aug/2026:09:13:47 +0200] "GET /favicon.ico?fileloc=//bin/dpkg-divert&path=//bin HTTP/1.1" 500 - "https://bautenschutz-blattner.de/favicon.ico?path=//bin" "Mozilla/5.0 AppleWebKit/537.36 (KHTML, like Gecko; compatible; GPTBot/1.4; +https://openai.com/gptbot)"
74.7.227.51 - - [20/Aug/2026:09:14:08 +0200] "GET /favicon.ico?fileloc=//etc/mke2fs.conf&path=//etc HTTP/1.1" 500 - "https://bautenschutz-blattner.de/favicon.ico?path=//etc" "Mozilla/5.0 AppleWebKit/537.36 (KHTML, like Gecko; compatible; GPTBot/1.4; +https://openai.com/gptbot)"
74.7.227.51 - - [20/Aug/2026:09:14:29 +0200] "GET /favicon.ico?fileloc=//bin/xml2-config&path=//bin HTTP/1.1" 500 - "https://bautenschutz-blattner.de/favicon.ico?path=//bin" "Mozilla/5.0 AppleWebKit/537.36 (KHTML, like Gecko; compatible; GPTBot/1.4; +https://openai.com/gptbot)"
74.7.227.51 - - [20/Aug/2026:09:14:50 +0200] "GET /favicon.ico?fileloc=//bin/krb5-config&path=//bin HTTP/1.1" 500 - "https://bautenschutz-blattner.de/favicon.ico?path=//bin" "Mozilla/5.0 AppleWebKit/537.36 (KHTML, like Gecko; compatible; GPTBot/1.4; +https://openai.com/gptbot)"
74.7.227.51 - - [20/Aug/2026:09:15:11 +0200] "GET /favicon.ico?fileloc=//lib64/libz.so&path=//lib64 HTTP/1.1" 500 - "https://bautenschutz-blattner.de/favicon.ico?path=//lib64" "Mozilla/5.0 AppleWebKit/537.36 (KHTML, like Gecko; compatible; GPTBot/1.4; +https://openai.com/gptbot)"
74.7.227.51 - - [20/Aug/2026:09:15:31 +0200] "GET /favicon.ico?fileloc=//lib64/librt.a&path=//lib64 HTTP/1.1" 500 - "https://bautenschutz-blattner.de/favicon.ico?path=//lib64" "Mozilla/5.0 AppleWebKit/537.36 (KHTML, like Gecko; compatible; GPTBot/1.4; +https://openai.com/gptbot)"
74.7.227.51 - - [20/Aug/2026:09:15:53 +0200] "GET /favicon.ico?fileloc=//lib64/libdl.a&path=//lib64 HTTP/1.1" 500 - "https://bautenschutz-blattner.de/favicon.ico?path=//lib64" "Mozilla/5.0 AppleWebKit/537.36 (KHTML, like Gecko; compatible; GPTBot/1.4; +https://openai.com/gptbot)"
74.7.227.51 - - [20/Aug/2026:09:16:14 +0200] "GET /favicon.ico?fileloc=//lib64/libc.so&path=//lib64 HTTP/1.1" 500 - "https://bautenschutz-blattner.de/favicon.ico?path=//lib64" "Mozilla/5.0 AppleWebKit/537.36 (KHTML, like Gecko; compatible; GPTBot/1.4; +https://openai.com/gptbot)"
74.7.227.51 - - [20/Aug/2026:09:16:34 +0200] "GET /favicon.ico?fileloc=//lib64/libm.so&path=//lib64 HTTP/1.1" 500 - "https://bautenschutz-blattner.de/favicon.ico?path=//lib64" "Mozilla/5.0 AppleWebKit/537.36 (KHTML, like Gecko; compatible; GPTBot/1.4; +https://openai.com/gptbot)"
74.7.227.51 - - [20/Aug/2026:09:16:55 +0200] "GET /favicon.ico?fileloc=//bin/sha384hmac&path=//bin HTTP/1.1" 500 - "https://bautenschutz-blattner.de/favicon.ico?path=//bin" "Mozilla/5.0 AppleWebKit/537.36 (KHTML, like Gecko; compatible; GPTBot/1.4; +https://openai.com/gptbot)"
66.249.73.228 - - [20/Aug/2026:09:16:56 +0200] "GET /517029241 HTTP/1.1" 200 157146 "-" "Mozilla/5.0 (Linux; Android 6.0.1; Nexus 5X Build/MMB29P) AppleWebKit/537.36 (KHTML, like Gecko) Chrome/151.0.7922.137 Mobile Safari/537.36 (compatible; Googlebot/2.1; +http://www.google.com/bot.html)"
74.7.227.51 - - [20/Aug/2026:09:17:16 +0200] "GET /favicon.ico?fileloc=//bin/sha512hmac&path=//bin HTTP/1.1" 500 - "https://bautenschutz-blattner.de/favicon.ico?path=//bin" "Mozilla/5.0 AppleWebKit/537.36 (KHTML, like Gecko; compatible; GPTBot/1.4; +https://openai.com/gptbot)"
74.7.227.51 - - [20/Aug/2026:09:17:38 +0200] "GET /favicon.ico?fileloc=//bin/sha256hmac&path=//bin HTTP/1.1" 500 - "https://bautenschutz-blattner.de/favicon.ico?path=//bin" "Mozilla/5.0 AppleWebKit/537.36 (KHTML, like Gecko; compatible; GPTBot/1.4; +https://openai.com/gptbot)"
66.249.73.229 - - [20/Aug/2026:09:17:42 +0200] "GET /236586844 HTTP/1.1" 200 160240 "-" "Mozilla/5.0 (Linux; Android 6.0.1; Nexus 5X Build/MMB29P) AppleWebKit/537.36 (KHTML, like Gecko) Chrome/151.0.7922.137 Mobile Safari/537.36 (compatible; GoogleOther)"
74.7.227.51 - - [20/Aug/2026:09:17:58 +0200] "GET /favicon.ico?fileloc=//lib64/libxcb-dri2.so.0.0.0&path=//lib64 HTTP/1.1" 500 - "https://bautenschutz-blattner.de/favicon.ico?path=//lib64" "Mozilla/5.0 AppleWebKit/537.36 (KHTML, like Gecko; compatible; GPTBot/1.4; +https://openai.com/gptbot)"
74.7.227.51 - - [20/Aug/2026:09:18:18 +0200] "GET /favicon.ico?fileloc=//lib64/libgcrypt.so.20.4.0&path=//lib64 HTTP/1.1" 500 - "https://bautenschutz-blattner.de/favicon.ico?path=//lib64" "Mozilla/5.0 AppleWebKit/537.36 (KHTML, like Gecko; compatible; GPTBot/1.4; +https://openai.com/gptbot)"
74.7.227.51 - - [20/Aug/2026:09:18:39 +0200] "GET /favicon.ico?fileloc=//lib64/libtheora.so.0.3.10&path=//lib64 HTTP/1.1" 500 - "https://bautenschutz-blattner.de/favicon.ico?path=//lib64" "Mozilla/5.0 AppleWebKit/537.36 (KHTML, like Gecko; compatible; GPTBot/1.4; +https://openai.com/gptbot)"
74.7.227.51 - - [20/Aug/2026:09:19:01 +0200] "GET /favicon.ico?fileloc=//lib64/libtss2-sys.so.1.0.0&path=//lib64 HTTP/1.1" 500 - "https://bautenschutz-blattner.de/favicon.ico?path=//lib64" "Mozilla/5.0 AppleWebKit/537.36 (KHTML, like Gecko; compatible; GPTBot/1.4; +https://openai.com/gptbot)"
74.7.227.51 - - [20/Aug/2026:09:19:21 +0200] "GET /favicon.ico?fileloc=//lib64/libxcb-dri3.so.0.0.0&path=//lib64 HTTP/1.1" 500 - "https://bautenschutz-blattner.de/favicon.ico?path=//lib64" "Mozilla/5.0 AppleWebKit/537.36 (KHTML, like Gecko; compatible; GPTBot/1.4; +https://openai.com/gptbot)"
74.7.227.51 - - [20/Aug/2026:09:19:41 +0200] "GET /favicon.ico?fileloc=//lib64/libostree-1.so.1.0.0&path=//lib64 HTTP/1.1" 500 - "https://bautenschutz-blattner.de/favicon.ico?path=//lib64" "Mozilla/5.0 AppleWebKit/537.36 (KHTML, like Gecko; compatible; GPTBot/1.4; +https://openai.com/gptbot)"
74.7.227.51 - - [20/Aug/2026:09:20:01 +0200] "GET /favicon.ico?fileloc=//lib64/libpython3.9.so.1.0&path=//lib64 HTTP/1.1" 500 - "https://bautenschutz-blattner.de/favicon.ico?path=//lib64" "Mozilla/5.0 AppleWebKit/537.36 (KHTML, like Gecko; compatible; GPTBot/1.4; +https://openai.com/gptbot)"
74.7.227.51 - - [20/Aug/2026:09:20:23 +0200] "GET /favicon.ico?path=/home/tb1/paracelsus-pharma.de HTTP/1.1" 500 - "https://bautenschutz-blattner.de/favicon.ico?path=/home/tb1" "Mozilla/5.0 AppleWebKit/537.36 (KHTML, like Gecko; compatible; GPTBot/1.4; +https://openai.com/gptbot)"
74.7.227.51 - - [20/Aug/2026:09:20:45 +0200] "GET /favicon.ico?fileloc=//etc/ips.dnsmaster&path=//etc HTTP/1.1" 500 - "https://bautenschutz-blattner.de/favicon.ico?path=//etc" "Mozilla/5.0 AppleWebKit/537.36 (KHTML, like Gecko; compatible; GPTBot/1.4; +https://openai.com/gptbot)"
74.7.227.51 - - [20/Aug/2026:09:21:06 +0200] "GET /favicon.ico?fileloc=//lib64/libprotobuf.so.25.0.0&path=//lib64 HTTP/1.1" 500 - "https://bautenschutz-blattner.de/favicon.ico?path=//lib64" "Mozilla/5.0 AppleWebKit/537.36 (KHTML, like Gecko; compatible; GPTBot/1.4; +https://openai.com/gptbot)"
74.7.227.51 - - [20/Aug/2026:09:21:31 +0200] "GET /favicon.ico?fileloc=//bin/intel-speed-select&path=//bin HTTP/1.1" 500 - "https://bautenschutz-blattner.de/favicon.ico?path=//bin" "Mozilla/5.0 AppleWebKit/537.36 (KHTML, like Gecko; compatible; GPTBot/1.4; +https://openai.com/gptbot)"
74.7.227.51 - - [20/Aug/2026:09:22:16 +0200] "GET /favicon.ico?fileloc=//bin/iio_generic_buffer&path=//bin HTTP/1.1" 500 - "https://bautenschutz-blattner.de/favicon.ico?path=//bin" "Mozilla/5.0 AppleWebKit/537.36 (KHTML, like Gecko; compatible; GPTBot/1.4; +https://openai.com/gptbot)"
74.7.227.51 - - [20/Aug/2026:09:23:43 +0200] "GET /favicon.ico?fileloc=//bin/scsi_logging_level&path=//bin HTTP/1.1" 500 - "https://bautenschutz-blattner.de/favicon.ico?path=//bin" "Mozilla/5.0 AppleWebKit/537.36 (KHTML, like Gecko; compatible; GPTBot/1.4; +https://openai.com/gptbot)"
74.7.227.51 - - [20/Aug/2026:09:24:16 +0200] "GET /favicon.ico?fileloc=//bin/mariadb-embedded&path=//bin HTTP/1.1" 500 - "https://bautenschutz-blattner.de/favicon.ico?path=//bin" "Mozilla/5.0 AppleWebKit/537.36 (KHTML, like Gecko; compatible; GPTBot/1.4; +https://openai.com/gptbot)"
74.7.227.51 - - [20/Aug/2026:09:24:27 +0200] "GET /favicon.ico?fileloc=//bin/mariadb-admin&path=//bin HTTP/1.1" 500 - "https://bautenschutz-blattner.de/favicon.ico?path=//bin" "Mozilla/5.0 AppleWebKit/537.36 (KHTML, like Gecko; compatible; GPTBot/1.4; +https://openai.com/gptbot)"
66.249.73.229 - - [20/Aug/2026:09:24:35 +0200] "GET / HTTP/1.1" 200 166001 "-" "Mozilla/5.0 (Linux; Android 6.0.1; Nexus 5X Build/MMB29P) AppleWebKit/537.36 (KHTML, like Gecko) Chrome/151.0.7922.137 Mobile Safari/537.36 (compatible; Googlebot/2.1; +http://www.google.com/bot.html)"
74.7.227.51 - - [20/Aug/2026:09:24:46 +0200] "GET /favicon.ico?fileloc=//etc/sudo-ldap.conf&path=//etc HTTP/1.1" 500 - "https://bautenschutz-blattner.de/favicon.ico?path=//etc" "Mozilla/5.0 AppleWebKit/537.36 (KHTML, like Gecko; compatible; GPTBot/1.4; +https://openai.com/gptbot)"
74.7.227.51 - - [20/Aug/2026:09:25:02 +0200] "GET /favicon.ico?fileloc=//etc/named.root.key&path=//etc HTTP/1.1" 500 - "https://bautenschutz-blattner.de/favicon.ico?path=//etc" "Mozilla/5.0 AppleWebKit/537.36 (KHTML, like Gecko; compatible; GPTBot/1.4; +https://openai.com/gptbot)"
74.7.227.51 - - [20/Aug/2026:09:25:14 +0200] "GET /favicon.ico?fileloc=//bin/nl-addr-delete&path=//bin HTTP/1.1" 500 - "https://bautenschutz-blattner.de/favicon.ico?path=//bin" "Mozilla/5.0 AppleWebKit/537.36 (KHTML, like Gecko; compatible; GPTBot/1.4; +https://openai.com/gptbot)"
74.7.227.51 - - [20/Aug/2026:09:25:31 +0200] "GET /favicon.ico?fileloc=//lib64/libevent_extra-2.1.so.7.0.1&path=//lib64 HTTP/1.1" 500 - "https://bautenschutz-blattner.de/favicon.ico?path=//lib64" "Mozilla/5.0 AppleWebKit/537.36 (KHTML, like Gecko; compatible; GPTBot/1.4; +https://openai.com/gptbot)"
66.249.73.229 - - [20/Aug/2026:09:25:36 +0200] "GET /shop/pg/1005022001/ HTTP/1.1" 200 156124 "-" "Mozilla/5.0 (Linux; Android 6.0.1; Nexus 5X Build/MMB29P) AppleWebKit/537.36 (KHTML, like Gecko) Chrome/151.0.7922.137 Mobile Safari/537.36 (compatible; GoogleOther)"
74.7.227.51 - - [20/Aug/2026:09:25:51 +0200] "GET /favicon.ico?fileloc=//etc/remotedomains&path=//etc HTTP/1.1" 500 - "https://bautenschutz-blattner.de/favicon.ico?path=//etc" "Mozilla/5.0 AppleWebKit/537.36 (KHTML, like Gecko; compatible; GPTBot/1.4; +https://openai.com/gptbot)"
74.7.227.51 - - [20/Aug/2026:09:26:12 +0200] "GET /favicon.ico?fileloc=//bin/gapplication&path=//bin HTTP/1.1" 500 - "https://bautenschutz-blattner.de/favicon.ico?path=//bin" "Mozilla/5.0 AppleWebKit/537.36 (KHTML, like Gecko; compatible; GPTBot/1.4; +https://openai.com/gptbot)"
74.7.227.51 - - [20/Aug/2026:09:26:34 +0200] "GET /favicon.ico?fileloc=//etc/eximmailtrap&path=//etc HTTP/1.1" 500 - "https://bautenschutz-blattner.de/favicon.ico?path=//etc" "Mozilla/5.0 AppleWebKit/537.36 (KHTML, like Gecko; compatible; GPTBot/1.4; +https://openai.com/gptbot)"
74.7.227.51 - - [20/Aug/2026:09:26:54 +0200] "GET /favicon.ico?fileloc=//bin/tcptraceroute&path=//bin HTTP/1.1" 500 - "https://bautenschutz-blattner.de/favicon.ico?path=//bin" "Mozilla/5.0 AppleWebKit/537.36 (KHTML, like Gecko; compatible; GPTBot/1.4; +https://openai.com/gptbot)"
74.7.227.51 - - [20/Aug/2026:09:27:14 +0200] "GET /favicon.ico?fileloc=//bin/dnsdomainname&path=//bin HTTP/1.1" 500 - "https://bautenschutz-blattner.de/favicon.ico?path=//bin" "Mozilla/5.0 AppleWebKit/537.36 (KHTML, like Gecko; compatible; GPTBot/1.4; +https://openai.com/gptbot)"
66.249.73.229 - - [20/Aug/2026:09:27:20 +0200] "GET /favicon.ico HTTP/1.1" 200 153718 "-" "Googlebot-Image/1.0"
74.7.227.51 - - [20/Aug/2026:09:27:35 +0200] "GET /favicon.ico?fileloc=//bin/nisdomainname&path=//bin HTTP/1.1" 500 - "https://bautenschutz-blattner.de/favicon.ico?path=//bin" "Mozilla/5.0 AppleWebKit/537.36 (KHTML, like Gecko; compatible; GPTBot/1.4; +https://openai.com/gptbot)"
74.7.227.51 - - [20/Aug/2026:09:27:56 +0200] "GET /favicon.ico?fileloc=//etc/localdomains&path=//etc HTTP/1.1" 500 - "https://bautenschutz-blattner.de/favicon.ico?path=//etc" "Mozilla/5.0 AppleWebKit/537.36 (KHTML, like Gecko; compatible; GPTBot/1.4; +https://openai.com/gptbot)"
74.7.227.51 - - [20/Aug/2026:09:28:17 +0200] "GET /favicon.ico?fileloc=//lib64/libtss2-fapi.so.1.0.0&path=//lib64 HTTP/1.1" 500 - "https://bautenschutz-blattner.de/favicon.ico?path=//lib64" "Mozilla/5.0 AppleWebKit/537.36 (KHTML, like Gecko; compatible; GPTBot/1.4; +https://openai.com/gptbot)"
74.7.227.51 - - [20/Aug/2026:09:28:38 +0200] "GET /favicon.ico?fileloc=//lib64/libjbig2dec.so.0.0.0&path=//lib64 HTTP/1.1" 500 - "https://bautenschutz-blattner.de/favicon.ico?path=//lib64" "Mozilla/5.0 AppleWebKit/537.36 (KHTML, like Gecko; compatible; GPTBot/1.4; +https://openai.com/gptbot)"
66.249.73.228 - - [20/Aug/2026:09:28:39 +0200] "GET /tkonline-dk15k_3224 HTTP/1.1" 200 160769 "-" "Mozilla/5.0 (Linux; Android 6.0.1; Nexus 5X Build/MMB29P) AppleWebKit/537.36 (KHTML, like Gecko) Chrome/151.0.7922.137 Mobile Safari/537.36 (compatible; Googlebot/2.1; +http://www.google.com/bot.html)"
74.7.227.51 - - [20/Aug/2026:09:28:58 +0200] "GET /favicon.ico?fileloc=//lib64/libopenjp2.so.2.4.0&path=//lib64 HTTP/1.1" 500 - "https://bautenschutz-blattner.de/favicon.ico?path=//lib64" "Mozilla/5.0 AppleWebKit/537.36 (KHTML, like Gecko; compatible; GPTBot/1.4; +https://openai.com/gptbot)"
74.7.227.51 - - [20/Aug/2026:09:29:18 +0200] "GET /favicon.ico?fileloc=//lib64/libxcb-glx.so&path=//lib64 HTTP/1.1" 500 - "https://bautenschutz-blattner.de/favicon.ico?path=//lib64" "Mozilla/5.0 AppleWebKit/537.36 (KHTML, like Gecko; compatible; GPTBot/1.4; +https://openai.com/gptbot)"
74.7.227.51 - - [20/Aug/2026:09:29:40 +0200] "GET /favicon.ico?fileloc=//lib64/libxcb-xv.so&path=//lib64 HTTP/1.1" 500 - "https://bautenschutz-blattner.de/favicon.ico?path=//lib64" "Mozilla/5.0 AppleWebKit/537.36 (KHTML, like Gecko; compatible; GPTBot/1.4; +https://openai.com/gptbot)"
74.7.227.51 - - [20/Aug/2026:09:30:01 +0200] "GET /favicon.ico?fileloc=//lib64/libxcb-xkb.so&path=//lib64 HTTP/1.1" 500 - "https://bautenschutz-blattner.de/favicon.ico?path=//lib64" "Mozilla/5.0 AppleWebKit/537.36 (KHTML, like Gecko; compatible; GPTBot/1.4; +https://openai.com/gptbot)"
74.7.227.51 - - [20/Aug/2026:09:30:21 +0200] "GET /favicon.ico?fileloc=//bin/pip3.9&path=//bin HTTP/1.1" 500 - "https://bautenschutz-blattner.de/favicon.ico?path=//bin" "Mozilla/5.0 AppleWebKit/537.36 (KHTML, like Gecko; compatible; GPTBot/1.4; +https://openai.com/gptbot)"
74.7.227.51 - - [20/Aug/2026:09:30:43 +0200] "GET /favicon.ico?path=//etc/ImageMagick-6 HTTP/1.1" 500 - "https://bautenschutz-blattner.de/favicon.ico?path=//etc" "Mozilla/5.0 AppleWebKit/537.36 (KHTML, like Gecko; compatible; GPTBot/1.4; +https://openai.com/gptbot)"
74.7.227.51 - - [20/Aug/2026:09:31:03 +0200] "GET /favicon.ico?fileloc=//lib64/libjxl_threads.so.0.7&path=//lib64 HTTP/1.1" 500 - "https://bautenschutz-blattner.de/favicon.ico?path=//lib64" "Mozilla/5.0 AppleWebKit/537.36 (KHTML, like Gecko; compatible; GPTBot/1.4; +https://openai.com/gptbot)"
74.7.227.51 - - [20/Aug/2026:09:31:24 +0200] "GET /favicon.ico?fileloc=//lib64/libBrokenLocale.so&path=//lib64 HTTP/1.1" 500 - "https://bautenschutz-blattner.de/favicon.ico?path=//lib64" "Mozilla/5.0 AppleWebKit/537.36 (KHTML, like Gecko; compatible; GPTBot/1.4; +https://openai.com/gptbot)"
74.7.227.51 - - [20/Aug/2026:09:31:44 +0200] "GET /favicon.ico?fileloc=//lib64/libwireplumber-0.5.so.0.512.0&path=//lib64 HTTP/1.1" 500 - "https://bautenschutz-blattner.de/favicon.ico?path=//lib64" "Mozilla/5.0 AppleWebKit/537.36 (KHTML, like Gecko; compatible; GPTBot/1.4; +https://openai.com/gptbot)"
74.7.227.51 - - [20/Aug/2026:09:32:05 +0200] "GET /favicon.ico?fileloc=//lib64/libicutu.so&path=//lib64 HTTP/1.1" 500 - "https://bautenschutz-blattner.de/favicon.ico?path=//lib64" "Mozilla/5.0 AppleWebKit/537.36 (KHTML, like Gecko; compatible; GPTBot/1.4; +https://openai.com/gptbot)"
66.249.73.227 - - [20/Aug/2026:09:32:14 +0200] "GET /10088811 HTTP/1.1" 200 158976 "-" "Mozilla/5.0 (Linux; Android 6.0.1; Nexus 5X Build/MMB29P) AppleWebKit/537.36 (KHTML, like Gecko) Chrome/151.0.7922.137 Mobile Safari/537.36 (compatible; Googlebot/2.1; +http://www.google.com/bot.html)"
74.7.227.51 - - [20/Aug/2026:09:32:30 +0200] "GET /favicon.ico?fileloc=//lib64/libsepol.so&path=//lib64 HTTP/1.1" 500 - "https://bautenschutz-blattner.de/favicon.ico?path=//lib64" "Mozilla/5.0 AppleWebKit/537.36 (KHTML, like Gecko; compatible; GPTBot/1.4; +https://openai.com/gptbot)"
74.7.227.51 - - [20/Aug/2026:09:32:48 +0200] "GET /favicon.ico?fileloc=//lib64/libverto.so&path=//lib64 HTTP/1.1" 500 - "https://bautenschutz-blattner.de/favicon.ico?path=//lib64" "Mozilla/5.0 AppleWebKit/537.36 (KHTML, like Gecko; compatible; GPTBot/1.4; +https://openai.com/gptbot)"
74.7.227.51 - - [20/Aug/2026:09:33:13 +0200] "GET /favicon.ico?fileloc=//lib64/libpanel.so&path=//lib64 HTTP/1.1" 500 - "https://bautenschutz-blattner.de/favicon.ico?path=//lib64" "Mozilla/5.0 AppleWebKit/537.36 (KHTML, like Gecko; compatible; GPTBot/1.4; +https://openai.com/gptbot)"
66.249.73.229 - - [20/Aug/2026:09:33:55 +0200] "GET /shop/userreview/write.aspx HTTP/1.1" 200 158988 "-" "Mozilla/5.0 (Linux; Android 6.0.1; Nexus 5X Build/MMB29P) AppleWebKit/537.36 (KHTML, like Gecko) Chrome/151.0.7922.137 Mobile Safari/537.36 (compatible; GoogleOther)"
74.7.227.51 - - [20/Aug/2026:09:34:05 +0200] "GET /favicon.ico?fileloc=//lib64/libicuuc.so&path=//lib64 HTTP/1.1" 500 - "https://bautenschutz-blattner.de/favicon.ico?path=//lib64" "Mozilla/5.0 AppleWebKit/537.36 (KHTML, like Gecko; compatible; GPTBot/1.4; +https://openai.com/gptbot)"
74.7.227.51 - - [20/Aug/2026:09:35:01 +0200] "GET /favicon.ico?fileloc=//lib64/libtinfo.so&path=//lib64 HTTP/1.1" 500 - "https://bautenschutz-blattner.de/favicon.ico?path=//lib64" "Mozilla/5.0 AppleWebKit/537.36 (KHTML, like Gecko; compatible; GPTBot/1.4; +https://openai.com/gptbot)"
74.7.227.51 - - [20/Aug/2026:09:35:32 +0200] "GET /favicon.ico?fileloc=//lib64/libmcheck.a&path=//lib64 HTTP/1.1" 500 - "https://bautenschutz-blattner.de/favicon.ico?path=//lib64" "Mozilla/5.0 AppleWebKit/537.36 (KHTML, like Gecko; compatible; GPTBot/1.4; +https://openai.com/gptbot)"
74.7.227.51 - - [20/Aug/2026:09:35:43 +0200] "GET /favicon.ico?fileloc=//bin/fc-cache-64&path=//bin HTTP/1.1" 500 - "https://bautenschutz-blattner.de/favicon.ico?path=//bin" "Mozilla/5.0 AppleWebKit/537.36 (KHTML, like Gecko; compatible; GPTBot/1.4; +https://openai.com/gptbot)"
74.7.227.51 - - [20/Aug/2026:09:35:49 +0200] "GET /favicon.ico?fileloc=//lib64/libdw-0.194.so&path=//lib64 HTTP/1.1" 500 - "https://bautenschutz-blattner.de/favicon.ico?path=//lib64" "Mozilla/5.0 AppleWebKit/537.36 (KHTML, like Gecko; compatible; GPTBot/1.4; +https://openai.com/gptbot)"
74.7.227.51 - - [20/Aug/2026:09:35:58 +0200] "GET /favicon.ico?path=/home/tb1/pflegedienst-holisticcare24.de HTTP/1.1" 500 - "https://bautenschutz-blattner.de/favicon.ico?path=/home/tb1" "Mozilla/5.0 AppleWebKit/537.36 (KHTML, like Gecko; compatible; GPTBot/1.4; +https://openai.com/gptbot)"
74.7.227.51 - - [20/Aug/2026:09:36:16 +0200] "GET /favicon.ico?fileloc=//lib64/libaudit.so.1&path=//lib64 HTTP/1.1" 500 - "https://bautenschutz-blattner.de/favicon.ico?path=//lib64" "Mozilla/5.0 AppleWebKit/537.36 (KHTML, like Gecko; compatible; GPTBot/1.4; +https://openai.com/gptbot)"
74.7.227.51 - - [20/Aug/2026:09:36:33 +0200] "GET /favicon.ico?fileloc=//lib64/libnuma.so.1&path=//lib64 HTTP/1.1" 500 - "https://bautenschutz-blattner.de/favicon.ico?path=//lib64" "Mozilla/5.0 AppleWebKit/537.36 (KHTML, like Gecko; compatible; GPTBot/1.4; +https://openai.com/gptbot)"
66.249.73.229 - - [20/Aug/2026:09:36:44 +0200] "GET /category/68_69_70/1 HTTP/1.1" 200 153767 "-" "Mozilla/5.0 (Linux; Android 6.0.1; Nexus 5X Build/MMB29P) AppleWebKit/537.36 (KHTML, like Gecko) Chrome/151.0.7922.137 Mobile Safari/537.36 (compatible; GoogleOther)"
74.7.227.51 - - [20/Aug/2026:09:36:54 +0200] "GET /favicon.ico?fileloc=//lib64/libmount.so.1&path=//lib64 HTTP/1.1" 500 - "https://bautenschutz-blattner.de/favicon.ico?path=//lib64" "Mozilla/5.0 AppleWebKit/537.36 (KHTML, like Gecko; compatible; GPTBot/1.4; +https://openai.com/gptbot)"
66.249.73.228 - - [20/Aug/2026:09:36:53 +0200] "GET /special/216003995.html HTTP/1.1" 200 156108 "-" "Mozilla/5.0 (Linux; Android 6.0.1; Nexus 5X Build/MMB29P) AppleWebKit/537.36 (KHTML, like Gecko) Chrome/151.0.7922.137 Mobile Safari/537.36 (compatible; GoogleOther)"
66.249.73.228 - - [20/Aug/2026:09:36:56 +0200] "GET /6277266 HTTP/1.1" 200 177144 "-" "Mozilla/5.0 (Linux; Android 6.0.1; Nexus 5X Build/MMB29P) AppleWebKit/537.36 (KHTML, like Gecko) Chrome/151.0.7922.137 Mobile Safari/537.36 (compatible; Googlebot/2.1; +http://www.google.com/bot.html)"
74.7.227.51 - - [20/Aug/2026:09:37:14 +0200] "GET /favicon.ico?fileloc=//lib64/libctf-nobfd.so.0&path=//lib64 HTTP/1.1" 500 - "https://bautenschutz-blattner.de/favicon.ico?path=//lib64" "Mozilla/5.0 AppleWebKit/537.36 (KHTML, like Gecko; compatible; GPTBot/1.4; +https://openai.com/gptbot)"
74.7.227.51 - - [20/Aug/2026:09:37:34 +0200] "GET /favicon.ico?fileloc=//lib64/libjson-c.so.5&path=//lib64 HTTP/1.1" 500 - "https://bautenschutz-blattner.de/favicon.ico?path=//lib64" "Mozilla/5.0 AppleWebKit/537.36 (KHTML, like Gecko; compatible; GPTBot/1.4; +https://openai.com/gptbot)"
74.7.227.51 - - [20/Aug/2026:09:37:56 +0200] "GET /favicon.ico?fileloc=//lib64/libmm-glib.so.0&path=//lib64 HTTP/1.1" 500 - "https://bautenschutz-blattner.de/favicon.ico?path=//lib64" "Mozilla/5.0 AppleWebKit/537.36 (KHTML, like Gecko; compatible; GPTBot/1.4; +https://openai.com/gptbot)"
