File: /mnt/newhome/tb1/access-logs/bautenschutz-blattner.tb.working-station2.de-ssl_log
185.212.110.27 - - [19/Aug/2026:12:04:30 +0200] "GET /favicon.ico?path=//proc/1969750 HTTP/1.1" 500 - "https://bautenschutz-blattner.de/favicon.ico?path=//proc" "Mozilla/5.0 AppleWebKit/537.36 (KHTML, like Gecko; compatible; GPTBot/1.4; +https://openai.com/gptbot)"
185.212.110.27 - - [19/Aug/2026:12:20:35 +0200] "GET /favicon.ico?path=//proc/1985792 HTTP/1.1" 500 - "https://bautenschutz-blattner.de/favicon.ico?path=//proc" "Mozilla/5.0 AppleWebKit/537.36 (KHTML, like Gecko; compatible; GPTBot/1.4; +https://openai.com/gptbot)"
185.212.110.27 - - [19/Aug/2026:12:21:44 +0200] "GET /favicon.ico?path=//proc/1985712 HTTP/1.1" 500 - "https://bautenschutz-blattner.de/favicon.ico?path=//proc" "Mozilla/5.0 AppleWebKit/537.36 (KHTML, like Gecko; compatible; GPTBot/1.4; +https://openai.com/gptbot)"
185.212.110.27 - - [19/Aug/2026:12:22:40 +0200] "GET /favicon.ico?path=//proc/1968259 HTTP/1.1" 500 - "https://bautenschutz-blattner.de/favicon.ico?path=//proc" "Mozilla/5.0 AppleWebKit/537.36 (KHTML, like Gecko; compatible; GPTBot/1.4; +https://openai.com/gptbot)"
185.212.110.27 - - [19/Aug/2026:12:23:43 +0200] "GET /favicon.ico?path=//proc/1997465 HTTP/1.1" 500 - "https://bautenschutz-blattner.de/favicon.ico?path=//proc" "Mozilla/5.0 AppleWebKit/537.36 (KHTML, like Gecko; compatible; GPTBot/1.4; +https://openai.com/gptbot)"
185.212.110.27 - - [19/Aug/2026:12:24:46 +0200] "GET /favicon.ico?path=//proc/1997435 HTTP/1.1" 500 - "https://bautenschutz-blattner.de/favicon.ico?path=//proc" "Mozilla/5.0 AppleWebKit/537.36 (KHTML, like Gecko; compatible; GPTBot/1.4; +https://openai.com/gptbot)"
185.212.110.27 - - [19/Aug/2026:12:25:46 +0200] "GET /favicon.ico?path=//proc/1968737 HTTP/1.1" 500 - "https://bautenschutz-blattner.de/favicon.ico?path=//proc" "Mozilla/5.0 AppleWebKit/537.36 (KHTML, like Gecko; compatible; GPTBot/1.4; +https://openai.com/gptbot)"
185.212.110.27 - - [19/Aug/2026:12:26:51 +0200] "GET /favicon.ico?path=//proc/1988520 HTTP/1.1" 500 - "https://bautenschutz-blattner.de/favicon.ico?path=//proc" "Mozilla/5.0 AppleWebKit/537.36 (KHTML, like Gecko; compatible; GPTBot/1.4; +https://openai.com/gptbot)"
185.212.110.27 - - [19/Aug/2026:12:27:55 +0200] "GET /favicon.ico?path=//proc/1968670 HTTP/1.1" 500 - "https://bautenschutz-blattner.de/favicon.ico?path=//proc" "Mozilla/5.0 AppleWebKit/537.36 (KHTML, like Gecko; compatible; GPTBot/1.4; +https://openai.com/gptbot)"
185.212.110.27 - - [19/Aug/2026:12:29:03 +0200] "GET /favicon.ico?path=//proc/1985749 HTTP/1.1" 500 - "https://bautenschutz-blattner.de/favicon.ico?path=//proc" "Mozilla/5.0 AppleWebKit/537.36 (KHTML, like Gecko; compatible; GPTBot/1.4; +https://openai.com/gptbot)"
185.212.110.27 - - [19/Aug/2026:12:30:14 +0200] "GET /favicon.ico?path=//proc/2004879 HTTP/1.1" 500 - "https://bautenschutz-blattner.de/favicon.ico?path=//proc" "Mozilla/5.0 AppleWebKit/537.36 (KHTML, like Gecko; compatible; GPTBot/1.4; +https://openai.com/gptbot)"
185.212.110.27 - - [19/Aug/2026:12:31:03 +0200] "GET /favicon.ico?path=//proc/2009163 HTTP/1.1" 500 - "https://bautenschutz-blattner.de/favicon.ico?path=//proc" "Mozilla/5.0 AppleWebKit/537.36 (KHTML, like Gecko; compatible; GPTBot/1.4; +https://openai.com/gptbot)"
185.212.110.27 - - [19/Aug/2026:12:32:08 +0200] "GET /favicon.ico?path=//proc/1985356 HTTP/1.1" 500 - "https://bautenschutz-blattner.de/favicon.ico?path=//proc" "Mozilla/5.0 AppleWebKit/537.36 (KHTML, like Gecko; compatible; GPTBot/1.4; +https://openai.com/gptbot)"
185.212.110.27 - - [19/Aug/2026:12:34:04 +0200] "GET /favicon.ico?path=//proc/1988324 HTTP/1.1" 500 - "https://bautenschutz-blattner.de/favicon.ico?path=//proc" "Mozilla/5.0 AppleWebKit/537.36 (KHTML, like Gecko; compatible; GPTBot/1.4; +https://openai.com/gptbot)"
185.212.110.27 - - [19/Aug/2026:13:01:00 +0200] "GET /favicon.ico?path=//proc/1997503/fd HTTP/1.1" 500 - "https://bautenschutz-blattner.de/favicon.ico?path=//proc/1997503" "Mozilla/5.0 AppleWebKit/537.36 (KHTML, like Gecko; compatible; GPTBot/1.4; +https://openai.com/gptbot)"
185.212.110.27 - - [19/Aug/2026:13:02:14 +0200] "GET /favicon.ico?path=//proc/1999468/fd HTTP/1.1" 500 - "https://bautenschutz-blattner.de/favicon.ico?path=//proc/1999468" "Mozilla/5.0 AppleWebKit/537.36 (KHTML, like Gecko; compatible; GPTBot/1.4; +https://openai.com/gptbot)"
185.212.110.27 - - [19/Aug/2026:13:03:04 +0200] "GET /favicon.ico?path=//proc/1999468/ns HTTP/1.1" 500 - "https://bautenschutz-blattner.de/favicon.ico?path=//proc/1999468" "Mozilla/5.0 AppleWebKit/537.36 (KHTML, like Gecko; compatible; GPTBot/1.4; +https://openai.com/gptbot)"
185.212.110.27 - - [19/Aug/2026:13:05:14 +0200] "GET /favicon.ico?path=//proc/2619/net/rpc/auth.unix.gid HTTP/1.1" 500 - "https://bautenschutz-blattner.de/favicon.ico?path=//proc/2619/net/rpc" "Mozilla/5.0 AppleWebKit/537.36 (KHTML, like Gecko; compatible; GPTBot/1.4; +https://openai.com/gptbot)"
185.212.110.27 - - [19/Aug/2026:13:30:03 +0200] "GET /favicon.ico?path=//proc/140 HTTP/1.1" 500 - "https://bautenschutz-blattner.de/favicon.ico?path=//proc" "Mozilla/5.0 AppleWebKit/537.36 (KHTML, like Gecko; compatible; GPTBot/1.4; +https://openai.com/gptbot)"
185.212.110.27 - - [19/Aug/2026:13:30:50 +0200] "GET /favicon.ico?path=//proc/710 HTTP/1.1" 500 - "https://bautenschutz-blattner.de/favicon.ico?path=//proc" "Mozilla/5.0 AppleWebKit/537.36 (KHTML, like Gecko; compatible; GPTBot/1.4; +https://openai.com/gptbot)"
185.212.110.27 - - [19/Aug/2026:13:31:51 +0200] "GET /favicon.ico?path=//proc/320 HTTP/1.1" 500 - "https://bautenschutz-blattner.de/favicon.ico?path=//proc" "Mozilla/5.0 AppleWebKit/537.36 (KHTML, like Gecko; compatible; GPTBot/1.4; +https://openai.com/gptbot)"
185.212.110.27 - - [19/Aug/2026:13:32:55 +0200] "GET /favicon.ico?path=//proc/158 HTTP/1.1" 500 - "https://bautenschutz-blattner.de/favicon.ico?path=//proc" "Mozilla/5.0 AppleWebKit/537.36 (KHTML, like Gecko; compatible; GPTBot/1.4; +https://openai.com/gptbot)"
185.212.110.27 - - [19/Aug/2026:13:33:56 +0200] "GET /favicon.ico?path=//proc/468 HTTP/1.1" 500 - "https://bautenschutz-blattner.de/favicon.ico?path=//proc" "Mozilla/5.0 AppleWebKit/537.36 (KHTML, like Gecko; compatible; GPTBot/1.4; +https://openai.com/gptbot)"
185.212.110.27 - - [19/Aug/2026:13:35:01 +0200] "GET /favicon.ico?path=//proc/134 HTTP/1.1" 500 - "https://bautenschutz-blattner.de/favicon.ico?path=//proc" "Mozilla/5.0 AppleWebKit/537.36 (KHTML, like Gecko; compatible; GPTBot/1.4; +https://openai.com/gptbot)"
185.212.110.27 - - [19/Aug/2026:13:36:05 +0200] "GET /favicon.ico?path=//proc/154 HTTP/1.1" 500 - "https://bautenschutz-blattner.de/favicon.ico?path=//proc" "Mozilla/5.0 AppleWebKit/537.36 (KHTML, like Gecko; compatible; GPTBot/1.4; +https://openai.com/gptbot)"
185.212.110.27 - - [19/Aug/2026:13:37:09 +0200] "GET /favicon.ico?path=//proc/105 HTTP/1.1" 500 - "https://bautenschutz-blattner.de/favicon.ico?path=//proc" "Mozilla/5.0 AppleWebKit/537.36 (KHTML, like Gecko; compatible; GPTBot/1.4; +https://openai.com/gptbot)"
185.212.110.27 - - [19/Aug/2026:13:38:14 +0200] "GET /favicon.ico?path=//proc/129 HTTP/1.1" 503 - "https://bautenschutz-blattner.de/favicon.ico?path=//proc" "Mozilla/5.0 AppleWebKit/537.36 (KHTML, like Gecko; compatible; GPTBot/1.4; +https://openai.com/gptbot)"
185.212.110.27 - - [19/Aug/2026:13:39:19 +0200] "GET /favicon.ico?path=//proc/135 HTTP/1.1" 503 - "https://bautenschutz-blattner.de/favicon.ico?path=//proc" "Mozilla/5.0 AppleWebKit/537.36 (KHTML, like Gecko; compatible; GPTBot/1.4; +https://openai.com/gptbot)"
185.212.110.27 - - [19/Aug/2026:13:40:21 +0200] "GET /favicon.ico?path=//proc/314 HTTP/1.1" 500 - "https://bautenschutz-blattner.de/favicon.ico?path=//proc" "Mozilla/5.0 AppleWebKit/537.36 (KHTML, like Gecko; compatible; GPTBot/1.4; +https://openai.com/gptbot)"
185.212.110.27 - - [19/Aug/2026:13:41:26 +0200] "GET /favicon.ico?path=//proc/1937456/task HTTP/1.1" 500 - "https://bautenschutz-blattner.de/favicon.ico?path=//proc/1937456" "Mozilla/5.0 AppleWebKit/537.36 (KHTML, like Gecko; compatible; GPTBot/1.4; +https://openai.com/gptbot)"
185.212.110.27 - - [19/Aug/2026:13:42:31 +0200] "GET /favicon.ico?path=//lib64/spa-0.2/support HTTP/1.1" 500 - "https://bautenschutz-blattner.de/favicon.ico?path=//lib64/spa-0.2" "Mozilla/5.0 AppleWebKit/537.36 (KHTML, like Gecko; compatible; GPTBot/1.4; +https://openai.com/gptbot)"
185.212.110.27 - - [19/Aug/2026:13:43:32 +0200] "GET /favicon.ico?path=//proc/1098/attr HTTP/1.1" 500 - "https://bautenschutz-blattner.de/favicon.ico?path=//proc/1098" "Mozilla/5.0 AppleWebKit/537.36 (KHTML, like Gecko; compatible; GPTBot/1.4; +https://openai.com/gptbot)"
185.212.110.27 - - [19/Aug/2026:13:44:38 +0200] "GET /favicon.ico?path=//proc/1107/attr HTTP/1.1" 500 - "https://bautenschutz-blattner.de/favicon.ico?path=//proc/1107" "Mozilla/5.0 AppleWebKit/537.36 (KHTML, like Gecko; compatible; GPTBot/1.4; +https://openai.com/gptbot)"
185.212.110.27 - - [19/Aug/2026:13:45:43 +0200] "GET /favicon.ico?path=//proc/2619/attr HTTP/1.1" 500 - "https://bautenschutz-blattner.de/favicon.ico?path=//proc/2619" "Mozilla/5.0 AppleWebKit/537.36 (KHTML, like Gecko; compatible; GPTBot/1.4; +https://openai.com/gptbot)"
185.212.110.27 - - [19/Aug/2026:13:46:43 +0200] "GET /favicon.ico?path=//proc/1107/task HTTP/1.1" 500 - "https://bautenschutz-blattner.de/favicon.ico?path=//proc/1107" "Mozilla/5.0 AppleWebKit/537.36 (KHTML, like Gecko; compatible; GPTBot/1.4; +https://openai.com/gptbot)"
185.212.110.27 - - [19/Aug/2026:13:47:45 +0200] "GET /favicon.ico?path=//proc/2619/task HTTP/1.1" 500 - "https://bautenschutz-blattner.de/favicon.ico?path=//proc/2619" "Mozilla/5.0 AppleWebKit/537.36 (KHTML, like Gecko; compatible; GPTBot/1.4; +https://openai.com/gptbot)"
185.212.110.27 - - [19/Aug/2026:13:49:03 +0200] "GET /favicon.ico?path=//proc/1098/task HTTP/1.1" 503 - "https://bautenschutz-blattner.de/favicon.ico?path=//proc/1098" "Mozilla/5.0 AppleWebKit/537.36 (KHTML, like Gecko; compatible; GPTBot/1.4; +https://openai.com/gptbot)"
74.7.243.216 - - [19/Aug/2026:14:08:52 +0200] "GET /favicon.ico?path=//proc/485474/map_files HTTP/1.1" 500 - "https://bautenschutz-blattner.de/favicon.ico?path=//proc/485474" "Mozilla/5.0 AppleWebKit/537.36 (KHTML, like Gecko; compatible; GPTBot/1.4; +https://openai.com/gptbot)"
74.7.243.216 - - [19/Aug/2026:14:09:53 +0200] "GET /favicon.ico?path=//proc/477233/map_files HTTP/1.1" 500 - "https://bautenschutz-blattner.de/favicon.ico?path=//proc/477233" "Mozilla/5.0 AppleWebKit/537.36 (KHTML, like Gecko; compatible; GPTBot/1.4; +https://openai.com/gptbot)"
74.7.243.216 - - [19/Aug/2026:14:10:58 +0200] "GET /favicon.ico?path=//proc/477237/map_files HTTP/1.1" 500 - "https://bautenschutz-blattner.de/favicon.ico?path=//proc/477237" "Mozilla/5.0 AppleWebKit/537.36 (KHTML, like Gecko; compatible; GPTBot/1.4; +https://openai.com/gptbot)"
74.7.243.216 - - [19/Aug/2026:14:12:00 +0200] "GET /favicon.ico?path=//proc/477243/map_files HTTP/1.1" 500 - "https://bautenschutz-blattner.de/favicon.ico?path=//proc/477243" "Mozilla/5.0 AppleWebKit/537.36 (KHTML, like Gecko; compatible; GPTBot/1.4; +https://openai.com/gptbot)"
74.7.243.216 - - [19/Aug/2026:14:13:01 +0200] "GET /favicon.ico?path=//proc/477241/map_files HTTP/1.1" 500 - "https://bautenschutz-blattner.de/favicon.ico?path=//proc/477241" "Mozilla/5.0 AppleWebKit/537.36 (KHTML, like Gecko; compatible; GPTBot/1.4; +https://openai.com/gptbot)"
74.7.243.216 - - [19/Aug/2026:14:14:04 +0200] "GET /favicon.ico?path=//proc/477246/map_files HTTP/1.1" 500 - "https://bautenschutz-blattner.de/favicon.ico?path=//proc/477246" "Mozilla/5.0 AppleWebKit/537.36 (KHTML, like Gecko; compatible; GPTBot/1.4; +https://openai.com/gptbot)"
74.7.243.216 - - [19/Aug/2026:14:15:07 +0200] "GET /favicon.ico?path=//proc/477245/map_files HTTP/1.1" 500 - "https://bautenschutz-blattner.de/favicon.ico?path=//proc/477245" "Mozilla/5.0 AppleWebKit/537.36 (KHTML, like Gecko; compatible; GPTBot/1.4; +https://openai.com/gptbot)"
74.7.243.216 - - [19/Aug/2026:14:16:09 +0200] "GET /favicon.ico?path=//proc/1937456/fdinfo HTTP/1.1" 500 - "https://bautenschutz-blattner.de/favicon.ico?path=//proc/1937456" "Mozilla/5.0 AppleWebKit/537.36 (KHTML, like Gecko; compatible; GPTBot/1.4; +https://openai.com/gptbot)"
74.7.243.216 - - [19/Aug/2026:14:17:10 +0200] "GET /favicon.ico?path=//proc/1997503/fdinfo HTTP/1.1" 500 - "https://bautenschutz-blattner.de/favicon.ico?path=//proc/1997503" "Mozilla/5.0 AppleWebKit/537.36 (KHTML, like Gecko; compatible; GPTBot/1.4; +https://openai.com/gptbot)"
66.249.73.229 - - [19/Aug/2026:14:17:54 +0200] "GET /fade/preliminary/apb82xqkaagq536eon.shtml HTTP/1.1" 200 159522 "-" "Mozilla/5.0 (Linux; Android 6.0.1; Nexus 5X Build/MMB29P) AppleWebKit/537.36 (KHTML, like Gecko) Chrome/151.0.7922.137 Mobile Safari/537.36 (compatible; GoogleOther)"
204.12.239.66 - - [19/Aug/2026:14:18:05 +0200] "GET /wp-includes/pl7c61d4/edit.php HTTP/1.1" 200 6 "https://bautenschutz-blattner.de/wp-includes/pl7c61d4/edit.php" "Mozilla/5.0 (Windows NT 10.0; Win64; x64) AppleWebKit/537.36 (KHTML, like Gecko) Chrome/58.0.3029.110 Safari/537.3"
74.7.243.216 - - [19/Aug/2026:14:18:10 +0200] "GET /favicon.ico?path=//lib64/spa-0.2/bluez5 HTTP/1.1" 503 468 "https://bautenschutz-blattner.de/favicon.ico?path=//lib64/spa-0.2" "Mozilla/5.0 AppleWebKit/537.36 (KHTML, like Gecko; compatible; GPTBot/1.4; +https://openai.com/gptbot)"
66.249.73.229 - - [19/Aug/2026:14:18:11 +0200] "GET /contents/event/kansyasai/ HTTP/1.1" 503 468 "-" "Mozilla/5.0 (Linux; Android 6.0.1; Nexus 5X Build/MMB29P) AppleWebKit/537.36 (KHTML, like Gecko) Chrome/151.0.7922.137 Mobile Safari/537.36 (compatible; GoogleOther)"
66.249.73.228 - - [19/Aug/2026:14:18:32 +0200] "GET /5647860 HTTP/1.1" 503 468 "-" "Mozilla/5.0 (Linux; Android 6.0.1; Nexus 5X Build/MMB29P) AppleWebKit/537.36 (KHTML, like Gecko) Chrome/151.0.7922.137 Mobile Safari/537.36 (compatible; GoogleOther)"
66.249.73.227 - - [19/Aug/2026:14:18:52 +0200] "GET /2606265 HTTP/1.1" 503 468 "-" "Mozilla/5.0 (Linux; Android 6.0.1; Nexus 5X Build/MMB29P) AppleWebKit/537.36 (KHTML, like Gecko) Chrome/151.0.7922.137 Mobile Safari/537.36 (compatible; GoogleOther)"
66.249.73.228 - - [19/Aug/2026:14:19:08 +0200] "GET /24326822 HTTP/1.1" 503 468 "-" "Mozilla/5.0 (Linux; Android 6.0.1; Nexus 5X Build/MMB29P) AppleWebKit/537.36 (KHTML, like Gecko) Chrome/151.0.7922.137 Mobile Safari/537.36 (compatible; GoogleOther)"
74.7.243.216 - - [19/Aug/2026:14:19:16 +0200] "GET /favicon.ico?fileloc=//etc/named.conf.precpanelinstall&path=//etc HTTP/1.1" 503 468 "https://bautenschutz-blattner.de/favicon.ico?path=//etc" "Mozilla/5.0 AppleWebKit/537.36 (KHTML, like Gecko; compatible; GPTBot/1.4; +https://openai.com/gptbot)"
66.249.73.228 - - [19/Aug/2026:14:19:30 +0200] "GET /632346611 HTTP/1.1" 503 468 "-" "Mozilla/5.0 (Linux; Android 6.0.1; Nexus 5X Build/MMB29P) AppleWebKit/537.36 (KHTML, like Gecko) Chrome/151.0.7922.137 Mobile Safari/537.36 (compatible; GoogleOther)"
204.12.239.66 - - [19/Aug/2026:14:18:03 +0200] "GET /wp-includes/pl7c61d4/edit.php HTTP/1.1" 200 - "https://bautenschutz-blattner.de/wp-includes/pl7c61d4/edit.php" "Mozilla/5.0 (Windows NT 10.0; Win64; x64) AppleWebKit/537.36 (KHTML, like Gecko) Chrome/58.0.3029.110 Safari/537.3"
66.249.73.227 - - [19/Aug/2026:14:19:51 +0200] "GET /contents/reform/ HTTP/1.1" 200 154734 "-" "Mozilla/5.0 (Linux; Android 6.0.1; Nexus 5X Build/MMB29P) AppleWebKit/537.36 (KHTML, like Gecko) Chrome/151.0.7922.137 Mobile Safari/537.36 (compatible; GoogleOther)"
66.249.73.227 - - [19/Aug/2026:14:20:11 +0200] "GET /toyu/top/CSfTop.jsp HTTP/1.1" 200 155812 "-" "Mozilla/5.0 (Linux; Android 6.0.1; Nexus 5X Build/MMB29P) AppleWebKit/537.36 (KHTML, like Gecko) Chrome/151.0.7922.137 Mobile Safari/537.36 (compatible; GoogleOther)"
74.7.243.216 - - [19/Aug/2026:14:20:16 +0200] "GET /favicon.ico?path=//proc/1999468/net/rpc/auth.unix.gid HTTP/1.1" 500 - "https://bautenschutz-blattner.de/favicon.ico?path=//proc/1999468/net/rpc" "Mozilla/5.0 AppleWebKit/537.36 (KHTML, like Gecko; compatible; GPTBot/1.4; +https://openai.com/gptbot)"
66.249.73.227 - - [19/Aug/2026:14:20:57 +0200] "GET /contents/renga/ HTTP/1.1" 200 152736 "-" "Mozilla/5.0 (Linux; Android 6.0.1; Nexus 5X Build/MMB29P) AppleWebKit/537.36 (KHTML, like Gecko) Chrome/151.0.7922.137 Mobile Safari/537.36 (compatible; GoogleOther)"
74.7.243.216 - - [19/Aug/2026:14:21:21 +0200] "GET /favicon.ico?path=//lib64/X11 HTTP/1.1" 500 - "https://bautenschutz-blattner.de/favicon.ico?path=//lib64" "Mozilla/5.0 AppleWebKit/537.36 (KHTML, like Gecko; compatible; GPTBot/1.4; +https://openai.com/gptbot)"
74.7.243.216 - - [19/Aug/2026:14:22:23 +0200] "GET /favicon.ico?path=//proc/486094/map_files HTTP/1.1" 500 - "https://bautenschutz-blattner.de/favicon.ico?path=//proc/486094" "Mozilla/5.0 AppleWebKit/537.36 (KHTML, like Gecko; compatible; GPTBot/1.4; +https://openai.com/gptbot)"
74.7.175.176 - - [19/Aug/2026:14:22:35 +0200] "GET /robots.txt HTTP/1.1" 200 438 "-" "Mozilla/5.0 (Macintosh; Intel Mac OS X 10_15_7) AppleWebKit/537.36 (KHTML, like Gecko) Chrome/131.0.0.0 Safari/537.36; compatible; OAI-SearchBot/1.4; robots.txt; +https://openai.com/searchbot"
74.7.243.216 - - [19/Aug/2026:14:23:26 +0200] "GET /favicon.ico?path=//proc/485625/map_files HTTP/1.1" 500 - "https://bautenschutz-blattner.de/favicon.ico?path=//proc/485625" "Mozilla/5.0 AppleWebKit/537.36 (KHTML, like Gecko; compatible; GPTBot/1.4; +https://openai.com/gptbot)"
66.249.73.228 - - [19/Aug/2026:14:23:44 +0200] "GET /496349976 HTTP/1.1" 200 157803 "-" "Mozilla/5.0 (Linux; Android 6.0.1; Nexus 5X Build/MMB29P) AppleWebKit/537.36 (KHTML, like Gecko) Chrome/151.0.7922.137 Mobile Safari/537.36 (compatible; GoogleOther)"
2a01:4f8:1c19:de57::33 - - [19/Aug/2026:14:24:22 +0200] "GET / HTTP/1.1" 500 - "-" "python-httpx/0.28.1"
74.7.243.216 - - [19/Aug/2026:14:24:32 +0200] "GET /favicon.ico?path=//proc/477235/map_files HTTP/1.1" 500 - "https://bautenschutz-blattner.de/favicon.ico?path=//proc/477235" "Mozilla/5.0 AppleWebKit/537.36 (KHTML, like Gecko; compatible; GPTBot/1.4; +https://openai.com/gptbot)"
74.7.243.216 - - [19/Aug/2026:14:25:34 +0200] "GET /favicon.ico?path=//proc/486014/map_files HTTP/1.1" 500 - "https://bautenschutz-blattner.de/favicon.ico?path=//proc/486014" "Mozilla/5.0 AppleWebKit/537.36 (KHTML, like Gecko; compatible; GPTBot/1.4; +https://openai.com/gptbot)"
66.249.73.229 - - [19/Aug/2026:14:26:31 +0200] "GET /toyu/top/CKmSpSfTop.jsp HTTP/1.1" 200 155298 "-" "Mozilla/5.0 (Linux; Android 6.0.1; Nexus 5X Build/MMB29P) AppleWebKit/537.36 (KHTML, like Gecko) Chrome/151.0.7922.137 Mobile Safari/537.36 (compatible; GoogleOther)"
74.7.243.216 - - [19/Aug/2026:14:26:38 +0200] "GET /favicon.ico?path=//proc/477238/map_files HTTP/1.1" 500 - "https://bautenschutz-blattner.de/favicon.ico?path=//proc/477238" "Mozilla/5.0 AppleWebKit/537.36 (KHTML, like Gecko; compatible; GPTBot/1.4; +https://openai.com/gptbot)"
74.7.243.216 - - [19/Aug/2026:14:27:41 +0200] "GET /favicon.ico?path=//proc/477236/map_files HTTP/1.1" 500 - "https://bautenschutz-blattner.de/favicon.ico?path=//proc/477236" "Mozilla/5.0 AppleWebKit/537.36 (KHTML, like Gecko; compatible; GPTBot/1.4; +https://openai.com/gptbot)"
74.7.243.216 - - [19/Aug/2026:14:28:42 +0200] "GET /favicon.ico?path=//lib64/krb5 HTTP/1.1" 500 - "https://bautenschutz-blattner.de/favicon.ico?path=//lib64" "Mozilla/5.0 AppleWebKit/537.36 (KHTML, like Gecko; compatible; GPTBot/1.4; +https://openai.com/gptbot)"
198.235.24.128 - - [19/Aug/2026:14:28:58 +0200] "GET / HTTP/1.1" 500 - "-" "Hello from Palo Alto Networks, find out more about our scans in https://docs-cortex.paloaltonetworks.com/r/1/Cortex-Xpanse/Scanning-activity"
66.249.73.228 - - [19/Aug/2026:14:29:18 +0200] "GET /information/privacy_policy.html HTTP/1.1" 200 156769 "-" "Mozilla/5.0 (Linux; Android 6.0.1; Nexus 5X Build/MMB29P) AppleWebKit/537.36 (KHTML, like Gecko) Chrome/151.0.7922.137 Mobile Safari/537.36 (compatible; GoogleOther)"
74.7.243.216 - - [19/Aug/2026:14:29:46 +0200] "GET /favicon.ico?path=//lib64/perl5 HTTP/1.1" 500 - "https://bautenschutz-blattner.de/favicon.ico?path=//lib64" "Mozilla/5.0 AppleWebKit/537.36 (KHTML, like Gecko; compatible; GPTBot/1.4; +https://openai.com/gptbot)"
74.7.243.216 - - [19/Aug/2026:14:30:50 +0200] "GET /favicon.ico?path=//lib64/php HTTP/1.1" 500 - "https://bautenschutz-blattner.de/favicon.ico?path=//lib64" "Mozilla/5.0 AppleWebKit/537.36 (KHTML, like Gecko; compatible; GPTBot/1.4; +https://openai.com/gptbot)"
66.249.73.228 - - [19/Aug/2026:14:31:32 +0200] "GET /93780184 HTTP/1.1" 200 156490 "-" "Mozilla/5.0 (Linux; Android 6.0.1; Nexus 5X Build/MMB29P) AppleWebKit/537.36 (KHTML, like Gecko) Chrome/151.0.7922.137 Mobile Safari/537.36 (compatible; GoogleOther)"
74.7.243.216 - - [19/Aug/2026:14:31:54 +0200] "GET /favicon.ico?path=//proc/2619/fdinfo HTTP/1.1" 500 - "https://bautenschutz-blattner.de/favicon.ico?path=//proc/2619" "Mozilla/5.0 AppleWebKit/537.36 (KHTML, like Gecko; compatible; GPTBot/1.4; +https://openai.com/gptbot)"
66.249.73.227 - - [19/Aug/2026:14:32:04 +0200] "GET /459396532 HTTP/1.1" 200 164396 "-" "Mozilla/5.0 (Linux; Android 6.0.1; Nexus 5X Build/MMB29P) AppleWebKit/537.36 (KHTML, like Gecko) Chrome/151.0.7922.137 Mobile Safari/537.36 (compatible; GoogleOther)"
74.7.243.216 - - [19/Aug/2026:14:34:04 +0200] "GET /favicon.ico?path=//proc/1107/fdinfo HTTP/1.1" 500 - "https://bautenschutz-blattner.de/favicon.ico?path=//proc/1107" "Mozilla/5.0 AppleWebKit/537.36 (KHTML, like Gecko; compatible; GPTBot/1.4; +https://openai.com/gptbot)"
74.7.243.216 - - [19/Aug/2026:14:35:07 +0200] "GET /favicon.ico?path=//proc/1098/fdinfo HTTP/1.1" 503 468 "https://bautenschutz-blattner.de/favicon.ico?path=//proc/1098" "Mozilla/5.0 AppleWebKit/537.36 (KHTML, like Gecko; compatible; GPTBot/1.4; +https://openai.com/gptbot)"
74.7.243.216 - - [19/Aug/2026:14:35:59 +0200] "GET /favicon.ico?path=//lib64/llvm21/bin HTTP/1.1" 500 - "https://bautenschutz-blattner.de/favicon.ico?path=//lib64/llvm21" "Mozilla/5.0 AppleWebKit/537.36 (KHTML, like Gecko; compatible; GPTBot/1.4; +https://openai.com/gptbot)"
66.249.73.229 - - [19/Aug/2026:14:35:59 +0200] "GET /498894349 HTTP/1.1" 503 468 "-" "Mozilla/5.0 (Linux; Android 6.0.1; Nexus 5X Build/MMB29P) AppleWebKit/537.36 (KHTML, like Gecko) Chrome/151.0.7922.137 Mobile Safari/537.36 (compatible; GoogleOther)"
74.7.230.54 - - [19/Aug/2026:14:36:05 +0200] "GET /robots.txt HTTP/1.1" 304 - "-" "Mozilla/5.0 (Macintosh; Intel Mac OS X 10_15_7) AppleWebKit/537.36 (KHTML, like Gecko) Chrome/131.0.0.0 Safari/537.36; compatible; OAI-SearchBot/1.4; robots.txt; +https://openai.com/searchbot"
74.7.243.216 - - [19/Aug/2026:14:36:10 +0200] "GET /favicon.ico?path=//proc/3808397/net/rpc/auth.unix.ip HTTP/1.1" 500 - "https://bautenschutz-blattner.de/favicon.ico?path=//proc/3808397/net/rpc" "Mozilla/5.0 AppleWebKit/537.36 (KHTML, like Gecko; compatible; GPTBot/1.4; +https://openai.com/gptbot)"
74.7.243.216 - - [19/Aug/2026:14:37:07 +0200] "GET /favicon.ico?path=//lib64/spa-0.2/avb HTTP/1.1" 500 - "https://bautenschutz-blattner.de/favicon.ico?path=//lib64/spa-0.2" "Mozilla/5.0 AppleWebKit/537.36 (KHTML, like Gecko; compatible; GPTBot/1.4; +https://openai.com/gptbot)"
74.7.243.216 - - [19/Aug/2026:14:38:19 +0200] "GET /favicon.ico?path=//proc/1111/task HTTP/1.1" 500 - "https://bautenschutz-blattner.de/favicon.ico?path=//proc/1111" "Mozilla/5.0 AppleWebKit/537.36 (KHTML, like Gecko; compatible; GPTBot/1.4; +https://openai.com/gptbot)"
74.7.243.216 - - [19/Aug/2026:14:39:13 +0200] "GET /favicon.ico?path=//lib64/spa-0.2/aec HTTP/1.1" 500 - "https://bautenschutz-blattner.de/favicon.ico?path=//lib64/spa-0.2" "Mozilla/5.0 AppleWebKit/537.36 (KHTML, like Gecko; compatible; GPTBot/1.4; +https://openai.com/gptbot)"
74.7.243.216 - - [19/Aug/2026:14:40:18 +0200] "GET /favicon.ico?fileloc=//etc/recent_recipient_mail_server_ips&path=//etc HTTP/1.1" 500 - "https://bautenschutz-blattner.de/favicon.ico?path=//etc" "Mozilla/5.0 AppleWebKit/537.36 (KHTML, like Gecko; compatible; GPTBot/1.4; +https://openai.com/gptbot)"
66.249.73.229 - - [19/Aug/2026:14:40:25 +0200] "GET /special/property/t50winmk19xk2426yr.shtml HTTP/1.1" 200 157471 "-" "Mozilla/5.0 (Linux; Android 6.0.1; Nexus 5X Build/MMB29P) AppleWebKit/537.36 (KHTML, like Gecko) Chrome/151.0.7922.137 Mobile Safari/537.36 (compatible; GoogleOther)"
74.7.243.216 - - [19/Aug/2026:14:41:20 +0200] "GET /favicon.ico?fileloc=//proc/477236/net/dev&path=//proc/477236/net HTTP/1.1" 500 - "https://bautenschutz-blattner.de/favicon.ico?path=//proc/477236/net" "Mozilla/5.0 AppleWebKit/537.36 (KHTML, like Gecko; compatible; GPTBot/1.4; +https://openai.com/gptbot)"
74.7.243.216 - - [19/Aug/2026:14:42:24 +0200] "GET /favicon.ico?path=//proc/1111/attr HTTP/1.1" 500 - "https://bautenschutz-blattner.de/favicon.ico?path=//proc/1111" "Mozilla/5.0 AppleWebKit/537.36 (KHTML, like Gecko; compatible; GPTBot/1.4; +https://openai.com/gptbot)"
74.7.243.216 - - [19/Aug/2026:14:43:37 +0200] "GET /favicon.ico?path=//proc/1990921/map_files HTTP/1.1" 500 - "https://bautenschutz-blattner.de/favicon.ico?path=//proc/1990921" "Mozilla/5.0 AppleWebKit/537.36 (KHTML, like Gecko; compatible; GPTBot/1.4; +https://openai.com/gptbot)"
74.7.243.216 - - [19/Aug/2026:14:44:39 +0200] "GET /favicon.ico?path=//afs HTTP/1.1" 500 - "https://bautenschutz-blattner.de/favicon.ico?path=/" "Mozilla/5.0 AppleWebKit/537.36 (KHTML, like Gecko; compatible; GPTBot/1.4; +https://openai.com/gptbot)"
66.249.73.228 - - [19/Aug/2026:14:45:11 +0200] "GET /tight/fifth/uyo42meu5fqtd398aej.shtml HTTP/1.1" 200 156998 "-" "Mozilla/5.0 (Linux; Android 6.0.1; Nexus 5X Build/MMB29P) AppleWebKit/537.36 (KHTML, like Gecko) Chrome/151.0.7922.137 Mobile Safari/537.36 (compatible; GoogleOther)"
74.7.243.216 - - [19/Aug/2026:14:45:34 +0200] "GET /favicon.ico?path=//lib HTTP/1.1" 500 - "https://bautenschutz-blattner.de/favicon.ico?path=/" "Mozilla/5.0 AppleWebKit/537.36 (KHTML, like Gecko; compatible; GPTBot/1.4; +https://openai.com/gptbot)"
66.249.73.227 - - [19/Aug/2026:14:45:58 +0200] "GET /category/541_1680/1 HTTP/1.1" 200 162285 "-" "Mozilla/5.0 (Linux; Android 6.0.1; Nexus 5X Build/MMB29P) AppleWebKit/537.36 (KHTML, like Gecko) Chrome/151.0.7922.137 Mobile Safari/537.36 (compatible; GoogleOther)"
74.7.243.216 - - [19/Aug/2026:14:46:39 +0200] "GET /favicon.ico?path=//proc/1937456/ns HTTP/1.1" 500 - "https://bautenschutz-blattner.de/favicon.ico?path=//proc/1937456" "Mozilla/5.0 AppleWebKit/537.36 (KHTML, like Gecko; compatible; GPTBot/1.4; +https://openai.com/gptbot)"
74.7.243.216 - - [19/Aug/2026:14:47:52 +0200] "GET /favicon.ico?path=//proc/1937456/fd HTTP/1.1" 503 - "https://bautenschutz-blattner.de/favicon.ico?path=//proc/1937456" "Mozilla/5.0 AppleWebKit/537.36 (KHTML, like Gecko; compatible; GPTBot/1.4; +https://openai.com/gptbot)"
66.249.73.227 - - [19/Aug/2026:14:48:37 +0200] "GET /reserve/tool/ HTTP/1.1" 503 468 "-" "Mozilla/5.0 (Linux; Android 6.0.1; Nexus 5X Build/MMB29P) AppleWebKit/537.36 (KHTML, like Gecko) Chrome/151.0.7922.137 Mobile Safari/537.36 (compatible; GoogleOther)"
74.7.243.216 - - [19/Aug/2026:14:57:35 +0200] "GET /favicon.ico?path=//var/www HTTP/1.1" 503 468 "https://bautenschutz-blattner.de/favicon.ico?path=//var" "Mozilla/5.0 AppleWebKit/537.36 (KHTML, like Gecko; compatible; GPTBot/1.4; +https://openai.com/gptbot)"
66.249.73.228 - - [19/Aug/2026:14:58:10 +0200] "GET /31728357 HTTP/1.1" 503 468 "-" "Mozilla/5.0 (Linux; Android 6.0.1; Nexus 5X Build/MMB29P) AppleWebKit/537.36 (KHTML, like Gecko) Chrome/151.0.7922.137 Mobile Safari/537.36 (compatible; GoogleOther)"
74.7.243.216 - - [19/Aug/2026:14:58:13 +0200] "GET /favicon.ico?path=//sbin HTTP/1.1" 503 468 "https://bautenschutz-blattner.de/favicon.ico?path=/" "Mozilla/5.0 AppleWebKit/537.36 (KHTML, like Gecko; compatible; GPTBot/1.4; +https://openai.com/gptbot)"
74.7.243.216 - - [19/Aug/2026:14:59:09 +0200] "GET /favicon.ico?path=//sys HTTP/1.1" 503 468 "https://bautenschutz-blattner.de/favicon.ico?path=/" "Mozilla/5.0 AppleWebKit/537.36 (KHTML, like Gecko; compatible; GPTBot/1.4; +https://openai.com/gptbot)"
74.7.243.216 - - [19/Aug/2026:15:00:01 +0200] "GET /favicon.ico?path=//srv HTTP/1.1" 503 468 "https://bautenschutz-blattner.de/favicon.ico?path=/" "Mozilla/5.0 AppleWebKit/537.36 (KHTML, like Gecko; compatible; GPTBot/1.4; +https://openai.com/gptbot)"
66.249.73.229 - - [19/Aug/2026:15:00:51 +0200] "GET /79379584 HTTP/1.1" 503 468 "-" "Mozilla/5.0 (Linux; Android 6.0.1; Nexus 5X Build/MMB29P) AppleWebKit/537.36 (KHTML, like Gecko) Chrome/151.0.7922.137 Mobile Safari/537.36 (compatible; GoogleOther)"
74.7.243.216 - - [19/Aug/2026:15:01:31 +0200] "GET /favicon.ico?path=//run HTTP/1.1" 503 468 "https://bautenschutz-blattner.de/favicon.ico?path=/" "Mozilla/5.0 AppleWebKit/537.36 (KHTML, like Gecko; compatible; GPTBot/1.4; +https://openai.com/gptbot)"
74.7.243.216 - - [19/Aug/2026:15:03:50 +0200] "GET /favicon.ico?path=//lib64/galera-4 HTTP/1.1" 503 - "https://bautenschutz-blattner.de/favicon.ico?path=//lib64" "Mozilla/5.0 AppleWebKit/537.36 (KHTML, like Gecko; compatible; GPTBot/1.4; +https://openai.com/gptbot)"
74.7.243.216 - - [19/Aug/2026:15:34:09 +0200] "GET /favicon.ico?fileloc=//bin/zipinfo&path=//bin HTTP/1.1" 503 - "https://bautenschutz-blattner.de/favicon.ico?path=//bin" "Mozilla/5.0 AppleWebKit/537.36 (KHTML, like Gecko; compatible; GPTBot/1.4; +https://openai.com/gptbot)"
74.7.243.216 - - [19/Aug/2026:15:04:52 +0200] "GET /favicon.ico?path=//lib64/polkit-1 HTTP/1.1" 503 - "https://bautenschutz-blattner.de/favicon.ico?path=//lib64" "Mozilla/5.0 AppleWebKit/537.36 (KHTML, like Gecko; compatible; GPTBot/1.4; +https://openai.com/gptbot)"
74.7.243.216 - - [19/Aug/2026:15:05:54 +0200] "GET /favicon.ico?fileloc=//bin/Mail&path=//bin HTTP/1.1" 503 - "https://bautenschutz-blattner.de/favicon.ico?path=//bin" "Mozilla/5.0 AppleWebKit/537.36 (KHTML, like Gecko; compatible; GPTBot/1.4; +https://openai.com/gptbot)"
74.7.243.216 - - [19/Aug/2026:15:35:57 +0200] "GET /favicon.ico?fileloc=//etc/rc.local&path=//etc HTTP/1.1" 503 - "https://bautenschutz-blattner.de/favicon.ico?path=//etc" "Mozilla/5.0 AppleWebKit/537.36 (KHTML, like Gecko; compatible; GPTBot/1.4; +https://openai.com/gptbot)"
74.7.243.216 - - [19/Aug/2026:15:34:57 +0200] "GET /favicon.ico?fileloc=//etc/mailcap&path=//etc HTTP/1.1" 503 - "https://bautenschutz-blattner.de/favicon.ico?path=//etc" "Mozilla/5.0 AppleWebKit/537.36 (KHTML, like Gecko; compatible; GPTBot/1.4; +https://openai.com/gptbot)"
74.7.243.216 - - [19/Aug/2026:15:36:55 +0200] "GET /favicon.ico?fileloc=//bin/icuinfo&path=//bin HTTP/1.1" 503 - "https://bautenschutz-blattner.de/favicon.ico?path=//bin" "Mozilla/5.0 AppleWebKit/537.36 (KHTML, like Gecko; compatible; GPTBot/1.4; +https://openai.com/gptbot)"
74.7.243.216 - - [19/Aug/2026:15:38:06 +0200] "GET /favicon.ico?fileloc=//bin/bootctl&path=//bin HTTP/1.1" 503 - "https://bautenschutz-blattner.de/favicon.ico?path=//bin" "Mozilla/5.0 AppleWebKit/537.36 (KHTML, like Gecko; compatible; GPTBot/1.4; +https://openai.com/gptbot)"
74.7.243.216 - - [19/Aug/2026:15:39:16 +0200] "GET /favicon.ico?fileloc=//etc/aliases&path=//etc HTTP/1.1" 503 - "https://bautenschutz-blattner.de/favicon.ico?path=//etc" "Mozilla/5.0 AppleWebKit/537.36 (KHTML, like Gecko; compatible; GPTBot/1.4; +https://openai.com/gptbot)"
74.7.243.216 - - [19/Aug/2026:15:40:06 +0200] "GET /favicon.ico?fileloc=//etc/host.conf&path=//etc HTTP/1.1" 503 - "https://bautenschutz-blattner.de/favicon.ico?path=//etc" "Mozilla/5.0 AppleWebKit/537.36 (KHTML, like Gecko; compatible; GPTBot/1.4; +https://openai.com/gptbot)"
66.249.73.229 - - [19/Aug/2026:15:40:10 +0200] "GET /shop/pg/1howto/ HTTP/1.1" 503 - "-" "Mozilla/5.0 (Linux; Android 6.0.1; Nexus 5X Build/MMB29P) AppleWebKit/537.36 (KHTML, like Gecko) Chrome/151.0.7922.137 Mobile Safari/537.36 (compatible; GoogleOther)"
74.7.243.216 - - [19/Aug/2026:15:41:11 +0200] "GET /favicon.ico?fileloc=//etc/gai.conf&path=//etc HTTP/1.1" 503 - "https://bautenschutz-blattner.de/favicon.ico?path=//etc" "Mozilla/5.0 AppleWebKit/537.36 (KHTML, like Gecko; compatible; GPTBot/1.4; +https://openai.com/gptbot)"
74.7.243.216 - - [19/Aug/2026:15:42:32 +0200] "GET /favicon.ico?fileloc=//bin/aclocal&path=//bin HTTP/1.1" 503 - "https://bautenschutz-blattner.de/favicon.ico?path=//bin" "Mozilla/5.0 AppleWebKit/537.36 (KHTML, like Gecko; compatible; GPTBot/1.4; +https://openai.com/gptbot)"
74.7.243.216 - - [19/Aug/2026:15:43:48 +0200] "GET /favicon.ico?path=//lib64/libcanberra-0.30 HTTP/1.1" 503 - "https://bautenschutz-blattner.de/favicon.ico?path=//lib64" "Mozilla/5.0 AppleWebKit/537.36 (KHTML, like Gecko; compatible; GPTBot/1.4; +https://openai.com/gptbot)"
74.7.243.216 - - [19/Aug/2026:15:44:18 +0200] "GET /favicon.ico?path=//lib64/sw HTTP/1.1" 503 - "https://bautenschutz-blattner.de/favicon.ico?path=//lib64" "Mozilla/5.0 AppleWebKit/537.36 (KHTML, like Gecko; compatible; GPTBot/1.4; +https://openai.com/gptbot)"
74.7.243.216 - - [19/Aug/2026:15:45:34 +0200] "GET /favicon.ico?path=//lib64/gbm HTTP/1.1" 503 - "https://bautenschutz-blattner.de/favicon.ico?path=//lib64" "Mozilla/5.0 AppleWebKit/537.36 (KHTML, like Gecko; compatible; GPTBot/1.4; +https://openai.com/gptbot)"
74.7.243.216 - - [19/Aug/2026:15:47:00 +0200] "GET /favicon.ico?path=//proc/3808397/map_files HTTP/1.1" 503 - "https://bautenschutz-blattner.de/favicon.ico?path=//proc/3808397" "Mozilla/5.0 AppleWebKit/537.36 (KHTML, like Gecko; compatible; GPTBot/1.4; +https://openai.com/gptbot)"
74.7.243.216 - - [19/Aug/2026:15:49:56 +0200] "GET /favicon.ico?path=//proc/1997503/map_files HTTP/1.1" 503 - "https://bautenschutz-blattner.de/favicon.ico?path=//proc/1997503" "Mozilla/5.0 AppleWebKit/537.36 (KHTML, like Gecko; compatible; GPTBot/1.4; +https://openai.com/gptbot)"
74.7.243.216 - - [19/Aug/2026:15:50:36 +0200] "GET /favicon.ico?fileloc=//bin/printafm&path=//bin HTTP/1.1" 503 - "https://bautenschutz-blattner.de/favicon.ico?path=//bin" "Mozilla/5.0 AppleWebKit/537.36 (KHTML, like Gecko; compatible; GPTBot/1.4; +https://openai.com/gptbot)"
74.7.243.216 - - [19/Aug/2026:15:51:19 +0200] "GET /favicon.ico?fileloc=//bin/autoconf&path=//bin HTTP/1.1" 503 - "https://bautenschutz-blattner.de/favicon.ico?path=//bin" "Mozilla/5.0 AppleWebKit/537.36 (KHTML, like Gecko; compatible; GPTBot/1.4; +https://openai.com/gptbot)"
66.249.73.227 - - [19/Aug/2026:15:51:23 +0200] "GET /31728357 HTTP/1.1" 503 - "-" "Mozilla/5.0 (Linux; Android 6.0.1; Nexus 5X Build/MMB29P) AppleWebKit/537.36 (KHTML, like Gecko) Chrome/151.0.7922.137 Mobile Safari/537.36 (compatible; GoogleOther)"
74.7.243.216 - - [19/Aug/2026:15:51:59 +0200] "GET /favicon.ico?fileloc=//bin/loginctl&path=//bin HTTP/1.1" 503 - "https://bautenschutz-blattner.de/favicon.ico?path=//bin" "Mozilla/5.0 AppleWebKit/537.36 (KHTML, like Gecko; compatible; GPTBot/1.4; +https://openai.com/gptbot)"
74.7.243.216 - - [19/Aug/2026:15:52:42 +0200] "GET /favicon.ico?fileloc=//etc/services&path=//etc HTTP/1.1" 503 - "https://bautenschutz-blattner.de/favicon.ico?path=//etc" "Mozilla/5.0 AppleWebKit/537.36 (KHTML, like Gecko; compatible; GPTBot/1.4; +https://openai.com/gptbot)"
74.7.243.216 - - [19/Aug/2026:15:53:59 +0200] "GET /favicon.ico?fileloc=//bin/odbcinst&path=//bin HTTP/1.1" 503 468 "https://bautenschutz-blattner.de/favicon.ico?path=//bin" "Mozilla/5.0 AppleWebKit/537.36 (KHTML, like Gecko; compatible; GPTBot/1.4; +https://openai.com/gptbot)"
74.7.243.216 - - [19/Aug/2026:15:55:03 +0200] "GET /favicon.ico?fileloc=//bin/pipewire&path=//bin HTTP/1.1" 503 468 "https://bautenschutz-blattner.de/favicon.ico?path=//bin" "Mozilla/5.0 AppleWebKit/537.36 (KHTML, like Gecko; compatible; GPTBot/1.4; +https://openai.com/gptbot)"
74.7.243.216 - - [19/Aug/2026:16:04:00 +0200] "GET /favicon.ico?fileloc=//bin/xgettext&path=//bin HTTP/1.1" 503 468 "https://bautenschutz-blattner.de/favicon.ico?path=//bin" "Mozilla/5.0 AppleWebKit/537.36 (KHTML, like Gecko; compatible; GPTBot/1.4; +https://openai.com/gptbot)"
74.7.243.216 - - [19/Aug/2026:16:07:34 +0200] "GET /favicon.ico?fileloc=//bin/repodiff&path=//bin HTTP/1.1" 503 468 "https://bautenschutz-blattner.de/favicon.ico?path=//bin" "Mozilla/5.0 AppleWebKit/537.36 (KHTML, like Gecko; compatible; GPTBot/1.4; +https://openai.com/gptbot)"
74.7.243.216 - - [19/Aug/2026:16:08:42 +0200] "GET /favicon.ico?fileloc=//bin/cpansign&path=//bin HTTP/1.1" 503 468 "https://bautenschutz-blattner.de/favicon.ico?path=//bin" "Mozilla/5.0 AppleWebKit/537.36 (KHTML, like Gecko; compatible; GPTBot/1.4; +https://openai.com/gptbot)"
74.7.243.216 - - [19/Aug/2026:16:11:47 +0200] "GET /favicon.ico?fileloc=//bin/lessecho&path=//bin HTTP/1.1" 503 468 "https://bautenschutz-blattner.de/favicon.ico?path=//bin" "Mozilla/5.0 AppleWebKit/537.36 (KHTML, like Gecko; compatible; GPTBot/1.4; +https://openai.com/gptbot)"
74.7.243.216 - - [19/Aug/2026:16:14:53 +0200] "GET /favicon.ico?fileloc=//bin/lsinitrd&path=//bin HTTP/1.1" 503 468 "https://bautenschutz-blattner.de/favicon.ico?path=//bin" "Mozilla/5.0 AppleWebKit/537.36 (KHTML, like Gecko; compatible; GPTBot/1.4; +https://openai.com/gptbot)"
74.7.243.216 - - [19/Aug/2026:16:17:00 +0200] "GET /favicon.ico?fileloc=//bin/whiptail&path=//bin HTTP/1.1" 503 468 "https://bautenschutz-blattner.de/favicon.ico?path=//bin" "Mozilla/5.0 AppleWebKit/537.36 (KHTML, like Gecko; compatible; GPTBot/1.4; +https://openai.com/gptbot)"
74.7.243.216 - - [19/Aug/2026:16:55:23 +0200] "GET /favicon.ico?fileloc=//bin/file&path=//bin HTTP/1.1" 500 - "https://bautenschutz-blattner.de/favicon.ico?path=//bin" "Mozilla/5.0 AppleWebKit/537.36 (KHTML, like Gecko; compatible; GPTBot/1.4; +https://openai.com/gptbot)"
74.7.243.216 - - [19/Aug/2026:16:56:24 +0200] "GET /favicon.ico?fileloc=//bin/nmcli&path=//bin HTTP/1.1" 500 - "https://bautenschutz-blattner.de/favicon.ico?path=//bin" "Mozilla/5.0 AppleWebKit/537.36 (KHTML, like Gecko; compatible; GPTBot/1.4; +https://openai.com/gptbot)"
66.249.73.227 - - [19/Aug/2026:16:57:14 +0200] "GET /8536455 HTTP/1.1" 200 157470 "-" "Mozilla/5.0 (Linux; Android 6.0.1; Nexus 5X Build/MMB29P) AppleWebKit/537.36 (KHTML, like Gecko) Chrome/151.0.7922.137 Mobile Safari/537.36 (compatible; GoogleOther)"
74.7.243.216 - - [19/Aug/2026:16:57:28 +0200] "GET /favicon.ico?fileloc=//bin/lneato&path=//bin HTTP/1.1" 500 - "https://bautenschutz-blattner.de/favicon.ico?path=//bin" "Mozilla/5.0 AppleWebKit/537.36 (KHTML, like Gecko; compatible; GPTBot/1.4; +https://openai.com/gptbot)"
74.7.243.216 - - [19/Aug/2026:16:58:31 +0200] "GET /favicon.ico?fileloc=//bin/tail&path=//bin HTTP/1.1" 500 - "https://bautenschutz-blattner.de/favicon.ico?path=//bin" "Mozilla/5.0 AppleWebKit/537.36 (KHTML, like Gecko; compatible; GPTBot/1.4; +https://openai.com/gptbot)"
74.7.243.216 - - [19/Aug/2026:16:59:35 +0200] "GET /favicon.ico?fileloc=//bin/neato&path=//bin HTTP/1.1" 500 - "https://bautenschutz-blattner.de/favicon.ico?path=//bin" "Mozilla/5.0 AppleWebKit/537.36 (KHTML, like Gecko; compatible; GPTBot/1.4; +https://openai.com/gptbot)"
74.7.243.216 - - [19/Aug/2026:17:00:39 +0200] "GET /favicon.ico?fileloc=//etc/nanorc&path=//etc HTTP/1.1" 500 - "https://bautenschutz-blattner.de/favicon.ico?path=//etc" "Mozilla/5.0 AppleWebKit/537.36 (KHTML, like Gecko; compatible; GPTBot/1.4; +https://openai.com/gptbot)"
74.7.243.216 - - [19/Aug/2026:17:01:44 +0200] "GET /favicon.ico?fileloc=//bin/echo&path=//bin HTTP/1.1" 503 - "https://bautenschutz-blattner.de/favicon.ico?path=//bin" "Mozilla/5.0 AppleWebKit/537.36 (KHTML, like Gecko; compatible; GPTBot/1.4; +https://openai.com/gptbot)"
107.150.37.82 - - [19/Aug/2026:17:01:51 +0200] "GET /wp-includes/pl7c61d4/edit.php HTTP/1.1" 503 - "https://bautenschutz-blattner.de/wp-includes/pl7c61d4/edit.php" "Mozilla/5.0 (Windows NT 10.0; Win64; x64) AppleWebKit/537.36 (KHTML, like Gecko) Chrome/58.0.3029.110 Safari/537.3"
66.249.73.227 - - [19/Aug/2026:17:02:14 +0200] "GET /14059504 HTTP/1.1" 503 155636 "-" "Mozilla/5.0 (Linux; Android 6.0.1; Nexus 5X Build/MMB29P) AppleWebKit/537.36 (KHTML, like Gecko) Chrome/151.0.7922.137 Mobile Safari/537.36 (compatible; GoogleOther)"
74.7.243.216 - - [19/Aug/2026:17:02:46 +0200] "GET /favicon.ico?fileloc=//etc/shells&path=//etc HTTP/1.1" 500 - "https://bautenschutz-blattner.de/favicon.ico?path=//etc" "Mozilla/5.0 AppleWebKit/537.36 (KHTML, like Gecko; compatible; GPTBot/1.4; +https://openai.com/gptbot)"
74.7.243.216 - - [19/Aug/2026:17:03:49 +0200] "GET /favicon.ico?fileloc=//bin/chacl&path=//bin HTTP/1.1" 500 - "https://bautenschutz-blattner.de/favicon.ico?path=//bin" "Mozilla/5.0 AppleWebKit/537.36 (KHTML, like Gecko; compatible; GPTBot/1.4; +https://openai.com/gptbot)"
74.7.243.216 - - [19/Aug/2026:17:05:27 +0200] "GET /favicon.ico?fileloc=//bin/locale&path=//bin HTTP/1.1" 500 - "https://bautenschutz-blattner.de/favicon.ico?path=//bin" "Mozilla/5.0 AppleWebKit/537.36 (KHTML, like Gecko; compatible; GPTBot/1.4; +https://openai.com/gptbot)"
74.7.243.216 - - [19/Aug/2026:17:06:46 +0200] "GET /favicon.ico?fileloc=//etc/exim.conf.localopts.shadow&path=//etc HTTP/1.1" 500 - "https://bautenschutz-blattner.de/favicon.ico?path=//etc" "Mozilla/5.0 AppleWebKit/537.36 (KHTML, like Gecko; compatible; GPTBot/1.4; +https://openai.com/gptbot)"
66.249.73.229 - - [19/Aug/2026:17:06:50 +0200] "GET /2849827 HTTP/1.1" 200 156109 "-" "Mozilla/5.0 (Linux; Android 6.0.1; Nexus 5X Build/MMB29P) AppleWebKit/537.36 (KHTML, like Gecko) Chrome/151.0.7922.137 Mobile Safari/537.36 (compatible; GoogleOther)"
74.7.243.216 - - [19/Aug/2026:17:06:56 +0200] "GET /favicon.ico?fileloc=//lib64/libinih.so.49&path=//lib64 HTTP/1.1" 500 - "https://bautenschutz-blattner.de/favicon.ico?path=//lib64" "Mozilla/5.0 AppleWebKit/537.36 (KHTML, like Gecko; compatible; GPTBot/1.4; +https://openai.com/gptbot)"
74.7.243.216 - - [19/Aug/2026:17:07:59 +0200] "GET /favicon.ico?path=//lib64/pipewire-0.3 HTTP/1.1" 500 - "https://bautenschutz-blattner.de/favicon.ico?path=//lib64" "Mozilla/5.0 AppleWebKit/537.36 (KHTML, like Gecko; compatible; GPTBot/1.4; +https://openai.com/gptbot)"
74.7.243.216 - - [19/Aug/2026:17:09:06 +0200] "GET /favicon.ico?path=//etc/crypto-policies HTTP/1.1" 500 - "https://bautenschutz-blattner.de/favicon.ico?path=//etc" "Mozilla/5.0 AppleWebKit/537.36 (KHTML, like Gecko; compatible; GPTBot/1.4; +https://openai.com/gptbot)"
74.7.243.216 - - [19/Aug/2026:17:10:09 +0200] "GET /favicon.ico?path=//etc/vdomainaliases HTTP/1.1" 500 - "https://bautenschutz-blattner.de/favicon.ico?path=//etc" "Mozilla/5.0 AppleWebKit/537.36 (KHTML, like Gecko; compatible; GPTBot/1.4; +https://openai.com/gptbot)"
66.249.73.229 - - [19/Aug/2026:17:10:35 +0200] "GET /56463592 HTTP/1.1" 200 175189 "-" "Mozilla/5.0 (Linux; Android 6.0.1; Nexus 5X Build/MMB29P) AppleWebKit/537.36 (KHTML, like Gecko) Chrome/151.0.7922.137 Mobile Safari/537.36 (compatible; GoogleOther)"
74.7.243.216 - - [19/Aug/2026:17:11:10 +0200] "GET /favicon.ico?path=//lib64/libboost-plesk-1.84 HTTP/1.1" 500 - "https://bautenschutz-blattner.de/favicon.ico?path=//lib64" "Mozilla/5.0 AppleWebKit/537.36 (KHTML, like Gecko; compatible; GPTBot/1.4; +https://openai.com/gptbot)"
74.7.243.216 - - [19/Aug/2026:17:12:13 +0200] "GET /favicon.ico?path=//proc/acpi HTTP/1.1" 500 - "https://bautenschutz-blattner.de/favicon.ico?path=//proc" "Mozilla/5.0 AppleWebKit/537.36 (KHTML, like Gecko; compatible; GPTBot/1.4; +https://openai.com/gptbot)"
74.7.243.216 - - [19/Aug/2026:17:13:14 +0200] "GET /favicon.ico?fileloc=//bin/diffimg&path=//bin HTTP/1.1" 500 - "https://bautenschutz-blattner.de/favicon.ico?path=//bin" "Mozilla/5.0 AppleWebKit/537.36 (KHTML, like Gecko; compatible; GPTBot/1.4; +https://openai.com/gptbot)"
66.249.73.227 - - [19/Aug/2026:17:13:58 +0200] "GET /875685446 HTTP/1.1" 200 160146 "-" "Mozilla/5.0 (Linux; Android 6.0.1; Nexus 5X Build/MMB29P) AppleWebKit/537.36 (KHTML, like Gecko) Chrome/151.0.7922.137 Mobile Safari/537.36 (compatible; GoogleOther)"
74.7.243.216 - - [19/Aug/2026:17:14:16 +0200] "GET /favicon.ico?fileloc=//bin/nm-online&path=//bin HTTP/1.1" 500 - "https://bautenschutz-blattner.de/favicon.ico?path=//bin" "Mozilla/5.0 AppleWebKit/537.36 (KHTML, like Gecko; compatible; GPTBot/1.4; +https://openai.com/gptbot)"
167.71.88.59 - - [19/Aug/2026:17:14:18 +0200] "GET / HTTP/1.1" 500 - "-" "Mozilla/5.0 (X11; Linux x86_64; rv:142.0) Gecko/20100101 Firefox/142.0"
167.71.88.59 - - [19/Aug/2026:17:14:19 +0200] "GET /favicon.ico HTTP/1.1" 500 - "https://bautenschutz-blattner.de/" "Mozilla/5.0 (X11; Linux x86_64; rv:142.0) Gecko/20100101 Firefox/142.0"
74.7.243.216 - - [19/Aug/2026:17:15:19 +0200] "GET /favicon.ico?fileloc=//bin/fincore&path=//bin HTTP/1.1" 500 - "https://bautenschutz-blattner.de/favicon.ico?path=//bin" "Mozilla/5.0 AppleWebKit/537.36 (KHTML, like Gecko; compatible; GPTBot/1.4; +https://openai.com/gptbot)"
74.7.243.216 - - [19/Aug/2026:17:16:20 +0200] "GET /favicon.ico?fileloc=//bin/slabtop&path=//bin HTTP/1.1" 500 - "https://bautenschutz-blattner.de/favicon.ico?path=//bin" "Mozilla/5.0 AppleWebKit/537.36 (KHTML, like Gecko; compatible; GPTBot/1.4; +https://openai.com/gptbot)"
66.249.73.228 - - [19/Aug/2026:17:16:52 +0200] "GET /46201840 HTTP/1.1" 200 153881 "-" "Mozilla/5.0 (Linux; Android 6.0.1; Nexus 5X Build/MMB29P) AppleWebKit/537.36 (KHTML, like Gecko) Chrome/151.0.7922.137 Mobile Safari/537.36 (compatible; GoogleOther)"
74.7.243.216 - - [19/Aug/2026:17:17:22 +0200] "GET /favicon.ico?fileloc=//bin/xmllint&path=//bin HTTP/1.1" 500 - "https://bautenschutz-blattner.de/favicon.ico?path=//bin" "Mozilla/5.0 AppleWebKit/537.36 (KHTML, like Gecko; compatible; GPTBot/1.4; +https://openai.com/gptbot)"
74.7.243.216 - - [19/Aug/2026:17:18:24 +0200] "GET /favicon.ico?fileloc=//bin/fc-scan&path=//bin HTTP/1.1" 500 - "https://bautenschutz-blattner.de/favicon.ico?path=//bin" "Mozilla/5.0 AppleWebKit/537.36 (KHTML, like Gecko; compatible; GPTBot/1.4; +https://openai.com/gptbot)"
66.249.73.227 - - [19/Aug/2026:17:19:22 +0200] "GET /special/227002916.html HTTP/1.1" 200 177994 "-" "Mozilla/5.0 (Linux; Android 6.0.1; Nexus 5X Build/MMB29P) AppleWebKit/537.36 (KHTML, like Gecko) Chrome/151.0.7922.137 Mobile Safari/537.36 (compatible; GoogleOther)"
74.7.243.216 - - [19/Aug/2026:17:19:27 +0200] "GET /favicon.ico?fileloc=//bin/scsi_stop&path=//bin HTTP/1.1" 500 - "https://bautenschutz-blattner.de/favicon.ico?path=//bin" "Mozilla/5.0 AppleWebKit/537.36 (KHTML, like Gecko; compatible; GPTBot/1.4; +https://openai.com/gptbot)"
74.7.243.216 - - [19/Aug/2026:17:20:27 +0200] "GET /favicon.ico?fileloc=//bin/gpgconf&path=//bin HTTP/1.1" 500 - "https://bautenschutz-blattner.de/favicon.ico?path=//bin" "Mozilla/5.0 AppleWebKit/537.36 (KHTML, like Gecko; compatible; GPTBot/1.4; +https://openai.com/gptbot)"
74.7.243.216 - - [19/Aug/2026:17:21:31 +0200] "GET /favicon.ico?fileloc=//bin/doveadm&path=//bin HTTP/1.1" 500 - "https://bautenschutz-blattner.de/favicon.ico?path=//bin" "Mozilla/5.0 AppleWebKit/537.36 (KHTML, like Gecko; compatible; GPTBot/1.4; +https://openai.com/gptbot)"
66.249.73.229 - - [19/Aug/2026:17:21:31 +0200] "GET /51786772 HTTP/1.1" 200 158258 "-" "Mozilla/5.0 (Linux; Android 6.0.1; Nexus 5X Build/MMB29P) AppleWebKit/537.36 (KHTML, like Gecko) Chrome/151.0.7922.137 Mobile Safari/537.36 (compatible; GoogleOther)"
74.7.243.216 - - [19/Aug/2026:17:22:35 +0200] "GET /favicon.ico?fileloc=//bin/msginit&path=//bin HTTP/1.1" 500 - "https://bautenschutz-blattner.de/favicon.ico?path=//bin" "Mozilla/5.0 AppleWebKit/537.36 (KHTML, like Gecko; compatible; GPTBot/1.4; +https://openai.com/gptbot)"
66.249.73.228 - - [19/Aug/2026:17:23:23 +0200] "GET /71645806 HTTP/1.1" 503 468 "-" "Mozilla/5.0 (Linux; Android 6.0.1; Nexus 5X Build/MMB29P) AppleWebKit/537.36 (KHTML, like Gecko) Chrome/151.0.7922.137 Mobile Safari/537.36 (compatible; GoogleOther)"
74.7.243.216 - - [19/Aug/2026:17:23:46 +0200] "GET /favicon.ico?fileloc=//etc/nscd.conf&path=//etc HTTP/1.1" 503 468 "https://bautenschutz-blattner.de/favicon.ico?path=//etc" "Mozilla/5.0 AppleWebKit/537.36 (KHTML, like Gecko; compatible; GPTBot/1.4; +https://openai.com/gptbot)"
74.7.243.216 - - [19/Aug/2026:17:24:43 +0200] "GET /favicon.ico?fileloc=//etc/exim.key&path=//etc HTTP/1.1" 500 - "https://bautenschutz-blattner.de/favicon.ico?path=//etc" "Mozilla/5.0 AppleWebKit/537.36 (KHTML, like Gecko; compatible; GPTBot/1.4; +https://openai.com/gptbot)"
74.7.243.216 - - [19/Aug/2026:17:25:44 +0200] "GET /favicon.ico?fileloc=//etc/inputrc&path=//etc HTTP/1.1" 500 - "https://bautenschutz-blattner.de/favicon.ico?path=//etc" "Mozilla/5.0 AppleWebKit/537.36 (KHTML, like Gecko; compatible; GPTBot/1.4; +https://openai.com/gptbot)"
74.7.243.216 - - [19/Aug/2026:17:26:45 +0200] "GET /favicon.ico?fileloc=//bin/gsoelim&path=//bin HTTP/1.1" 500 - "https://bautenschutz-blattner.de/favicon.ico?path=//bin" "Mozilla/5.0 AppleWebKit/537.36 (KHTML, like Gecko; compatible; GPTBot/1.4; +https://openai.com/gptbot)"
66.249.73.229 - - [19/Aug/2026:17:27:16 +0200] "GET /396481918 HTTP/1.1" 200 156625 "-" "Mozilla/5.0 (Linux; Android 6.0.1; Nexus 5X Build/MMB29P) AppleWebKit/537.36 (KHTML, like Gecko) Chrome/151.0.7922.137 Mobile Safari/537.36 (compatible; GoogleOther)"
74.7.243.216 - - [19/Aug/2026:17:27:49 +0200] "GET /favicon.ico?fileloc=//bin/rpcinfo&path=//bin HTTP/1.1" 500 - "https://bautenschutz-blattner.de/favicon.ico?path=//bin" "Mozilla/5.0 AppleWebKit/537.36 (KHTML, like Gecko; compatible; GPTBot/1.4; +https://openai.com/gptbot)"
66.249.73.228 - - [19/Aug/2026:17:28:49 +0200] "GET /652992754 HTTP/1.1" 200 155973 "-" "Mozilla/5.0 (Linux; Android 6.0.1; Nexus 5X Build/MMB29P) AppleWebKit/537.36 (KHTML, like Gecko) Chrome/151.0.7922.137 Mobile Safari/537.36 (compatible; GoogleOther)"
74.7.243.216 - - [19/Aug/2026:17:28:53 +0200] "GET /favicon.ico?fileloc=//bin/pkcheck&path=//bin HTTP/1.1" 500 - "https://bautenschutz-blattner.de/favicon.ico?path=//bin" "Mozilla/5.0 AppleWebKit/537.36 (KHTML, like Gecko; compatible; GPTBot/1.4; +https://openai.com/gptbot)"
