74.7.243.216 - - [19/Aug/2026:19:41:55 +0200] "GET /favicon.ico?fileloc=//bin/sadf&path=//bin HTTP/1.1" 500 - "https://bautenschutz-blattner.de/favicon.ico?path=//bin" "Mozilla/5.0 AppleWebKit/537.36 (KHTML, like Gecko; compatible; GPTBot/1.4; +https://openai.com/gptbot)"
74.7.243.216 - - [19/Aug/2026:19:42:56 +0200] "GET /favicon.ico?fileloc=//bin/jobs&path=//bin HTTP/1.1" 500 - "https://bautenschutz-blattner.de/favicon.ico?path=//bin" "Mozilla/5.0 AppleWebKit/537.36 (KHTML, like Gecko; compatible; GPTBot/1.4; +https://openai.com/gptbot)"
66.249.73.227 - - [19/Aug/2026:19:43:03 +0200] "GET /special/021000262.html HTTP/1.1" 200 154043 "-" "Mozilla/5.0 (Linux; Android 6.0.1; Nexus 5X Build/MMB29P) AppleWebKit/537.36 (KHTML, like Gecko) Chrome/151.0.7922.137 Mobile Safari/537.36 (compatible; GoogleOther)"
74.7.243.216 - - [19/Aug/2026:19:44:00 +0200] "GET /favicon.ico?fileloc=//bin/gpgv&path=//bin HTTP/1.1" 500 - "https://bautenschutz-blattner.de/favicon.ico?path=//bin" "Mozilla/5.0 AppleWebKit/537.36 (KHTML, like Gecko; compatible; GPTBot/1.4; +https://openai.com/gptbot)"
74.7.243.216 - - [19/Aug/2026:19:45:03 +0200] "GET /favicon.ico?fileloc=//bin/rview&path=//bin HTTP/1.1" 500 - "https://bautenschutz-blattner.de/favicon.ico?path=//bin" "Mozilla/5.0 AppleWebKit/537.36 (KHTML, like Gecko; compatible; GPTBot/1.4; +https://openai.com/gptbot)"
66.249.73.228 - - [19/Aug/2026:19:45:40 +0200] "GET /5685331 HTTP/1.1" 200 156174 "-" "Mozilla/5.0 (Linux; Android 6.0.1; Nexus 5X Build/MMB29P) AppleWebKit/537.36 (KHTML, like Gecko) Chrome/151.0.7922.137 Mobile Safari/537.36 (compatible; GoogleOther)"
74.7.243.216 - - [19/Aug/2026:19:46:06 +0200] "GET /favicon.ico?fileloc=//bin/chown&path=//bin HTTP/1.1" 500 - "https://bautenschutz-blattner.de/favicon.ico?path=//bin" "Mozilla/5.0 AppleWebKit/537.36 (KHTML, like Gecko; compatible; GPTBot/1.4; +https://openai.com/gptbot)"
74.7.243.216 - - [19/Aug/2026:19:47:06 +0200] "GET /favicon.ico?fileloc=//bin/prune&path=//bin HTTP/1.1" 500 - "https://bautenschutz-blattner.de/favicon.ico?path=//bin" "Mozilla/5.0 AppleWebKit/537.36 (KHTML, like Gecko; compatible; GPTBot/1.4; +https://openai.com/gptbot)"
66.249.73.228 - - [19/Aug/2026:19:47:56 +0200] "GET /8729118 HTTP/1.1" 200 155682 "-" "Mozilla/5.0 (Linux; Android 6.0.1; Nexus 5X Build/MMB29P) AppleWebKit/537.36 (KHTML, like Gecko) Chrome/151.0.7922.137 Mobile Safari/537.36 (compatible; GoogleOther)"
74.7.243.216 - - [19/Aug/2026:19:48:11 +0200] "GET /favicon.ico?fileloc=//bin/busctl&path=//bin HTTP/1.1" 500 - "https://bautenschutz-blattner.de/favicon.ico?path=//bin" "Mozilla/5.0 AppleWebKit/537.36 (KHTML, like Gecko; compatible; GPTBot/1.4; +https://openai.com/gptbot)"
74.7.243.216 - - [19/Aug/2026:19:49:14 +0200] "GET /favicon.ico?fileloc=//bin/pidof&path=//bin HTTP/1.1" 500 - "https://bautenschutz-blattner.de/favicon.ico?path=//bin" "Mozilla/5.0 AppleWebKit/537.36 (KHTML, like Gecko; compatible; GPTBot/1.4; +https://openai.com/gptbot)"
66.249.73.228 - - [19/Aug/2026:19:49:54 +0200] "GET /2808407 HTTP/1.1" 200 162012 "-" "Mozilla/5.0 (Linux; Android 6.0.1; Nexus 5X Build/MMB29P) AppleWebKit/537.36 (KHTML, like Gecko) Chrome/151.0.7922.137 Mobile Safari/537.36 (compatible; GoogleOther)"
74.7.243.216 - - [19/Aug/2026:19:50:17 +0200] "GET /favicon.ico?fileloc=//etc/passwd&path=//etc HTTP/1.1" 500 - "https://bautenschutz-blattner.de/favicon.ico?path=//etc" "Mozilla/5.0 AppleWebKit/537.36 (KHTML, like Gecko; compatible; GPTBot/1.4; +https://openai.com/gptbot)"
74.7.243.216 - - [19/Aug/2026:19:51:21 +0200] "GET /favicon.ico?fileloc=//bin/flock&path=//bin HTTP/1.1" 500 - "https://bautenschutz-blattner.de/favicon.ico?path=//bin" "Mozilla/5.0 AppleWebKit/537.36 (KHTML, like Gecko; compatible; GPTBot/1.4; +https://openai.com/gptbot)"
66.249.73.227 - - [19/Aug/2026:19:51:36 +0200] "GET /mark/introduction/p77lrmngw519.shtml HTTP/1.1" 200 155321 "-" "Mozilla/5.0 (Linux; Android 6.0.1; Nexus 5X Build/MMB29P) AppleWebKit/537.36 (KHTML, like Gecko) Chrome/151.0.7922.137 Mobile Safari/537.36 (compatible; GoogleOther)"
74.7.243.216 - - [19/Aug/2026:19:52:21 +0200] "GET /favicon.ico?fileloc=//bin/gpic&path=//bin HTTP/1.1" 500 - "https://bautenschutz-blattner.de/favicon.ico?path=//bin" "Mozilla/5.0 AppleWebKit/537.36 (KHTML, like Gecko; compatible; GPTBot/1.4; +https://openai.com/gptbot)"
66.249.73.229 - - [19/Aug/2026:19:53:05 +0200] "GET /243519626 HTTP/1.1" 200 155237 "-" "Mozilla/5.0 (Linux; Android 6.0.1; Nexus 5X Build/MMB29P) AppleWebKit/537.36 (KHTML, like Gecko) Chrome/151.0.7922.137 Mobile Safari/537.36 (compatible; GoogleOther)"
74.7.243.216 - - [19/Aug/2026:19:53:24 +0200] "GET /favicon.ico?fileloc=//bin/zcat&path=//bin HTTP/1.1" 500 - "https://bautenschutz-blattner.de/favicon.ico?path=//bin" "Mozilla/5.0 AppleWebKit/537.36 (KHTML, like Gecko; compatible; GPTBot/1.4; +https://openai.com/gptbot)"
66.249.73.227 - - [19/Aug/2026:19:54:23 +0200] "GET /special/112004925.html HTTP/1.1" 200 146074 "-" "Mozilla/5.0 (Linux; Android 6.0.1; Nexus 5X Build/MMB29P) AppleWebKit/537.36 (KHTML, like Gecko) Chrome/151.0.7922.137 Mobile Safari/537.36 (compatible; GoogleOther)"
74.7.243.216 - - [19/Aug/2026:19:54:24 +0200] "GET /favicon.ico?fileloc=//bin/neqn&path=//bin HTTP/1.1" 500 - "https://bautenschutz-blattner.de/favicon.ico?path=//bin" "Mozilla/5.0 AppleWebKit/537.36 (KHTML, like Gecko; compatible; GPTBot/1.4; +https://openai.com/gptbot)"
74.7.243.216 - - [19/Aug/2026:19:55:29 +0200] "GET /favicon.ico?fileloc=//etc/motd&path=//etc HTTP/1.1" 503 468 "https://bautenschutz-blattner.de/favicon.ico?path=//etc" "Mozilla/5.0 AppleWebKit/537.36 (KHTML, like Gecko; compatible; GPTBot/1.4; +https://openai.com/gptbot)"
66.249.73.229 - - [19/Aug/2026:19:55:31 +0200] "GET /38155979 HTTP/1.1" 200 155559 "-" "Mozilla/5.0 (Linux; Android 6.0.1; Nexus 5X Build/MMB29P) AppleWebKit/537.36 (KHTML, like Gecko) Chrome/151.0.7922.137 Mobile Safari/537.36 (compatible; GoogleOther)"
74.7.243.216 - - [19/Aug/2026:19:56:31 +0200] "GET /favicon.ico?fileloc=//bin/spell&path=//bin HTTP/1.1" 500 - "https://bautenschutz-blattner.de/favicon.ico?path=//bin" "Mozilla/5.0 AppleWebKit/537.36 (KHTML, like Gecko; compatible; GPTBot/1.4; +https://openai.com/gptbot)"
66.249.73.228 - - [19/Aug/2026:19:56:30 +0200] "GET /special/154013491.html HTTP/1.1" 200 156767 "-" "Mozilla/5.0 (Linux; Android 6.0.1; Nexus 5X Build/MMB29P) AppleWebKit/537.36 (KHTML, like Gecko) Chrome/151.0.7922.137 Mobile Safari/537.36 (compatible; GoogleOther)"
66.249.73.228 - - [19/Aug/2026:19:57:23 +0200] "GET /special/124002369.html HTTP/1.1" 503 468 "-" "Mozilla/5.0 (Linux; Android 6.0.1; Nexus 5X Build/MMB29P) AppleWebKit/537.36 (KHTML, like Gecko) Chrome/151.0.7922.137 Mobile Safari/537.36 (compatible; GoogleOther)"
74.7.243.216 - - [19/Aug/2026:19:57:31 +0200] "GET /favicon.ico?fileloc=//bin/lsscsi&path=//bin HTTP/1.1" 500 - "https://bautenschutz-blattner.de/favicon.ico?path=//bin" "Mozilla/5.0 AppleWebKit/537.36 (KHTML, like Gecko; compatible; GPTBot/1.4; +https://openai.com/gptbot)"
66.249.73.229 - - [19/Aug/2026:19:58:16 +0200] "GET /29911232 HTTP/1.1" 200 162094 "-" "Mozilla/5.0 (Linux; Android 6.0.1; Nexus 5X Build/MMB29P) AppleWebKit/537.36 (KHTML, like Gecko) Chrome/151.0.7922.137 Mobile Safari/537.36 (compatible; GoogleOther)"
74.7.243.216 - - [19/Aug/2026:19:58:35 +0200] "GET /favicon.ico?fileloc=//bin/colrm&path=//bin HTTP/1.1" 500 - "https://bautenschutz-blattner.de/favicon.ico?path=//bin" "Mozilla/5.0 AppleWebKit/537.36 (KHTML, like Gecko; compatible; GPTBot/1.4; +https://openai.com/gptbot)"
66.249.73.229 - - [19/Aug/2026:19:59:02 +0200] "GET /special/048004371.html HTTP/1.1" 200 157164 "-" "Mozilla/5.0 (Linux; Android 6.0.1; Nexus 5X Build/MMB29P) AppleWebKit/537.36 (KHTML, like Gecko) Chrome/151.0.7922.137 Mobile Safari/537.36 (compatible; GoogleOther)"
74.7.243.216 - - [19/Aug/2026:19:59:40 +0200] "GET /favicon.ico?fileloc=//bin/hash&path=//bin HTTP/1.1" 500 - "https://bautenschutz-blattner.de/favicon.ico?path=//bin" "Mozilla/5.0 AppleWebKit/537.36 (KHTML, like Gecko; compatible; GPTBot/1.4; +https://openai.com/gptbot)"
66.249.73.227 - - [19/Aug/2026:20:00:00 +0200] "GET /1935743 HTTP/1.1" 200 163788 "-" "Mozilla/5.0 (Linux; Android 6.0.1; Nexus 5X Build/MMB29P) AppleWebKit/537.36 (KHTML, like Gecko) Chrome/151.0.7922.137 Mobile Safari/537.36 (compatible; GoogleOther)"
74.7.243.216 - - [19/Aug/2026:20:00:41 +0200] "GET /favicon.ico?fileloc=//bin/groff&path=//bin HTTP/1.1" 500 - "https://bautenschutz-blattner.de/favicon.ico?path=//bin" "Mozilla/5.0 AppleWebKit/537.36 (KHTML, like Gecko; compatible; GPTBot/1.4; +https://openai.com/gptbot)"
66.249.73.227 - - [19/Aug/2026:20:00:44 +0200] "GET /4020679 HTTP/1.1" 200 155677 "-" "Mozilla/5.0 (Linux; Android 6.0.1; Nexus 5X Build/MMB29P) AppleWebKit/537.36 (KHTML, like Gecko) Chrome/151.0.7922.137 Mobile Safari/537.36 (compatible; GoogleOther)"
74.7.243.216 - - [19/Aug/2026:20:01:44 +0200] "GET /favicon.ico?fileloc=//bin/catman&path=//bin HTTP/1.1" 500 - "https://bautenschutz-blattner.de/favicon.ico?path=//bin" "Mozilla/5.0 AppleWebKit/537.36 (KHTML, like Gecko; compatible; GPTBot/1.4; +https://openai.com/gptbot)"
66.249.73.229 - - [19/Aug/2026:20:02:23 +0200] "GET /894578351 HTTP/1.1" 200 158197 "-" "Mozilla/5.0 (Linux; Android 6.0.1; Nexus 5X Build/MMB29P) AppleWebKit/537.36 (KHTML, like Gecko) Chrome/151.0.7922.137 Mobile Safari/537.36 (compatible; GoogleOther)"
74.7.243.216 - - [19/Aug/2026:20:02:47 +0200] "GET /favicon.ico?fileloc=//bin/logger&path=//bin HTTP/1.1" 500 - "https://bautenschutz-blattner.de/favicon.ico?path=//bin" "Mozilla/5.0 AppleWebKit/537.36 (KHTML, like Gecko; compatible; GPTBot/1.4; +https://openai.com/gptbot)"
66.249.73.227 - - [19/Aug/2026:20:03:09 +0200] "GET /614029078 HTTP/1.1" 200 159740 "-" "Mozilla/5.0 (Linux; Android 6.0.1; Nexus 5X Build/MMB29P) AppleWebKit/537.36 (KHTML, like Gecko) Chrome/151.0.7922.137 Mobile Safari/537.36 (compatible; GoogleOther)"
74.7.243.216 - - [19/Aug/2026:20:03:50 +0200] "GET /favicon.ico?fileloc=//bin/uname&path=//bin HTTP/1.1" 500 - "https://bautenschutz-blattner.de/favicon.ico?path=//bin" "Mozilla/5.0 AppleWebKit/537.36 (KHTML, like Gecko; compatible; GPTBot/1.4; +https://openai.com/gptbot)"
66.249.73.227 - - [19/Aug/2026:20:04:03 +0200] "GET /descend/light/cqx78zbvtb0sgf308c.shtml HTTP/1.1" 200 155534 "-" "Mozilla/5.0 (Linux; Android 6.0.1; Nexus 5X Build/MMB29P) AppleWebKit/537.36 (KHTML, like Gecko) Chrome/151.0.7922.137 Mobile Safari/537.36 (compatible; GoogleOther)"
66.249.73.227 - - [19/Aug/2026:20:04:44 +0200] "GET /special/099040974.html HTTP/1.1" 200 148281 "-" "Mozilla/5.0 (Linux; Android 6.0.1; Nexus 5X Build/MMB29P) AppleWebKit/537.36 (KHTML, like Gecko) Chrome/151.0.7922.137 Mobile Safari/537.36 (compatible; GoogleOther)"
74.7.243.216 - - [19/Aug/2026:20:04:50 +0200] "GET /favicon.ico?fileloc=//bin/openvt&path=//bin HTTP/1.1" 500 - "https://bautenschutz-blattner.de/favicon.ico?path=//bin" "Mozilla/5.0 AppleWebKit/537.36 (KHTML, like Gecko; compatible; GPTBot/1.4; +https://openai.com/gptbot)"
66.249.73.227 - - [19/Aug/2026:20:04:56 +0200] "GET /nerve/offense/djfkc33dch35301fwq.shtml HTTP/1.1" 200 142301 "-" "Mozilla/5.0 (Linux; Android 6.0.1; Nexus 5X Build/MMB29P) AppleWebKit/537.36 (KHTML, like Gecko) Chrome/151.0.7922.137 Mobile Safari/537.36 (compatible; GoogleOther)"
66.249.73.227 - - [19/Aug/2026:20:05:34 +0200] "GET /hg/ HTTP/1.1" 200 156153 "-" "Mozilla/5.0 (Linux; Android 6.0.1; Nexus 5X Build/MMB29P) AppleWebKit/537.36 (KHTML, like Gecko) Chrome/151.0.7922.137 Mobile Safari/537.36 (compatible; GoogleOther)"
74.7.243.216 - - [19/Aug/2026:20:05:54 +0200] "GET /favicon.ico?fileloc=//bin/tsort&path=//bin HTTP/1.1" 500 - "https://bautenschutz-blattner.de/favicon.ico?path=//bin" "Mozilla/5.0 AppleWebKit/537.36 (KHTML, like Gecko; compatible; GPTBot/1.4; +https://openai.com/gptbot)"
66.249.73.227 - - [19/Aug/2026:20:06:23 +0200] "GET /183502348 HTTP/1.1" 200 188030 "-" "Mozilla/5.0 (Linux; Android 6.0.1; Nexus 5X Build/MMB29P) AppleWebKit/537.36 (KHTML, like Gecko) Chrome/151.0.7922.137 Mobile Safari/537.36 (compatible; GoogleOther)"
66.249.73.227 - - [19/Aug/2026:20:06:35 +0200] "GET /46550835 HTTP/1.1" 200 155217 "-" "Mozilla/5.0 (Linux; Android 6.0.1; Nexus 5X Build/MMB29P) AppleWebKit/537.36 (KHTML, like Gecko) Chrome/151.0.7922.137 Mobile Safari/537.36 (compatible; GoogleOther)"
74.7.243.216 - - [19/Aug/2026:20:06:56 +0200] "GET /favicon.ico?fileloc=//bin/shuf&path=//bin HTTP/1.1" 500 - "https://bautenschutz-blattner.de/favicon.ico?path=//bin" "Mozilla/5.0 AppleWebKit/537.36 (KHTML, like Gecko; compatible; GPTBot/1.4; +https://openai.com/gptbot)"
66.249.73.228 - - [19/Aug/2026:20:07:13 +0200] "GET /category/692/1 HTTP/1.1" 200 153889 "-" "Mozilla/5.0 (Linux; Android 6.0.1; Nexus 5X Build/MMB29P) AppleWebKit/537.36 (KHTML, like Gecko) Chrome/151.0.7922.137 Mobile Safari/537.36 (compatible; GoogleOther)"
74.7.243.216 - - [19/Aug/2026:20:07:56 +0200] "GET /favicon.ico?fileloc=//bin/setsid&path=//bin HTTP/1.1" 500 - "https://bautenschutz-blattner.de/favicon.ico?path=//bin" "Mozilla/5.0 AppleWebKit/537.36 (KHTML, like Gecko; compatible; GPTBot/1.4; +https://openai.com/gptbot)"
66.249.73.227 - - [19/Aug/2026:20:07:59 +0200] "GET /532480804 HTTP/1.1" 200 159147 "-" "Mozilla/5.0 (Linux; Android 6.0.1; Nexus 5X Build/MMB29P) AppleWebKit/537.36 (KHTML, like Gecko) Chrome/151.0.7922.137 Mobile Safari/537.36 (compatible; GoogleOther)"
74.7.243.216 - - [19/Aug/2026:20:09:01 +0200] "GET /favicon.ico?fileloc=//etc/mtab&path=//etc HTTP/1.1" 500 - "https://bautenschutz-blattner.de/favicon.ico?path=//etc" "Mozilla/5.0 AppleWebKit/537.36 (KHTML, like Gecko; compatible; GPTBot/1.4; +https://openai.com/gptbot)"
172.239.72.171 - - [19/Aug/2026:20:09:39 +0200] "POST /?rest_route=/batch/v1 HTTP/1.1" 500 - "-" "Mozilla/5.0"
66.249.73.228 - - [19/Aug/2026:20:09:38 +0200] "GET /category/33/1 HTTP/1.1" 200 160061 "-" "Mozilla/5.0 (Linux; Android 6.0.1; Nexus 5X Build/MMB29P) AppleWebKit/537.36 (KHTML, like Gecko) Chrome/151.0.7922.137 Mobile Safari/537.36 (compatible; GoogleOther)"
172.239.72.171 - - [19/Aug/2026:20:09:40 +0200] "POST /wp-json/batch/v1 HTTP/1.1" 500 - "-" "Mozilla/5.0"
74.7.243.216 - - [19/Aug/2026:20:10:05 +0200] "GET /favicon.ico?fileloc=//bin/teamnl&path=//bin HTTP/1.1" 500 - "https://bautenschutz-blattner.de/favicon.ico?path=//bin" "Mozilla/5.0 AppleWebKit/537.36 (KHTML, like Gecko; compatible; GPTBot/1.4; +https://openai.com/gptbot)"
74.7.243.216 - - [19/Aug/2026:20:11:11 +0200] "GET /favicon.ico?fileloc=//bin/patch&path=//bin HTTP/1.1" 500 - "https://bautenschutz-blattner.de/favicon.ico?path=//bin" "Mozilla/5.0 AppleWebKit/537.36 (KHTML, like Gecko; compatible; GPTBot/1.4; +https://openai.com/gptbot)"
66.249.73.228 - - [19/Aug/2026:20:12:11 +0200] "GET /419270088 HTTP/1.1" 200 163103 "-" "Mozilla/5.0 (Linux; Android 6.0.1; Nexus 5X Build/MMB29P) AppleWebKit/537.36 (KHTML, like Gecko) Chrome/151.0.7922.137 Mobile Safari/537.36 (compatible; GoogleOther)"
74.7.243.216 - - [19/Aug/2026:20:12:16 +0200] "GET /favicon.ico?fileloc=//bin/eject&path=//bin HTTP/1.1" 500 - "https://bautenschutz-blattner.de/favicon.ico?path=//bin" "Mozilla/5.0 AppleWebKit/537.36 (KHTML, like Gecko; compatible; GPTBot/1.4; +https://openai.com/gptbot)"
74.7.243.216 - - [19/Aug/2026:20:13:18 +0200] "GET /favicon.ico?fileloc=//bin/znew&path=//bin HTTP/1.1" 500 - "https://bautenschutz-blattner.de/favicon.ico?path=//bin" "Mozilla/5.0 AppleWebKit/537.36 (KHTML, like Gecko; compatible; GPTBot/1.4; +https://openai.com/gptbot)"
66.249.73.228 - - [19/Aug/2026:20:14:08 +0200] "GET /826513511 HTTP/1.1" 200 155692 "-" "Mozilla/5.0 (Linux; Android 6.0.1; Nexus 5X Build/MMB29P) AppleWebKit/537.36 (KHTML, like Gecko) Chrome/151.0.7922.137 Mobile Safari/537.36 (compatible; GoogleOther)"
74.7.243.216 - - [19/Aug/2026:20:14:23 +0200] "GET /favicon.ico?fileloc=//bin/brotli&path=//bin HTTP/1.1" 500 - "https://bautenschutz-blattner.de/favicon.ico?path=//bin" "Mozilla/5.0 AppleWebKit/537.36 (KHTML, like Gecko; compatible; GPTBot/1.4; +https://openai.com/gptbot)"
74.7.243.216 - - [19/Aug/2026:20:15:29 +0200] "GET /favicon.ico?fileloc=//bin/usleep&path=//bin HTTP/1.1" 500 - "https://bautenschutz-blattner.de/favicon.ico?path=//bin" "Mozilla/5.0 AppleWebKit/537.36 (KHTML, like Gecko; compatible; GPTBot/1.4; +https://openai.com/gptbot)"
74.7.243.216 - - [19/Aug/2026:20:16:29 +0200] "GET /favicon.ico?fileloc=//bin/ipcmk&path=//bin HTTP/1.1" 500 - "https://bautenschutz-blattner.de/favicon.ico?path=//bin" "Mozilla/5.0 AppleWebKit/537.36 (KHTML, like Gecko; compatible; GPTBot/1.4; +https://openai.com/gptbot)"
66.249.73.228 - - [19/Aug/2026:20:17:01 +0200] "GET /9339274 HTTP/1.1" 200 156107 "-" "Mozilla/5.0 (Linux; Android 6.0.1; Nexus 5X Build/MMB29P) AppleWebKit/537.36 (KHTML, like Gecko) Chrome/151.0.7922.137 Mobile Safari/537.36 (compatible; GoogleOther)"
74.7.243.216 - - [19/Aug/2026:20:17:30 +0200] "GET /favicon.ico?fileloc=//bin/bcomps&path=//bin HTTP/1.1" 500 - "https://bautenschutz-blattner.de/favicon.ico?path=//bin" "Mozilla/5.0 AppleWebKit/537.36 (KHTML, like Gecko; compatible; GPTBot/1.4; +https://openai.com/gptbot)"
74.7.243.216 - - [19/Aug/2026:20:18:34 +0200] "GET /favicon.ico?fileloc=//bin/zdiff&path=//bin HTTP/1.1" 500 - "https://bautenschutz-blattner.de/favicon.ico?path=//bin" "Mozilla/5.0 AppleWebKit/537.36 (KHTML, like Gecko; compatible; GPTBot/1.4; +https://openai.com/gptbot)"
66.249.73.228 - - [19/Aug/2026:20:18:59 +0200] "GET /17871279 HTTP/1.1" 200 155046 "-" "Mozilla/5.0 (Linux; Android 6.0.1; Nexus 5X Build/MMB29P) AppleWebKit/537.36 (KHTML, like Gecko) Chrome/151.0.7922.137 Mobile Safari/537.36 (compatible; GoogleOther)"
74.7.243.216 - - [19/Aug/2026:20:19:34 +0200] "GET /favicon.ico?fileloc=//bin/attr&path=//bin HTTP/1.1" 500 - "https://bautenschutz-blattner.de/favicon.ico?path=//bin" "Mozilla/5.0 AppleWebKit/537.36 (KHTML, like Gecko; compatible; GPTBot/1.4; +https://openai.com/gptbot)"
66.249.73.228 - - [19/Aug/2026:20:20:01 +0200] "GET /sidewalk/remark/fnuv13rftjdk145cst.shtml HTTP/1.1" 200 168225 "-" "Mozilla/5.0 (Linux; Android 6.0.1; Nexus 5X Build/MMB29P) AppleWebKit/537.36 (KHTML, like Gecko) Chrome/151.0.7922.137 Mobile Safari/537.36 (compatible; GoogleOther)"
74.7.243.216 - - [19/Aug/2026:20:20:34 +0200] "GET /favicon.ico?fileloc=//bin/tclsh&path=//bin HTTP/1.1" 500 - "https://bautenschutz-blattner.de/favicon.ico?path=//bin" "Mozilla/5.0 AppleWebKit/537.36 (KHTML, like Gecko; compatible; GPTBot/1.4; +https://openai.com/gptbot)"
74.7.243.216 - - [19/Aug/2026:20:21:37 +0200] "GET /favicon.ico?fileloc=//bin/paste&path=//bin HTTP/1.1" 500 - "https://bautenschutz-blattner.de/favicon.ico?path=//bin" "Mozilla/5.0 AppleWebKit/537.36 (KHTML, like Gecko; compatible; GPTBot/1.4; +https://openai.com/gptbot)"
66.249.73.229 - - [19/Aug/2026:20:21:51 +0200] "GET /186959640 HTTP/1.1" 200 156510 "-" "Mozilla/5.0 (Linux; Android 6.0.1; Nexus 5X Build/MMB29P) AppleWebKit/537.36 (KHTML, like Gecko) Chrome/151.0.7922.137 Mobile Safari/537.36 (compatible; GoogleOther)"
74.7.243.216 - - [19/Aug/2026:20:22:38 +0200] "GET /favicon.ico?fileloc=//bin/distro&path=//bin HTTP/1.1" 500 - "https://bautenschutz-blattner.de/favicon.ico?path=//bin" "Mozilla/5.0 AppleWebKit/537.36 (KHTML, like Gecko; compatible; GPTBot/1.4; +https://openai.com/gptbot)"
74.7.243.216 - - [19/Aug/2026:20:23:39 +0200] "GET /favicon.ico?fileloc=//bin/zcmp&path=//bin HTTP/1.1" 500 - "https://bautenschutz-blattner.de/favicon.ico?path=//bin" "Mozilla/5.0 AppleWebKit/537.36 (KHTML, like Gecko; compatible; GPTBot/1.4; +https://openai.com/gptbot)"
66.249.73.227 - - [19/Aug/2026:20:23:49 +0200] "GET /983048130 HTTP/1.1" 200 157624 "-" "Mozilla/5.0 (Linux; Android 6.0.1; Nexus 5X Build/MMB29P) AppleWebKit/537.36 (KHTML, like Gecko) Chrome/151.0.7922.137 Mobile Safari/537.36 (compatible; GoogleOther)"
74.7.243.216 - - [19/Aug/2026:20:24:44 +0200] "GET /favicon.ico?fileloc=//bin/tabs&path=//bin HTTP/1.1" 500 - "https://bautenschutz-blattner.de/favicon.ico?path=//bin" "Mozilla/5.0 AppleWebKit/537.36 (KHTML, like Gecko; compatible; GPTBot/1.4; +https://openai.com/gptbot)"
74.7.243.216 - - [19/Aug/2026:20:25:46 +0200] "GET /favicon.ico?fileloc=//bin/umount&path=//bin HTTP/1.1" 500 - "https://bautenschutz-blattner.de/favicon.ico?path=//bin" "Mozilla/5.0 AppleWebKit/537.36 (KHTML, like Gecko; compatible; GPTBot/1.4; +https://openai.com/gptbot)"
134.185.84.135 - - [19/Aug/2026:20:25:53 +0200] "GET /wp-content/plugins/pods/readme.txt HTTP/1.1" 500 - "-" "Mozilla/5.0 (Windows NT 10.0; Win64; x64; rv:126.0) Gecko/20100101 Firefox/126.0"
134.185.84.135 - - [19/Aug/2026:20:25:54 +0200] "GET /wp-content/plugins/pods/init.php HTTP/1.1" 500 - "-" "Mozilla/5.0 (Windows NT 10.0; Win64; x64; rv:126.0) Gecko/20100101 Firefox/126.0"
66.249.73.229 - - [19/Aug/2026:20:26:42 +0200] "GET /96730615 HTTP/1.1" 200 153800 "-" "Mozilla/5.0 (Linux; Android 6.0.1; Nexus 5X Build/MMB29P) AppleWebKit/537.36 (KHTML, like Gecko) Chrome/151.0.7922.137 Mobile Safari/537.36 (compatible; GoogleOther)"
74.7.243.216 - - [19/Aug/2026:20:26:48 +0200] "GET /favicon.ico?fileloc=//bin/sginfo&path=//bin HTTP/1.1" 500 - "https://bautenschutz-blattner.de/favicon.ico?path=//bin" "Mozilla/5.0 AppleWebKit/537.36 (KHTML, like Gecko; compatible; GPTBot/1.4; +https://openai.com/gptbot)"
74.7.243.216 - - [19/Aug/2026:20:27:54 +0200] "GET /favicon.ico?fileloc=//bin/mpstat&path=//bin HTTP/1.1" 500 - "https://bautenschutz-blattner.de/favicon.ico?path=//bin" "Mozilla/5.0 AppleWebKit/537.36 (KHTML, like Gecko; compatible; GPTBot/1.4; +https://openai.com/gptbot)"
107.150.61.58 - - [19/Aug/2026:20:28:25 +0200] "GET /wp-includes/pl7c61d4/edit.php HTTP/1.1" 503 - "https://bautenschutz-blattner.de/wp-includes/pl7c61d4/edit.php" "Mozilla/5.0 (Windows NT 10.0; Win64; x64) AppleWebKit/537.36 (KHTML, like Gecko) Chrome/58.0.3029.110 Safari/537.3"
107.150.61.58 - - [19/Aug/2026:20:28:33 +0200] "GET /wp-includes/pl7c61d4/edit.php HTTP/1.1" 503 - "https://bautenschutz-blattner.de/wp-includes/pl7c61d4/edit.php" "Mozilla/5.0 (Windows NT 10.0; Win64; x64) AppleWebKit/537.36 (KHTML, like Gecko) Chrome/58.0.3029.110 Safari/537.3"
66.249.73.228 - - [19/Aug/2026:20:28:39 +0200] "GET /jail/candy/b54urrlyt1520jwf.shtml HTTP/1.1" 503 468 "-" "Mozilla/5.0 (Linux; Android 6.0.1; Nexus 5X Build/MMB29P) AppleWebKit/537.36 (KHTML, like Gecko) Chrome/151.0.7922.137 Mobile Safari/537.36 (compatible; GoogleOther)"
74.7.243.216 - - [19/Aug/2026:20:28:57 +0200] "GET /favicon.ico?fileloc=//bin/mkfifo&path=//bin HTTP/1.1" 503 468 "https://bautenschutz-blattner.de/favicon.ico?path=//bin" "Mozilla/5.0 AppleWebKit/537.36 (KHTML, like Gecko; compatible; GPTBot/1.4; +https://openai.com/gptbot)"
74.7.243.216 - - [19/Aug/2026:20:30:00 +0200] "GET /favicon.ico?fileloc=//bin/free&path=//bin HTTP/1.1" 500 - "https://bautenschutz-blattner.de/favicon.ico?path=//bin" "Mozilla/5.0 AppleWebKit/537.36 (KHTML, like Gecko; compatible; GPTBot/1.4; +https://openai.com/gptbot)"
74.7.243.216 - - [19/Aug/2026:20:31:03 +0200] "GET /favicon.ico?fileloc=//bin/secon&path=//bin HTTP/1.1" 500 - "https://bautenschutz-blattner.de/favicon.ico?path=//bin" "Mozilla/5.0 AppleWebKit/537.36 (KHTML, like Gecko; compatible; GPTBot/1.4; +https://openai.com/gptbot)"
66.249.73.229 - - [19/Aug/2026:20:31:32 +0200] "GET /thread/disability/jk11qv38ozf1125.shtml HTTP/1.1" 200 155689 "-" "Mozilla/5.0 (Linux; Android 6.0.1; Nexus 5X Build/MMB29P) AppleWebKit/537.36 (KHTML, like Gecko) Chrome/151.0.7922.137 Mobile Safari/537.36 (compatible; GoogleOther)"
74.7.243.216 - - [19/Aug/2026:20:32:06 +0200] "GET /favicon.ico?fileloc=//bin/nmtui&path=//bin HTTP/1.1" 500 - "https://bautenschutz-blattner.de/favicon.ico?path=//bin" "Mozilla/5.0 AppleWebKit/537.36 (KHTML, like Gecko; compatible; GPTBot/1.4; +https://openai.com/gptbot)"
74.7.243.216 - - [19/Aug/2026:20:33:10 +0200] "GET /favicon.ico?fileloc=//bin/look&path=//bin HTTP/1.1" 500 - "https://bautenschutz-blattner.de/favicon.ico?path=//bin" "Mozilla/5.0 AppleWebKit/537.36 (KHTML, like Gecko; compatible; GPTBot/1.4; +https://openai.com/gptbot)"
66.249.73.227 - - [19/Aug/2026:20:33:30 +0200] "GET /7811853 HTTP/1.1" 200 157447 "-" "Mozilla/5.0 (Linux; Android 6.0.1; Nexus 5X Build/MMB29P) AppleWebKit/537.36 (KHTML, like Gecko) Chrome/151.0.7922.137 Mobile Safari/537.36 (compatible; GoogleOther)"
66.249.73.228 - - [19/Aug/2026:20:33:39 +0200] "GET /special/297020968.html HTTP/1.1" 200 161589 "-" "Mozilla/5.0 (Linux; Android 6.0.1; Nexus 5X Build/MMB29P) AppleWebKit/537.36 (KHTML, like Gecko) Chrome/151.0.7922.137 Mobile Safari/537.36 (compatible; GoogleOther)"
74.7.243.216 - - [19/Aug/2026:20:34:10 +0200] "GET /favicon.ico?fileloc=//bin/xzdiff&path=//bin HTTP/1.1" 500 - "https://bautenschutz-blattner.de/favicon.ico?path=//bin" "Mozilla/5.0 AppleWebKit/537.36 (KHTML, like Gecko; compatible; GPTBot/1.4; +https://openai.com/gptbot)"
74.7.243.216 - - [19/Aug/2026:20:35:13 +0200] "GET /favicon.ico?fileloc=//bin/tload&path=//bin HTTP/1.1" 500 - "https://bautenschutz-blattner.de/favicon.ico?path=//bin" "Mozilla/5.0 AppleWebKit/537.36 (KHTML, like Gecko; compatible; GPTBot/1.4; +https://openai.com/gptbot)"
66.249.73.227 - - [19/Aug/2026:20:35:43 +0200] "GET /1533407 HTTP/1.1" 200 161901 "-" "Mozilla/5.0 (Linux; Android 6.0.1; Nexus 5X Build/MMB29P) AppleWebKit/537.36 (KHTML, like Gecko) Chrome/151.0.7922.137 Mobile Safari/537.36 (compatible; GoogleOther)"
74.7.243.216 - - [19/Aug/2026:20:36:18 +0200] "GET /favicon.ico?fileloc=//bin/lsblk&path=//bin HTTP/1.1" 500 - "https://bautenschutz-blattner.de/favicon.ico?path=//bin" "Mozilla/5.0 AppleWebKit/537.36 (KHTML, like Gecko; compatible; GPTBot/1.4; +https://openai.com/gptbot)"
66.249.73.229 - - [19/Aug/2026:20:36:22 +0200] "GET /wall/curriculum/vm89zuc8q0syw745a.shtml HTTP/1.1" 200 166644 "-" "Mozilla/5.0 (Linux; Android 6.0.1; Nexus 5X Build/MMB29P) AppleWebKit/537.36 (KHTML, like Gecko) Chrome/151.0.7922.137 Mobile Safari/537.36 (compatible; GoogleOther)"
74.7.243.216 - - [19/Aug/2026:20:37:22 +0200] "GET /favicon.ico?fileloc=//bin/chsh&path=//bin HTTP/1.1" 503 468 "https://bautenschutz-blattner.de/favicon.ico?path=//bin" "Mozilla/5.0 AppleWebKit/537.36 (KHTML, like Gecko; compatible; GPTBot/1.4; +https://openai.com/gptbot)"
66.249.73.227 - - [19/Aug/2026:20:37:41 +0200] "GET /789849414 HTTP/1.1" 200 154694 "-" "Mozilla/5.0 (Linux; Android 6.0.1; Nexus 5X Build/MMB29P) AppleWebKit/537.36 (KHTML, like Gecko) Chrome/151.0.7922.137 Mobile Safari/537.36 (compatible; Googlebot/2.1; +http://www.google.com/bot.html)"
66.249.73.228 - - [19/Aug/2026:20:38:20 +0200] "GET /74872972 HTTP/1.1" 200 158061 "-" "Mozilla/5.0 (Linux; Android 6.0.1; Nexus 5X Build/MMB29P) AppleWebKit/537.36 (KHTML, like Gecko) Chrome/151.0.7922.137 Mobile Safari/537.36 (compatible; GoogleOther)"
74.7.243.216 - - [19/Aug/2026:20:38:23 +0200] "GET /favicon.ico?fileloc=//bin/ranlib&path=//bin HTTP/1.1" 500 - "https://bautenschutz-blattner.de/favicon.ico?path=//bin" "Mozilla/5.0 AppleWebKit/537.36 (KHTML, like Gecko; compatible; GPTBot/1.4; +https://openai.com/gptbot)"
74.7.243.216 - - [19/Aug/2026:20:39:25 +0200] "GET /favicon.ico?fileloc=//bin/bzdiff&path=//bin HTTP/1.1" 500 - "https://bautenschutz-blattner.de/favicon.ico?path=//bin" "Mozilla/5.0 AppleWebKit/537.36 (KHTML, like Gecko; compatible; GPTBot/1.4; +https://openai.com/gptbot)"
74.7.243.216 - - [19/Aug/2026:20:40:30 +0200] "GET /favicon.ico?fileloc=//bin/mandb&path=//bin HTTP/1.1" 500 - "https://bautenschutz-blattner.de/favicon.ico?path=//bin" "Mozilla/5.0 AppleWebKit/537.36 (KHTML, like Gecko; compatible; GPTBot/1.4; +https://openai.com/gptbot)"
74.7.243.216 - - [19/Aug/2026:20:41:35 +0200] "GET /favicon.ico?fileloc=//bin/wget&path=//bin HTTP/1.1" 500 - "https://bautenschutz-blattner.de/favicon.ico?path=//bin" "Mozilla/5.0 AppleWebKit/537.36 (KHTML, like Gecko; compatible; GPTBot/1.4; +https://openai.com/gptbot)"
74.7.243.216 - - [19/Aug/2026:20:42:40 +0200] "GET /favicon.ico?fileloc=//bin/pkill&path=//bin HTTP/1.1" 500 - "https://bautenschutz-blattner.de/favicon.ico?path=//bin" "Mozilla/5.0 AppleWebKit/537.36 (KHTML, like Gecko; compatible; GPTBot/1.4; +https://openai.com/gptbot)"
66.249.73.227 - - [19/Aug/2026:20:43:10 +0200] "GET /environmental/God/vdlwt214ydmg7np32640.shtml HTTP/1.1" 200 159141 "-" "Mozilla/5.0 (Linux; Android 6.0.1; Nexus 5X Build/MMB29P) AppleWebKit/537.36 (KHTML, like Gecko) Chrome/151.0.7922.137 Mobile Safari/537.36 (compatible; GoogleOther)"
66.249.73.228 - - [19/Aug/2026:20:43:22 +0200] "GET /692632758 HTTP/1.1" 200 158169 "-" "Mozilla/5.0 (Linux; Android 6.0.1; Nexus 5X Build/MMB29P) AppleWebKit/537.36 (KHTML, like Gecko) Chrome/151.0.7922.137 Mobile Safari/537.36 (compatible; GoogleOther)"
66.249.73.227 - - [19/Aug/2026:20:43:34 +0200] "GET /special/070000583.html HTTP/1.1" 200 177343 "-" "Mozilla/5.0 (Linux; Android 6.0.1; Nexus 5X Build/MMB29P) AppleWebKit/537.36 (KHTML, like Gecko) Chrome/151.0.7922.137 Mobile Safari/537.36 (compatible; GoogleOther)"
74.7.243.216 - - [19/Aug/2026:20:43:44 +0200] "GET /favicon.ico?fileloc=//bin/kill&path=//bin HTTP/1.1" 500 - "https://bautenschutz-blattner.de/favicon.ico?path=//bin" "Mozilla/5.0 AppleWebKit/537.36 (KHTML, like Gecko; compatible; GPTBot/1.4; +https://openai.com/gptbot)"
66.249.73.227 - - [19/Aug/2026:20:43:45 +0200] "GET /125904467 HTTP/1.1" 200 159895 "-" "Mozilla/5.0 (Linux; Android 6.0.1; Nexus 5X Build/MMB29P) AppleWebKit/537.36 (KHTML, like Gecko) Chrome/151.0.7922.137 Mobile Safari/537.36 (compatible; GoogleOther)"
66.249.73.227 - - [19/Aug/2026:20:43:57 +0200] "GET /special/098000061.html HTTP/1.1" 200 155571 "-" "Mozilla/5.0 (Linux; Android 6.0.1; Nexus 5X Build/MMB29P) AppleWebKit/537.36 (KHTML, like Gecko) Chrome/151.0.7922.137 Mobile Safari/537.36 (compatible; GoogleOther)"
66.249.73.227 - - [19/Aug/2026:20:44:09 +0200] "GET /special/292004123.html HTTP/1.1" 200 158366 "-" "Mozilla/5.0 (Linux; Android 6.0.1; Nexus 5X Build/MMB29P) AppleWebKit/537.36 (KHTML, like Gecko) Chrome/151.0.7922.137 Mobile Safari/537.36 (compatible; GoogleOther)"
66.249.73.228 - - [19/Aug/2026:20:44:20 +0200] "GET /7083374 HTTP/1.1" 200 169725 "-" "Mozilla/5.0 (Linux; Android 6.0.1; Nexus 5X Build/MMB29P) AppleWebKit/537.36 (KHTML, like Gecko) Chrome/151.0.7922.137 Mobile Safari/537.36 (compatible; GoogleOther)"
66.249.73.227 - - [19/Aug/2026:20:44:32 +0200] "GET /special/098000061.html HTTP/1.1" 200 155674 "-" "Mozilla/5.0 (Linux; Android 6.0.1; Nexus 5X Build/MMB29P) AppleWebKit/537.36 (KHTML, like Gecko) Chrome/151.0.7922.137 Mobile Safari/537.36 (compatible; GoogleOther)"
74.7.243.216 - - [19/Aug/2026:20:44:44 +0200] "GET /favicon.ico?fileloc=//bin/lsipc&path=//bin HTTP/1.1" 500 - "https://bautenschutz-blattner.de/favicon.ico?path=//bin" "Mozilla/5.0 AppleWebKit/537.36 (KHTML, like Gecko; compatible; GPTBot/1.4; +https://openai.com/gptbot)"
66.249.73.227 - - [19/Aug/2026:20:45:12 +0200] "GET /9196678 HTTP/1.1" 200 155126 "-" "Mozilla/5.0 (Linux; Android 6.0.1; Nexus 5X Build/MMB29P) AppleWebKit/537.36 (KHTML, like Gecko) Chrome/151.0.7922.137 Mobile Safari/537.36 (compatible; GoogleOther)"
74.7.243.216 - - [19/Aug/2026:20:45:49 +0200] "GET /favicon.ico?fileloc=//bin/fgrep&path=//bin HTTP/1.1" 500 - "https://bautenschutz-blattner.de/favicon.ico?path=//bin" "Mozilla/5.0 AppleWebKit/537.36 (KHTML, like Gecko; compatible; GPTBot/1.4; +https://openai.com/gptbot)"
74.7.243.216 - - [19/Aug/2026:20:46:50 +0200] "GET /favicon.ico?fileloc=//bin/teamd&path=//bin HTTP/1.1" 500 - "https://bautenschutz-blattner.de/favicon.ico?path=//bin" "Mozilla/5.0 AppleWebKit/537.36 (KHTML, like Gecko; compatible; GPTBot/1.4; +https://openai.com/gptbot)"
74.7.243.216 - - [19/Aug/2026:20:47:53 +0200] "GET /favicon.ico?fileloc=//bin/nproc&path=//bin HTTP/1.1" 500 - "https://bautenschutz-blattner.de/favicon.ico?path=//bin" "Mozilla/5.0 AppleWebKit/537.36 (KHTML, like Gecko; compatible; GPTBot/1.4; +https://openai.com/gptbot)"
74.7.243.216 - - [19/Aug/2026:20:48:57 +0200] "GET /favicon.ico?fileloc=//bin/gvgen&path=//bin HTTP/1.1" 500 - "https://bautenschutz-blattner.de/favicon.ico?path=//bin" "Mozilla/5.0 AppleWebKit/537.36 (KHTML, like Gecko; compatible; GPTBot/1.4; +https://openai.com/gptbot)"
138.246.253.24 - - [19/Aug/2026:20:49:32 +0200] "GET /robots.txt HTTP/1.1" 200 438 "-" "Mozilla/5.0 (Windows NT 10.0; Win64; x64) AppleWebKit/537.36 (KHTML, like Gecko) Chrome/103.0.5060.134 Safari/537.36"
74.7.243.216 - - [19/Aug/2026:20:49:57 +0200] "GET /favicon.ico?fileloc=//bin/xzcat&path=//bin HTTP/1.1" 500 - "https://bautenschutz-blattner.de/favicon.ico?path=//bin" "Mozilla/5.0 AppleWebKit/537.36 (KHTML, like Gecko; compatible; GPTBot/1.4; +https://openai.com/gptbot)"
66.249.73.229 - - [19/Aug/2026:20:50:50 +0200] "GET /64399956 HTTP/1.1" 200 167922 "-" "Mozilla/5.0 (Linux; Android 6.0.1; Nexus 5X Build/MMB29P) AppleWebKit/537.36 (KHTML, like Gecko) Chrome/151.0.7922.137 Mobile Safari/537.36 (compatible; GoogleOther)"
74.7.243.216 - - [19/Aug/2026:20:50:59 +0200] "GET /favicon.ico?fileloc=//bin/egrep&path=//bin HTTP/1.1" 500 - "https://bautenschutz-blattner.de/favicon.ico?path=//bin" "Mozilla/5.0 AppleWebKit/537.36 (KHTML, like Gecko; compatible; GPTBot/1.4; +https://openai.com/gptbot)"
74.7.243.216 - - [19/Aug/2026:20:51:59 +0200] "GET /favicon.ico?fileloc=//bin/socat&path=//bin HTTP/1.1" 500 - "https://bautenschutz-blattner.de/favicon.ico?path=//bin" "Mozilla/5.0 AppleWebKit/537.36 (KHTML, like Gecko; compatible; GPTBot/1.4; +https://openai.com/gptbot)"
74.7.243.216 - - [19/Aug/2026:20:53:05 +0200] "GET /favicon.ico?fileloc=//bin/delv&path=//bin HTTP/1.1" 500 - "https://bautenschutz-blattner.de/favicon.ico?path=//bin" "Mozilla/5.0 AppleWebKit/537.36 (KHTML, like Gecko; compatible; GPTBot/1.4; +https://openai.com/gptbot)"
74.7.243.216 - - [19/Aug/2026:20:54:07 +0200] "GET /favicon.ico?fileloc=//bin/lsmem&path=//bin HTTP/1.1" 500 - "https://bautenschutz-blattner.de/favicon.ico?path=//bin" "Mozilla/5.0 AppleWebKit/537.36 (KHTML, like Gecko; compatible; GPTBot/1.4; +https://openai.com/gptbot)"
74.7.243.216 - - [19/Aug/2026:20:55:08 +0200] "GET /favicon.ico?fileloc=//bin/pydoc&path=//bin HTTP/1.1" 500 - "https://bautenschutz-blattner.de/favicon.ico?path=//bin" "Mozilla/5.0 AppleWebKit/537.36 (KHTML, like Gecko; compatible; GPTBot/1.4; +https://openai.com/gptbot)"
74.7.243.216 - - [19/Aug/2026:20:56:12 +0200] "GET /favicon.ico?fileloc=//bin/ipcrm&path=//bin HTTP/1.1" 500 - "https://bautenschutz-blattner.de/favicon.ico?path=//bin" "Mozilla/5.0 AppleWebKit/537.36 (KHTML, like Gecko; compatible; GPTBot/1.4; +https://openai.com/gptbot)"
66.249.73.228 - - [19/Aug/2026:20:56:44 +0200] "GET /special/003012598.html HTTP/1.1" 200 147396 "-" "Mozilla/5.0 (Linux; Android 6.0.1; Nexus 5X Build/MMB29P) AppleWebKit/537.36 (KHTML, like Gecko) Chrome/151.0.7922.137 Mobile Safari/537.36 (compatible; GoogleOther)"
74.7.243.216 - - [19/Aug/2026:20:57:13 +0200] "GET /favicon.ico?fileloc=//bin/true&path=//bin HTTP/1.1" 500 - "https://bautenschutz-blattner.de/favicon.ico?path=//bin" "Mozilla/5.0 AppleWebKit/537.36 (KHTML, like Gecko; compatible; GPTBot/1.4; +https://openai.com/gptbot)"
74.7.243.216 - - [19/Aug/2026:20:58:19 +0200] "GET /favicon.ico?fileloc=//bin/peekfd&path=//bin HTTP/1.1" 500 - "https://bautenschutz-blattner.de/favicon.ico?path=//bin" "Mozilla/5.0 AppleWebKit/537.36 (KHTML, like Gecko; compatible; GPTBot/1.4; +https://openai.com/gptbot)"
74.7.243.216 - - [19/Aug/2026:20:59:24 +0200] "GET /favicon.ico?fileloc=//bin/vmstat&path=//bin HTTP/1.1" 500 - "https://bautenschutz-blattner.de/favicon.ico?path=//bin" "Mozilla/5.0 AppleWebKit/537.36 (KHTML, like Gecko; compatible; GPTBot/1.4; +https://openai.com/gptbot)"
74.7.243.216 - - [19/Aug/2026:21:00:28 +0200] "GET /favicon.ico?fileloc=//bin/sievec&path=//bin HTTP/1.1" 503 - "https://bautenschutz-blattner.de/favicon.ico?path=//bin" "Mozilla/5.0 AppleWebKit/537.36 (KHTML, like Gecko; compatible; GPTBot/1.4; +https://openai.com/gptbot)"
74.7.243.216 - - [19/Aug/2026:21:01:30 +0200] "GET /favicon.ico?fileloc=//bin/wall&path=//bin HTTP/1.1" 500 - "https://bautenschutz-blattner.de/favicon.ico?path=//bin" "Mozilla/5.0 AppleWebKit/537.36 (KHTML, like Gecko; compatible; GPTBot/1.4; +https://openai.com/gptbot)"
107.150.61.58 - - [19/Aug/2026:21:01:44 +0200] "GET /wp-includes/pl7c61d4/edit.php HTTP/1.1" 503 - "https://bautenschutz-blattner.de/wp-includes/pl7c61d4/edit.php" "Mozilla/5.0 (Windows NT 10.0; Win64; x64) AppleWebKit/537.36 (KHTML, like Gecko) Chrome/58.0.3029.110 Safari/537.3"
107.150.61.58 - - [19/Aug/2026:21:01:51 +0200] "GET /wp-includes/pl7c61d4/edit.php HTTP/1.1" 503 - "https://bautenschutz-blattner.de/wp-includes/pl7c61d4/edit.php" "Mozilla/5.0 (Windows NT 10.0; Win64; x64) AppleWebKit/537.36 (KHTML, like Gecko) Chrome/58.0.3029.110 Safari/537.3"
74.7.243.216 - - [19/Aug/2026:21:02:40 +0200] "GET /favicon.ico?fileloc=//bin/gtbl&path=//bin HTTP/1.1" 503 468 "https://bautenschutz-blattner.de/favicon.ico?path=//bin" "Mozilla/5.0 AppleWebKit/537.36 (KHTML, like Gecko; compatible; GPTBot/1.4; +https://openai.com/gptbot)"
66.249.73.228 - - [19/Aug/2026:21:03:25 +0200] "GET /8536455 HTTP/1.1" 503 157210 "-" "Mozilla/5.0 (Linux; Android 6.0.1; Nexus 5X Build/MMB29P) AppleWebKit/537.36 (KHTML, like Gecko) Chrome/151.0.7922.137 Mobile Safari/537.36 (compatible; GoogleOther)"
74.7.243.216 - - [19/Aug/2026:21:03:45 +0200] "GET /favicon.ico?fileloc=//bin/tset&path=//bin HTTP/1.1" 500 - "https://bautenschutz-blattner.de/favicon.ico?path=//bin" "Mozilla/5.0 AppleWebKit/537.36 (KHTML, like Gecko; compatible; GPTBot/1.4; +https://openai.com/gptbot)"
74.7.243.216 - - [19/Aug/2026:21:05:00 +0200] "GET /favicon.ico?fileloc=//bin/touch&path=//bin HTTP/1.1" 500 - "https://bautenschutz-blattner.de/favicon.ico?path=//bin" "Mozilla/5.0 AppleWebKit/537.36 (KHTML, like Gecko; compatible; GPTBot/1.4; +https://openai.com/gptbot)"
74.7.243.216 - - [19/Aug/2026:21:05:52 +0200] "GET /favicon.ico?fileloc=//bin/aulast&path=//bin HTTP/1.1" 500 - "https://bautenschutz-blattner.de/favicon.ico?path=//bin" "Mozilla/5.0 AppleWebKit/537.36 (KHTML, like Gecko; compatible; GPTBot/1.4; +https://openai.com/gptbot)"
74.7.243.216 - - [19/Aug/2026:21:07:02 +0200] "GET /favicon.ico?fileloc=//bin/zforce&path=//bin HTTP/1.1" 500 - "https://bautenschutz-blattner.de/favicon.ico?path=//bin" "Mozilla/5.0 AppleWebKit/537.36 (KHTML, like Gecko; compatible; GPTBot/1.4; +https://openai.com/gptbot)"
74.7.243.216 - - [19/Aug/2026:21:08:13 +0200] "GET /favicon.ico?fileloc=//bin/prezip&path=//bin HTTP/1.1" 500 - "https://bautenschutz-blattner.de/favicon.ico?path=//bin" "Mozilla/5.0 AppleWebKit/537.36 (KHTML, like Gecko; compatible; GPTBot/1.4; +https://openai.com/gptbot)"
66.249.73.228 - - [19/Aug/2026:21:08:58 +0200] "GET /186959640 HTTP/1.1" 200 156421 "-" "Mozilla/5.0 (Linux; Android 6.0.1; Nexus 5X Build/MMB29P) AppleWebKit/537.36 (KHTML, like Gecko) Chrome/151.0.7922.137 Mobile Safari/537.36 (compatible; GoogleOther)"
74.7.243.216 - - [19/Aug/2026:21:09:45 +0200] "GET /favicon.ico?fileloc=//bin/lefty&path=//bin HTTP/1.1" 500 - "https://bautenschutz-blattner.de/favicon.ico?path=//bin" "Mozilla/5.0 AppleWebKit/537.36 (KHTML, like Gecko; compatible; GPTBot/1.4; +https://openai.com/gptbot)"
74.7.243.216 - - [19/Aug/2026:21:10:24 +0200] "GET /favicon.ico?fileloc=//bin/date&path=//bin HTTP/1.1" 500 - "https://bautenschutz-blattner.de/favicon.ico?path=//bin" "Mozilla/5.0 AppleWebKit/537.36 (KHTML, like Gecko; compatible; GPTBot/1.4; +https://openai.com/gptbot)"
74.7.243.216 - - [19/Aug/2026:21:11:40 +0200] "GET /favicon.ico?fileloc=//bin/runcon&path=//bin HTTP/1.1" 500 - "https://bautenschutz-blattner.de/favicon.ico?path=//bin" "Mozilla/5.0 AppleWebKit/537.36 (KHTML, like Gecko; compatible; GPTBot/1.4; +https://openai.com/gptbot)"
74.7.243.216 - - [19/Aug/2026:21:12:24 +0200] "GET /favicon.ico?fileloc=//bin/reset&path=//bin HTTP/1.1" 500 - "https://bautenschutz-blattner.de/favicon.ico?path=//bin" "Mozilla/5.0 AppleWebKit/537.36 (KHTML, like Gecko; compatible; GPTBot/1.4; +https://openai.com/gptbot)"
74.7.243.216 - - [19/Aug/2026:21:13:15 +0200] "GET /favicon.ico?fileloc=//bin/strip&path=//bin HTTP/1.1" 500 - "https://bautenschutz-blattner.de/favicon.ico?path=//bin" "Mozilla/5.0 AppleWebKit/537.36 (KHTML, like Gecko; compatible; GPTBot/1.4; +https://openai.com/gptbot)"
74.7.243.216 - - [19/Aug/2026:21:14:30 +0200] "GET /favicon.ico?fileloc=//bin/ccomps&path=//bin HTTP/1.1" 500 - "https://bautenschutz-blattner.de/favicon.ico?path=//bin" "Mozilla/5.0 AppleWebKit/537.36 (KHTML, like Gecko; compatible; GPTBot/1.4; +https://openai.com/gptbot)"
74.7.243.216 - - [19/Aug/2026:21:15:12 +0200] "GET /favicon.ico?fileloc=//bin/gzip&path=//bin HTTP/1.1" 500 - "https://bautenschutz-blattner.de/favicon.ico?path=//bin" "Mozilla/5.0 AppleWebKit/537.36 (KHTML, like Gecko; compatible; GPTBot/1.4; +https://openai.com/gptbot)"
66.249.73.229 - - [19/Aug/2026:21:15:58 +0200] "GET /286864970 HTTP/1.1" 200 155155 "-" "Mozilla/5.0 (Linux; Android 6.0.1; Nexus 5X Build/MMB29P) AppleWebKit/537.36 (KHTML, like Gecko) Chrome/151.0.7922.137 Mobile Safari/537.36 (compatible; GoogleOther)"
74.7.243.216 - - [19/Aug/2026:21:16:13 +0200] "GET /favicon.ico?fileloc=//bin/whoami&path=//bin HTTP/1.1" 500 - "https://bautenschutz-blattner.de/favicon.ico?path=//bin" "Mozilla/5.0 AppleWebKit/537.36 (KHTML, like Gecko; compatible; GPTBot/1.4; +https://openai.com/gptbot)"
74.7.243.216 - - [19/Aug/2026:21:17:08 +0200] "GET /favicon.ico?fileloc=//bin/arping&path=//bin HTTP/1.1" 500 - "https://bautenschutz-blattner.de/favicon.ico?path=//bin" "Mozilla/5.0 AppleWebKit/537.36 (KHTML, like Gecko; compatible; GPTBot/1.4; +https://openai.com/gptbot)"
74.7.243.216 - - [19/Aug/2026:21:18:10 +0200] "GET /favicon.ico?fileloc=//bin/csplit&path=//bin HTTP/1.1" 500 - "https://bautenschutz-blattner.de/favicon.ico?path=//bin" "Mozilla/5.0 AppleWebKit/537.36 (KHTML, like Gecko; compatible; GPTBot/1.4; +https://openai.com/gptbot)"
74.7.243.216 - - [19/Aug/2026:21:19:23 +0200] "GET /favicon.ico?fileloc=//bin/which&path=//bin HTTP/1.1" 500 - "https://bautenschutz-blattner.de/favicon.ico?path=//bin" "Mozilla/5.0 AppleWebKit/537.36 (KHTML, like Gecko; compatible; GPTBot/1.4; +https://openai.com/gptbot)"
66.249.73.228 - - [19/Aug/2026:21:19:56 +0200] "GET /special/229048750.html HTTP/1.1" 200 166916 "-" "Mozilla/5.0 (Linux; Android 6.0.1; Nexus 5X Build/MMB29P) AppleWebKit/537.36 (KHTML, like Gecko) Chrome/151.0.7922.137 Mobile Safari/537.36 (compatible; GoogleOther)"
74.7.243.216 - - [19/Aug/2026:21:20:27 +0200] "GET /favicon.ico?fileloc=//bin/chmod&path=//bin HTTP/1.1" 500 - "https://bautenschutz-blattner.de/favicon.ico?path=//bin" "Mozilla/5.0 AppleWebKit/537.36 (KHTML, like Gecko; compatible; GPTBot/1.4; +https://openai.com/gptbot)"
74.7.243.216 - - [19/Aug/2026:21:23:29 +0200] "GET /favicon.ico?fileloc=//bin/uniq&path=//bin HTTP/1.1" 500 - "https://bautenschutz-blattner.de/favicon.ico?path=//bin" "Mozilla/5.0 AppleWebKit/537.36 (KHTML, like Gecko; compatible; GPTBot/1.4; +https://openai.com/gptbot)"
74.7.243.216 - - [19/Aug/2026:21:23:50 +0200] "GET /favicon.ico?fileloc=//bin/zless&path=//bin HTTP/1.1" 500 - "https://bautenschutz-blattner.de/favicon.ico?path=//bin" "Mozilla/5.0 AppleWebKit/537.36 (KHTML, like Gecko; compatible; GPTBot/1.4; +https://openai.com/gptbot)"
74.7.243.216 - - [19/Aug/2026:21:25:00 +0200] "GET /favicon.ico?fileloc=//bin/tput&path=//bin HTTP/1.1" 500 - "https://bautenschutz-blattner.de/favicon.ico?path=//bin" "Mozilla/5.0 AppleWebKit/537.36 (KHTML, like Gecko; compatible; GPTBot/1.4; +https://openai.com/gptbot)"
74.7.243.216 - - [19/Aug/2026:21:25:44 +0200] "GET /favicon.ico?fileloc=//bin/bash&path=//bin HTTP/1.1" 503 468 "https://bautenschutz-blattner.de/favicon.ico?path=//bin" "Mozilla/5.0 AppleWebKit/537.36 (KHTML, like Gecko; compatible; GPTBot/1.4; +https://openai.com/gptbot)"
74.7.243.216 - - [19/Aug/2026:21:26:39 +0200] "GET /favicon.ico?fileloc=//bin/sdiff&path=//bin HTTP/1.1" 500 - "https://bautenschutz-blattner.de/favicon.ico?path=//bin" "Mozilla/5.0 AppleWebKit/537.36 (KHTML, like Gecko; compatible; GPTBot/1.4; +https://openai.com/gptbot)"
74.7.243.216 - - [19/Aug/2026:21:27:48 +0200] "GET /favicon.ico?fileloc=//bin/dotty&path=//bin HTTP/1.1" 500 - "https://bautenschutz-blattner.de/favicon.ico?path=//bin" "Mozilla/5.0 AppleWebKit/537.36 (KHTML, like Gecko; compatible; GPTBot/1.4; +https://openai.com/gptbot)"
66.249.73.228 - - [19/Aug/2026:21:28:28 +0200] "GET /376670388 HTTP/1.1" 200 152878 "-" "Mozilla/5.0 (Linux; Android 6.0.1; Nexus 5X Build/MMB29P) AppleWebKit/537.36 (KHTML, like Gecko) Chrome/151.0.7922.137 Mobile Safari/537.36 (compatible; GoogleOther)"
74.7.243.216 - - [19/Aug/2026:21:28:51 +0200] "GET /favicon.ico?fileloc=//bin/irqtop&path=//bin HTTP/1.1" 500 - "https://bautenschutz-blattner.de/favicon.ico?path=//bin" "Mozilla/5.0 AppleWebKit/537.36 (KHTML, like Gecko; compatible; GPTBot/1.4; +https://openai.com/gptbot)"
74.7.243.216 - - [19/Aug/2026:21:29:58 +0200] "GET /favicon.ico?fileloc=//bin/wpexec&path=//bin HTTP/1.1" 500 - "https://bautenschutz-blattner.de/favicon.ico?path=//bin" "Mozilla/5.0 AppleWebKit/537.36 (KHTML, like Gecko; compatible; GPTBot/1.4; +https://openai.com/gptbot)"
74.7.243.216 - - [19/Aug/2026:21:31:00 +0200] "GET /favicon.ico?fileloc=//bin/pslog&path=//bin HTTP/1.1" 500 - "https://bautenschutz-blattner.de/favicon.ico?path=//bin" "Mozilla/5.0 AppleWebKit/537.36 (KHTML, like Gecko; compatible; GPTBot/1.4; +https://openai.com/gptbot)"
66.249.73.229 - - [19/Aug/2026:21:31:27 +0200] "GET /419270088 HTTP/1.1" 200 163117 "-" "Mozilla/5.0 (Linux; Android 6.0.1; Nexus 5X Build/MMB29P) AppleWebKit/537.36 (KHTML, like Gecko) Chrome/151.0.7922.137 Mobile Safari/537.36 (compatible; GoogleOther)"
74.7.243.216 - - [19/Aug/2026:21:32:00 +0200] "GET /favicon.ico?fileloc=//bin/lsphp&path=//bin HTTP/1.1" 500 - "https://bautenschutz-blattner.de/favicon.ico?path=//bin" "Mozilla/5.0 AppleWebKit/537.36 (KHTML, like Gecko; compatible; GPTBot/1.4; +https://openai.com/gptbot)"
74.7.243.216 - - [19/Aug/2026:21:33:55 +0200] "GET /favicon.ico?fileloc=//bin/bwrap&path=//bin HTTP/1.1" 500 - "https://bautenschutz-blattner.de/favicon.ico?path=//bin" "Mozilla/5.0 AppleWebKit/537.36 (KHTML, like Gecko; compatible; GPTBot/1.4; +https://openai.com/gptbot)"
74.7.243.216 - - [19/Aug/2026:21:35:21 +0200] "GET /favicon.ico?fileloc=//bin/aspell&path=//bin HTTP/1.1" 500 - "https://bautenschutz-blattner.de/favicon.ico?path=//bin" "Mozilla/5.0 AppleWebKit/537.36 (KHTML, like Gecko; compatible; GPTBot/1.4; +https://openai.com/gptbot)"
161.118.231.98 - - [19/Aug/2026:21:35:38 +0200] "GET /wp-content/plugins/pods/readme.txt HTTP/1.1" 503 468 "-" "Mozilla/5.0 (Macintosh; Intel Mac OS X 10_15_7) AppleWebKit/537.36 (KHTML, like Gecko) Chrome/124.0.0.0 Safari/537.36"
74.7.243.216 - - [19/Aug/2026:21:36:14 +0200] "GET /favicon.ico?fileloc=//bin/numfmt&path=//bin HTTP/1.1" 500 - "https://bautenschutz-blattner.de/favicon.ico?path=//bin" "Mozilla/5.0 AppleWebKit/537.36 (KHTML, like Gecko; compatible; GPTBot/1.4; +https://openai.com/gptbot)"
74.7.243.216 - - [19/Aug/2026:21:37:07 +0200] "GET /favicon.ico?fileloc=//bin/split&path=//bin HTTP/1.1" 500 - "https://bautenschutz-blattner.de/favicon.ico?path=//bin" "Mozilla/5.0 AppleWebKit/537.36 (KHTML, like Gecko; compatible; GPTBot/1.4; +https://openai.com/gptbot)"
74.7.243.216 - - [19/Aug/2026:21:38:09 +0200] "GET /favicon.ico?fileloc=//bin/gunzip&path=//bin HTTP/1.1" 500 - "https://bautenschutz-blattner.de/favicon.ico?path=//bin" "Mozilla/5.0 AppleWebKit/537.36 (KHTML, like Gecko; compatible; GPTBot/1.4; +https://openai.com/gptbot)"
74.7.243.216 - - [19/Aug/2026:21:39:13 +0200] "GET /favicon.ico?fileloc=//bin/dltest&path=//bin HTTP/1.1" 500 - "https://bautenschutz-blattner.de/favicon.ico?path=//bin" "Mozilla/5.0 AppleWebKit/537.36 (KHTML, like Gecko; compatible; GPTBot/1.4; +https://openai.com/gptbot)"
74.7.243.216 - - [19/Aug/2026:21:40:13 +0200] "GET /favicon.ico?fileloc=//bin/htdbm&path=//bin HTTP/1.1" 500 - "https://bautenschutz-blattner.de/favicon.ico?path=//bin" "Mozilla/5.0 AppleWebKit/537.36 (KHTML, like Gecko; compatible; GPTBot/1.4; +https://openai.com/gptbot)"
74.7.230.54 - - [19/Aug/2026:21:40:15 +0200] "GET /robots.txt HTTP/1.1" 304 - "-" "Mozilla/5.0 (Macintosh; Intel Mac OS X 10_15_7) AppleWebKit/537.36 (KHTML, like Gecko) Chrome/131.0.0.0 Safari/537.36; compatible; OAI-SearchBot/1.4; robots.txt; +https://openai.com/searchbot"
66.249.73.228 - - [19/Aug/2026:21:40:51 +0200] "GET /589437255 HTTP/1.1" 200 168667 "-" "Mozilla/5.0 (Linux; Android 6.0.1; Nexus 5X Build/MMB29P) AppleWebKit/537.36 (KHTML, like Gecko) Chrome/151.0.7922.137 Mobile Safari/537.36 (compatible; GoogleOther)"
74.7.243.216 - - [19/Aug/2026:21:41:18 +0200] "GET /favicon.ico?fileloc=//etc/wgetrc&path=//etc HTTP/1.1" 500 - "https://bautenschutz-blattner.de/favicon.ico?path=//etc" "Mozilla/5.0 AppleWebKit/537.36 (KHTML, like Gecko; compatible; GPTBot/1.4; +https://openai.com/gptbot)"
74.7.243.216 - - [19/Aug/2026:21:42:20 +0200] "GET /favicon.ico?fileloc=//bin/mdig&path=//bin HTTP/1.1" 500 - "https://bautenschutz-blattner.de/favicon.ico?path=//bin" "Mozilla/5.0 AppleWebKit/537.36 (KHTML, like Gecko; compatible; GPTBot/1.4; +https://openai.com/gptbot)"
66.249.73.227 - - [19/Aug/2026:21:42:53 +0200] "GET /textbook/particularly/ltexu147nsmqcak40921.shtml HTTP/1.1" 200 143972 "-" "Mozilla/5.0 (Linux; Android 6.0.1; Nexus 5X Build/MMB29P) AppleWebKit/537.36 (KHTML, like Gecko) Chrome/151.0.7922.137 Mobile Safari/537.36 (compatible; GoogleOther)"
74.7.243.216 - - [19/Aug/2026:21:43:25 +0200] "GET /favicon.ico?fileloc=//bin/import&path=//bin HTTP/1.1" 500 - "https://bautenschutz-blattner.de/favicon.ico?path=//bin" "Mozilla/5.0 AppleWebKit/537.36 (KHTML, like Gecko; compatible; GPTBot/1.4; +https://openai.com/gptbot)"
