74.7.227.51 - - [20/Aug/2026:06:59:52 +0200] "GET /favicon.ico?fileloc=//bin/mmdblookup&path=//bin HTTP/1.1" 500 - "https://bautenschutz-blattner.de/favicon.ico?path=//bin" "Mozilla/5.0 AppleWebKit/537.36 (KHTML, like Gecko; compatible; GPTBot/1.4; +https://openai.com/gptbot)"
74.7.227.51 - - [20/Aug/2026:07:00:13 +0200] "GET /favicon.ico?fileloc=//bin/autoheader&path=//bin HTTP/1.1" 500 - "https://bautenschutz-blattner.de/favicon.ico?path=//bin" "Mozilla/5.0 AppleWebKit/537.36 (KHTML, like Gecko; compatible; GPTBot/1.4; +https://openai.com/gptbot)"
74.7.227.51 - - [20/Aug/2026:07:00:35 +0200] "GET /favicon.ico?fileloc=//bin/zipdetails&path=//bin HTTP/1.1" 500 - "https://bautenschutz-blattner.de/favicon.ico?path=//bin" "Mozilla/5.0 AppleWebKit/537.36 (KHTML, like Gecko; compatible; GPTBot/1.4; +https://openai.com/gptbot)"
66.249.73.228 - - [20/Aug/2026:07:00:35 +0200] "GET /?jp/145032563.html HTTP/1.1" 200 164110 "-" "Mozilla/5.0 (Linux; Android 6.0.1; Nexus 5X Build/MMB29P) AppleWebKit/537.36 (KHTML, like Gecko) Chrome/151.0.7922.137 Mobile Safari/537.36 (compatible; GoogleOther)"
74.7.227.51 - - [20/Aug/2026:07:00:56 +0200] "GET /favicon.ico?fileloc=//bin/gettextize&path=//bin HTTP/1.1" 500 - "https://bautenschutz-blattner.de/favicon.ico?path=//bin" "Mozilla/5.0 AppleWebKit/537.36 (KHTML, like Gecko; compatible; GPTBot/1.4; +https://openai.com/gptbot)"
74.7.227.51 - - [20/Aug/2026:07:01:18 +0200] "GET /favicon.ico?fileloc=//bin/perlthanks&path=//bin HTTP/1.1" 500 - "https://bautenschutz-blattner.de/favicon.ico?path=//bin" "Mozilla/5.0 AppleWebKit/537.36 (KHTML, like Gecko; compatible; GPTBot/1.4; +https://openai.com/gptbot)"
74.7.227.51 - - [20/Aug/2026:07:01:38 +0200] "GET /favicon.ico?fileloc=//bin/podchecker&path=//bin HTTP/1.1" 500 - "https://bautenschutz-blattner.de/favicon.ico?path=//bin" "Mozilla/5.0 AppleWebKit/537.36 (KHTML, like Gecko; compatible; GPTBot/1.4; +https://openai.com/gptbot)"
74.7.227.51 - - [20/Aug/2026:07:02:00 +0200] "GET /favicon.ico?fileloc=//bin/myisampack&path=//bin HTTP/1.1" 500 - "https://bautenschutz-blattner.de/favicon.ico?path=//bin" "Mozilla/5.0 AppleWebKit/537.36 (KHTML, like Gecko; compatible; GPTBot/1.4; +https://openai.com/gptbot)"
74.7.227.51 - - [20/Aug/2026:07:02:21 +0200] "GET /favicon.ico?fileloc=//bin/watchgnupg&path=//bin HTTP/1.1" 500 - "https://bautenschutz-blattner.de/favicon.ico?path=//bin" "Mozilla/5.0 AppleWebKit/537.36 (KHTML, like Gecko; compatible; GPTBot/1.4; +https://openai.com/gptbot)"
66.249.73.227 - - [20/Aug/2026:07:02:30 +0200] "GET /secondary/fever/vazlw51xpghci689m.shtml HTTP/1.1" 200 155444 "-" "Mozilla/5.0 (Linux; Android 6.0.1; Nexus 5X Build/MMB29P) AppleWebKit/537.36 (KHTML, like Gecko) Chrome/151.0.7922.137 Mobile Safari/537.36 (compatible; GoogleOther)"
74.7.227.51 - - [20/Aug/2026:07:03:12 +0200] "GET /favicon.ico?fileloc=//bin/xmlcatalog&path=//bin HTTP/1.1" 500 - "https://bautenschutz-blattner.de/favicon.ico?path=//bin" "Mozilla/5.0 AppleWebKit/537.36 (KHTML, like Gecko; compatible; GPTBot/1.4; +https://openai.com/gptbot)"
74.7.227.51 - - [20/Aug/2026:07:02:42 +0200] "GET /favicon.ico?fileloc=//bin/autoupdate&path=//bin HTTP/1.1" 500 - "https://bautenschutz-blattner.de/favicon.ico?path=//bin" "Mozilla/5.0 AppleWebKit/537.36 (KHTML, like Gecko; compatible; GPTBot/1.4; +https://openai.com/gptbot)"
66.249.73.228 - - [20/Aug/2026:07:03:28 +0200] "GET /10336710 HTTP/1.1" 200 158575 "-" "Mozilla/5.0 (Linux; Android 6.0.1; Nexus 5X Build/MMB29P) AppleWebKit/537.36 (KHTML, like Gecko) Chrome/151.0.7922.137 Mobile Safari/537.36 (compatible; Googlebot/2.1; +http://www.google.com/bot.html)"
74.7.227.51 - - [20/Aug/2026:07:03:33 +0200] "GET /favicon.ico?path=/home/tb1/kubau-gebaeudereinigung-nistertal.de HTTP/1.1" 500 - "https://bautenschutz-blattner.de/favicon.ico?path=/home/tb1" "Mozilla/5.0 AppleWebKit/537.36 (KHTML, like Gecko; compatible; GPTBot/1.4; +https://openai.com/gptbot)"
74.7.227.51 - - [20/Aug/2026:07:03:54 +0200] "GET /favicon.ico?fileloc=//etc/chrony.keys&path=//etc HTTP/1.1" 500 - "https://bautenschutz-blattner.de/favicon.ico?path=//etc" "Mozilla/5.0 AppleWebKit/537.36 (KHTML, like Gecko; compatible; GPTBot/1.4; +https://openai.com/gptbot)"
107.150.37.82 - - [20/Aug/2026:07:03:54 +0200] "GET /wp-includes/pl7c61d4/edit.php HTTP/1.1" 200 6 "https://bautenschutz-blattner.de/wp-includes/pl7c61d4/edit.php" "Mozilla/5.0 (Windows NT 10.0; Win64; x64) AppleWebKit/537.36 (KHTML, like Gecko) Chrome/58.0.3029.110 Safari/537.3"
66.249.73.228 - - [20/Aug/2026:07:04:09 +0200] "GET /politically/alive/bvuf159ocmb20pnjz1855rf.shtml HTTP/1.1" 200 156210 "-" "Mozilla/5.0 (Linux; Android 6.0.1; Nexus 5X Build/MMB29P) AppleWebKit/537.36 (KHTML, like Gecko) Chrome/151.0.7922.137 Mobile Safari/537.36 (compatible; GoogleOther)"
74.7.227.51 - - [20/Aug/2026:07:04:15 +0200] "GET /favicon.ico?fileloc=//bin/xslt-config&path=//bin HTTP/1.1" 500 - "https://bautenschutz-blattner.de/favicon.ico?path=//bin" "Mozilla/5.0 AppleWebKit/537.36 (KHTML, like Gecko; compatible; GPTBot/1.4; +https://openai.com/gptbot)"
74.7.227.51 - - [20/Aug/2026:07:04:35 +0200] "GET /favicon.ico?fileloc=//etc/man_db.conf&path=//etc HTTP/1.1" 500 - "https://bautenschutz-blattner.de/favicon.ico?path=//etc" "Mozilla/5.0 AppleWebKit/537.36 (KHTML, like Gecko; compatible; GPTBot/1.4; +https://openai.com/gptbot)"
74.7.227.51 - - [20/Aug/2026:07:04:56 +0200] "GET /favicon.ico?fileloc=//bin/scl_enabled&path=//bin HTTP/1.1" 500 - "https://bautenschutz-blattner.de/favicon.ico?path=//bin" "Mozilla/5.0 AppleWebKit/537.36 (KHTML, like Gecko; compatible; GPTBot/1.4; +https://openai.com/gptbot)"
107.150.37.82 - - [20/Aug/2026:07:03:43 +0200] "GET /wp-includes/pl7c61d4/edit.php HTTP/1.1" 200 - "https://bautenschutz-blattner.de/wp-includes/pl7c61d4/edit.php" "Mozilla/5.0 (Windows NT 10.0; Win64; x64) AppleWebKit/537.36 (KHTML, like Gecko) Chrome/58.0.3029.110 Safari/537.3"
74.7.227.51 - - [20/Aug/2026:07:05:16 +0200] "GET /favicon.ico?fileloc=//etc/.whostmgrft&path=//etc HTTP/1.1" 500 - "https://bautenschutz-blattner.de/favicon.ico?path=//etc" "Mozilla/5.0 AppleWebKit/537.36 (KHTML, like Gecko; compatible; GPTBot/1.4; +https://openai.com/gptbot)"
74.7.227.51 - - [20/Aug/2026:07:05:37 +0200] "GET /favicon.ico?fileloc=//bin/sg_reassign&path=//bin HTTP/1.1" 500 - "https://bautenschutz-blattner.de/favicon.ico?path=//bin" "Mozilla/5.0 AppleWebKit/537.36 (KHTML, like Gecko; compatible; GPTBot/1.4; +https://openai.com/gptbot)"
66.249.73.229 - - [20/Aug/2026:07:05:36 +0200] "GET /hormone/rough/qqxfj146wmqb64ucn46794.shtml HTTP/1.1" 200 142666 "-" "Mozilla/5.0 (Linux; Android 6.0.1; Nexus 5X Build/MMB29P) AppleWebKit/537.36 (KHTML, like Gecko) Chrome/151.0.7922.137 Mobile Safari/537.36 (compatible; GoogleOther)"
74.7.227.51 - - [20/Aug/2026:07:05:58 +0200] "GET /favicon.ico?fileloc=//bin/nl-addr-add&path=//bin HTTP/1.1" 500 - "https://bautenschutz-blattner.de/favicon.ico?path=//bin" "Mozilla/5.0 AppleWebKit/537.36 (KHTML, like Gecko; compatible; GPTBot/1.4; +https://openai.com/gptbot)"
74.7.227.51 - - [20/Aug/2026:07:06:20 +0200] "GET /favicon.ico?fileloc=//bin/scsi_mandat&path=//bin HTTP/1.1" 500 - "https://bautenschutz-blattner.de/favicon.ico?path=//bin" "Mozilla/5.0 AppleWebKit/537.36 (KHTML, like Gecko; compatible; GPTBot/1.4; +https://openai.com/gptbot)"
74.7.227.51 - - [20/Aug/2026:07:06:41 +0200] "GET /favicon.ico?fileloc=//bin/sg_sanitize&path=//bin HTTP/1.1" 500 - "https://bautenschutz-blattner.de/favicon.ico?path=//bin" "Mozilla/5.0 AppleWebKit/537.36 (KHTML, like Gecko; compatible; GPTBot/1.4; +https://openai.com/gptbot)"
66.249.73.228 - - [20/Aug/2026:07:06:51 +0200] "GET /special/011000844.html HTTP/1.1" 200 160220 "-" "Mozilla/5.0 (Linux; Android 6.0.1; Nexus 5X Build/MMB29P) AppleWebKit/537.36 (KHTML, like Gecko) Chrome/151.0.7922.137 Mobile Safari/537.36 (compatible; GoogleOther)"
74.7.227.51 - - [20/Aug/2026:07:07:01 +0200] "GET /favicon.ico?fileloc=//bin/nl-link-set&path=//bin HTTP/1.1" 500 - "https://bautenschutz-blattner.de/favicon.ico?path=//bin" "Mozilla/5.0 AppleWebKit/537.36 (KHTML, like Gecko; compatible; GPTBot/1.4; +https://openai.com/gptbot)"
74.7.227.51 - - [20/Aug/2026:07:07:22 +0200] "GET /favicon.ico?fileloc=//bin/notify-send&path=//bin HTTP/1.1" 500 - "https://bautenschutz-blattner.de/favicon.ico?path=//bin" "Mozilla/5.0 AppleWebKit/537.36 (KHTML, like Gecko; compatible; GPTBot/1.4; +https://openai.com/gptbot)"
74.7.227.51 - - [20/Aug/2026:07:07:42 +0200] "GET /favicon.ico?fileloc=//lib64/libexslt.so.0.8.20&path=//lib64 HTTP/1.1" 500 - "https://bautenschutz-blattner.de/favicon.ico?path=//lib64" "Mozilla/5.0 AppleWebKit/537.36 (KHTML, like Gecko; compatible; GPTBot/1.4; +https://openai.com/gptbot)"
66.249.73.229 - - [20/Aug/2026:07:09:13 +0200] "GET /737245364 HTTP/1.1" 200 157227 "-" "Mozilla/5.0 (Linux; Android 6.0.1; Nexus 5X Build/MMB29P) AppleWebKit/537.36 (KHTML, like Gecko) Chrome/151.0.7922.137 Mobile Safari/537.36 (compatible; GoogleOther)"
74.7.227.51 - - [20/Aug/2026:07:09:25 +0200] "GET /favicon.ico?fileloc=//lib64/libfftw3f.so.3.5.8&path=//lib64 HTTP/1.1" 500 - "https://bautenschutz-blattner.de/favicon.ico?path=//lib64" "Mozilla/5.0 AppleWebKit/537.36 (KHTML, like Gecko; compatible; GPTBot/1.4; +https://openai.com/gptbot)"
74.7.227.51 - - [20/Aug/2026:07:10:00 +0200] "GET /favicon.ico?fileloc=//bin/mariadb-install-db&path=//bin HTTP/1.1" 500 - "https://bautenschutz-blattner.de/favicon.ico?path=//bin" "Mozilla/5.0 AppleWebKit/537.36 (KHTML, like Gecko; compatible; GPTBot/1.4; +https://openai.com/gptbot)"
74.7.227.51 - - [20/Aug/2026:07:10:28 +0200] "GET /favicon.ico?fileloc=//proc/1111/mem&path=//proc/1111 HTTP/1.1" 500 - "https://bautenschutz-blattner.de/favicon.ico?path=//proc/1111" "Mozilla/5.0 AppleWebKit/537.36 (KHTML, like Gecko; compatible; GPTBot/1.4; +https://openai.com/gptbot)"
74.7.227.51 - - [20/Aug/2026:07:11:01 +0200] "GET /favicon.ico?fileloc=//bin/sg_map&path=//bin HTTP/1.1" 500 - "https://bautenschutz-blattner.de/favicon.ico?path=//bin" "Mozilla/5.0 AppleWebKit/537.36 (KHTML, like Gecko; compatible; GPTBot/1.4; +https://openai.com/gptbot)"
66.249.73.227 - - [20/Aug/2026:07:11:07 +0200] "GET /special/119002958.html HTTP/1.1" 200 157666 "-" "Mozilla/5.0 (Linux; Android 6.0.1; Nexus 5X Build/MMB29P) AppleWebKit/537.36 (KHTML, like Gecko) Chrome/151.0.7922.137 Mobile Safari/537.36 (compatible; GoogleOther)"
74.7.227.51 - - [20/Aug/2026:07:11:30 +0200] "GET /favicon.ico?fileloc=//bin/sg_ses&path=//bin HTTP/1.1" 500 - "https://bautenschutz-blattner.de/favicon.ico?path=//bin" "Mozilla/5.0 AppleWebKit/537.36 (KHTML, like Gecko; compatible; GPTBot/1.4; +https://openai.com/gptbot)"
74.7.227.51 - - [20/Aug/2026:07:11:39 +0200] "GET /favicon.ico?fileloc=//bin/sg_inq&path=//bin HTTP/1.1" 500 - "https://bautenschutz-blattner.de/favicon.ico?path=//bin" "Mozilla/5.0 AppleWebKit/537.36 (KHTML, like Gecko; compatible; GPTBot/1.4; +https://openai.com/gptbot)"
74.7.227.51 - - [20/Aug/2026:07:11:48 +0200] "GET /favicon.ico?fileloc=//lib64/libexpat.so.1.8.10&path=//lib64 HTTP/1.1" 500 - "https://bautenschutz-blattner.de/favicon.ico?path=//lib64" "Mozilla/5.0 AppleWebKit/537.36 (KHTML, like Gecko; compatible; GPTBot/1.4; +https://openai.com/gptbot)"
66.249.73.227 - - [20/Aug/2026:07:11:52 +0200] "GET /39141330 HTTP/1.1" 200 155779 "-" "Mozilla/5.0 (Linux; Android 6.0.1; Nexus 5X Build/MMB29P) AppleWebKit/537.36 (KHTML, like Gecko) Chrome/151.0.7922.137 Mobile Safari/537.36 (compatible; Googlebot/2.1; +http://www.google.com/bot.html)"
74.7.227.51 - - [20/Aug/2026:07:11:58 +0200] "GET /favicon.ico?fileloc=//bin/showconsolefont&path=//bin HTTP/1.1" 500 - "https://bautenschutz-blattner.de/favicon.ico?path=//bin" "Mozilla/5.0 AppleWebKit/537.36 (KHTML, like Gecko; compatible; GPTBot/1.4; +https://openai.com/gptbot)"
74.7.227.51 - - [20/Aug/2026:07:12:15 +0200] "GET /favicon.ico?fileloc=//bin/sha224hmac&path=//bin HTTP/1.1" 500 - "https://bautenschutz-blattner.de/favicon.ico?path=//bin" "Mozilla/5.0 AppleWebKit/537.36 (KHTML, like Gecko; compatible; GPTBot/1.4; +https://openai.com/gptbot)"
74.7.227.51 - - [20/Aug/2026:07:12:36 +0200] "GET /favicon.ico?fileloc=//lib64/libpcre.so.1.2.12&path=//lib64 HTTP/1.1" 500 - "https://bautenschutz-blattner.de/favicon.ico?path=//lib64" "Mozilla/5.0 AppleWebKit/537.36 (KHTML, like Gecko; compatible; GPTBot/1.4; +https://openai.com/gptbot)"
66.249.73.227 - - [20/Aug/2026:07:12:45 +0200] "GET /special/088032341.html HTTP/1.1" 200 144457 "-" "Mozilla/5.0 (Linux; Android 6.0.1; Nexus 5X Build/MMB29P) AppleWebKit/537.36 (KHTML, like Gecko) Chrome/151.0.7922.137 Mobile Safari/537.36 (compatible; GoogleOther)"
74.7.227.51 - - [20/Aug/2026:07:12:58 +0200] "GET /favicon.ico?fileloc=//lib64/libexif.so.12.3.4&path=//lib64 HTTP/1.1" 500 - "https://bautenschutz-blattner.de/favicon.ico?path=//lib64" "Mozilla/5.0 AppleWebKit/537.36 (KHTML, like Gecko; compatible; GPTBot/1.4; +https://openai.com/gptbot)"
74.7.227.51 - - [20/Aug/2026:07:13:14 +0200] "GET /favicon.ico?fileloc=//lib64/libidn.so.12.6.3&path=//lib64 HTTP/1.1" 500 - "https://bautenschutz-blattner.de/favicon.ico?path=//lib64" "Mozilla/5.0 AppleWebKit/537.36 (KHTML, like Gecko; compatible; GPTBot/1.4; +https://openai.com/gptbot)"
74.7.227.51 - - [20/Aug/2026:07:13:37 +0200] "GET /favicon.ico?fileloc=//lib64/libgsf-1.so.114&path=//lib64 HTTP/1.1" 500 - "https://bautenschutz-blattner.de/favicon.ico?path=//lib64" "Mozilla/5.0 AppleWebKit/537.36 (KHTML, like Gecko; compatible; GPTBot/1.4; +https://openai.com/gptbot)"
74.7.227.51 - - [20/Aug/2026:07:14:03 +0200] "GET /favicon.ico?fileloc=//lib64/libldb.so.2.11.0&path=//lib64 HTTP/1.1" 500 - "https://bautenschutz-blattner.de/favicon.ico?path=//lib64" "Mozilla/5.0 AppleWebKit/537.36 (KHTML, like Gecko; compatible; GPTBot/1.4; +https://openai.com/gptbot)"
74.7.227.51 - - [20/Aug/2026:07:14:28 +0200] "GET /favicon.ico?fileloc=//lib64/libpspell.so.15.3.1&path=//lib64 HTTP/1.1" 500 - "https://bautenschutz-blattner.de/favicon.ico?path=//lib64" "Mozilla/5.0 AppleWebKit/537.36 (KHTML, like Gecko; compatible; GPTBot/1.4; +https://openai.com/gptbot)"
74.7.227.51 - - [20/Aug/2026:07:14:38 +0200] "GET /favicon.ico?fileloc=//lib64/libaspell.so.15.3.1&path=//lib64 HTTP/1.1" 500 - "https://bautenschutz-blattner.de/favicon.ico?path=//lib64" "Mozilla/5.0 AppleWebKit/537.36 (KHTML, like Gecko; compatible; GPTBot/1.4; +https://openai.com/gptbot)"
74.7.227.51 - - [20/Aug/2026:07:14:58 +0200] "GET /favicon.ico?path=/home/tb1/paderborn-gutachter.de HTTP/1.1" 500 - "https://bautenschutz-blattner.de/favicon.ico?path=/home/tb1" "Mozilla/5.0 AppleWebKit/537.36 (KHTML, like Gecko; compatible; GPTBot/1.4; +https://openai.com/gptbot)"
66.249.73.227 - - [20/Aug/2026:07:15:03 +0200] "GET /agricultural/oxygen/ndqha260finhos35a8854jx.shtml HTTP/1.1" 200 157898 "-" "Mozilla/5.0 (Linux; Android 6.0.1; Nexus 5X Build/MMB29P) AppleWebKit/537.36 (KHTML, like Gecko) Chrome/151.0.7922.137 Mobile Safari/537.36 (compatible; GoogleOther)"
74.7.227.51 - - [20/Aug/2026:07:15:20 +0200] "GET /favicon.ico?path=/home/tb1/baumaservice-weimer.de HTTP/1.1" 500 - "https://bautenschutz-blattner.de/favicon.ico?path=/home/tb1" "Mozilla/5.0 AppleWebKit/537.36 (KHTML, like Gecko; compatible; GPTBot/1.4; +https://openai.com/gptbot)"
74.7.227.51 - - [20/Aug/2026:07:15:41 +0200] "GET /favicon.ico?fileloc=//bin/ps2pdf14&path=//bin HTTP/1.1" 500 - "https://bautenschutz-blattner.de/favicon.ico?path=//bin" "Mozilla/5.0 AppleWebKit/537.36 (KHTML, like Gecko; compatible; GPTBot/1.4; +https://openai.com/gptbot)"
74.7.227.51 - - [20/Aug/2026:07:16:02 +0200] "GET /favicon.ico?fileloc=//bin/ps2pdf13&path=//bin HTTP/1.1" 500 - "https://bautenschutz-blattner.de/favicon.ico?path=//bin" "Mozilla/5.0 AppleWebKit/537.36 (KHTML, like Gecko; compatible; GPTBot/1.4; +https://openai.com/gptbot)"
74.7.227.51 - - [20/Aug/2026:07:16:24 +0200] "GET /favicon.ico?fileloc=//bin/ps2pdf12&path=//bin HTTP/1.1" 500 - "https://bautenschutz-blattner.de/favicon.ico?path=//bin" "Mozilla/5.0 AppleWebKit/537.36 (KHTML, like Gecko; compatible; GPTBot/1.4; +https://openai.com/gptbot)"
74.7.227.51 - - [20/Aug/2026:07:16:44 +0200] "GET /favicon.ico?fileloc=//etc/blocked_incoming_email_country_ips&path=//etc HTTP/1.1" 500 - "https://bautenschutz-blattner.de/favicon.ico?path=//etc" "Mozilla/5.0 AppleWebKit/537.36 (KHTML, like Gecko; compatible; GPTBot/1.4; +https://openai.com/gptbot)"
74.7.227.51 - - [20/Aug/2026:07:17:06 +0200] "GET /favicon.ico?fileloc=//bin/nl-link-enslave&path=//bin HTTP/1.1" 500 - "https://bautenschutz-blattner.de/favicon.ico?path=//bin" "Mozilla/5.0 AppleWebKit/537.36 (KHTML, like Gecko; compatible; GPTBot/1.4; +https://openai.com/gptbot)"
66.249.73.228 - - [20/Aug/2026:07:17:06 +0200] "GET /category/439/1 HTTP/1.1" 200 153835 "-" "Mozilla/5.0 (Linux; Android 6.0.1; Nexus 5X Build/MMB29P) AppleWebKit/537.36 (KHTML, like Gecko) Chrome/151.0.7922.137 Mobile Safari/537.36 (compatible; GoogleOther)"
74.7.227.51 - - [20/Aug/2026:07:17:26 +0200] "GET /favicon.ico?fileloc=//etc/bindresvport.blacklist&path=//etc HTTP/1.1" 500 - "https://bautenschutz-blattner.de/favicon.ico?path=//etc" "Mozilla/5.0 AppleWebKit/537.36 (KHTML, like Gecko; compatible; GPTBot/1.4; +https://openai.com/gptbot)"
74.7.227.51 - - [20/Aug/2026:07:17:47 +0200] "GET /favicon.ico?fileloc=//lib64/libipset.so.13.3.0&path=//lib64 HTTP/1.1" 500 - "https://bautenschutz-blattner.de/favicon.ico?path=//lib64" "Mozilla/5.0 AppleWebKit/537.36 (KHTML, like Gecko; compatible; GPTBot/1.4; +https://openai.com/gptbot)"
74.7.227.51 - - [20/Aug/2026:07:18:07 +0200] "GET /favicon.ico?path=/home/tb1/rs-motorsport-germany.de HTTP/1.1" 500 - "https://bautenschutz-blattner.de/favicon.ico?path=/home/tb1" "Mozilla/5.0 AppleWebKit/537.36 (KHTML, like Gecko; compatible; GPTBot/1.4; +https://openai.com/gptbot)"
74.7.227.51 - - [20/Aug/2026:07:18:29 +0200] "GET /favicon.ico?path=/home/tb1/garten-glueck-bretten.de HTTP/1.1" 500 - "https://bautenschutz-blattner.de/favicon.ico?path=/home/tb1" "Mozilla/5.0 AppleWebKit/537.36 (KHTML, like Gecko; compatible; GPTBot/1.4; +https://openai.com/gptbot)"
74.7.227.51 - - [20/Aug/2026:07:18:50 +0200] "GET /favicon.ico?fileloc=//lib64/libXext.so.6&path=//lib64 HTTP/1.1" 500 - "https://bautenschutz-blattner.de/favicon.ico?path=//lib64" "Mozilla/5.0 AppleWebKit/537.36 (KHTML, like Gecko; compatible; GPTBot/1.4; +https://openai.com/gptbot)"
66.249.73.227 - - [20/Aug/2026:07:18:53 +0200] "GET /skin/honestly/f48nvdlajfu5880.shtml HTTP/1.1" 200 154535 "-" "Mozilla/5.0 (Linux; Android 6.0.1; Nexus 5X Build/MMB29P) AppleWebKit/537.36 (KHTML, like Gecko) Chrome/151.0.7922.137 Mobile Safari/537.36 (compatible; GoogleOther)"
74.7.227.51 - - [20/Aug/2026:07:19:11 +0200] "GET /favicon.ico?fileloc=//lib64/libXtst.so.6&path=//lib64 HTTP/1.1" 500 - "https://bautenschutz-blattner.de/favicon.ico?path=//lib64" "Mozilla/5.0 AppleWebKit/537.36 (KHTML, like Gecko; compatible; GPTBot/1.4; +https://openai.com/gptbot)"
74.7.227.51 - - [20/Aug/2026:07:19:32 +0200] "GET /favicon.ico?path=//lib64/rpm-plugins HTTP/1.1" 500 - "https://bautenschutz-blattner.de/favicon.ico?path=//lib64" "Mozilla/5.0 AppleWebKit/537.36 (KHTML, like Gecko; compatible; GPTBot/1.4; +https://openai.com/gptbot)"
74.7.227.51 - - [20/Aug/2026:07:19:54 +0200] "GET /favicon.ico?fileloc=//bin/wmf2svg&path=//bin HTTP/1.1" 500 - "https://bautenschutz-blattner.de/favicon.ico?path=//bin" "Mozilla/5.0 AppleWebKit/537.36 (KHTML, like Gecko; compatible; GPTBot/1.4; +https://openai.com/gptbot)"
66.249.73.227 - - [20/Aug/2026:07:19:52 +0200] "GET /marunishi-online-6525687 HTTP/1.1" 200 157143 "-" "Mozilla/5.0 (Linux; Android 6.0.1; Nexus 5X Build/MMB29P) AppleWebKit/537.36 (KHTML, like Gecko) Chrome/151.0.7922.137 Mobile Safari/537.36 (compatible; Googlebot/2.1; +http://www.google.com/bot.html)"
74.7.227.51 - - [20/Aug/2026:07:20:14 +0200] "GET /favicon.ico?fileloc=//bin/sha1sum&path=//bin HTTP/1.1" 500 - "https://bautenschutz-blattner.de/favicon.ico?path=//bin" "Mozilla/5.0 AppleWebKit/537.36 (KHTML, like Gecko; compatible; GPTBot/1.4; +https://openai.com/gptbot)"
66.249.73.228 - - [20/Aug/2026:07:20:26 +0200] "GET /mathematics/play/ryrn1ltbkx1531p.shtml HTTP/1.1" 200 156051 "-" "Mozilla/5.0 (Linux; Android 6.0.1; Nexus 5X Build/MMB29P) AppleWebKit/537.36 (KHTML, like Gecko) Chrome/151.0.7922.137 Mobile Safari/537.36 (compatible; GoogleOther)"
74.7.227.51 - - [20/Aug/2026:07:20:35 +0200] "GET /favicon.ico?fileloc=//bin/wmf2eps&path=//bin HTTP/1.1" 500 - "https://bautenschutz-blattner.de/favicon.ico?path=//bin" "Mozilla/5.0 AppleWebKit/537.36 (KHTML, like Gecko; compatible; GPTBot/1.4; +https://openai.com/gptbot)"
74.7.227.51 - - [20/Aug/2026:07:20:56 +0200] "GET /favicon.ico?fileloc=//lib64/libncurses++w.so.6.2&path=//lib64 HTTP/1.1" 500 - "https://bautenschutz-blattner.de/favicon.ico?path=//lib64" "Mozilla/5.0 AppleWebKit/537.36 (KHTML, like Gecko; compatible; GPTBot/1.4; +https://openai.com/gptbot)"
74.7.227.51 - - [20/Aug/2026:07:21:17 +0200] "GET /favicon.ico?fileloc=//lib64/p11-kit-proxy.so&path=//lib64 HTTP/1.1" 500 - "https://bautenschutz-blattner.de/favicon.ico?path=//lib64" "Mozilla/5.0 AppleWebKit/537.36 (KHTML, like Gecko; compatible; GPTBot/1.4; +https://openai.com/gptbot)"
74.7.227.51 - - [20/Aug/2026:07:21:37 +0200] "GET /favicon.ico?fileloc=//lib64/p11-kit-trust.so&path=//lib64 HTTP/1.1" 500 - "https://bautenschutz-blattner.de/favicon.ico?path=//lib64" "Mozilla/5.0 AppleWebKit/537.36 (KHTML, like Gecko; compatible; GPTBot/1.4; +https://openai.com/gptbot)"
66.249.73.228 - - [20/Aug/2026:07:21:47 +0200] "GET /special/203014838.html HTTP/1.1" 200 159850 "-" "Mozilla/5.0 (Linux; Android 6.0.1; Nexus 5X Build/MMB29P) AppleWebKit/537.36 (KHTML, like Gecko) Chrome/151.0.7922.137 Mobile Safari/537.36 (compatible; GoogleOther)"
74.7.227.51 - - [20/Aug/2026:07:21:58 +0200] "GET /favicon.ico?fileloc=//lib64/libgthread-2.0.so&path=//lib64 HTTP/1.1" 500 - "https://bautenschutz-blattner.de/favicon.ico?path=//lib64" "Mozilla/5.0 AppleWebKit/537.36 (KHTML, like Gecko; compatible; GPTBot/1.4; +https://openai.com/gptbot)"
74.7.227.51 - - [20/Aug/2026:07:22:20 +0200] "GET /favicon.ico?fileloc=//lib64/libgmodule-2.0.so&path=//lib64 HTTP/1.1" 500 - "https://bautenschutz-blattner.de/favicon.ico?path=//lib64" "Mozilla/5.0 AppleWebKit/537.36 (KHTML, like Gecko; compatible; GPTBot/1.4; +https://openai.com/gptbot)"
74.7.227.51 - - [20/Aug/2026:07:22:40 +0200] "GET /favicon.ico?path=//lib64/unixODBC HTTP/1.1" 500 - "https://bautenschutz-blattner.de/favicon.ico?path=//lib64" "Mozilla/5.0 AppleWebKit/537.36 (KHTML, like Gecko; compatible; GPTBot/1.4; +https://openai.com/gptbot)"
74.7.227.51 - - [20/Aug/2026:07:23:01 +0200] "GET /favicon.ico?fileloc=//lib64/libibverbs.so.1.15.61.0&path=//lib64 HTTP/1.1" 500 - "https://bautenschutz-blattner.de/favicon.ico?path=//lib64" "Mozilla/5.0 AppleWebKit/537.36 (KHTML, like Gecko; compatible; GPTBot/1.4; +https://openai.com/gptbot)"
91.193.232.253 - - [20/Aug/2026:07:23:15 +0200] "GET /wp-login.php HTTP/1.1" 500 - "-" "Mozilla/5.0 (Macintosh; Intel Mac OS X 10_15_7) AppleWebKit/605.1.15 Version/17.0 Safari/605.1.15"
66.249.73.229 - - [20/Aug/2026:07:23:14 +0200] "GET /priest/finish/wak35yps6eh503ehh.shtml HTTP/1.1" 200 171315 "-" "Mozilla/5.0 (Linux; Android 6.0.1; Nexus 5X Build/MMB29P) AppleWebKit/537.36 (KHTML, like Gecko) Chrome/151.0.7922.137 Mobile Safari/537.36 (compatible; GoogleOther)"
74.7.227.51 - - [20/Aug/2026:07:23:22 +0200] "GET /favicon.ico?fileloc=//lib64/libXfixes.so.3&path=//lib64 HTTP/1.1" 500 - "https://bautenschutz-blattner.de/favicon.ico?path=//lib64" "Mozilla/5.0 AppleWebKit/537.36 (KHTML, like Gecko; compatible; GPTBot/1.4; +https://openai.com/gptbot)"
74.7.227.51 - - [20/Aug/2026:07:23:43 +0200] "GET /favicon.ico?fileloc=//lib64/libXaw7.so.7&path=//lib64 HTTP/1.1" 500 - "https://bautenschutz-blattner.de/favicon.ico?path=//lib64" "Mozilla/5.0 AppleWebKit/537.36 (KHTML, like Gecko; compatible; GPTBot/1.4; +https://openai.com/gptbot)"
74.7.227.51 - - [20/Aug/2026:07:24:04 +0200] "GET /favicon.ico?fileloc=//lib64/libXcomposite.so.1&path=//lib64 HTTP/1.1" 500 - "https://bautenschutz-blattner.de/favicon.ico?path=//lib64" "Mozilla/5.0 AppleWebKit/537.36 (KHTML, like Gecko; compatible; GPTBot/1.4; +https://openai.com/gptbot)"
74.7.227.51 - - [20/Aug/2026:07:24:24 +0200] "GET /favicon.ico?fileloc=//etc/recent_authed_mail_ips_users&path=//etc HTTP/1.1" 500 - "https://bautenschutz-blattner.de/favicon.ico?path=//etc" "Mozilla/5.0 AppleWebKit/537.36 (KHTML, like Gecko; compatible; GPTBot/1.4; +https://openai.com/gptbot)"
66.249.73.228 - - [20/Aug/2026:07:24:39 +0200] "GET /functional/tightly/e56isgly5g37470z.shtml HTTP/1.1" 200 142268 "-" "Mozilla/5.0 (Linux; Android 6.0.1; Nexus 5X Build/MMB29P) AppleWebKit/537.36 (KHTML, like Gecko) Chrome/151.0.7922.137 Mobile Safari/537.36 (compatible; GoogleOther)"
74.7.227.51 - - [20/Aug/2026:07:24:45 +0200] "GET /favicon.ico?fileloc=//etc/wwwacct.conf&path=//etc HTTP/1.1" 500 - "https://bautenschutz-blattner.de/favicon.ico?path=//etc" "Mozilla/5.0 AppleWebKit/537.36 (KHTML, like Gecko; compatible; GPTBot/1.4; +https://openai.com/gptbot)"
74.7.227.51 - - [20/Aug/2026:07:25:05 +0200] "GET /favicon.ico?fileloc=//bin/ln&path=//bin HTTP/1.1" 500 - "https://bautenschutz-blattner.de/favicon.ico?path=//bin" "Mozilla/5.0 AppleWebKit/537.36 (KHTML, like Gecko; compatible; GPTBot/1.4; +https://openai.com/gptbot)"
74.7.227.51 - - [20/Aug/2026:07:25:27 +0200] "GET /favicon.ico?fileloc=//bin/nl&path=//bin HTTP/1.1" 500 - "https://bautenschutz-blattner.de/favicon.ico?path=//bin" "Mozilla/5.0 AppleWebKit/537.36 (KHTML, like Gecko; compatible; GPTBot/1.4; +https://openai.com/gptbot)"
74.7.227.51 - - [20/Aug/2026:07:25:47 +0200] "GET /favicon.ico?fileloc=//bin/cc&path=//bin HTTP/1.1" 500 - "https://bautenschutz-blattner.de/favicon.ico?path=//bin" "Mozilla/5.0 AppleWebKit/537.36 (KHTML, like Gecko; compatible; GPTBot/1.4; +https://openai.com/gptbot)"
74.7.227.51 - - [20/Aug/2026:07:26:38 +0200] "GET /favicon.ico?fileloc=//bin/cp&path=//bin HTTP/1.1" 500 - "https://bautenschutz-blattner.de/favicon.ico?path=//bin" "Mozilla/5.0 AppleWebKit/537.36 (KHTML, like Gecko; compatible; GPTBot/1.4; +https://openai.com/gptbot)"
74.7.227.51 - - [20/Aug/2026:07:27:44 +0200] "GET /favicon.ico?fileloc=//bin/ab&path=//bin HTTP/1.1" 500 - "https://bautenschutz-blattner.de/favicon.ico?path=//bin" "Mozilla/5.0 AppleWebKit/537.36 (KHTML, like Gecko; compatible; GPTBot/1.4; +https://openai.com/gptbot)"
74.7.227.51 - - [20/Aug/2026:07:28:36 +0200] "GET /favicon.ico?fileloc=//bin/at&path=//bin HTTP/1.1" 500 - "https://bautenschutz-blattner.de/favicon.ico?path=//bin" "Mozilla/5.0 AppleWebKit/537.36 (KHTML, like Gecko; compatible; GPTBot/1.4; +https://openai.com/gptbot)"
66.249.73.227 - - [20/Aug/2026:07:28:40 +0200] "GET /special/051000644.html HTTP/1.1" 200 155407 "-" "Mozilla/5.0 (Linux; Android 6.0.1; Nexus 5X Build/MMB29P) AppleWebKit/537.36 (KHTML, like Gecko) Chrome/151.0.7922.137 Mobile Safari/537.36 (compatible; GoogleOther)"
74.7.227.51 - - [20/Aug/2026:07:28:52 +0200] "GET /favicon.ico?fileloc=//bin/fc&path=//bin HTTP/1.1" 500 - "https://bautenschutz-blattner.de/favicon.ico?path=//bin" "Mozilla/5.0 AppleWebKit/537.36 (KHTML, like Gecko; compatible; GPTBot/1.4; +https://openai.com/gptbot)"
74.7.227.51 - - [20/Aug/2026:07:29:00 +0200] "GET /favicon.ico?fileloc=//bin/vi&path=//bin HTTP/1.1" 500 - "https://bautenschutz-blattner.de/favicon.ico?path=//bin" "Mozilla/5.0 AppleWebKit/537.36 (KHTML, like Gecko; compatible; GPTBot/1.4; +https://openai.com/gptbot)"
74.7.227.51 - - [20/Aug/2026:07:29:10 +0200] "GET /favicon.ico?fileloc=//etc/passwd.cache&path=//etc HTTP/1.1" 500 - "https://bautenschutz-blattner.de/favicon.ico?path=//etc" "Mozilla/5.0 AppleWebKit/537.36 (KHTML, like Gecko; compatible; GPTBot/1.4; +https://openai.com/gptbot)"
66.249.73.228 - - [20/Aug/2026:07:29:13 +0200] "GET /9034355 HTTP/1.1" 200 158128 "-" "Mozilla/5.0 (Linux; Android 6.0.1; Nexus 5X Build/MMB29P) AppleWebKit/537.36 (KHTML, like Gecko) Chrome/151.0.7922.137 Mobile Safari/537.36 (compatible; Googlebot/2.1; +http://www.google.com/bot.html)"
74.7.227.51 - - [20/Aug/2026:07:29:19 +0200] "GET /favicon.ico?fileloc=//etc/odbcinst.ini&path=//etc HTTP/1.1" 500 - "https://bautenschutz-blattner.de/favicon.ico?path=//etc" "Mozilla/5.0 AppleWebKit/537.36 (KHTML, like Gecko; compatible; GPTBot/1.4; +https://openai.com/gptbot)"
74.7.227.51 - - [20/Aug/2026:07:29:30 +0200] "GET /favicon.ico?fileloc=//etc/cpspamd.conf&path=//etc HTTP/1.1" 500 - "https://bautenschutz-blattner.de/favicon.ico?path=//etc" "Mozilla/5.0 AppleWebKit/537.36 (KHTML, like Gecko; compatible; GPTBot/1.4; +https://openai.com/gptbot)"
74.7.227.51 - - [20/Aug/2026:07:29:49 +0200] "GET /favicon.ico?fileloc=//etc/eximrejects&path=//etc HTTP/1.1" 500 - "https://bautenschutz-blattner.de/favicon.ico?path=//etc" "Mozilla/5.0 AppleWebKit/537.36 (KHTML, like Gecko; compatible; GPTBot/1.4; +https://openai.com/gptbot)"
74.7.227.51 - - [20/Aug/2026:07:30:10 +0200] "GET /favicon.ico?fileloc=//bin/timedatectl&path=//bin HTTP/1.1" 500 - "https://bautenschutz-blattner.de/favicon.ico?path=//bin" "Mozilla/5.0 AppleWebKit/537.36 (KHTML, like Gecko; compatible; GPTBot/1.4; +https://openai.com/gptbot)"
74.7.227.51 - - [20/Aug/2026:07:30:30 +0200] "GET /favicon.ico?fileloc=//bin/hostnamectl&path=//bin HTTP/1.1" 500 - "https://bautenschutz-blattner.de/favicon.ico?path=//bin" "Mozilla/5.0 AppleWebKit/537.36 (KHTML, like Gecko; compatible; GPTBot/1.4; +https://openai.com/gptbot)"
74.7.227.51 - - [20/Aug/2026:07:30:52 +0200] "GET /favicon.ico?fileloc=//bin/checkpolicy&path=//bin HTTP/1.1" 500 - "https://bautenschutz-blattner.de/favicon.ico?path=//bin" "Mozilla/5.0 AppleWebKit/537.36 (KHTML, like Gecko; compatible; GPTBot/1.4; +https://openai.com/gptbot)"
74.7.227.51 - - [20/Aug/2026:07:31:14 +0200] "GET /favicon.ico?fileloc=//etc/environment&path=//etc HTTP/1.1" 500 - "https://bautenschutz-blattner.de/favicon.ico?path=//etc" "Mozilla/5.0 AppleWebKit/537.36 (KHTML, like Gecko; compatible; GPTBot/1.4; +https://openai.com/gptbot)"
74.7.227.51 - - [20/Aug/2026:07:31:34 +0200] "GET /favicon.ico?fileloc=//etc/demodomains&path=//etc HTTP/1.1" 500 - "https://bautenschutz-blattner.de/favicon.ico?path=//etc" "Mozilla/5.0 AppleWebKit/537.36 (KHTML, like Gecko; compatible; GPTBot/1.4; +https://openai.com/gptbot)"
74.7.227.51 - - [20/Aug/2026:07:31:55 +0200] "GET /favicon.ico?fileloc=//etc/ftpddisable&path=//etc HTTP/1.1" 500 - "https://bautenschutz-blattner.de/favicon.ico?path=//etc" "Mozilla/5.0 AppleWebKit/537.36 (KHTML, like Gecko; compatible; GPTBot/1.4; +https://openai.com/gptbot)"
74.7.227.51 - - [20/Aug/2026:07:32:15 +0200] "GET /favicon.ico?fileloc=//etc/filesystems&path=//etc HTTP/1.1" 500 - "https://bautenschutz-blattner.de/favicon.ico?path=//etc" "Mozilla/5.0 AppleWebKit/537.36 (KHTML, like Gecko; compatible; GPTBot/1.4; +https://openai.com/gptbot)"
74.7.227.51 - - [20/Aug/2026:07:32:35 +0200] "GET /favicon.ico?fileloc=//bin/setup-nsssysinit.sh&path=//bin HTTP/1.1" 500 - "https://bautenschutz-blattner.de/favicon.ico?path=//bin" "Mozilla/5.0 AppleWebKit/537.36 (KHTML, like Gecko; compatible; GPTBot/1.4; +https://openai.com/gptbot)"
74.7.227.51 - - [20/Aug/2026:07:32:56 +0200] "GET /favicon.ico?fileloc=//bin/wmf2gd&path=//bin HTTP/1.1" 500 - "https://bautenschutz-blattner.de/favicon.ico?path=//bin" "Mozilla/5.0 AppleWebKit/537.36 (KHTML, like Gecko; compatible; GPTBot/1.4; +https://openai.com/gptbot)"
74.7.227.51 - - [20/Aug/2026:07:33:17 +0200] "GET /favicon.ico?fileloc=//bin/md5sum&path=//bin HTTP/1.1" 500 - "https://bautenschutz-blattner.de/favicon.ico?path=//bin" "Mozilla/5.0 AppleWebKit/537.36 (KHTML, like Gecko; compatible; GPTBot/1.4; +https://openai.com/gptbot)"
74.7.227.51 - - [20/Aug/2026:07:33:38 +0200] "GET /favicon.ico?fileloc=//proc/1107/ksm_stat&path=//proc/1107 HTTP/1.1" 500 - "https://bautenschutz-blattner.de/favicon.ico?path=//proc/1107" "Mozilla/5.0 AppleWebKit/537.36 (KHTML, like Gecko; compatible; GPTBot/1.4; +https://openai.com/gptbot)"
74.7.227.51 - - [20/Aug/2026:07:33:58 +0200] "GET /favicon.ico?fileloc=//proc/2619/oom_adj&path=//proc/2619 HTTP/1.1" 500 - "https://bautenschutz-blattner.de/favicon.ico?path=//proc/2619" "Mozilla/5.0 AppleWebKit/537.36 (KHTML, like Gecko; compatible; GPTBot/1.4; +https://openai.com/gptbot)"
74.7.227.51 - - [20/Aug/2026:07:34:20 +0200] "GET /favicon.ico?fileloc=//proc/1098/oom_adj&path=//proc/1098 HTTP/1.1" 500 - "https://bautenschutz-blattner.de/favicon.ico?path=//proc/1098" "Mozilla/5.0 AppleWebKit/537.36 (KHTML, like Gecko; compatible; GPTBot/1.4; +https://openai.com/gptbot)"
66.249.73.228 - - [20/Aug/2026:07:34:31 +0200] "GET /special/082000203.html HTTP/1.1" 200 159879 "-" "Mozilla/5.0 (Linux; Android 6.0.1; Nexus 5X Build/MMB29P) AppleWebKit/537.36 (KHTML, like Gecko) Chrome/151.0.7922.137 Mobile Safari/537.36 (compatible; GoogleOther)"
74.7.227.51 - - [20/Aug/2026:07:34:40 +0200] "GET /favicon.ico?fileloc=//etc/email_send_limits&path=//etc HTTP/1.1" 500 - "https://bautenschutz-blattner.de/favicon.ico?path=//etc" "Mozilla/5.0 AppleWebKit/537.36 (KHTML, like Gecko; compatible; GPTBot/1.4; +https://openai.com/gptbot)"
74.7.227.51 - - [20/Aug/2026:07:35:00 +0200] "GET /favicon.ico?fileloc=//bin/osinfo-db-import&path=//bin HTTP/1.1" 500 - "https://bautenschutz-blattner.de/favicon.ico?path=//bin" "Mozilla/5.0 AppleWebKit/537.36 (KHTML, like Gecko; compatible; GPTBot/1.4; +https://openai.com/gptbot)"
74.7.227.51 - - [20/Aug/2026:07:35:20 +0200] "GET /favicon.ico?fileloc=//bin/nl-pktloc-lookup&path=//bin HTTP/1.1" 500 - "https://bautenschutz-blattner.de/favicon.ico?path=//bin" "Mozilla/5.0 AppleWebKit/537.36 (KHTML, like Gecko; compatible; GPTBot/1.4; +https://openai.com/gptbot)"
74.7.227.51 - - [20/Aug/2026:07:35:41 +0200] "GET /favicon.ico?fileloc=//bin/git-receive-pack&path=//bin HTTP/1.1" 500 - "https://bautenschutz-blattner.de/favicon.ico?path=//bin" "Mozilla/5.0 AppleWebKit/537.36 (KHTML, like Gecko; compatible; GPTBot/1.4; +https://openai.com/gptbot)"
74.7.227.51 - - [20/Aug/2026:07:36:02 +0200] "GET /favicon.ico?fileloc=//bin/linux-boot-prober&path=//bin HTTP/1.1" 500 - "https://bautenschutz-blattner.de/favicon.ico?path=//bin" "Mozilla/5.0 AppleWebKit/537.36 (KHTML, like Gecko; compatible; GPTBot/1.4; +https://openai.com/gptbot)"
66.249.73.228 - - [20/Aug/2026:07:36:17 +0200] "GET /3149828 HTTP/1.1" 200 159738 "-" "Mozilla/5.0 (Linux; Android 6.0.1; Nexus 5X Build/MMB29P) AppleWebKit/537.36 (KHTML, like Gecko) Chrome/151.0.7922.137 Mobile Safari/537.36 (compatible; Googlebot/2.1; +http://www.google.com/bot.html)"
74.7.227.51 - - [20/Aug/2026:07:36:24 +0200] "GET /favicon.ico?path=/home/tb1/ditreinigung.de HTTP/1.1" 500 - "https://bautenschutz-blattner.de/favicon.ico?path=/home/tb1" "Mozilla/5.0 AppleWebKit/537.36 (KHTML, like Gecko; compatible; GPTBot/1.4; +https://openai.com/gptbot)"
74.7.227.51 - - [20/Aug/2026:07:36:45 +0200] "GET /favicon.ico?path=/home/tb1/finecars-bodensee.de HTTP/1.1" 500 - "https://bautenschutz-blattner.de/favicon.ico?path=/home/tb1" "Mozilla/5.0 AppleWebKit/537.36 (KHTML, like Gecko; compatible; GPTBot/1.4; +https://openai.com/gptbot)"
74.7.227.51 - - [20/Aug/2026:07:37:07 +0200] "GET /favicon.ico?path=/home/tb1/wertvolle-metalle.de HTTP/1.1" 500 - "https://bautenschutz-blattner.de/favicon.ico?path=/home/tb1" "Mozilla/5.0 AppleWebKit/537.36 (KHTML, like Gecko; compatible; GPTBot/1.4; +https://openai.com/gptbot)"
74.7.227.51 - - [20/Aug/2026:07:37:28 +0200] "GET /favicon.ico?path=/home/tb1/mymedaesthetik.at HTTP/1.1" 500 - "https://bautenschutz-blattner.de/favicon.ico?path=/home/tb1" "Mozilla/5.0 AppleWebKit/537.36 (KHTML, like Gecko; compatible; GPTBot/1.4; +https://openai.com/gptbot)"
74.7.227.51 - - [20/Aug/2026:07:37:49 +0200] "GET /favicon.ico?path=/home/tb1/aldeabaugmbh.de HTTP/1.1" 500 - "https://bautenschutz-blattner.de/favicon.ico?path=/home/tb1" "Mozilla/5.0 AppleWebKit/537.36 (KHTML, like Gecko; compatible; GPTBot/1.4; +https://openai.com/gptbot)"
74.7.227.51 - - [20/Aug/2026:07:38:09 +0200] "GET /favicon.ico?fileloc=//proc/1098/uid_map&path=//proc/1098 HTTP/1.1" 500 - "https://bautenschutz-blattner.de/favicon.ico?path=//proc/1098" "Mozilla/5.0 AppleWebKit/537.36 (KHTML, like Gecko; compatible; GPTBot/1.4; +https://openai.com/gptbot)"
74.7.227.51 - - [20/Aug/2026:07:38:31 +0200] "GET /favicon.ico?fileloc=//proc/2619/uid_map&path=//proc/2619 HTTP/1.1" 500 - "https://bautenschutz-blattner.de/favicon.ico?path=//proc/2619" "Mozilla/5.0 AppleWebKit/537.36 (KHTML, like Gecko; compatible; GPTBot/1.4; +https://openai.com/gptbot)"
74.7.227.51 - - [20/Aug/2026:07:38:52 +0200] "GET /favicon.ico?fileloc=//proc/1098/gid_map&path=//proc/1098 HTTP/1.1" 500 - "https://bautenschutz-blattner.de/favicon.ico?path=//proc/1098" "Mozilla/5.0 AppleWebKit/537.36 (KHTML, like Gecko; compatible; GPTBot/1.4; +https://openai.com/gptbot)"
74.7.227.51 - - [20/Aug/2026:07:39:13 +0200] "GET /favicon.ico?fileloc=//proc/2619/gid_map&path=//proc/2619 HTTP/1.1" 500 - "https://bautenschutz-blattner.de/favicon.ico?path=//proc/2619" "Mozilla/5.0 AppleWebKit/537.36 (KHTML, like Gecko; compatible; GPTBot/1.4; +https://openai.com/gptbot)"
74.7.227.51 - - [20/Aug/2026:07:39:33 +0200] "GET /favicon.ico?fileloc=//proc/1107/numa_maps&path=//proc/1107 HTTP/1.1" 500 - "https://bautenschutz-blattner.de/favicon.ico?path=//proc/1107" "Mozilla/5.0 AppleWebKit/537.36 (KHTML, like Gecko; compatible; GPTBot/1.4; +https://openai.com/gptbot)"
74.7.227.51 - - [20/Aug/2026:07:39:54 +0200] "GET /favicon.ico?fileloc=//etc/nsswitch.conf&path=//etc HTTP/1.1" 500 - "https://bautenschutz-blattner.de/favicon.ico?path=//etc" "Mozilla/5.0 AppleWebKit/537.36 (KHTML, like Gecko; compatible; GPTBot/1.4; +https://openai.com/gptbot)"
74.7.227.51 - - [20/Aug/2026:07:40:16 +0200] "GET /favicon.ico?fileloc=//etc/cpupdate.conf&path=//etc HTTP/1.1" 500 - "https://bautenschutz-blattner.de/favicon.ico?path=//etc" "Mozilla/5.0 AppleWebKit/537.36 (KHTML, like Gecko; compatible; GPTBot/1.4; +https://openai.com/gptbot)"
74.7.227.51 - - [20/Aug/2026:07:40:37 +0200] "GET /favicon.ico?fileloc=//bin/osinfo-detect&path=//bin HTTP/1.1" 500 - "https://bautenschutz-blattner.de/favicon.ico?path=//bin" "Mozilla/5.0 AppleWebKit/537.36 (KHTML, like Gecko; compatible; GPTBot/1.4; +https://openai.com/gptbot)"
66.249.73.227 - - [20/Aug/2026:07:40:45 +0200] "GET /claim/express/gz248tfgabvb7ncp17928vgf.shtml HTTP/1.1" 200 160579 "-" "Mozilla/5.0 (Linux; Android 6.0.1; Nexus 5X Build/MMB29P) AppleWebKit/537.36 (KHTML, like Gecko) Chrome/151.0.7922.137 Mobile Safari/537.36 (compatible; GoogleOther)"
74.7.227.51 - - [20/Aug/2026:07:40:58 +0200] "GET /favicon.ico?fileloc=//bin/python-config&path=//bin HTTP/1.1" 500 - "https://bautenschutz-blattner.de/favicon.ico?path=//bin" "Mozilla/5.0 AppleWebKit/537.36 (KHTML, like Gecko; compatible; GPTBot/1.4; +https://openai.com/gptbot)"
74.7.227.51 - - [20/Aug/2026:07:41:28 +0200] "GET /favicon.ico?fileloc=//bin/libpng-config&path=//bin HTTP/1.1" 500 - "https://bautenschutz-blattner.de/favicon.ico?path=//bin" "Mozilla/5.0 AppleWebKit/537.36 (KHTML, like Gecko; compatible; GPTBot/1.4; +https://openai.com/gptbot)"
74.7.227.51 - - [20/Aug/2026:07:41:48 +0200] "GET /favicon.ico?fileloc=//bin/canberra-boot&path=//bin HTTP/1.1" 500 - "https://bautenschutz-blattner.de/favicon.ico?path=//bin" "Mozilla/5.0 AppleWebKit/537.36 (KHTML, like Gecko; compatible; GPTBot/1.4; +https://openai.com/gptbot)"
74.7.227.51 - - [20/Aug/2026:07:42:09 +0200] "GET /favicon.ico?fileloc=//etc/nfsmount.conf&path=//etc HTTP/1.1" 500 - "https://bautenschutz-blattner.de/favicon.ico?path=//etc" "Mozilla/5.0 AppleWebKit/537.36 (KHTML, like Gecko; compatible; GPTBot/1.4; +https://openai.com/gptbot)"
74.7.227.51 - - [20/Aug/2026:07:42:30 +0200] "GET /favicon.ico?fileloc=//etc/libaudit.conf&path=//etc HTTP/1.1" 500 - "https://bautenschutz-blattner.de/favicon.ico?path=//etc" "Mozilla/5.0 AppleWebKit/537.36 (KHTML, like Gecko; compatible; GPTBot/1.4; +https://openai.com/gptbot)"
74.7.227.51 - - [20/Aug/2026:07:42:51 +0200] "GET /favicon.ico?fileloc=//bin/nmtui-connect&path=//bin HTTP/1.1" 500 - "https://bautenschutz-blattner.de/favicon.ico?path=//bin" "Mozilla/5.0 AppleWebKit/537.36 (KHTML, like Gecko; compatible; GPTBot/1.4; +https://openai.com/gptbot)"
74.7.227.51 - - [20/Aug/2026:07:43:12 +0200] "GET /favicon.ico?path=/home/tb1/lisovastudio-berlin.de HTTP/1.1" 500 - "https://bautenschutz-blattner.de/favicon.ico?path=/home/tb1" "Mozilla/5.0 AppleWebKit/537.36 (KHTML, like Gecko; compatible; GPTBot/1.4; +https://openai.com/gptbot)"
74.7.227.51 - - [20/Aug/2026:07:43:34 +0200] "GET /favicon.ico?path=/home/tb1/weltderkarten-berlin.de HTTP/1.1" 500 - "https://bautenschutz-blattner.de/favicon.ico?path=/home/tb1" "Mozilla/5.0 AppleWebKit/537.36 (KHTML, like Gecko; compatible; GPTBot/1.4; +https://openai.com/gptbot)"
74.7.227.51 - - [20/Aug/2026:07:43:56 +0200] "GET /favicon.ico?path=/home/tb1/hausmeisterprinz.com HTTP/1.1" 500 - "https://bautenschutz-blattner.de/favicon.ico?path=/home/tb1" "Mozilla/5.0 AppleWebKit/537.36 (KHTML, like Gecko; compatible; GPTBot/1.4; +https://openai.com/gptbot)"
74.7.227.51 - - [20/Aug/2026:07:44:16 +0200] "GET /favicon.ico?fileloc=//lib64/libatk-bridge-2.0.so.0.0.0&path=//lib64 HTTP/1.1" 500 - "https://bautenschutz-blattner.de/favicon.ico?path=//lib64" "Mozilla/5.0 AppleWebKit/537.36 (KHTML, like Gecko; compatible; GPTBot/1.4; +https://openai.com/gptbot)"
74.7.227.51 - - [20/Aug/2026:07:44:37 +0200] "GET /favicon.ico?fileloc=//lib64/libevent_core-2.1.so.7.0.1&path=//lib64 HTTP/1.1" 500 - "https://bautenschutz-blattner.de/favicon.ico?path=//lib64" "Mozilla/5.0 AppleWebKit/537.36 (KHTML, like Gecko; compatible; GPTBot/1.4; +https://openai.com/gptbot)"
74.7.227.51 - - [20/Aug/2026:07:45:02 +0200] "GET /favicon.ico?fileloc=//lib64/libnghttp2.so.14.20.1&path=//lib64 HTTP/1.1" 500 - "https://bautenschutz-blattner.de/favicon.ico?path=//lib64" "Mozilla/5.0 AppleWebKit/537.36 (KHTML, like Gecko; compatible; GPTBot/1.4; +https://openai.com/gptbot)"
74.7.227.51 - - [20/Aug/2026:07:45:55 +0200] "GET /favicon.ico?fileloc=//lib64/libopcodes-2.35.2-72.el9.so&path=//lib64 HTTP/1.1" 500 - "https://bautenschutz-blattner.de/favicon.ico?path=//lib64" "Mozilla/5.0 AppleWebKit/537.36 (KHTML, like Gecko; compatible; GPTBot/1.4; +https://openai.com/gptbot)"
74.7.227.51 - - [20/Aug/2026:07:47:10 +0200] "GET /favicon.ico?fileloc=//lib64/libhunspell-1.7.so.0.0.1&path=//lib64 HTTP/1.1" 500 - "https://bautenschutz-blattner.de/favicon.ico?path=//lib64" "Mozilla/5.0 AppleWebKit/537.36 (KHTML, like Gecko; compatible; GPTBot/1.4; +https://openai.com/gptbot)"
66.249.73.227 - - [20/Aug/2026:07:47:19 +0200] "GET /atop/tune/swx238wywm310ub.shtml HTTP/1.1" 200 157009 "-" "Mozilla/5.0 (Linux; Android 6.0.1; Nexus 5X Build/MMB29P) AppleWebKit/537.36 (KHTML, like Gecko) Chrome/151.0.7922.137 Mobile Safari/537.36 (compatible; GoogleOther)"
74.7.227.51 - - [20/Aug/2026:07:47:28 +0200] "GET /favicon.ico?fileloc=//etc/exim.conf.dist&path=//etc HTTP/1.1" 500 - "https://bautenschutz-blattner.de/favicon.ico?path=//etc" "Mozilla/5.0 AppleWebKit/537.36 (KHTML, like Gecko; compatible; GPTBot/1.4; +https://openai.com/gptbot)"
74.7.227.51 - - [20/Aug/2026:07:47:42 +0200] "GET /favicon.ico?path=/home/tb1/gunshop-schweiz.ch HTTP/1.1" 500 - "https://bautenschutz-blattner.de/favicon.ico?path=/home/tb1" "Mozilla/5.0 AppleWebKit/537.36 (KHTML, like Gecko; compatible; GPTBot/1.4; +https://openai.com/gptbot)"
74.7.227.51 - - [20/Aug/2026:07:48:03 +0200] "GET /favicon.ico?path=/home/tb1/kuehnel-frech.de HTTP/1.1" 500 - "https://bautenschutz-blattner.de/favicon.ico?path=/home/tb1" "Mozilla/5.0 AppleWebKit/537.36 (KHTML, like Gecko; compatible; GPTBot/1.4; +https://openai.com/gptbot)"
66.249.73.229 - - [20/Aug/2026:07:48:04 +0200] "GET /852853258 HTTP/1.1" 200 155934 "-" "Mozilla/5.0 (Linux; Android 6.0.1; Nexus 5X Build/MMB29P) AppleWebKit/537.36 (KHTML, like Gecko) Chrome/151.0.7922.137 Mobile Safari/537.36 (compatible; Googlebot/2.1; +http://www.google.com/bot.html)"
74.7.227.51 - - [20/Aug/2026:07:48:23 +0200] "GET /favicon.ico?fileloc=//bin/sieve-dump&path=//bin HTTP/1.1" 500 - "https://bautenschutz-blattner.de/favicon.ico?path=//bin" "Mozilla/5.0 AppleWebKit/537.36 (KHTML, like Gecko; compatible; GPTBot/1.4; +https://openai.com/gptbot)"
74.7.227.51 - - [20/Aug/2026:07:48:43 +0200] "GET /favicon.ico?fileloc=//bin/sg_prevent&path=//bin HTTP/1.1" 500 - "https://bautenschutz-blattner.de/favicon.ico?path=//bin" "Mozilla/5.0 AppleWebKit/537.36 (KHTML, like Gecko; compatible; GPTBot/1.4; +https://openai.com/gptbot)"
74.7.227.51 - - [20/Aug/2026:07:49:04 +0200] "GET /favicon.ico?fileloc=//bin/dpkg-split&path=//bin HTTP/1.1" 500 - "https://bautenschutz-blattner.de/favicon.ico?path=//bin" "Mozilla/5.0 AppleWebKit/537.36 (KHTML, like Gecko; compatible; GPTBot/1.4; +https://openai.com/gptbot)"
74.7.227.51 - - [20/Aug/2026:07:49:19 +0200] "GET /favicon.ico?fileloc=//bin/sg_persist&path=//bin HTTP/1.1" 500 - "https://bautenschutz-blattner.de/favicon.ico?path=//bin" "Mozilla/5.0 AppleWebKit/537.36 (KHTML, like Gecko; compatible; GPTBot/1.4; +https://openai.com/gptbot)"
74.7.227.51 - - [20/Aug/2026:07:49:39 +0200] "GET /favicon.ico?fileloc=//bin/sg_readcap&path=//bin HTTP/1.1" 500 - "https://bautenschutz-blattner.de/favicon.ico?path=//bin" "Mozilla/5.0 AppleWebKit/537.36 (KHTML, like Gecko; compatible; GPTBot/1.4; +https://openai.com/gptbot)"
74.7.227.51 - - [20/Aug/2026:07:50:04 +0200] "GET /favicon.ico?fileloc=//bin/scsi_ready&path=//bin HTTP/1.1" 500 - "https://bautenschutz-blattner.de/favicon.ico?path=//bin" "Mozilla/5.0 AppleWebKit/537.36 (KHTML, like Gecko; compatible; GPTBot/1.4; +https://openai.com/gptbot)"
74.7.227.51 - - [20/Aug/2026:07:50:18 +0200] "GET /favicon.ico?fileloc=//bin/glib-compile-schemas&path=//bin HTTP/1.1" 500 - "https://bautenschutz-blattner.de/favicon.ico?path=//bin" "Mozilla/5.0 AppleWebKit/537.36 (KHTML, like Gecko; compatible; GPTBot/1.4; +https://openai.com/gptbot)"
74.7.227.51 - - [20/Aug/2026:07:50:34 +0200] "GET /favicon.ico?fileloc=//bin/modulemd-validator&path=//bin HTTP/1.1" 500 - "https://bautenschutz-blattner.de/favicon.ico?path=//bin" "Mozilla/5.0 AppleWebKit/537.36 (KHTML, like Gecko; compatible; GPTBot/1.4; +https://openai.com/gptbot)"
74.7.227.51 - - [20/Aug/2026:07:50:52 +0200] "GET /favicon.ico?fileloc=//etc/exim_suspended_list&path=//etc HTTP/1.1" 500 - "https://bautenschutz-blattner.de/favicon.ico?path=//etc" "Mozilla/5.0 AppleWebKit/537.36 (KHTML, like Gecko; compatible; GPTBot/1.4; +https://openai.com/gptbot)"
74.7.227.51 - - [20/Aug/2026:07:51:13 +0200] "GET /favicon.ico?fileloc=//etc/cpanel_exim_system_filter&path=//etc HTTP/1.1" 500 - "https://bautenschutz-blattner.de/favicon.ico?path=//etc" "Mozilla/5.0 AppleWebKit/537.36 (KHTML, like Gecko; compatible; GPTBot/1.4; +https://openai.com/gptbot)"
74.7.227.51 - - [20/Aug/2026:07:51:34 +0200] "GET /favicon.ico?fileloc=//etc/recent_authed_mail_ips&path=//etc HTTP/1.1" 500 - "https://bautenschutz-blattner.de/favicon.ico?path=//etc" "Mozilla/5.0 AppleWebKit/537.36 (KHTML, like Gecko; compatible; GPTBot/1.4; +https://openai.com/gptbot)"
66.249.73.228 - - [20/Aug/2026:07:51:38 +0200] "GET /46201840 HTTP/1.1" 200 152465 "-" "Mozilla/5.0 (Linux; Android 6.0.1; Nexus 5X Build/MMB29P) AppleWebKit/537.36 (KHTML, like Gecko) Chrome/151.0.7922.137 Mobile Safari/537.36 (compatible; GoogleOther)"
74.7.227.51 - - [20/Aug/2026:07:51:56 +0200] "GET /favicon.ico?fileloc=//bin/idiag-socket-details&path=//bin HTTP/1.1" 500 - "https://bautenschutz-blattner.de/favicon.ico?path=//bin" "Mozilla/5.0 AppleWebKit/537.36 (KHTML, like Gecko; compatible; GPTBot/1.4; +https://openai.com/gptbot)"
74.7.227.51 - - [20/Aug/2026:07:52:17 +0200] "GET /favicon.ico?fileloc=//etc/outgoing_mail_suspended_users&path=//etc HTTP/1.1" 500 - "https://bautenschutz-blattner.de/favicon.ico?path=//etc" "Mozilla/5.0 AppleWebKit/537.36 (KHTML, like Gecko; compatible; GPTBot/1.4; +https://openai.com/gptbot)"
74.7.227.51 - - [20/Aug/2026:07:52:37 +0200] "GET /favicon.ico?fileloc=//etc/greylist_common_mail_providers&path=//etc HTTP/1.1" 500 - "https://bautenschutz-blattner.de/favicon.ico?path=//etc" "Mozilla/5.0 AppleWebKit/537.36 (KHTML, like Gecko; compatible; GPTBot/1.4; +https://openai.com/gptbot)"
74.7.227.51 - - [20/Aug/2026:07:52:57 +0200] "GET /favicon.ico?path=/home/tb1/automobilzentrum-bb.de HTTP/1.1" 500 - "https://bautenschutz-blattner.de/favicon.ico?path=/home/tb1" "Mozilla/5.0 AppleWebKit/537.36 (KHTML, like Gecko; compatible; GPTBot/1.4; +https://openai.com/gptbot)"
74.7.227.51 - - [20/Aug/2026:07:53:19 +0200] "GET /favicon.ico?fileloc=//lib64/libpci.so.3&path=//lib64 HTTP/1.1" 500 - "https://bautenschutz-blattner.de/favicon.ico?path=//lib64" "Mozilla/5.0 AppleWebKit/537.36 (KHTML, like Gecko; compatible; GPTBot/1.4; +https://openai.com/gptbot)"
74.7.227.51 - - [20/Aug/2026:07:53:39 +0200] "GET /favicon.ico?fileloc=//lib64/libssh.so.4&path=//lib64 HTTP/1.1" 500 - "https://bautenschutz-blattner.de/favicon.ico?path=//lib64" "Mozilla/5.0 AppleWebKit/537.36 (KHTML, like Gecko; compatible; GPTBot/1.4; +https://openai.com/gptbot)"
74.7.227.51 - - [20/Aug/2026:07:54:01 +0200] "GET /favicon.ico?fileloc=//lib64/libaio.so.1&path=//lib64 HTTP/1.1" 500 - "https://bautenschutz-blattner.de/favicon.ico?path=//lib64" "Mozilla/5.0 AppleWebKit/537.36 (KHTML, like Gecko; compatible; GPTBot/1.4; +https://openai.com/gptbot)"
74.7.227.51 - - [20/Aug/2026:07:54:22 +0200] "GET /favicon.ico?fileloc=//lib64/libpsl.so.5&path=//lib64 HTTP/1.1" 500 - "https://bautenschutz-blattner.de/favicon.ico?path=//lib64" "Mozilla/5.0 AppleWebKit/537.36 (KHTML, like Gecko; compatible; GPTBot/1.4; +https://openai.com/gptbot)"
74.7.227.51 - - [20/Aug/2026:07:54:42 +0200] "GET /favicon.ico?fileloc=//lib64/libelf.so.1&path=//lib64 HTTP/1.1" 500 - "https://bautenschutz-blattner.de/favicon.ico?path=//lib64" "Mozilla/5.0 AppleWebKit/537.36 (KHTML, like Gecko; compatible; GPTBot/1.4; +https://openai.com/gptbot)"
