74.7.243.240 - - [20/Aug/2026:08:26:52 +0200] "GET /?hair/136030702 HTTP/1.1" 500 - "https://weltderkarten-berlin.de/sitemap_index.xml" "Mozilla/5.0 AppleWebKit/537.36 (KHTML, like Gecko; compatible; GPTBot/1.4; +https://openai.com/gptbot)"
74.7.243.240 - - [20/Aug/2026:08:27:13 +0200] "GET /?than/153020717 HTTP/1.1" 500 - "https://weltderkarten-berlin.de/sitemap_index.xml" "Mozilla/5.0 AppleWebKit/537.36 (KHTML, like Gecko; compatible; GPTBot/1.4; +https://openai.com/gptbot)"
74.7.243.240 - - [20/Aug/2026:08:27:34 +0200] "GET /?pile/241042091 HTTP/1.1" 500 - "https://weltderkarten-berlin.de/sitemap_index.xml" "Mozilla/5.0 AppleWebKit/537.36 (KHTML, like Gecko; compatible; GPTBot/1.4; +https://openai.com/gptbot)"
74.7.243.240 - - [20/Aug/2026:08:27:56 +0200] "GET /?roof/051018973 HTTP/1.1" 500 - "https://weltderkarten-berlin.de/sitemap_index.xml" "Mozilla/5.0 AppleWebKit/537.36 (KHTML, like Gecko; compatible; GPTBot/1.4; +https://openai.com/gptbot)"
74.7.243.240 - - [20/Aug/2026:08:28:16 +0200] "GET /?sign/290028050 HTTP/1.1" 500 - "https://weltderkarten-berlin.de/sitemap_index.xml" "Mozilla/5.0 AppleWebKit/537.36 (KHTML, like Gecko; compatible; GPTBot/1.4; +https://openai.com/gptbot)"
74.7.243.240 - - [20/Aug/2026:08:28:36 +0200] "GET /?debt/156008862 HTTP/1.1" 500 - "https://weltderkarten-berlin.de/sitemap_index.xml" "Mozilla/5.0 AppleWebKit/537.36 (KHTML, like Gecko; compatible; GPTBot/1.4; +https://openai.com/gptbot)"
74.7.243.240 - - [20/Aug/2026:08:28:57 +0200] "GET /?soar/202034774 HTTP/1.1" 500 - "https://weltderkarten-berlin.de/sitemap_index.xml" "Mozilla/5.0 AppleWebKit/537.36 (KHTML, like Gecko; compatible; GPTBot/1.4; +https://openai.com/gptbot)"
74.7.243.240 - - [20/Aug/2026:08:29:17 +0200] "GET /?rose/103028715 HTTP/1.1" 500 - "https://weltderkarten-berlin.de/sitemap_index.xml" "Mozilla/5.0 AppleWebKit/537.36 (KHTML, like Gecko; compatible; GPTBot/1.4; +https://openai.com/gptbot)"
74.7.243.240 - - [20/Aug/2026:08:29:38 +0200] "GET /?them/229022081 HTTP/1.1" 500 - "https://weltderkarten-berlin.de/sitemap_index.xml" "Mozilla/5.0 AppleWebKit/537.36 (KHTML, like Gecko; compatible; GPTBot/1.4; +https://openai.com/gptbot)"
74.7.243.240 - - [20/Aug/2026:08:30:00 +0200] "GET /?best/224047856 HTTP/1.1" 500 - "https://weltderkarten-berlin.de/sitemap_index.xml" "Mozilla/5.0 AppleWebKit/537.36 (KHTML, like Gecko; compatible; GPTBot/1.4; +https://openai.com/gptbot)"
74.7.243.240 - - [20/Aug/2026:08:30:20 +0200] "GET /?roof/181027151 HTTP/1.1" 500 - "https://weltderkarten-berlin.de/sitemap_index.xml" "Mozilla/5.0 AppleWebKit/537.36 (KHTML, like Gecko; compatible; GPTBot/1.4; +https://openai.com/gptbot)"
74.7.243.240 - - [20/Aug/2026:08:30:42 +0200] "GET /?this/234037124 HTTP/1.1" 500 - "https://weltderkarten-berlin.de/sitemap_index.xml" "Mozilla/5.0 AppleWebKit/537.36 (KHTML, like Gecko; compatible; GPTBot/1.4; +https://openai.com/gptbot)"
74.7.243.240 - - [20/Aug/2026:08:31:03 +0200] "GET /?riot/250029506 HTTP/1.1" 500 - "https://weltderkarten-berlin.de/sitemap_index.xml" "Mozilla/5.0 AppleWebKit/537.36 (KHTML, like Gecko; compatible; GPTBot/1.4; +https://openai.com/gptbot)"
74.7.243.240 - - [20/Aug/2026:08:31:23 +0200] "GET /?wake/176016480 HTTP/1.1" 500 - "https://weltderkarten-berlin.de/sitemap_index.xml" "Mozilla/5.0 AppleWebKit/537.36 (KHTML, like Gecko; compatible; GPTBot/1.4; +https://openai.com/gptbot)"
74.7.243.240 - - [20/Aug/2026:08:31:44 +0200] "GET /?mean/122019876 HTTP/1.1" 500 - "https://weltderkarten-berlin.de/sitemap_index.xml" "Mozilla/5.0 AppleWebKit/537.36 (KHTML, like Gecko; compatible; GPTBot/1.4; +https://openai.com/gptbot)"
74.7.243.240 - - [20/Aug/2026:08:32:05 +0200] "GET /?toll/283021949 HTTP/1.1" 500 - "https://weltderkarten-berlin.de/sitemap_index.xml" "Mozilla/5.0 AppleWebKit/537.36 (KHTML, like Gecko; compatible; GPTBot/1.4; +https://openai.com/gptbot)"
74.7.243.240 - - [20/Aug/2026:08:32:26 +0200] "GET /?auto/190023252 HTTP/1.1" 500 - "https://weltderkarten-berlin.de/sitemap_index.xml" "Mozilla/5.0 AppleWebKit/537.36 (KHTML, like Gecko; compatible; GPTBot/1.4; +https://openai.com/gptbot)"
74.7.243.240 - - [20/Aug/2026:08:32:48 +0200] "GET /?part/107045995 HTTP/1.1" 500 - "https://weltderkarten-berlin.de/sitemap_index.xml" "Mozilla/5.0 AppleWebKit/537.36 (KHTML, like Gecko; compatible; GPTBot/1.4; +https://openai.com/gptbot)"
74.7.243.240 - - [20/Aug/2026:08:33:09 +0200] "GET /?spit/146002230 HTTP/1.1" 500 - "https://weltderkarten-berlin.de/sitemap_index.xml" "Mozilla/5.0 AppleWebKit/537.36 (KHTML, like Gecko; compatible; GPTBot/1.4; +https://openai.com/gptbot)"
74.7.243.240 - - [20/Aug/2026:08:33:30 +0200] "GET /?chin/108041618 HTTP/1.1" 500 - "https://weltderkarten-berlin.de/sitemap_index.xml" "Mozilla/5.0 AppleWebKit/537.36 (KHTML, like Gecko; compatible; GPTBot/1.4; +https://openai.com/gptbot)"
74.7.243.240 - - [20/Aug/2026:08:33:52 +0200] "GET /?body/225041185 HTTP/1.1" 500 - "https://weltderkarten-berlin.de/sitemap_index.xml" "Mozilla/5.0 AppleWebKit/537.36 (KHTML, like Gecko; compatible; GPTBot/1.4; +https://openai.com/gptbot)"
74.7.243.240 - - [20/Aug/2026:08:34:13 +0200] "GET /?save/229001309 HTTP/1.1" 500 - "https://weltderkarten-berlin.de/sitemap_index.xml" "Mozilla/5.0 AppleWebKit/537.36 (KHTML, like Gecko; compatible; GPTBot/1.4; +https://openai.com/gptbot)"
74.7.243.240 - - [20/Aug/2026:08:34:35 +0200] "GET /?bulk/261046283 HTTP/1.1" 500 - "https://weltderkarten-berlin.de/sitemap_index.xml" "Mozilla/5.0 AppleWebKit/537.36 (KHTML, like Gecko; compatible; GPTBot/1.4; +https://openai.com/gptbot)"
74.7.243.240 - - [20/Aug/2026:08:34:57 +0200] "GET /?file/180022566 HTTP/1.1" 500 - "https://weltderkarten-berlin.de/sitemap_index.xml" "Mozilla/5.0 AppleWebKit/537.36 (KHTML, like Gecko; compatible; GPTBot/1.4; +https://openai.com/gptbot)"
74.7.243.240 - - [20/Aug/2026:08:35:18 +0200] "GET /?bomb/199022197 HTTP/1.1" 500 - "https://weltderkarten-berlin.de/sitemap_index.xml" "Mozilla/5.0 AppleWebKit/537.36 (KHTML, like Gecko; compatible; GPTBot/1.4; +https://openai.com/gptbot)"
74.7.243.240 - - [20/Aug/2026:08:35:39 +0200] "GET /?knee/195038923 HTTP/1.1" 500 - "https://weltderkarten-berlin.de/sitemap_index.xml" "Mozilla/5.0 AppleWebKit/537.36 (KHTML, like Gecko; compatible; GPTBot/1.4; +https://openai.com/gptbot)"
74.7.243.240 - - [20/Aug/2026:08:35:59 +0200] "GET /?amid/155048551 HTTP/1.1" 500 - "https://weltderkarten-berlin.de/sitemap_index.xml" "Mozilla/5.0 AppleWebKit/537.36 (KHTML, like Gecko; compatible; GPTBot/1.4; +https://openai.com/gptbot)"
74.7.243.240 - - [20/Aug/2026:08:36:19 +0200] "GET /?east/034017654 HTTP/1.1" 500 - "https://weltderkarten-berlin.de/sitemap_index.xml" "Mozilla/5.0 AppleWebKit/537.36 (KHTML, like Gecko; compatible; GPTBot/1.4; +https://openai.com/gptbot)"
74.7.243.240 - - [20/Aug/2026:08:36:40 +0200] "GET /?warn/238009812 HTTP/1.1" 500 - "https://weltderkarten-berlin.de/sitemap_index.xml" "Mozilla/5.0 AppleWebKit/537.36 (KHTML, like Gecko; compatible; GPTBot/1.4; +https://openai.com/gptbot)"
74.7.243.240 - - [20/Aug/2026:08:37:01 +0200] "GET /?seem/193036873 HTTP/1.1" 500 - "https://weltderkarten-berlin.de/sitemap_index.xml" "Mozilla/5.0 AppleWebKit/537.36 (KHTML, like Gecko; compatible; GPTBot/1.4; +https://openai.com/gptbot)"
74.7.243.240 - - [20/Aug/2026:08:37:22 +0200] "GET /?pump/066034468 HTTP/1.1" 500 - "https://weltderkarten-berlin.de/sitemap_index.xml" "Mozilla/5.0 AppleWebKit/537.36 (KHTML, like Gecko; compatible; GPTBot/1.4; +https://openai.com/gptbot)"
74.7.243.240 - - [20/Aug/2026:08:37:42 +0200] "GET /?code/147006987 HTTP/1.1" 500 - "https://weltderkarten-berlin.de/sitemap_index.xml" "Mozilla/5.0 AppleWebKit/537.36 (KHTML, like Gecko; compatible; GPTBot/1.4; +https://openai.com/gptbot)"
74.7.243.240 - - [20/Aug/2026:08:38:04 +0200] "GET /?lead/220026580 HTTP/1.1" 500 - "https://weltderkarten-berlin.de/sitemap_index.xml" "Mozilla/5.0 AppleWebKit/537.36 (KHTML, like Gecko; compatible; GPTBot/1.4; +https://openai.com/gptbot)"
74.7.243.240 - - [20/Aug/2026:08:38:24 +0200] "GET /?menu/263017229 HTTP/1.1" 500 - "https://weltderkarten-berlin.de/sitemap_index.xml" "Mozilla/5.0 AppleWebKit/537.36 (KHTML, like Gecko; compatible; GPTBot/1.4; +https://openai.com/gptbot)"
74.7.243.240 - - [20/Aug/2026:08:38:46 +0200] "GET /?door/147012719 HTTP/1.1" 500 - "https://weltderkarten-berlin.de/sitemap_index.xml" "Mozilla/5.0 AppleWebKit/537.36 (KHTML, like Gecko; compatible; GPTBot/1.4; +https://openai.com/gptbot)"
74.7.243.240 - - [20/Aug/2026:08:39:08 +0200] "GET /?rear/077013551 HTTP/1.1" 500 - "https://weltderkarten-berlin.de/sitemap_index.xml" "Mozilla/5.0 AppleWebKit/537.36 (KHTML, like Gecko; compatible; GPTBot/1.4; +https://openai.com/gptbot)"
74.7.243.240 - - [20/Aug/2026:08:39:28 +0200] "GET /?bomb/185040877 HTTP/1.1" 500 - "https://weltderkarten-berlin.de/sitemap_index.xml" "Mozilla/5.0 AppleWebKit/537.36 (KHTML, like Gecko; compatible; GPTBot/1.4; +https://openai.com/gptbot)"
74.7.243.240 - - [20/Aug/2026:08:39:48 +0200] "GET /?ugly/240028438 HTTP/1.1" 500 - "https://weltderkarten-berlin.de/sitemap_index.xml" "Mozilla/5.0 AppleWebKit/537.36 (KHTML, like Gecko; compatible; GPTBot/1.4; +https://openai.com/gptbot)"
74.7.243.240 - - [20/Aug/2026:08:40:09 +0200] "GET /?bold/165012037 HTTP/1.1" 500 - "https://weltderkarten-berlin.de/sitemap_index.xml" "Mozilla/5.0 AppleWebKit/537.36 (KHTML, like Gecko; compatible; GPTBot/1.4; +https://openai.com/gptbot)"
74.7.243.240 - - [20/Aug/2026:08:40:29 +0200] "GET /?rich/036043224 HTTP/1.1" 500 - "https://weltderkarten-berlin.de/sitemap_index.xml" "Mozilla/5.0 AppleWebKit/537.36 (KHTML, like Gecko; compatible; GPTBot/1.4; +https://openai.com/gptbot)"
74.7.243.240 - - [20/Aug/2026:08:40:50 +0200] "GET /?cook/187010931 HTTP/1.1" 500 - "https://weltderkarten-berlin.de/sitemap_index.xml" "Mozilla/5.0 AppleWebKit/537.36 (KHTML, like Gecko; compatible; GPTBot/1.4; +https://openai.com/gptbot)"
74.7.243.240 - - [20/Aug/2026:08:41:11 +0200] "GET /?shoe/139004247 HTTP/1.1" 500 - "https://weltderkarten-berlin.de/sitemap_index.xml" "Mozilla/5.0 AppleWebKit/537.36 (KHTML, like Gecko; compatible; GPTBot/1.4; +https://openai.com/gptbot)"
74.7.243.240 - - [20/Aug/2026:08:41:36 +0200] "GET /?ball/051003989 HTTP/1.1" 500 - "https://weltderkarten-berlin.de/sitemap_index.xml" "Mozilla/5.0 AppleWebKit/537.36 (KHTML, like Gecko; compatible; GPTBot/1.4; +https://openai.com/gptbot)"
74.7.243.240 - - [20/Aug/2026:08:41:54 +0200] "GET /?tube/029030767 HTTP/1.1" 500 - "https://weltderkarten-berlin.de/sitemap_index.xml" "Mozilla/5.0 AppleWebKit/537.36 (KHTML, like Gecko; compatible; GPTBot/1.4; +https://openai.com/gptbot)"
74.7.243.240 - - [20/Aug/2026:08:42:16 +0200] "GET /?desk/054017080 HTTP/1.1" 500 - "https://weltderkarten-berlin.de/sitemap_index.xml" "Mozilla/5.0 AppleWebKit/537.36 (KHTML, like Gecko; compatible; GPTBot/1.4; +https://openai.com/gptbot)"
74.7.243.240 - - [20/Aug/2026:08:42:46 +0200] "GET /?menu/116028016 HTTP/1.1" 500 - "https://weltderkarten-berlin.de/sitemap_index.xml" "Mozilla/5.0 AppleWebKit/537.36 (KHTML, like Gecko; compatible; GPTBot/1.4; +https://openai.com/gptbot)"
74.7.243.240 - - [20/Aug/2026:08:43:05 +0200] "GET /?some/288041290 HTTP/1.1" 500 - "https://weltderkarten-berlin.de/sitemap_index.xml" "Mozilla/5.0 AppleWebKit/537.36 (KHTML, like Gecko; compatible; GPTBot/1.4; +https://openai.com/gptbot)"
43.255.191.173 - - [20/Aug/2026:08:43:06 +0200] "GET /google708b7b4ea0bddd5b.xhtml HTTP/1.1" 302 - "-" "Mozilla/5.0 (Windows NT 10.0; Win64; x64) AppleWebKit/537.36 (KHTML, like Gecko) Chrome/150.0.0.0 Safari/537.36"
43.255.191.173 - - [20/Aug/2026:08:43:07 +0200] "GET /google708b7b4ea0bddd5b.html HTTP/1.1" 200 53 "-" "Mozilla/5.0 (Windows NT 10.0; Win64; x64) AppleWebKit/537.36 (KHTML, like Gecko) Chrome/150.0.0.0 Safari/537.36"
43.255.191.173 - - [20/Aug/2026:08:43:12 +0200] "GET /favicon.ico HTTP/1.1" 500 - "https://weltderkarten-berlin.de/google708b7b4ea0bddd5b.html" "Mozilla/5.0 (Windows NT 10.0; Win64; x64) AppleWebKit/537.36 (KHTML, like Gecko) Chrome/150.0.0.0 Safari/537.36"
74.7.243.240 - - [20/Aug/2026:08:43:22 +0200] "GET /?riot/008015220 HTTP/1.1" 500 - "https://weltderkarten-berlin.de/sitemap_index.xml" "Mozilla/5.0 AppleWebKit/537.36 (KHTML, like Gecko; compatible; GPTBot/1.4; +https://openai.com/gptbot)"
74.7.243.240 - - [20/Aug/2026:08:43:42 +0200] "GET /?shut/225032173 HTTP/1.1" 500 - "https://weltderkarten-berlin.de/sitemap_index.xml" "Mozilla/5.0 AppleWebKit/537.36 (KHTML, like Gecko; compatible; GPTBot/1.4; +https://openai.com/gptbot)"
74.7.243.240 - - [20/Aug/2026:08:44:02 +0200] "GET /?stem/195037591 HTTP/1.1" 500 - "https://weltderkarten-berlin.de/sitemap_index.xml" "Mozilla/5.0 AppleWebKit/537.36 (KHTML, like Gecko; compatible; GPTBot/1.4; +https://openai.com/gptbot)"
74.7.243.240 - - [20/Aug/2026:08:44:23 +0200] "GET /?wrap/181014453 HTTP/1.1" 500 - "https://weltderkarten-berlin.de/sitemap_index.xml" "Mozilla/5.0 AppleWebKit/537.36 (KHTML, like Gecko; compatible; GPTBot/1.4; +https://openai.com/gptbot)"
74.7.243.240 - - [20/Aug/2026:08:44:45 +0200] "GET /?dose/081026233 HTTP/1.1" 500 - "https://weltderkarten-berlin.de/sitemap_index.xml" "Mozilla/5.0 AppleWebKit/537.36 (KHTML, like Gecko; compatible; GPTBot/1.4; +https://openai.com/gptbot)"
74.7.243.240 - - [20/Aug/2026:08:45:07 +0200] "GET /?last/138039668 HTTP/1.1" 500 - "https://weltderkarten-berlin.de/sitemap_index.xml" "Mozilla/5.0 AppleWebKit/537.36 (KHTML, like Gecko; compatible; GPTBot/1.4; +https://openai.com/gptbot)"
74.7.243.240 - - [20/Aug/2026:08:45:29 +0200] "GET /?ugly/126044754 HTTP/1.1" 500 - "https://weltderkarten-berlin.de/sitemap_index.xml" "Mozilla/5.0 AppleWebKit/537.36 (KHTML, like Gecko; compatible; GPTBot/1.4; +https://openai.com/gptbot)"
2a02:3032:8c:f974:48a8:f162:d434:a59 - - [20/Aug/2026:08:45:40 +0200] "GET / HTTP/1.1" 200 291 "https://www.google.com/" "Mozilla/5.0 (Linux; Android 10; K) AppleWebKit/537.36 (KHTML, like Gecko) Chrome/151.0.0.0 Mobile Safari/537.36"
66.249.84.35 - - [20/Aug/2026:08:45:51 +0200] "GET /google708b7b4ea0bddd5b.html HTTP/1.1" 200 53 "-" "Mozilla/5.0 (compatible; Google-Site-Verification/1.0)"
192.178.8.100 - - [20/Aug/2026:08:45:51 +0200] "GET / HTTP/1.1" 200 119289 "-" "Mozilla/5.0 (compatible; Google-Site-Verification/1.0)"
66.249.84.34 - - [20/Aug/2026:08:45:51 +0200] "GET /google51910fb15d98e138.html HTTP/1.1" 200 132417 "-" "Mozilla/5.0 (compatible; Google-Site-Verification/1.0)"
192.178.8.101 - - [20/Aug/2026:08:45:51 +0200] "GET / HTTP/1.1" 200 119425 "-" "Mozilla/5.0 (compatible; Google-Site-Verification/1.0)"
66.249.84.36 - - [20/Aug/2026:08:45:51 +0200] "GET / HTTP/1.1" 200 119181 "-" "Mozilla/5.0 (compatible; Google-Site-Verification/1.0)"
192.178.8.101 - - [20/Aug/2026:08:45:52 +0200] "GET /?cachebuster=3065223633 HTTP/1.1" 200 123767 "-" "Mozilla/5.0 (compatible; Google-Site-Verification/1.0)"
192.178.8.99 - - [20/Aug/2026:08:45:54 +0200] "GET /google708b7b4ea0bddd5b.html HTTP/1.1" 200 53 "-" "Mozilla/5.0 (compatible; Google-Site-Verification/1.0)"
192.178.8.98 - - [20/Aug/2026:08:45:54 +0200] "GET /google51910fb15d98e138.html HTTP/1.1" 200 132032 "-" "Mozilla/5.0 (compatible; Google-Site-Verification/1.0)"
74.7.243.240 - - [20/Aug/2026:08:45:50 +0200] "GET /?odds/081040225 HTTP/1.1" 500 - "https://weltderkarten-berlin.de/sitemap_index.xml" "Mozilla/5.0 AppleWebKit/537.36 (KHTML, like Gecko; compatible; GPTBot/1.4; +https://openai.com/gptbot)"
2a02:3032:8c:f974:48a8:f162:d434:a59 - - [20/Aug/2026:08:46:01 +0200] "GET / HTTP/1.1" 200 291 "https://www.google.com/" "Mozilla/5.0 (Linux; Android 10; K) AppleWebKit/537.36 (KHTML, like Gecko) Chrome/151.0.0.0 Mobile Safari/537.36"
74.7.243.240 - - [20/Aug/2026:08:46:10 +0200] "GET /?fuel/246006720 HTTP/1.1" 500 - "https://weltderkarten-berlin.de/sitemap_index.xml" "Mozilla/5.0 AppleWebKit/537.36 (KHTML, like Gecko; compatible; GPTBot/1.4; +https://openai.com/gptbot)"
66.249.70.110 - - [20/Aug/2026:08:46:21 +0200] "GET /robots.txt HTTP/1.1" 304 - "-" "Mozilla/5.0 (compatible; Googlebot/2.1; +http://www.google.com/bot.html)"
66.249.70.108 - - [20/Aug/2026:08:46:21 +0200] "GET /?sitemapindex.xml HTTP/1.1" 200 8446 "-" "Mozilla/5.0 (compatible; Googlebot/2.1; +http://www.google.com/bot.html)"
74.7.243.240 - - [20/Aug/2026:08:46:30 +0200] "GET /?slam/017020539 HTTP/1.1" 500 - "https://weltderkarten-berlin.de/sitemap_index.xml" "Mozilla/5.0 AppleWebKit/537.36 (KHTML, like Gecko; compatible; GPTBot/1.4; +https://openai.com/gptbot)"
66.249.70.109 - - [20/Aug/2026:08:46:50 +0200] "GET /sitemap48.xml HTTP/1.1" 200 545338 "-" "Mozilla/5.0 (compatible; Googlebot/2.1; +http://www.google.com/bot.html)"
66.249.70.108 - - [20/Aug/2026:08:46:53 +0200] "GET /sitemap11.xml HTTP/1.1" 200 545495 "-" "Mozilla/5.0 (compatible; Googlebot/2.1; +http://www.google.com/bot.html)"
74.7.243.240 - - [20/Aug/2026:08:46:51 +0200] "GET /?meat/232019464 HTTP/1.1" 500 - "https://weltderkarten-berlin.de/sitemap_index.xml" "Mozilla/5.0 AppleWebKit/537.36 (KHTML, like Gecko; compatible; GPTBot/1.4; +https://openai.com/gptbot)"
20.250.6.134 - - [20/Aug/2026:08:47:08 +0200] "GET / HTTP/1.1" 500 - "-" "Mozilla/5.0 AppleWebKit/537.36 (KHTML, like Gecko); compatible; ChatGPT-User/1.0; +https://openai.com/bot"
20.250.6.134 - - [20/Aug/2026:08:47:08 +0200] "GET / HTTP/1.1" 500 - "-" "Mozilla/5.0 AppleWebKit/537.36 (KHTML, like Gecko); compatible; ChatGPT-User/1.0; +https://openai.com/bot"
20.250.6.132 - - [20/Aug/2026:08:47:08 +0200] "GET / HTTP/1.1" 500 - "-" "Mozilla/5.0 AppleWebKit/537.36 (KHTML, like Gecko); compatible; ChatGPT-User/1.0; +https://openai.com/bot"
20.250.6.129 - - [20/Aug/2026:08:47:08 +0200] "GET / HTTP/1.1" 500 - "-" "Mozilla/5.0 AppleWebKit/537.36 (KHTML, like Gecko); compatible; ChatGPT-User/1.0; +https://openai.com/bot"
74.7.243.240 - - [20/Aug/2026:08:47:11 +0200] "GET /?flat/296042126 HTTP/1.1" 500 - "https://weltderkarten-berlin.de/sitemap_index.xml" "Mozilla/5.0 AppleWebKit/537.36 (KHTML, like Gecko; compatible; GPTBot/1.4; +https://openai.com/gptbot)"
74.7.243.240 - - [20/Aug/2026:08:47:33 +0200] "GET /?nice/247008985 HTTP/1.1" 500 - "https://weltderkarten-berlin.de/sitemap_index.xml" "Mozilla/5.0 AppleWebKit/537.36 (KHTML, like Gecko; compatible; GPTBot/1.4; +https://openai.com/gptbot)"
74.7.243.240 - - [20/Aug/2026:08:47:54 +0200] "GET /?full/147044381 HTTP/1.1" 500 - "https://weltderkarten-berlin.de/sitemap_index.xml" "Mozilla/5.0 AppleWebKit/537.36 (KHTML, like Gecko; compatible; GPTBot/1.4; +https://openai.com/gptbot)"
74.7.243.240 - - [20/Aug/2026:08:48:17 +0200] "GET /?mean/248016110 HTTP/1.1" 500 - "https://weltderkarten-berlin.de/sitemap_index.xml" "Mozilla/5.0 AppleWebKit/537.36 (KHTML, like Gecko; compatible; GPTBot/1.4; +https://openai.com/gptbot)"
66.249.70.108 - - [20/Aug/2026:08:48:20 +0200] "GET /sitemap34.xml HTTP/1.1" 200 545180 "-" "Mozilla/5.0 (compatible; Googlebot/2.1; +http://www.google.com/bot.html)"
66.249.70.108 - - [20/Aug/2026:08:51:33 +0200] "GET /sitemap84.xml HTTP/1.1" 200 544917 "-" "Mozilla/5.0 (compatible; Googlebot/2.1; +http://www.google.com/bot.html)"
74.7.243.240 - - [20/Aug/2026:08:52:34 +0200] "GET /?melt/038045708 HTTP/1.1" 500 - "https://weltderkarten-berlin.de/sitemap_index.xml" "Mozilla/5.0 AppleWebKit/537.36 (KHTML, like Gecko; compatible; GPTBot/1.4; +https://openai.com/gptbot)"
74.7.243.240 - - [20/Aug/2026:08:52:53 +0200] "GET /?draw/037014433 HTTP/1.1" 500 - "https://weltderkarten-berlin.de/sitemap_index.xml" "Mozilla/5.0 AppleWebKit/537.36 (KHTML, like Gecko; compatible; GPTBot/1.4; +https://openai.com/gptbot)"
74.7.243.240 - - [20/Aug/2026:08:53:09 +0200] "GET /?ride/242039246 HTTP/1.1" 500 - "https://weltderkarten-berlin.de/sitemap_index.xml" "Mozilla/5.0 AppleWebKit/537.36 (KHTML, like Gecko; compatible; GPTBot/1.4; +https://openai.com/gptbot)"
74.7.243.240 - - [20/Aug/2026:08:53:21 +0200] "GET /?copy/012039638 HTTP/1.1" 500 - "https://weltderkarten-berlin.de/sitemap_index.xml" "Mozilla/5.0 AppleWebKit/537.36 (KHTML, like Gecko; compatible; GPTBot/1.4; +https://openai.com/gptbot)"
66.249.70.105 - - [20/Aug/2026:08:53:21 +0200] "GET /sitemap44.xml HTTP/1.1" 200 544658 "-" "Mozilla/5.0 (compatible; Googlebot/2.1; +http://www.google.com/bot.html)"
74.7.243.240 - - [20/Aug/2026:08:53:39 +0200] "GET /?diet/212015346 HTTP/1.1" 500 - "https://weltderkarten-berlin.de/sitemap_index.xml" "Mozilla/5.0 AppleWebKit/537.36 (KHTML, like Gecko; compatible; GPTBot/1.4; +https://openai.com/gptbot)"
74.7.243.240 - - [20/Aug/2026:08:54:00 +0200] "GET /?loud/272017754 HTTP/1.1" 500 - "https://weltderkarten-berlin.de/sitemap_index.xml" "Mozilla/5.0 AppleWebKit/537.36 (KHTML, like Gecko; compatible; GPTBot/1.4; +https://openai.com/gptbot)"
74.7.243.240 - - [20/Aug/2026:08:54:21 +0200] "GET /?link/273019959 HTTP/1.1" 500 - "https://weltderkarten-berlin.de/sitemap_index.xml" "Mozilla/5.0 AppleWebKit/537.36 (KHTML, like Gecko; compatible; GPTBot/1.4; +https://openai.com/gptbot)"
74.7.243.240 - - [20/Aug/2026:08:54:42 +0200] "GET /?poor/167014621 HTTP/1.1" 500 - "https://weltderkarten-berlin.de/sitemap_index.xml" "Mozilla/5.0 AppleWebKit/537.36 (KHTML, like Gecko; compatible; GPTBot/1.4; +https://openai.com/gptbot)"
74.7.243.240 - - [20/Aug/2026:08:55:04 +0200] "GET /?safe/039014073 HTTP/1.1" 500 - "https://weltderkarten-berlin.de/sitemap_index.xml" "Mozilla/5.0 AppleWebKit/537.36 (KHTML, like Gecko; compatible; GPTBot/1.4; +https://openai.com/gptbot)"
74.7.243.240 - - [20/Aug/2026:08:55:24 +0200] "GET /?rare/156011234 HTTP/1.1" 500 - "https://weltderkarten-berlin.de/sitemap_index.xml" "Mozilla/5.0 AppleWebKit/537.36 (KHTML, like Gecko; compatible; GPTBot/1.4; +https://openai.com/gptbot)"
74.7.243.240 - - [20/Aug/2026:08:55:44 +0200] "GET /?shop/042014770 HTTP/1.1" 500 - "https://weltderkarten-berlin.de/sitemap_index.xml" "Mozilla/5.0 AppleWebKit/537.36 (KHTML, like Gecko; compatible; GPTBot/1.4; +https://openai.com/gptbot)"
74.7.243.240 - - [20/Aug/2026:08:56:06 +0200] "GET /?tell/182005086 HTTP/1.1" 500 - "https://weltderkarten-berlin.de/sitemap_index.xml" "Mozilla/5.0 AppleWebKit/537.36 (KHTML, like Gecko; compatible; GPTBot/1.4; +https://openai.com/gptbot)"
74.7.243.240 - - [20/Aug/2026:08:56:27 +0200] "GET /?near/098022568 HTTP/1.1" 500 - "https://weltderkarten-berlin.de/sitemap_index.xml" "Mozilla/5.0 AppleWebKit/537.36 (KHTML, like Gecko; compatible; GPTBot/1.4; +https://openai.com/gptbot)"
74.7.243.240 - - [20/Aug/2026:08:56:53 +0200] "GET /?deal/023042083 HTTP/1.1" 500 - "https://weltderkarten-berlin.de/sitemap_index.xml" "Mozilla/5.0 AppleWebKit/537.36 (KHTML, like Gecko; compatible; GPTBot/1.4; +https://openai.com/gptbot)"
74.7.243.240 - - [20/Aug/2026:08:57:12 +0200] "GET /?odds/298039880 HTTP/1.1" 500 - "https://weltderkarten-berlin.de/sitemap_index.xml" "Mozilla/5.0 AppleWebKit/537.36 (KHTML, like Gecko; compatible; GPTBot/1.4; +https://openai.com/gptbot)"
74.7.243.240 - - [20/Aug/2026:08:57:34 +0200] "GET /?farm/260045826 HTTP/1.1" 500 - "https://weltderkarten-berlin.de/sitemap_index.xml" "Mozilla/5.0 AppleWebKit/537.36 (KHTML, like Gecko; compatible; GPTBot/1.4; +https://openai.com/gptbot)"
74.7.243.240 - - [20/Aug/2026:08:57:52 +0200] "GET /?mess/127044193 HTTP/1.1" 500 - "https://weltderkarten-berlin.de/sitemap_index.xml" "Mozilla/5.0 AppleWebKit/537.36 (KHTML, like Gecko; compatible; GPTBot/1.4; +https://openai.com/gptbot)"
74.7.243.240 - - [20/Aug/2026:08:58:15 +0200] "GET /?dead/159027785 HTTP/1.1" 500 - "https://weltderkarten-berlin.de/sitemap_index.xml" "Mozilla/5.0 AppleWebKit/537.36 (KHTML, like Gecko; compatible; GPTBot/1.4; +https://openai.com/gptbot)"
74.7.243.240 - - [20/Aug/2026:08:58:40 +0200] "GET /?tile/153034119 HTTP/1.1" 500 - "https://weltderkarten-berlin.de/sitemap_index.xml" "Mozilla/5.0 AppleWebKit/537.36 (KHTML, like Gecko; compatible; GPTBot/1.4; +https://openai.com/gptbot)"
74.7.243.240 - - [20/Aug/2026:08:59:02 +0200] "GET /?join/203039657 HTTP/1.1" 500 - "https://weltderkarten-berlin.de/sitemap_index.xml" "Mozilla/5.0 AppleWebKit/537.36 (KHTML, like Gecko; compatible; GPTBot/1.4; +https://openai.com/gptbot)"
107.150.37.82 - - [20/Aug/2026:08:59:41 +0200] "GET /wp-content/brfa69a7/index.php HTTP/1.1" 200 6 "https://weltderkarten-berlin.de/wp-content/brfa69a7/index.php" "Mozilla/5.0 (Windows NT 10.0; Win64; x64) AppleWebKit/537.36 (KHTML, like Gecko) Chrome/58.0.3029.110 Safari/537.3"
74.7.243.240 - - [20/Aug/2026:08:59:54 +0200] "GET /?bold/243012661 HTTP/1.1" 500 - "https://weltderkarten-berlin.de/sitemap_index.xml" "Mozilla/5.0 AppleWebKit/537.36 (KHTML, like Gecko; compatible; GPTBot/1.4; +https://openai.com/gptbot)"
216.73.216.152 - - [20/Aug/2026:09:00:04 +0200] "GET /shopdetail/settle/150033799 HTTP/1.1" 500 - "-" "Mozilla/5.0 AppleWebKit/537.36 (KHTML, like Gecko; compatible; ClaudeBot/1.0; +claudebot@anthropic.com)"
216.73.216.152 - - [20/Aug/2026:09:00:05 +0200] "GET /shopdetail/settle/035040934 HTTP/1.1" 500 - "-" "Mozilla/5.0 AppleWebKit/537.36 (KHTML, like Gecko; compatible; ClaudeBot/1.0; +claudebot@anthropic.com)"
216.73.216.152 - - [20/Aug/2026:09:00:13 +0200] "GET /shopdetail/precisely/297048376 HTTP/1.1" 500 - "-" "Mozilla/5.0 AppleWebKit/537.36 (KHTML, like Gecko; compatible; ClaudeBot/1.0; +claudebot@anthropic.com)"
216.73.216.152 - - [20/Aug/2026:09:00:13 +0200] "GET /shopdetail/request/079000940 HTTP/1.1" 500 - "-" "Mozilla/5.0 AppleWebKit/537.36 (KHTML, like Gecko; compatible; ClaudeBot/1.0; +claudebot@anthropic.com)"
74.7.243.240 - - [20/Aug/2026:09:00:14 +0200] "GET /?film/223038597 HTTP/1.1" 500 - "https://weltderkarten-berlin.de/sitemap_index.xml" "Mozilla/5.0 AppleWebKit/537.36 (KHTML, like Gecko; compatible; GPTBot/1.4; +https://openai.com/gptbot)"
216.73.216.152 - - [20/Aug/2026:09:00:19 +0200] "GET /shopdetail/issue/116019591 HTTP/1.1" 500 - "-" "Mozilla/5.0 AppleWebKit/537.36 (KHTML, like Gecko; compatible; ClaudeBot/1.0; +claudebot@anthropic.com)"
216.73.216.152 - - [20/Aug/2026:09:00:19 +0200] "GET /shopdetail/multiple/065040990 HTTP/1.1" 500 - "-" "Mozilla/5.0 AppleWebKit/537.36 (KHTML, like Gecko; compatible; ClaudeBot/1.0; +claudebot@anthropic.com)"
216.73.216.152 - - [20/Aug/2026:09:00:29 +0200] "GET /shopdetail/emphasis/044005295 HTTP/1.1" 500 - "-" "Mozilla/5.0 AppleWebKit/537.36 (KHTML, like Gecko; compatible; ClaudeBot/1.0; +claudebot@anthropic.com)"
74.7.243.240 - - [20/Aug/2026:09:00:34 +0200] "GET /?urge/254003900 HTTP/1.1" 500 - "https://weltderkarten-berlin.de/sitemap_index.xml" "Mozilla/5.0 AppleWebKit/537.36 (KHTML, like Gecko; compatible; GPTBot/1.4; +https://openai.com/gptbot)"
216.73.216.152 - - [20/Aug/2026:09:00:34 +0200] "GET /shopdetail/avoid/223049878 HTTP/1.1" 500 - "-" "Mozilla/5.0 AppleWebKit/537.36 (KHTML, like Gecko; compatible; ClaudeBot/1.0; +claudebot@anthropic.com)"
107.150.37.82 - - [20/Aug/2026:08:59:10 +0200] "GET /wp-content/brfa69a7/index.php HTTP/1.1" 200 - "https://weltderkarten-berlin.de/wp-content/brfa69a7/index.php" "Mozilla/5.0 (Windows NT 10.0; Win64; x64) AppleWebKit/537.36 (KHTML, like Gecko) Chrome/58.0.3029.110 Safari/537.3"
216.73.216.152 - - [20/Aug/2026:09:00:40 +0200] "GET /shopdetail/minimum/098019495 HTTP/1.1" 500 - "-" "Mozilla/5.0 AppleWebKit/537.36 (KHTML, like Gecko; compatible; ClaudeBot/1.0; +claudebot@anthropic.com)"
216.73.216.152 - - [20/Aug/2026:09:00:47 +0200] "GET /shopdetail/kill/087023566 HTTP/1.1" 500 - "-" "Mozilla/5.0 AppleWebKit/537.36 (KHTML, like Gecko; compatible; ClaudeBot/1.0; +claudebot@anthropic.com)"
74.7.243.240 - - [20/Aug/2026:09:00:47 +0200] "GET /?noon/078006128 HTTP/1.1" 500 - "https://weltderkarten-berlin.de/sitemap_index.xml" "Mozilla/5.0 AppleWebKit/537.36 (KHTML, like Gecko; compatible; GPTBot/1.4; +https://openai.com/gptbot)"
216.73.216.152 - - [20/Aug/2026:09:00:54 +0200] "GET /shopdetail/simultaneously/111027194 HTTP/1.1" 500 - "-" "Mozilla/5.0 AppleWebKit/537.36 (KHTML, like Gecko; compatible; ClaudeBot/1.0; +claudebot@anthropic.com)"
216.73.216.152 - - [20/Aug/2026:09:01:01 +0200] "GET /shopdetail/instead/026014173 HTTP/1.1" 500 - "-" "Mozilla/5.0 AppleWebKit/537.36 (KHTML, like Gecko; compatible; ClaudeBot/1.0; +claudebot@anthropic.com)"
74.7.243.240 - - [20/Aug/2026:09:01:02 +0200] "GET /?crop/042027212 HTTP/1.1" 500 - "https://weltderkarten-berlin.de/sitemap_index.xml" "Mozilla/5.0 AppleWebKit/537.36 (KHTML, like Gecko; compatible; GPTBot/1.4; +https://openai.com/gptbot)"
216.73.216.152 - - [20/Aug/2026:09:01:06 +0200] "GET /shopdetail/devil/196032869 HTTP/1.1" 500 - "-" "Mozilla/5.0 AppleWebKit/537.36 (KHTML, like Gecko; compatible; ClaudeBot/1.0; +claudebot@anthropic.com)"
216.73.216.152 - - [20/Aug/2026:09:01:08 +0200] "GET /shopdetail/nutrient/290040905 HTTP/1.1" 500 - "-" "Mozilla/5.0 AppleWebKit/537.36 (KHTML, like Gecko; compatible; ClaudeBot/1.0; +claudebot@anthropic.com)"
216.73.216.152 - - [20/Aug/2026:09:01:11 +0200] "GET /shopdetail/ability/281022894 HTTP/1.1" 500 - "-" "Mozilla/5.0 AppleWebKit/537.36 (KHTML, like Gecko; compatible; ClaudeBot/1.0; +claudebot@anthropic.com)"
216.73.216.152 - - [20/Aug/2026:09:01:15 +0200] "GET /shopdetail/local/024046451 HTTP/1.1" 500 - "-" "Mozilla/5.0 AppleWebKit/537.36 (KHTML, like Gecko; compatible; ClaudeBot/1.0; +claudebot@anthropic.com)"
216.73.216.152 - - [20/Aug/2026:09:01:22 +0200] "GET /shopdetail/fraction/097010940 HTTP/1.1" 500 - "-" "Mozilla/5.0 AppleWebKit/537.36 (KHTML, like Gecko; compatible; ClaudeBot/1.0; +claudebot@anthropic.com)"
74.7.243.240 - - [20/Aug/2026:09:01:25 +0200] "GET /?evil/135040265 HTTP/1.1" 500 - "https://weltderkarten-berlin.de/sitemap_index.xml" "Mozilla/5.0 AppleWebKit/537.36 (KHTML, like Gecko; compatible; GPTBot/1.4; +https://openai.com/gptbot)"
216.73.216.152 - - [20/Aug/2026:09:01:32 +0200] "GET /shopdetail/internal/081044782 HTTP/1.1" 500 - "-" "Mozilla/5.0 AppleWebKit/537.36 (KHTML, like Gecko; compatible; ClaudeBot/1.0; +claudebot@anthropic.com)"
216.73.216.152 - - [20/Aug/2026:09:01:45 +0200] "GET /shopdetail/bit/036035231 HTTP/1.1" 500 - "-" "Mozilla/5.0 AppleWebKit/537.36 (KHTML, like Gecko; compatible; ClaudeBot/1.0; +claudebot@anthropic.com)"
216.73.216.152 - - [20/Aug/2026:09:01:47 +0200] "GET /shopdetail/highly/035033544 HTTP/1.1" 500 - "-" "Mozilla/5.0 AppleWebKit/537.36 (KHTML, like Gecko; compatible; ClaudeBot/1.0; +claudebot@anthropic.com)"
74.7.243.240 - - [20/Aug/2026:09:01:49 +0200] "GET /?tour/029028301 HTTP/1.1" 500 - "https://weltderkarten-berlin.de/sitemap_index.xml" "Mozilla/5.0 AppleWebKit/537.36 (KHTML, like Gecko; compatible; GPTBot/1.4; +https://openai.com/gptbot)"
216.73.216.152 - - [20/Aug/2026:09:01:51 +0200] "GET /shopdetail/front/054040923 HTTP/1.1" 500 - "-" "Mozilla/5.0 AppleWebKit/537.36 (KHTML, like Gecko; compatible; ClaudeBot/1.0; +claudebot@anthropic.com)"
216.73.216.152 - - [20/Aug/2026:09:01:56 +0200] "GET /shopdetail/proposal/236013039 HTTP/1.1" 500 - "-" "Mozilla/5.0 AppleWebKit/537.36 (KHTML, like Gecko; compatible; ClaudeBot/1.0; +claudebot@anthropic.com)"
74.7.243.240 - - [20/Aug/2026:09:02:00 +0200] "GET /?pure/137031629 HTTP/1.1" 500 - "https://weltderkarten-berlin.de/sitemap_index.xml" "Mozilla/5.0 AppleWebKit/537.36 (KHTML, like Gecko; compatible; GPTBot/1.4; +https://openai.com/gptbot)"
216.73.216.152 - - [20/Aug/2026:09:02:12 +0200] "GET /shopdetail/slide/040008741 HTTP/1.1" 500 - "-" "Mozilla/5.0 AppleWebKit/537.36 (KHTML, like Gecko; compatible; ClaudeBot/1.0; +claudebot@anthropic.com)"
74.7.243.240 - - [20/Aug/2026:09:02:25 +0200] "GET /?mass/094047982 HTTP/1.1" 500 - "https://weltderkarten-berlin.de/sitemap_index.xml" "Mozilla/5.0 AppleWebKit/537.36 (KHTML, like Gecko; compatible; GPTBot/1.4; +https://openai.com/gptbot)"
216.73.216.152 - - [20/Aug/2026:09:02:31 +0200] "GET /shopdetail/biography/041028530 HTTP/1.1" 500 - "-" "Mozilla/5.0 AppleWebKit/537.36 (KHTML, like Gecko; compatible; ClaudeBot/1.0; +claudebot@anthropic.com)"
216.73.216.152 - - [20/Aug/2026:09:02:42 +0200] "GET /shopdetail/course/052021903 HTTP/1.1" 500 - "-" "Mozilla/5.0 AppleWebKit/537.36 (KHTML, like Gecko; compatible; ClaudeBot/1.0; +claudebot@anthropic.com)"
74.7.243.240 - - [20/Aug/2026:09:02:43 +0200] "GET /?pray/034008516 HTTP/1.1" 500 - "https://weltderkarten-berlin.de/sitemap_index.xml" "Mozilla/5.0 AppleWebKit/537.36 (KHTML, like Gecko; compatible; GPTBot/1.4; +https://openai.com/gptbot)"
216.73.216.152 - - [20/Aug/2026:09:02:43 +0200] "GET /shopdetail/edition/293029370 HTTP/1.1" 500 - "-" "Mozilla/5.0 AppleWebKit/537.36 (KHTML, like Gecko; compatible; ClaudeBot/1.0; +claudebot@anthropic.com)"
216.73.216.152 - - [20/Aug/2026:09:02:48 +0200] "GET /shopdetail/eager/178031077 HTTP/1.1" 500 - "-" "Mozilla/5.0 AppleWebKit/537.36 (KHTML, like Gecko; compatible; ClaudeBot/1.0; +claudebot@anthropic.com)"
216.73.216.152 - - [20/Aug/2026:09:02:53 +0200] "GET /shopdetail/quit/227010698 HTTP/1.1" 500 - "-" "Mozilla/5.0 AppleWebKit/537.36 (KHTML, like Gecko; compatible; ClaudeBot/1.0; +claudebot@anthropic.com)"
216.73.216.152 - - [20/Aug/2026:09:02:58 +0200] "GET /shopdetail/tendency/287045074 HTTP/1.1" 500 - "-" "Mozilla/5.0 AppleWebKit/537.36 (KHTML, like Gecko; compatible; ClaudeBot/1.0; +claudebot@anthropic.com)"
74.7.243.240 - - [20/Aug/2026:09:03:02 +0200] "GET /?jury/265025281 HTTP/1.1" 500 - "https://weltderkarten-berlin.de/sitemap_index.xml" "Mozilla/5.0 AppleWebKit/537.36 (KHTML, like Gecko; compatible; GPTBot/1.4; +https://openai.com/gptbot)"
216.73.216.152 - - [20/Aug/2026:09:03:03 +0200] "GET /shopdetail/ice/072016937 HTTP/1.1" 500 - "-" "Mozilla/5.0 AppleWebKit/537.36 (KHTML, like Gecko; compatible; ClaudeBot/1.0; +claudebot@anthropic.com)"
216.73.216.152 - - [20/Aug/2026:09:03:07 +0200] "GET /shopdetail/central/043045326 HTTP/1.1" 500 - "-" "Mozilla/5.0 AppleWebKit/537.36 (KHTML, like Gecko; compatible; ClaudeBot/1.0; +claudebot@anthropic.com)"
216.73.216.152 - - [20/Aug/2026:09:03:13 +0200] "GET /shopdetail/expedition/216047813 HTTP/1.1" 500 - "-" "Mozilla/5.0 AppleWebKit/537.36 (KHTML, like Gecko; compatible; ClaudeBot/1.0; +claudebot@anthropic.com)"
216.73.216.152 - - [20/Aug/2026:09:03:18 +0200] "GET /shopdetail/cover/218039633 HTTP/1.1" 500 - "-" "Mozilla/5.0 AppleWebKit/537.36 (KHTML, like Gecko; compatible; ClaudeBot/1.0; +claudebot@anthropic.com)"
74.7.243.240 - - [20/Aug/2026:09:03:23 +0200] "GET /?call/158013554 HTTP/1.1" 500 - "https://weltderkarten-berlin.de/sitemap_index.xml" "Mozilla/5.0 AppleWebKit/537.36 (KHTML, like Gecko; compatible; GPTBot/1.4; +https://openai.com/gptbot)"
216.73.216.152 - - [20/Aug/2026:09:03:23 +0200] "GET /shopdetail/attend/278026645 HTTP/1.1" 500 - "-" "Mozilla/5.0 AppleWebKit/537.36 (KHTML, like Gecko; compatible; ClaudeBot/1.0; +claudebot@anthropic.com)"
216.73.216.152 - - [20/Aug/2026:09:03:28 +0200] "GET /shopdetail/seminar/185045472 HTTP/1.1" 500 - "-" "Mozilla/5.0 AppleWebKit/537.36 (KHTML, like Gecko; compatible; ClaudeBot/1.0; +claudebot@anthropic.com)"
216.73.216.152 - - [20/Aug/2026:09:03:33 +0200] "GET /shopdetail/communication/163039086 HTTP/1.1" 500 - "-" "Mozilla/5.0 AppleWebKit/537.36 (KHTML, like Gecko; compatible; ClaudeBot/1.0; +claudebot@anthropic.com)"
216.73.216.152 - - [20/Aug/2026:09:03:38 +0200] "GET /shopdetail/top/166029667 HTTP/1.1" 500 - "-" "Mozilla/5.0 AppleWebKit/537.36 (KHTML, like Gecko; compatible; ClaudeBot/1.0; +claudebot@anthropic.com)"
216.73.216.152 - - [20/Aug/2026:09:03:43 +0200] "GET /shopdetail/teach/103015106 HTTP/1.1" 500 - "-" "Mozilla/5.0 AppleWebKit/537.36 (KHTML, like Gecko; compatible; ClaudeBot/1.0; +claudebot@anthropic.com)"
74.7.243.240 - - [20/Aug/2026:09:03:44 +0200] "GET /?area/269020385 HTTP/1.1" 500 - "https://weltderkarten-berlin.de/sitemap_index.xml" "Mozilla/5.0 AppleWebKit/537.36 (KHTML, like Gecko; compatible; GPTBot/1.4; +https://openai.com/gptbot)"
216.73.216.152 - - [20/Aug/2026:09:03:48 +0200] "GET /shopdetail/transformation/021037898 HTTP/1.1" 500 - "-" "Mozilla/5.0 AppleWebKit/537.36 (KHTML, like Gecko; compatible; ClaudeBot/1.0; +claudebot@anthropic.com)"
216.73.216.152 - - [20/Aug/2026:09:03:53 +0200] "GET /shopdetail/book/300022575 HTTP/1.1" 500 - "-" "Mozilla/5.0 AppleWebKit/537.36 (KHTML, like Gecko; compatible; ClaudeBot/1.0; +claudebot@anthropic.com)"
216.73.216.152 - - [20/Aug/2026:09:03:58 +0200] "GET /shopdetail/loan/224040263 HTTP/1.1" 500 - "-" "Mozilla/5.0 AppleWebKit/537.36 (KHTML, like Gecko; compatible; ClaudeBot/1.0; +claudebot@anthropic.com)"
216.73.216.152 - - [20/Aug/2026:09:04:03 +0200] "GET /shopdetail/year/246042527 HTTP/1.1" 500 - "-" "Mozilla/5.0 AppleWebKit/537.36 (KHTML, like Gecko; compatible; ClaudeBot/1.0; +claudebot@anthropic.com)"
74.7.243.240 - - [20/Aug/2026:09:04:06 +0200] "GET /?lens/233001093 HTTP/1.1" 500 - "https://weltderkarten-berlin.de/sitemap_index.xml" "Mozilla/5.0 AppleWebKit/537.36 (KHTML, like Gecko; compatible; GPTBot/1.4; +https://openai.com/gptbot)"
216.73.216.152 - - [20/Aug/2026:09:04:08 +0200] "GET /shopdetail/determine/198021833 HTTP/1.1" 500 - "-" "Mozilla/5.0 AppleWebKit/537.36 (KHTML, like Gecko; compatible; ClaudeBot/1.0; +claudebot@anthropic.com)"
216.73.216.152 - - [20/Aug/2026:09:04:13 +0200] "GET /shopdetail/ball/120046485 HTTP/1.1" 500 - "-" "Mozilla/5.0 AppleWebKit/537.36 (KHTML, like Gecko; compatible; ClaudeBot/1.0; +claudebot@anthropic.com)"
216.73.216.152 - - [20/Aug/2026:09:04:18 +0200] "GET /shopdetail/modify/180012621 HTTP/1.1" 500 - "-" "Mozilla/5.0 AppleWebKit/537.36 (KHTML, like Gecko; compatible; ClaudeBot/1.0; +claudebot@anthropic.com)"
216.73.216.152 - - [20/Aug/2026:09:04:23 +0200] "GET /shopdetail/duck/094039873 HTTP/1.1" 500 - "-" "Mozilla/5.0 AppleWebKit/537.36 (KHTML, like Gecko; compatible; ClaudeBot/1.0; +claudebot@anthropic.com)"
74.7.243.240 - - [20/Aug/2026:09:04:27 +0200] "GET /?best/058023408 HTTP/1.1" 500 - "https://weltderkarten-berlin.de/sitemap_index.xml" "Mozilla/5.0 AppleWebKit/537.36 (KHTML, like Gecko; compatible; GPTBot/1.4; +https://openai.com/gptbot)"
216.73.216.152 - - [20/Aug/2026:09:04:28 +0200] "GET /shopdetail/number/225009508 HTTP/1.1" 500 - "-" "Mozilla/5.0 AppleWebKit/537.36 (KHTML, like Gecko; compatible; ClaudeBot/1.0; +claudebot@anthropic.com)"
216.73.216.152 - - [20/Aug/2026:09:04:33 +0200] "GET /shopdetail/grab/237013696 HTTP/1.1" 500 - "-" "Mozilla/5.0 AppleWebKit/537.36 (KHTML, like Gecko; compatible; ClaudeBot/1.0; +claudebot@anthropic.com)"
216.73.216.152 - - [20/Aug/2026:09:04:39 +0200] "GET /shopdetail/fever/118032863 HTTP/1.1" 500 - "-" "Mozilla/5.0 AppleWebKit/537.36 (KHTML, like Gecko; compatible; ClaudeBot/1.0; +claudebot@anthropic.com)"
216.73.216.152 - - [20/Aug/2026:09:04:44 +0200] "GET /shopdetail/whether/059005816 HTTP/1.1" 500 - "-" "Mozilla/5.0 AppleWebKit/537.36 (KHTML, like Gecko; compatible; ClaudeBot/1.0; +claudebot@anthropic.com)"
74.7.243.240 - - [20/Aug/2026:09:04:47 +0200] "GET /?exit/183020671 HTTP/1.1" 500 - "https://weltderkarten-berlin.de/sitemap_index.xml" "Mozilla/5.0 AppleWebKit/537.36 (KHTML, like Gecko; compatible; GPTBot/1.4; +https://openai.com/gptbot)"
216.73.216.152 - - [20/Aug/2026:09:04:49 +0200] "GET /shopdetail/junior/058009243 HTTP/1.1" 500 - "-" "Mozilla/5.0 AppleWebKit/537.36 (KHTML, like Gecko; compatible; ClaudeBot/1.0; +claudebot@anthropic.com)"
216.73.216.152 - - [20/Aug/2026:09:04:54 +0200] "GET /shopdetail/tool/266004933 HTTP/1.1" 500 - "-" "Mozilla/5.0 AppleWebKit/537.36 (KHTML, like Gecko; compatible; ClaudeBot/1.0; +claudebot@anthropic.com)"
216.73.216.152 - - [20/Aug/2026:09:04:59 +0200] "GET /shopdetail/extent/042015581 HTTP/1.1" 500 - "-" "Mozilla/5.0 AppleWebKit/537.36 (KHTML, like Gecko; compatible; ClaudeBot/1.0; +claudebot@anthropic.com)"
216.73.216.152 - - [20/Aug/2026:09:05:04 +0200] "GET /shopdetail/fantasy/049005978 HTTP/1.1" 500 - "-" "Mozilla/5.0 AppleWebKit/537.36 (KHTML, like Gecko; compatible; ClaudeBot/1.0; +claudebot@anthropic.com)"
74.7.243.240 - - [20/Aug/2026:09:05:07 +0200] "GET /?mess/010048892 HTTP/1.1" 500 - "https://weltderkarten-berlin.de/sitemap_index.xml" "Mozilla/5.0 AppleWebKit/537.36 (KHTML, like Gecko; compatible; GPTBot/1.4; +https://openai.com/gptbot)"
216.73.216.152 - - [20/Aug/2026:09:05:09 +0200] "GET /shopdetail/weekly/063009946 HTTP/1.1" 500 - "-" "Mozilla/5.0 AppleWebKit/537.36 (KHTML, like Gecko; compatible; ClaudeBot/1.0; +claudebot@anthropic.com)"
216.73.216.152 - - [20/Aug/2026:09:05:14 +0200] "GET /shopdetail/Catholic/033001570 HTTP/1.1" 500 - "-" "Mozilla/5.0 AppleWebKit/537.36 (KHTML, like Gecko; compatible; ClaudeBot/1.0; +claudebot@anthropic.com)"
216.73.216.152 - - [20/Aug/2026:09:05:19 +0200] "GET /shopdetail/target/190019609 HTTP/1.1" 500 - "-" "Mozilla/5.0 AppleWebKit/537.36 (KHTML, like Gecko; compatible; ClaudeBot/1.0; +claudebot@anthropic.com)"
216.73.216.152 - - [20/Aug/2026:09:05:24 +0200] "GET /shopdetail/bow/204008075 HTTP/1.1" 500 - "-" "Mozilla/5.0 AppleWebKit/537.36 (KHTML, like Gecko; compatible; ClaudeBot/1.0; +claudebot@anthropic.com)"
74.7.243.240 - - [20/Aug/2026:09:05:28 +0200] "GET /?hate/289042161 HTTP/1.1" 500 - "https://weltderkarten-berlin.de/sitemap_index.xml" "Mozilla/5.0 AppleWebKit/537.36 (KHTML, like Gecko; compatible; GPTBot/1.4; +https://openai.com/gptbot)"
216.73.216.152 - - [20/Aug/2026:09:05:29 +0200] "GET /shopdetail/determination/028027841 HTTP/1.1" 500 - "-" "Mozilla/5.0 AppleWebKit/537.36 (KHTML, like Gecko; compatible; ClaudeBot/1.0; +claudebot@anthropic.com)"
216.73.216.152 - - [20/Aug/2026:09:05:34 +0200] "GET /shopdetail/exceed/208029335 HTTP/1.1" 500 - "-" "Mozilla/5.0 AppleWebKit/537.36 (KHTML, like Gecko; compatible; ClaudeBot/1.0; +claudebot@anthropic.com)"
216.73.216.152 - - [20/Aug/2026:09:05:39 +0200] "GET /shopdetail/prepare/228004493 HTTP/1.1" 500 - "-" "Mozilla/5.0 AppleWebKit/537.36 (KHTML, like Gecko; compatible; ClaudeBot/1.0; +claudebot@anthropic.com)"
216.73.216.152 - - [20/Aug/2026:09:05:44 +0200] "GET /shopdetail/storage/210036133 HTTP/1.1" 500 - "-" "Mozilla/5.0 AppleWebKit/537.36 (KHTML, like Gecko; compatible; ClaudeBot/1.0; +claudebot@anthropic.com)"
216.73.216.152 - - [20/Aug/2026:09:05:49 +0200] "GET /shopdetail/broad/071015082 HTTP/1.1" 500 - "-" "Mozilla/5.0 AppleWebKit/537.36 (KHTML, like Gecko; compatible; ClaudeBot/1.0; +claudebot@anthropic.com)"
74.7.243.240 - - [20/Aug/2026:09:05:49 +0200] "GET /?snow/090021584 HTTP/1.1" 500 - "https://weltderkarten-berlin.de/sitemap_index.xml" "Mozilla/5.0 AppleWebKit/537.36 (KHTML, like Gecko; compatible; GPTBot/1.4; +https://openai.com/gptbot)"
216.73.216.152 - - [20/Aug/2026:09:05:54 +0200] "GET /shopdetail/should/221038910 HTTP/1.1" 500 - "-" "Mozilla/5.0 AppleWebKit/537.36 (KHTML, like Gecko; compatible; ClaudeBot/1.0; +claudebot@anthropic.com)"
216.73.216.152 - - [20/Aug/2026:09:05:59 +0200] "GET /shopdetail/sanction/116019905 HTTP/1.1" 500 - "-" "Mozilla/5.0 AppleWebKit/537.36 (KHTML, like Gecko; compatible; ClaudeBot/1.0; +claudebot@anthropic.com)"
216.73.216.152 - - [20/Aug/2026:09:06:04 +0200] "GET /shopdetail/dad/035020186 HTTP/1.1" 500 - "-" "Mozilla/5.0 AppleWebKit/537.36 (KHTML, like Gecko; compatible; ClaudeBot/1.0; +claudebot@anthropic.com)"
216.73.216.152 - - [20/Aug/2026:09:06:10 +0200] "GET /shopdetail/fist/049049818 HTTP/1.1" 500 - "-" "Mozilla/5.0 AppleWebKit/537.36 (KHTML, like Gecko; compatible; ClaudeBot/1.0; +claudebot@anthropic.com)"
74.7.243.240 - - [20/Aug/2026:09:06:10 +0200] "GET /?body/113047969 HTTP/1.1" 500 - "https://weltderkarten-berlin.de/sitemap_index.xml" "Mozilla/5.0 AppleWebKit/537.36 (KHTML, like Gecko; compatible; GPTBot/1.4; +https://openai.com/gptbot)"
216.73.216.152 - - [20/Aug/2026:09:06:14 +0200] "GET /shopdetail/grave/193023016 HTTP/1.1" 500 - "-" "Mozilla/5.0 AppleWebKit/537.36 (KHTML, like Gecko; compatible; ClaudeBot/1.0; +claudebot@anthropic.com)"
216.73.216.152 - - [20/Aug/2026:09:06:19 +0200] "GET /shopdetail/shoot/248036905 HTTP/1.1" 500 - "-" "Mozilla/5.0 AppleWebKit/537.36 (KHTML, like Gecko; compatible; ClaudeBot/1.0; +claudebot@anthropic.com)"
216.73.216.152 - - [20/Aug/2026:09:06:25 +0200] "GET /shopdetail/plea/277035806 HTTP/1.1" 500 - "-" "Mozilla/5.0 AppleWebKit/537.36 (KHTML, like Gecko; compatible; ClaudeBot/1.0; +claudebot@anthropic.com)"
74.7.243.240 - - [20/Aug/2026:09:06:30 +0200] "GET /?mine/126034296 HTTP/1.1" 500 - "https://weltderkarten-berlin.de/sitemap_index.xml" "Mozilla/5.0 AppleWebKit/537.36 (KHTML, like Gecko; compatible; GPTBot/1.4; +https://openai.com/gptbot)"
216.73.216.152 - - [20/Aug/2026:09:06:30 +0200] "GET /shopdetail/coast/076044665 HTTP/1.1" 500 - "-" "Mozilla/5.0 AppleWebKit/537.36 (KHTML, like Gecko; compatible; ClaudeBot/1.0; +claudebot@anthropic.com)"
216.73.216.152 - - [20/Aug/2026:09:06:35 +0200] "GET /shopdetail/tragedy/166037525 HTTP/1.1" 500 - "-" "Mozilla/5.0 AppleWebKit/537.36 (KHTML, like Gecko; compatible; ClaudeBot/1.0; +claudebot@anthropic.com)"
216.73.216.152 - - [20/Aug/2026:09:06:40 +0200] "GET /shopdetail/premium/098045715 HTTP/1.1" 500 - "-" "Mozilla/5.0 AppleWebKit/537.36 (KHTML, like Gecko; compatible; ClaudeBot/1.0; +claudebot@anthropic.com)"
216.73.216.152 - - [20/Aug/2026:09:06:45 +0200] "GET /shopdetail/slip/181020022 HTTP/1.1" 500 - "-" "Mozilla/5.0 AppleWebKit/537.36 (KHTML, like Gecko; compatible; ClaudeBot/1.0; +claudebot@anthropic.com)"
74.7.243.240 - - [20/Aug/2026:09:06:50 +0200] "GET /?twin/211019123 HTTP/1.1" 500 - "https://weltderkarten-berlin.de/sitemap_index.xml" "Mozilla/5.0 AppleWebKit/537.36 (KHTML, like Gecko; compatible; GPTBot/1.4; +https://openai.com/gptbot)"
216.73.216.152 - - [20/Aug/2026:09:06:50 +0200] "GET /shopdetail/audience/222020227 HTTP/1.1" 500 - "-" "Mozilla/5.0 AppleWebKit/537.36 (KHTML, like Gecko; compatible; ClaudeBot/1.0; +claudebot@anthropic.com)"
216.73.216.152 - - [20/Aug/2026:09:06:55 +0200] "GET /shopdetail/preparation/267013984 HTTP/1.1" 500 - "-" "Mozilla/5.0 AppleWebKit/537.36 (KHTML, like Gecko; compatible; ClaudeBot/1.0; +claudebot@anthropic.com)"
216.73.216.152 - - [20/Aug/2026:09:07:00 +0200] "GET /shopdetail/communication/122048037 HTTP/1.1" 500 - "-" "Mozilla/5.0 AppleWebKit/537.36 (KHTML, like Gecko; compatible; ClaudeBot/1.0; +claudebot@anthropic.com)"
216.73.216.152 - - [20/Aug/2026:09:07:05 +0200] "GET /shopdetail/deposit/154017281 HTTP/1.1" 500 - "-" "Mozilla/5.0 AppleWebKit/537.36 (KHTML, like Gecko; compatible; ClaudeBot/1.0; +claudebot@anthropic.com)"
216.73.216.152 - - [20/Aug/2026:09:07:10 +0200] "GET /shopdetail/Thanksgiving/157014204 HTTP/1.1" 500 - "-" "Mozilla/5.0 AppleWebKit/537.36 (KHTML, like Gecko; compatible; ClaudeBot/1.0; +claudebot@anthropic.com)"
74.7.243.240 - - [20/Aug/2026:09:07:12 +0200] "GET /?menu/296039230 HTTP/1.1" 500 - "https://weltderkarten-berlin.de/sitemap_index.xml" "Mozilla/5.0 AppleWebKit/537.36 (KHTML, like Gecko; compatible; GPTBot/1.4; +https://openai.com/gptbot)"
216.73.216.152 - - [20/Aug/2026:09:07:15 +0200] "GET /shopdetail/inform/132046807 HTTP/1.1" 500 - "-" "Mozilla/5.0 AppleWebKit/537.36 (KHTML, like Gecko; compatible; ClaudeBot/1.0; +claudebot@anthropic.com)"
216.73.216.152 - - [20/Aug/2026:09:07:20 +0200] "GET /shopdetail/everyone/118012067 HTTP/1.1" 500 - "-" "Mozilla/5.0 AppleWebKit/537.36 (KHTML, like Gecko; compatible; ClaudeBot/1.0; +claudebot@anthropic.com)"
216.73.216.152 - - [20/Aug/2026:09:07:25 +0200] "GET /shopdetail/date/152026553 HTTP/1.1" 500 - "-" "Mozilla/5.0 AppleWebKit/537.36 (KHTML, like Gecko; compatible; ClaudeBot/1.0; +claudebot@anthropic.com)"
216.73.216.152 - - [20/Aug/2026:09:07:30 +0200] "GET /shopdetail/sad/218047703 HTTP/1.1" 500 - "-" "Mozilla/5.0 AppleWebKit/537.36 (KHTML, like Gecko; compatible; ClaudeBot/1.0; +claudebot@anthropic.com)"
74.7.243.240 - - [20/Aug/2026:09:07:33 +0200] "GET /?snap/048032522 HTTP/1.1" 500 - "https://weltderkarten-berlin.de/sitemap_index.xml" "Mozilla/5.0 AppleWebKit/537.36 (KHTML, like Gecko; compatible; GPTBot/1.4; +https://openai.com/gptbot)"
216.73.216.152 - - [20/Aug/2026:09:07:35 +0200] "GET /shopdetail/bicycle/016048469 HTTP/1.1" 500 - "-" "Mozilla/5.0 AppleWebKit/537.36 (KHTML, like Gecko; compatible; ClaudeBot/1.0; +claudebot@anthropic.com)"
216.73.216.152 - - [20/Aug/2026:09:07:40 +0200] "GET /shopdetail/watch/145018208 HTTP/1.1" 500 - "-" "Mozilla/5.0 AppleWebKit/537.36 (KHTML, like Gecko; compatible; ClaudeBot/1.0; +claudebot@anthropic.com)"
216.73.216.152 - - [20/Aug/2026:09:07:45 +0200] "GET /shopdetail/nine/113019132 HTTP/1.1" 500 - "-" "Mozilla/5.0 AppleWebKit/537.36 (KHTML, like Gecko; compatible; ClaudeBot/1.0; +claudebot@anthropic.com)"
216.73.216.152 - - [20/Aug/2026:09:07:50 +0200] "GET /shopdetail/humanity/115003236 HTTP/1.1" 500 - "-" "Mozilla/5.0 AppleWebKit/537.36 (KHTML, like Gecko; compatible; ClaudeBot/1.0; +claudebot@anthropic.com)"
74.7.243.240 - - [20/Aug/2026:09:07:53 +0200] "GET /?whip/092009528 HTTP/1.1" 500 - "https://weltderkarten-berlin.de/sitemap_index.xml" "Mozilla/5.0 AppleWebKit/537.36 (KHTML, like Gecko; compatible; GPTBot/1.4; +https://openai.com/gptbot)"
216.73.216.152 - - [20/Aug/2026:09:07:55 +0200] "GET /shopdetail/seem/264023173 HTTP/1.1" 500 - "-" "Mozilla/5.0 AppleWebKit/537.36 (KHTML, like Gecko; compatible; ClaudeBot/1.0; +claudebot@anthropic.com)"
216.73.216.152 - - [20/Aug/2026:09:08:00 +0200] "GET /shopdetail/substantial/007035054 HTTP/1.1" 500 - "-" "Mozilla/5.0 AppleWebKit/537.36 (KHTML, like Gecko; compatible; ClaudeBot/1.0; +claudebot@anthropic.com)"
216.73.216.152 - - [20/Aug/2026:09:08:05 +0200] "GET /shopdetail/hearing/038021665 HTTP/1.1" 500 - "-" "Mozilla/5.0 AppleWebKit/537.36 (KHTML, like Gecko; compatible; ClaudeBot/1.0; +claudebot@anthropic.com)"
216.73.216.152 - - [20/Aug/2026:09:08:10 +0200] "GET /shopdetail/conclusion/234035647 HTTP/1.1" 500 - "-" "Mozilla/5.0 AppleWebKit/537.36 (KHTML, like Gecko; compatible; ClaudeBot/1.0; +claudebot@anthropic.com)"
74.7.243.240 - - [20/Aug/2026:09:08:14 +0200] "GET /?band/221035713 HTTP/1.1" 500 - "https://weltderkarten-berlin.de/sitemap_index.xml" "Mozilla/5.0 AppleWebKit/537.36 (KHTML, like Gecko; compatible; GPTBot/1.4; +https://openai.com/gptbot)"
