74.7.243.240 - - [20/Aug/2026:07:41:54 +0200] "GET /shopdetail/salt/097026532 HTTP/1.1" 500 - "https://weltderkarten-berlin.de/sitemap_index.xml" "Mozilla/5.0 AppleWebKit/537.36 (KHTML, like Gecko; compatible; GPTBot/1.4; +https://openai.com/gptbot)"
74.7.243.240 - - [20/Aug/2026:07:42:16 +0200] "GET /shopdetail/self/274045461 HTTP/1.1" 500 - "https://weltderkarten-berlin.de/sitemap_index.xml" "Mozilla/5.0 AppleWebKit/537.36 (KHTML, like Gecko; compatible; GPTBot/1.4; +https://openai.com/gptbot)"
74.7.243.240 - - [20/Aug/2026:07:42:37 +0200] "GET /shopdetail/dumb/266004747 HTTP/1.1" 500 - "https://weltderkarten-berlin.de/sitemap_index.xml" "Mozilla/5.0 AppleWebKit/537.36 (KHTML, like Gecko; compatible; GPTBot/1.4; +https://openai.com/gptbot)"
74.7.243.240 - - [20/Aug/2026:07:42:57 +0200] "GET /shopdetail/wall/012039327 HTTP/1.1" 500 - "https://weltderkarten-berlin.de/sitemap_index.xml" "Mozilla/5.0 AppleWebKit/537.36 (KHTML, like Gecko; compatible; GPTBot/1.4; +https://openai.com/gptbot)"
74.7.243.240 - - [20/Aug/2026:07:43:17 +0200] "GET /shopdetail/wild/105036172 HTTP/1.1" 500 - "https://weltderkarten-berlin.de/sitemap_index.xml" "Mozilla/5.0 AppleWebKit/537.36 (KHTML, like Gecko; compatible; GPTBot/1.4; +https://openai.com/gptbot)"
74.7.243.240 - - [20/Aug/2026:07:43:38 +0200] "GET /shopdetail/each/239023446 HTTP/1.1" 500 - "https://weltderkarten-berlin.de/sitemap_index.xml" "Mozilla/5.0 AppleWebKit/537.36 (KHTML, like Gecko; compatible; GPTBot/1.4; +https://openai.com/gptbot)"
74.7.243.240 - - [20/Aug/2026:07:43:58 +0200] "GET /shopdetail/silk/028047565 HTTP/1.1" 500 - "https://weltderkarten-berlin.de/sitemap_index.xml" "Mozilla/5.0 AppleWebKit/537.36 (KHTML, like Gecko; compatible; GPTBot/1.4; +https://openai.com/gptbot)"
74.7.243.240 - - [20/Aug/2026:07:44:20 +0200] "GET /shopdetail/them/030032897 HTTP/1.1" 500 - "https://weltderkarten-berlin.de/sitemap_index.xml" "Mozilla/5.0 AppleWebKit/537.36 (KHTML, like Gecko; compatible; GPTBot/1.4; +https://openai.com/gptbot)"
74.7.243.240 - - [20/Aug/2026:07:44:41 +0200] "GET /shopdetail/want/247012126 HTTP/1.1" 500 - "https://weltderkarten-berlin.de/sitemap_index.xml" "Mozilla/5.0 AppleWebKit/537.36 (KHTML, like Gecko; compatible; GPTBot/1.4; +https://openai.com/gptbot)"
74.7.243.240 - - [20/Aug/2026:07:45:07 +0200] "GET /shopdetail/ease/158037809 HTTP/1.1" 500 - "https://weltderkarten-berlin.de/sitemap_index.xml" "Mozilla/5.0 AppleWebKit/537.36 (KHTML, like Gecko; compatible; GPTBot/1.4; +https://openai.com/gptbot)"
74.7.243.240 - - [20/Aug/2026:07:46:09 +0200] "GET /shopdetail/stem/196015315 HTTP/1.1" 500 - "https://weltderkarten-berlin.de/sitemap_index.xml" "Mozilla/5.0 AppleWebKit/537.36 (KHTML, like Gecko; compatible; GPTBot/1.4; +https://openai.com/gptbot)"
74.7.243.240 - - [20/Aug/2026:07:47:15 +0200] "GET /shopdetail/debt/145005324 HTTP/1.1" 500 - "https://weltderkarten-berlin.de/sitemap_index.xml" "Mozilla/5.0 AppleWebKit/537.36 (KHTML, like Gecko; compatible; GPTBot/1.4; +https://openai.com/gptbot)"
9.129.57.205 - - [20/Aug/2026:07:47:22 +0200] "GET / HTTP/1.1" 500 - "-" "Mozilla/5.0 AppleWebKit/537.36 (KHTML, like Gecko); compatible; ChatGPT-User/1.0; +https://openai.com/bot"
74.7.243.240 - - [20/Aug/2026:07:47:30 +0200] "GET /shopdetail/slam/044022697 HTTP/1.1" 500 - "https://weltderkarten-berlin.de/sitemap_index.xml" "Mozilla/5.0 AppleWebKit/537.36 (KHTML, like Gecko; compatible; GPTBot/1.4; +https://openai.com/gptbot)"
74.7.243.240 - - [20/Aug/2026:07:47:44 +0200] "GET /shopdetail/size/064002765 HTTP/1.1" 500 - "https://weltderkarten-berlin.de/sitemap_index.xml" "Mozilla/5.0 AppleWebKit/537.36 (KHTML, like Gecko; compatible; GPTBot/1.4; +https://openai.com/gptbot)"
74.7.243.240 - - [20/Aug/2026:07:48:05 +0200] "GET /shopdetail/cell/145025894 HTTP/1.1" 500 - "https://weltderkarten-berlin.de/sitemap_index.xml" "Mozilla/5.0 AppleWebKit/537.36 (KHTML, like Gecko; compatible; GPTBot/1.4; +https://openai.com/gptbot)"
74.7.243.240 - - [20/Aug/2026:07:48:26 +0200] "GET /shopdetail/site/047019692 HTTP/1.1" 500 - "https://weltderkarten-berlin.de/sitemap_index.xml" "Mozilla/5.0 AppleWebKit/537.36 (KHTML, like Gecko; compatible; GPTBot/1.4; +https://openai.com/gptbot)"
74.7.243.240 - - [20/Aug/2026:07:48:46 +0200] "GET /shopdetail/aide/021043580 HTTP/1.1" 500 - "https://weltderkarten-berlin.de/sitemap_index.xml" "Mozilla/5.0 AppleWebKit/537.36 (KHTML, like Gecko; compatible; GPTBot/1.4; +https://openai.com/gptbot)"
74.7.243.240 - - [20/Aug/2026:07:49:06 +0200] "GET /shopdetail/soup/113036946 HTTP/1.1" 500 - "https://weltderkarten-berlin.de/sitemap_index.xml" "Mozilla/5.0 AppleWebKit/537.36 (KHTML, like Gecko; compatible; GPTBot/1.4; +https://openai.com/gptbot)"
74.7.243.240 - - [20/Aug/2026:07:49:25 +0200] "GET /shopdetail/fair/193023940 HTTP/1.1" 500 - "https://weltderkarten-berlin.de/sitemap_index.xml" "Mozilla/5.0 AppleWebKit/537.36 (KHTML, like Gecko; compatible; GPTBot/1.4; +https://openai.com/gptbot)"
74.7.243.240 - - [20/Aug/2026:07:49:50 +0200] "GET /shopdetail/detailed/062023923 HTTP/1.1" 500 - "https://weltderkarten-berlin.de/sitemap_index.xml" "Mozilla/5.0 AppleWebKit/537.36 (KHTML, like Gecko; compatible; GPTBot/1.4; +https://openai.com/gptbot)"
74.7.243.240 - - [20/Aug/2026:07:50:07 +0200] "GET /shopdetail/Internet/054043437 HTTP/1.1" 500 - "https://weltderkarten-berlin.de/sitemap_index.xml" "Mozilla/5.0 AppleWebKit/537.36 (KHTML, like Gecko; compatible; GPTBot/1.4; +https://openai.com/gptbot)"
74.7.243.240 - - [20/Aug/2026:07:50:21 +0200] "GET /shopdetail/hike/200017053 HTTP/1.1" 500 - "https://weltderkarten-berlin.de/sitemap_index.xml" "Mozilla/5.0 AppleWebKit/537.36 (KHTML, like Gecko; compatible; GPTBot/1.4; +https://openai.com/gptbot)"
74.7.243.240 - - [20/Aug/2026:07:50:37 +0200] "GET /shopdetail/cake/100022049 HTTP/1.1" 500 - "https://weltderkarten-berlin.de/sitemap_index.xml" "Mozilla/5.0 AppleWebKit/537.36 (KHTML, like Gecko; compatible; GPTBot/1.4; +https://openai.com/gptbot)"
74.7.243.240 - - [20/Aug/2026:07:50:56 +0200] "GET /shopdetail/sure/080005945 HTTP/1.1" 500 - "https://weltderkarten-berlin.de/sitemap_index.xml" "Mozilla/5.0 AppleWebKit/537.36 (KHTML, like Gecko; compatible; GPTBot/1.4; +https://openai.com/gptbot)"
74.7.243.240 - - [20/Aug/2026:07:51:16 +0200] "GET /shopdetail/peer/264011151 HTTP/1.1" 500 - "https://weltderkarten-berlin.de/sitemap_index.xml" "Mozilla/5.0 AppleWebKit/537.36 (KHTML, like Gecko; compatible; GPTBot/1.4; +https://openai.com/gptbot)"
74.7.243.240 - - [20/Aug/2026:07:51:37 +0200] "GET /shopdetail/sofa/055000394 HTTP/1.1" 500 - "https://weltderkarten-berlin.de/sitemap_index.xml" "Mozilla/5.0 AppleWebKit/537.36 (KHTML, like Gecko; compatible; GPTBot/1.4; +https://openai.com/gptbot)"
74.7.243.240 - - [20/Aug/2026:07:51:57 +0200] "GET /shopdetail/tire/050026555 HTTP/1.1" 500 - "https://weltderkarten-berlin.de/sitemap_index.xml" "Mozilla/5.0 AppleWebKit/537.36 (KHTML, like Gecko; compatible; GPTBot/1.4; +https://openai.com/gptbot)"
74.7.243.240 - - [20/Aug/2026:07:52:19 +0200] "GET /shopdetail/frozen/283019716 HTTP/1.1" 500 - "https://weltderkarten-berlin.de/sitemap_index.xml" "Mozilla/5.0 AppleWebKit/537.36 (KHTML, like Gecko; compatible; GPTBot/1.4; +https://openai.com/gptbot)"
74.7.243.240 - - [20/Aug/2026:07:52:39 +0200] "GET /shopdetail/hungry/300025979 HTTP/1.1" 500 - "https://weltderkarten-berlin.de/sitemap_index.xml" "Mozilla/5.0 AppleWebKit/537.36 (KHTML, like Gecko; compatible; GPTBot/1.4; +https://openai.com/gptbot)"
74.7.243.240 - - [20/Aug/2026:07:53:00 +0200] "GET /shopdetail/skin/136009157 HTTP/1.1" 500 - "https://weltderkarten-berlin.de/sitemap_index.xml" "Mozilla/5.0 AppleWebKit/537.36 (KHTML, like Gecko; compatible; GPTBot/1.4; +https://openai.com/gptbot)"
74.7.243.240 - - [20/Aug/2026:07:53:22 +0200] "GET /shopdetail/rain/284001703 HTTP/1.1" 500 - "https://weltderkarten-berlin.de/sitemap_index.xml" "Mozilla/5.0 AppleWebKit/537.36 (KHTML, like Gecko; compatible; GPTBot/1.4; +https://openai.com/gptbot)"
74.7.243.240 - - [20/Aug/2026:07:53:43 +0200] "GET /shopdetail/sink/187035650 HTTP/1.1" 500 - "https://weltderkarten-berlin.de/sitemap_index.xml" "Mozilla/5.0 AppleWebKit/537.36 (KHTML, like Gecko; compatible; GPTBot/1.4; +https://openai.com/gptbot)"
74.7.243.240 - - [20/Aug/2026:07:54:03 +0200] "GET /shopdetail/film/279039536 HTTP/1.1" 500 - "https://weltderkarten-berlin.de/sitemap_index.xml" "Mozilla/5.0 AppleWebKit/537.36 (KHTML, like Gecko; compatible; GPTBot/1.4; +https://openai.com/gptbot)"
74.7.243.240 - - [20/Aug/2026:07:54:23 +0200] "GET /shopdetail/pour/169038904 HTTP/1.1" 500 - "https://weltderkarten-berlin.de/sitemap_index.xml" "Mozilla/5.0 AppleWebKit/537.36 (KHTML, like Gecko; compatible; GPTBot/1.4; +https://openai.com/gptbot)"
74.7.243.240 - - [20/Aug/2026:07:54:45 +0200] "GET /shopdetail/bell/174026185 HTTP/1.1" 500 - "https://weltderkarten-berlin.de/sitemap_index.xml" "Mozilla/5.0 AppleWebKit/537.36 (KHTML, like Gecko; compatible; GPTBot/1.4; +https://openai.com/gptbot)"
74.7.243.240 - - [20/Aug/2026:07:55:06 +0200] "GET /shopdetail/bury/001016152 HTTP/1.1" 500 - "https://weltderkarten-berlin.de/sitemap_index.xml" "Mozilla/5.0 AppleWebKit/537.36 (KHTML, like Gecko; compatible; GPTBot/1.4; +https://openai.com/gptbot)"
74.7.243.240 - - [20/Aug/2026:07:55:26 +0200] "GET /shopdetail/bank/291030036 HTTP/1.1" 500 - "https://weltderkarten-berlin.de/sitemap_index.xml" "Mozilla/5.0 AppleWebKit/537.36 (KHTML, like Gecko; compatible; GPTBot/1.4; +https://openai.com/gptbot)"
74.7.243.240 - - [20/Aug/2026:07:55:46 +0200] "GET /shopdetail/many/032034269 HTTP/1.1" 500 - "https://weltderkarten-berlin.de/sitemap_index.xml" "Mozilla/5.0 AppleWebKit/537.36 (KHTML, like Gecko; compatible; GPTBot/1.4; +https://openai.com/gptbot)"
74.7.243.240 - - [20/Aug/2026:07:56:07 +0200] "GET /shopdetail/fail/045005986 HTTP/1.1" 500 - "https://weltderkarten-berlin.de/sitemap_index.xml" "Mozilla/5.0 AppleWebKit/537.36 (KHTML, like Gecko; compatible; GPTBot/1.4; +https://openai.com/gptbot)"
74.7.243.240 - - [20/Aug/2026:07:56:29 +0200] "GET /shopdetail/mail/257023078 HTTP/1.1" 500 - "https://weltderkarten-berlin.de/sitemap_index.xml" "Mozilla/5.0 AppleWebKit/537.36 (KHTML, like Gecko; compatible; GPTBot/1.4; +https://openai.com/gptbot)"
2a03:2880:f806:30:: - - [20/Aug/2026:07:56:42 +0200] "GET /sitemap.txt HTTP/1.1" 500 - "-" "Mozilla/5.0 (Windows NT 10.0; Win64; x64) AppleWebKit/537.36 (KHTML, like Gecko) Chrome/145.0.0.0 Safari/537.36 (compatible; meta-externalagent/1.1 (+https://developers.facebook.com/docs/sharing/webmasters/crawler))"
74.7.243.240 - - [20/Aug/2026:07:56:49 +0200] "GET /shopdetail/nail/022005791 HTTP/1.1" 500 - "https://weltderkarten-berlin.de/sitemap_index.xml" "Mozilla/5.0 AppleWebKit/537.36 (KHTML, like Gecko; compatible; GPTBot/1.4; +https://openai.com/gptbot)"
66.102.9.35 - - [20/Aug/2026:07:57:07 +0200] "GET /.well-known/assetlinks.json HTTP/1.1" 200 118320 "-" "GoogleAssociationService"
66.249.93.66 - - [20/Aug/2026:07:57:07 +0200] "GET /.well-known/assetlinks.json HTTP/1.1" 200 118215 "-" "GoogleAssociationService"
74.7.243.240 - - [20/Aug/2026:07:57:10 +0200] "GET /shopdetail/Olympics/095043966 HTTP/1.1" 500 - "https://weltderkarten-berlin.de/sitemap_index.xml" "Mozilla/5.0 AppleWebKit/537.36 (KHTML, like Gecko; compatible; GPTBot/1.4; +https://openai.com/gptbot)"
74.7.243.240 - - [20/Aug/2026:07:57:30 +0200] "GET /shopdetail/Olympics/127026618 HTTP/1.1" 500 - "https://weltderkarten-berlin.de/sitemap_index.xml" "Mozilla/5.0 AppleWebKit/537.36 (KHTML, like Gecko; compatible; GPTBot/1.4; +https://openai.com/gptbot)"
74.7.243.240 - - [20/Aug/2026:07:57:50 +0200] "GET /shopdetail/easily/226025315 HTTP/1.1" 500 - "https://weltderkarten-berlin.de/sitemap_index.xml" "Mozilla/5.0 AppleWebKit/537.36 (KHTML, like Gecko; compatible; GPTBot/1.4; +https://openai.com/gptbot)"
74.7.243.240 - - [20/Aug/2026:07:58:11 +0200] "GET /shopdetail/season/161044376 HTTP/1.1" 500 - "https://weltderkarten-berlin.de/sitemap_index.xml" "Mozilla/5.0 AppleWebKit/537.36 (KHTML, like Gecko; compatible; GPTBot/1.4; +https://openai.com/gptbot)"
74.7.243.240 - - [20/Aug/2026:07:58:32 +0200] "GET /shopdetail/injury/134001003 HTTP/1.1" 500 - "https://weltderkarten-berlin.de/sitemap_index.xml" "Mozilla/5.0 AppleWebKit/537.36 (KHTML, like Gecko; compatible; GPTBot/1.4; +https://openai.com/gptbot)"
74.7.243.240 - - [20/Aug/2026:07:58:52 +0200] "GET /shopdetail/tackle/073045706 HTTP/1.1" 500 - "https://weltderkarten-berlin.de/sitemap_index.xml" "Mozilla/5.0 AppleWebKit/537.36 (KHTML, like Gecko; compatible; GPTBot/1.4; +https://openai.com/gptbot)"
74.7.243.240 - - [20/Aug/2026:07:59:14 +0200] "GET /shopdetail/oxygen/001017230 HTTP/1.1" 500 - "https://weltderkarten-berlin.de/sitemap_index.xml" "Mozilla/5.0 AppleWebKit/537.36 (KHTML, like Gecko; compatible; GPTBot/1.4; +https://openai.com/gptbot)"
74.7.243.240 - - [20/Aug/2026:07:59:35 +0200] "GET /shopdetail/better/271009332 HTTP/1.1" 500 - "https://weltderkarten-berlin.de/sitemap_index.xml" "Mozilla/5.0 AppleWebKit/537.36 (KHTML, like Gecko; compatible; GPTBot/1.4; +https://openai.com/gptbot)"
74.7.243.240 - - [20/Aug/2026:07:59:56 +0200] "GET /shopdetail/planet/123005506 HTTP/1.1" 500 - "https://weltderkarten-berlin.de/sitemap_index.xml" "Mozilla/5.0 AppleWebKit/537.36 (KHTML, like Gecko; compatible; GPTBot/1.4; +https://openai.com/gptbot)"
74.7.243.240 - - [20/Aug/2026:08:00:16 +0200] "GET /shopdetail/enroll/123016288 HTTP/1.1" 500 - "https://weltderkarten-berlin.de/sitemap_index.xml" "Mozilla/5.0 AppleWebKit/537.36 (KHTML, like Gecko; compatible; GPTBot/1.4; +https://openai.com/gptbot)"
74.7.243.240 - - [20/Aug/2026:08:00:37 +0200] "GET /shopdetail/outlet/189009532 HTTP/1.1" 500 - "https://weltderkarten-berlin.de/sitemap_index.xml" "Mozilla/5.0 AppleWebKit/537.36 (KHTML, like Gecko; compatible; GPTBot/1.4; +https://openai.com/gptbot)"
74.7.243.240 - - [20/Aug/2026:08:00:57 +0200] "GET /shopdetail/mutual/225040312 HTTP/1.1" 500 - "https://weltderkarten-berlin.de/sitemap_index.xml" "Mozilla/5.0 AppleWebKit/537.36 (KHTML, like Gecko; compatible; GPTBot/1.4; +https://openai.com/gptbot)"
74.7.243.240 - - [20/Aug/2026:08:01:18 +0200] "GET /shopdetail/decide/144048237 HTTP/1.1" 500 - "https://weltderkarten-berlin.de/sitemap_index.xml" "Mozilla/5.0 AppleWebKit/537.36 (KHTML, like Gecko; compatible; GPTBot/1.4; +https://openai.com/gptbot)"
74.7.243.240 - - [20/Aug/2026:08:01:38 +0200] "GET /shopdetail/strong/212004113 HTTP/1.1" 500 - "https://weltderkarten-berlin.de/sitemap_index.xml" "Mozilla/5.0 AppleWebKit/537.36 (KHTML, like Gecko; compatible; GPTBot/1.4; +https://openai.com/gptbot)"
74.7.243.240 - - [20/Aug/2026:08:02:00 +0200] "GET /shopdetail/barrel/219029872 HTTP/1.1" 500 - "https://weltderkarten-berlin.de/sitemap_index.xml" "Mozilla/5.0 AppleWebKit/537.36 (KHTML, like Gecko; compatible; GPTBot/1.4; +https://openai.com/gptbot)"
74.7.243.240 - - [20/Aug/2026:08:02:22 +0200] "GET /shopdetail/safely/268002181 HTTP/1.1" 500 - "https://weltderkarten-berlin.de/sitemap_index.xml" "Mozilla/5.0 AppleWebKit/537.36 (KHTML, like Gecko; compatible; GPTBot/1.4; +https://openai.com/gptbot)"
74.7.243.240 - - [20/Aug/2026:08:02:42 +0200] "GET /shopdetail/powder/040042873 HTTP/1.1" 500 - "https://weltderkarten-berlin.de/sitemap_index.xml" "Mozilla/5.0 AppleWebKit/537.36 (KHTML, like Gecko; compatible; GPTBot/1.4; +https://openai.com/gptbot)"
74.7.243.240 - - [20/Aug/2026:08:03:03 +0200] "GET /shopdetail/derive/015045994 HTTP/1.1" 500 - "https://weltderkarten-berlin.de/sitemap_index.xml" "Mozilla/5.0 AppleWebKit/537.36 (KHTML, like Gecko; compatible; GPTBot/1.4; +https://openai.com/gptbot)"
74.7.243.240 - - [20/Aug/2026:08:03:24 +0200] "GET /shopdetail/fairly/208022119 HTTP/1.1" 500 - "https://weltderkarten-berlin.de/sitemap_index.xml" "Mozilla/5.0 AppleWebKit/537.36 (KHTML, like Gecko; compatible; GPTBot/1.4; +https://openai.com/gptbot)"
74.7.243.240 - - [20/Aug/2026:08:03:46 +0200] "GET /shopdetail/summit/293018180 HTTP/1.1" 500 - "https://weltderkarten-berlin.de/sitemap_index.xml" "Mozilla/5.0 AppleWebKit/537.36 (KHTML, like Gecko; compatible; GPTBot/1.4; +https://openai.com/gptbot)"
74.7.243.240 - - [20/Aug/2026:08:04:07 +0200] "GET /shopdetail/casual/210029519 HTTP/1.1" 500 - "https://weltderkarten-berlin.de/sitemap_index.xml" "Mozilla/5.0 AppleWebKit/537.36 (KHTML, like Gecko; compatible; GPTBot/1.4; +https://openai.com/gptbot)"
74.7.243.240 - - [20/Aug/2026:08:04:28 +0200] "GET /shopdetail/punish/026004483 HTTP/1.1" 500 - "https://weltderkarten-berlin.de/sitemap_index.xml" "Mozilla/5.0 AppleWebKit/537.36 (KHTML, like Gecko; compatible; GPTBot/1.4; +https://openai.com/gptbot)"
74.7.243.240 - - [20/Aug/2026:08:04:50 +0200] "GET /shopdetail/around/268026063 HTTP/1.1" 500 - "https://weltderkarten-berlin.de/sitemap_index.xml" "Mozilla/5.0 AppleWebKit/537.36 (KHTML, like Gecko; compatible; GPTBot/1.4; +https://openai.com/gptbot)"
74.7.243.240 - - [20/Aug/2026:08:05:11 +0200] "GET /shopdetail/silent/202007495 HTTP/1.1" 500 - "https://weltderkarten-berlin.de/sitemap_index.xml" "Mozilla/5.0 AppleWebKit/537.36 (KHTML, like Gecko; compatible; GPTBot/1.4; +https://openai.com/gptbot)"
74.7.243.240 - - [20/Aug/2026:08:05:32 +0200] "GET /shopdetail/vacuum/143043484 HTTP/1.1" 500 - "https://weltderkarten-berlin.de/sitemap_index.xml" "Mozilla/5.0 AppleWebKit/537.36 (KHTML, like Gecko; compatible; GPTBot/1.4; +https://openai.com/gptbot)"
74.7.243.240 - - [20/Aug/2026:08:05:53 +0200] "GET /shopdetail/unfair/288028385 HTTP/1.1" 500 - "https://weltderkarten-berlin.de/sitemap_index.xml" "Mozilla/5.0 AppleWebKit/537.36 (KHTML, like Gecko; compatible; GPTBot/1.4; +https://openai.com/gptbot)"
74.7.243.240 - - [20/Aug/2026:08:06:13 +0200] "GET /shopdetail/visual/152032453 HTTP/1.1" 500 - "https://weltderkarten-berlin.de/sitemap_index.xml" "Mozilla/5.0 AppleWebKit/537.36 (KHTML, like Gecko; compatible; GPTBot/1.4; +https://openai.com/gptbot)"
74.7.243.240 - - [20/Aug/2026:08:06:35 +0200] "GET /shopdetail/reduce/151027152 HTTP/1.1" 500 - "https://weltderkarten-berlin.de/sitemap_index.xml" "Mozilla/5.0 AppleWebKit/537.36 (KHTML, like Gecko; compatible; GPTBot/1.4; +https://openai.com/gptbot)"
74.7.243.240 - - [20/Aug/2026:08:06:57 +0200] "GET /shopdetail/switch/026044861 HTTP/1.1" 500 - "https://weltderkarten-berlin.de/sitemap_index.xml" "Mozilla/5.0 AppleWebKit/537.36 (KHTML, like Gecko; compatible; GPTBot/1.4; +https://openai.com/gptbot)"
74.7.243.240 - - [20/Aug/2026:08:07:18 +0200] "GET /shopdetail/tunnel/198043983 HTTP/1.1" 500 - "https://weltderkarten-berlin.de/sitemap_index.xml" "Mozilla/5.0 AppleWebKit/537.36 (KHTML, like Gecko; compatible; GPTBot/1.4; +https://openai.com/gptbot)"
74.7.243.240 - - [20/Aug/2026:08:07:38 +0200] "GET /shopdetail/tender/176018551 HTTP/1.1" 500 - "https://weltderkarten-berlin.de/sitemap_index.xml" "Mozilla/5.0 AppleWebKit/537.36 (KHTML, like Gecko; compatible; GPTBot/1.4; +https://openai.com/gptbot)"
74.7.243.240 - - [20/Aug/2026:08:08:00 +0200] "GET /shopdetail/oxygen/242004227 HTTP/1.1" 500 - "https://weltderkarten-berlin.de/sitemap_index.xml" "Mozilla/5.0 AppleWebKit/537.36 (KHTML, like Gecko; compatible; GPTBot/1.4; +https://openai.com/gptbot)"
74.7.243.240 - - [20/Aug/2026:08:08:20 +0200] "GET /shopdetail/carrot/292014329 HTTP/1.1" 500 - "https://weltderkarten-berlin.de/sitemap_index.xml" "Mozilla/5.0 AppleWebKit/537.36 (KHTML, like Gecko; compatible; GPTBot/1.4; +https://openai.com/gptbot)"
74.7.243.240 - - [20/Aug/2026:08:08:41 +0200] "GET /shopdetail/garlic/217017790 HTTP/1.1" 500 - "https://weltderkarten-berlin.de/sitemap_index.xml" "Mozilla/5.0 AppleWebKit/537.36 (KHTML, like Gecko; compatible; GPTBot/1.4; +https://openai.com/gptbot)"
74.7.243.240 - - [20/Aug/2026:08:09:03 +0200] "GET /shopdetail/sphere/134002529 HTTP/1.1" 500 - "https://weltderkarten-berlin.de/sitemap_index.xml" "Mozilla/5.0 AppleWebKit/537.36 (KHTML, like Gecko; compatible; GPTBot/1.4; +https://openai.com/gptbot)"
74.7.243.240 - - [20/Aug/2026:08:09:24 +0200] "GET /shopdetail/demand/069014670 HTTP/1.1" 500 - "https://weltderkarten-berlin.de/sitemap_index.xml" "Mozilla/5.0 AppleWebKit/537.36 (KHTML, like Gecko; compatible; GPTBot/1.4; +https://openai.com/gptbot)"
74.7.243.240 - - [20/Aug/2026:08:09:46 +0200] "GET /shopdetail/factor/012013119 HTTP/1.1" 500 - "https://weltderkarten-berlin.de/sitemap_index.xml" "Mozilla/5.0 AppleWebKit/537.36 (KHTML, like Gecko; compatible; GPTBot/1.4; +https://openai.com/gptbot)"
74.7.243.240 - - [20/Aug/2026:08:10:07 +0200] "GET /shopdetail/remote/096037095 HTTP/1.1" 500 - "https://weltderkarten-berlin.de/sitemap_index.xml" "Mozilla/5.0 AppleWebKit/537.36 (KHTML, like Gecko; compatible; GPTBot/1.4; +https://openai.com/gptbot)"
74.7.243.240 - - [20/Aug/2026:08:10:27 +0200] "GET /shopdetail/output/167023792 HTTP/1.1" 500 - "https://weltderkarten-berlin.de/sitemap_index.xml" "Mozilla/5.0 AppleWebKit/537.36 (KHTML, like Gecko; compatible; GPTBot/1.4; +https://openai.com/gptbot)"
74.7.243.240 - - [20/Aug/2026:08:10:48 +0200] "GET /shopdetail/casual/124029749 HTTP/1.1" 500 - "https://weltderkarten-berlin.de/sitemap_index.xml" "Mozilla/5.0 AppleWebKit/537.36 (KHTML, like Gecko; compatible; GPTBot/1.4; +https://openai.com/gptbot)"
74.7.243.240 - - [20/Aug/2026:08:11:09 +0200] "GET /shopdetail/pocket/276047507 HTTP/1.1" 500 - "https://weltderkarten-berlin.de/sitemap_index.xml" "Mozilla/5.0 AppleWebKit/537.36 (KHTML, like Gecko; compatible; GPTBot/1.4; +https://openai.com/gptbot)"
74.7.243.240 - - [20/Aug/2026:08:11:30 +0200] "GET /shopdetail/tomato/246006917 HTTP/1.1" 500 - "https://weltderkarten-berlin.de/sitemap_index.xml" "Mozilla/5.0 AppleWebKit/537.36 (KHTML, like Gecko; compatible; GPTBot/1.4; +https://openai.com/gptbot)"
74.7.243.240 - - [20/Aug/2026:08:11:52 +0200] "GET /shopdetail/smooth/147039870 HTTP/1.1" 500 - "https://weltderkarten-berlin.de/sitemap_index.xml" "Mozilla/5.0 AppleWebKit/537.36 (KHTML, like Gecko; compatible; GPTBot/1.4; +https://openai.com/gptbot)"
74.7.243.240 - - [20/Aug/2026:08:12:12 +0200] "GET /shopdetail/powder/132003761 HTTP/1.1" 500 - "https://weltderkarten-berlin.de/sitemap_index.xml" "Mozilla/5.0 AppleWebKit/537.36 (KHTML, like Gecko; compatible; GPTBot/1.4; +https://openai.com/gptbot)"
74.7.243.240 - - [20/Aug/2026:08:12:33 +0200] "GET /shopdetail/intact/085011402 HTTP/1.1" 500 - "https://weltderkarten-berlin.de/sitemap_index.xml" "Mozilla/5.0 AppleWebKit/537.36 (KHTML, like Gecko; compatible; GPTBot/1.4; +https://openai.com/gptbot)"
74.7.243.240 - - [20/Aug/2026:08:12:54 +0200] "GET /shopdetail/reason/127030274 HTTP/1.1" 500 - "https://weltderkarten-berlin.de/sitemap_index.xml" "Mozilla/5.0 AppleWebKit/537.36 (KHTML, like Gecko; compatible; GPTBot/1.4; +https://openai.com/gptbot)"
74.7.243.240 - - [20/Aug/2026:08:13:14 +0200] "GET /shopdetail/motive/175045074 HTTP/1.1" 500 - "https://weltderkarten-berlin.de/sitemap_index.xml" "Mozilla/5.0 AppleWebKit/537.36 (KHTML, like Gecko; compatible; GPTBot/1.4; +https://openai.com/gptbot)"
74.7.243.240 - - [20/Aug/2026:08:13:35 +0200] "GET /shopdetail/better/237042640 HTTP/1.1" 500 - "https://weltderkarten-berlin.de/sitemap_index.xml" "Mozilla/5.0 AppleWebKit/537.36 (KHTML, like Gecko; compatible; GPTBot/1.4; +https://openai.com/gptbot)"
74.7.243.240 - - [20/Aug/2026:08:13:55 +0200] "GET /shopdetail/proper/202048947 HTTP/1.1" 500 - "https://weltderkarten-berlin.de/sitemap_index.xml" "Mozilla/5.0 AppleWebKit/537.36 (KHTML, like Gecko; compatible; GPTBot/1.4; +https://openai.com/gptbot)"
74.7.243.240 - - [20/Aug/2026:08:14:21 +0200] "GET /shopdetail/stupid/251042752 HTTP/1.1" 500 - "https://weltderkarten-berlin.de/sitemap_index.xml" "Mozilla/5.0 AppleWebKit/537.36 (KHTML, like Gecko; compatible; GPTBot/1.4; +https://openai.com/gptbot)"
107.150.61.58 - - [20/Aug/2026:08:14:32 +0200] "GET /wp-content/brfa69a7/index.php HTTP/1.1" 200 6 "https://weltderkarten-berlin.de/wp-content/brfa69a7/index.php" "Mozilla/5.0 (Windows NT 10.0; Win64; x64) AppleWebKit/537.36 (KHTML, like Gecko) Chrome/58.0.3029.110 Safari/537.3"
74.7.243.240 - - [20/Aug/2026:08:14:40 +0200] "GET /shopdetail/output/018016229 HTTP/1.1" 500 - "https://weltderkarten-berlin.de/sitemap_index.xml" "Mozilla/5.0 AppleWebKit/537.36 (KHTML, like Gecko; compatible; GPTBot/1.4; +https://openai.com/gptbot)"
74.7.243.240 - - [20/Aug/2026:08:15:03 +0200] "GET /shopdetail/instructor/012019201 HTTP/1.1" 500 - "https://weltderkarten-berlin.de/sitemap_index.xml" "Mozilla/5.0 AppleWebKit/537.36 (KHTML, like Gecko; compatible; GPTBot/1.4; +https://openai.com/gptbot)"
74.7.243.240 - - [20/Aug/2026:08:15:29 +0200] "GET /shopdetail/determine/269003690 HTTP/1.1" 500 - "https://weltderkarten-berlin.de/sitemap_index.xml" "Mozilla/5.0 AppleWebKit/537.36 (KHTML, like Gecko; compatible; GPTBot/1.4; +https://openai.com/gptbot)"
107.150.61.58 - - [20/Aug/2026:08:14:12 +0200] "GET /wp-content/brfa69a7/index.php HTTP/1.1" 200 - "https://weltderkarten-berlin.de/wp-content/brfa69a7/index.php" "Mozilla/5.0 (Windows NT 10.0; Win64; x64) AppleWebKit/537.36 (KHTML, like Gecko) Chrome/58.0.3029.110 Safari/537.3"
74.7.243.240 - - [20/Aug/2026:08:15:45 +0200] "GET /?info/118025416 HTTP/1.1" 500 - "https://weltderkarten-berlin.de/sitemap_index.xml" "Mozilla/5.0 AppleWebKit/537.36 (KHTML, like Gecko; compatible; GPTBot/1.4; +https://openai.com/gptbot)"
74.7.243.240 - - [20/Aug/2026:08:16:00 +0200] "GET /shopdetail/Italian/064016711 HTTP/1.1" 500 - "https://weltderkarten-berlin.de/sitemap_index.xml" "Mozilla/5.0 AppleWebKit/537.36 (KHTML, like Gecko; compatible; GPTBot/1.4; +https://openai.com/gptbot)"
74.7.243.240 - - [20/Aug/2026:08:16:21 +0200] "GET /?term/260031600 HTTP/1.1" 500 - "https://weltderkarten-berlin.de/sitemap_index.xml" "Mozilla/5.0 AppleWebKit/537.36 (KHTML, like Gecko; compatible; GPTBot/1.4; +https://openai.com/gptbot)"
74.7.243.240 - - [20/Aug/2026:08:16:42 +0200] "GET /?cord/083019019 HTTP/1.1" 500 - "https://weltderkarten-berlin.de/sitemap_index.xml" "Mozilla/5.0 AppleWebKit/537.36 (KHTML, like Gecko; compatible; GPTBot/1.4; +https://openai.com/gptbot)"
74.7.243.240 - - [20/Aug/2026:08:17:04 +0200] "GET /?area/298043384 HTTP/1.1" 500 - "https://weltderkarten-berlin.de/sitemap_index.xml" "Mozilla/5.0 AppleWebKit/537.36 (KHTML, like Gecko; compatible; GPTBot/1.4; +https://openai.com/gptbot)"
74.7.243.240 - - [20/Aug/2026:08:17:25 +0200] "GET /?tune/245025463 HTTP/1.1" 500 - "https://weltderkarten-berlin.de/sitemap_index.xml" "Mozilla/5.0 AppleWebKit/537.36 (KHTML, like Gecko; compatible; GPTBot/1.4; +https://openai.com/gptbot)"
74.7.243.240 - - [20/Aug/2026:08:17:46 +0200] "GET /?fork/184039060 HTTP/1.1" 500 - "https://weltderkarten-berlin.de/sitemap_index.xml" "Mozilla/5.0 AppleWebKit/537.36 (KHTML, like Gecko; compatible; GPTBot/1.4; +https://openai.com/gptbot)"
74.7.243.240 - - [20/Aug/2026:08:18:07 +0200] "GET /?fill/281026837 HTTP/1.1" 500 - "https://weltderkarten-berlin.de/sitemap_index.xml" "Mozilla/5.0 AppleWebKit/537.36 (KHTML, like Gecko; compatible; GPTBot/1.4; +https://openai.com/gptbot)"
216.73.216.152 - - [20/Aug/2026:08:18:20 +0200] "GET /shopdetail/regular/288041137 HTTP/1.1" 500 - "-" "Mozilla/5.0 AppleWebKit/537.36 (KHTML, like Gecko; compatible; ClaudeBot/1.0; +claudebot@anthropic.com)"
216.73.216.152 - - [20/Aug/2026:08:18:20 +0200] "GET /shopdetail/beyond/086022281 HTTP/1.1" 500 - "-" "Mozilla/5.0 AppleWebKit/537.36 (KHTML, like Gecko; compatible; ClaudeBot/1.0; +claudebot@anthropic.com)"
216.73.216.152 - - [20/Aug/2026:08:18:21 +0200] "GET /shopdetail/directly/086014597 HTTP/1.1" 500 - "-" "Mozilla/5.0 AppleWebKit/537.36 (KHTML, like Gecko; compatible; ClaudeBot/1.0; +claudebot@anthropic.com)"
216.73.216.152 - - [20/Aug/2026:08:18:21 +0200] "GET /shopdetail/factor/016024897 HTTP/1.1" 500 - "-" "Mozilla/5.0 AppleWebKit/537.36 (KHTML, like Gecko; compatible; ClaudeBot/1.0; +claudebot@anthropic.com)"
216.73.216.152 - - [20/Aug/2026:08:18:22 +0200] "GET /shopdetail/conscience/065002814 HTTP/1.1" 500 - "-" "Mozilla/5.0 AppleWebKit/537.36 (KHTML, like Gecko; compatible; ClaudeBot/1.0; +claudebot@anthropic.com)"
216.73.216.152 - - [20/Aug/2026:08:18:22 +0200] "GET /shopdetail/phase/284021143 HTTP/1.1" 500 - "-" "Mozilla/5.0 AppleWebKit/537.36 (KHTML, like Gecko; compatible; ClaudeBot/1.0; +claudebot@anthropic.com)"
216.73.216.152 - - [20/Aug/2026:08:18:23 +0200] "GET /shopdetail/consecutive/018019971 HTTP/1.1" 500 - "-" "Mozilla/5.0 AppleWebKit/537.36 (KHTML, like Gecko; compatible; ClaudeBot/1.0; +claudebot@anthropic.com)"
216.73.216.152 - - [20/Aug/2026:08:18:23 +0200] "GET /shopdetail/instruct/298037609 HTTP/1.1" 500 - "-" "Mozilla/5.0 AppleWebKit/537.36 (KHTML, like Gecko; compatible; ClaudeBot/1.0; +claudebot@anthropic.com)"
216.73.216.152 - - [20/Aug/2026:08:18:24 +0200] "GET /shopdetail/section/242035347 HTTP/1.1" 500 - "-" "Mozilla/5.0 AppleWebKit/537.36 (KHTML, like Gecko; compatible; ClaudeBot/1.0; +claudebot@anthropic.com)"
216.73.216.152 - - [20/Aug/2026:08:18:24 +0200] "GET /shopdetail/predict/142017859 HTTP/1.1" 500 - "-" "Mozilla/5.0 AppleWebKit/537.36 (KHTML, like Gecko; compatible; ClaudeBot/1.0; +claudebot@anthropic.com)"
216.73.216.152 - - [20/Aug/2026:08:18:25 +0200] "GET /shopdetail/learning/019035272 HTTP/1.1" 500 - "-" "Mozilla/5.0 AppleWebKit/537.36 (KHTML, like Gecko; compatible; ClaudeBot/1.0; +claudebot@anthropic.com)"
216.73.216.152 - - [20/Aug/2026:08:18:25 +0200] "GET /shopdetail/regulator/141015698 HTTP/1.1" 500 - "-" "Mozilla/5.0 AppleWebKit/537.36 (KHTML, like Gecko; compatible; ClaudeBot/1.0; +claudebot@anthropic.com)"
74.7.243.240 - - [20/Aug/2026:08:18:27 +0200] "GET /?palm/211030621 HTTP/1.1" 500 - "https://weltderkarten-berlin.de/sitemap_index.xml" "Mozilla/5.0 AppleWebKit/537.36 (KHTML, like Gecko; compatible; GPTBot/1.4; +https://openai.com/gptbot)"
216.73.216.152 - - [20/Aug/2026:08:18:30 +0200] "GET /shopdetail/flat/007039736 HTTP/1.1" 500 - "-" "Mozilla/5.0 AppleWebKit/537.36 (KHTML, like Gecko; compatible; ClaudeBot/1.0; +claudebot@anthropic.com)"
216.73.216.152 - - [20/Aug/2026:08:18:35 +0200] "GET /shopdetail/chapter/257024872 HTTP/1.1" 500 - "-" "Mozilla/5.0 AppleWebKit/537.36 (KHTML, like Gecko; compatible; ClaudeBot/1.0; +claudebot@anthropic.com)"
216.73.216.152 - - [20/Aug/2026:08:18:40 +0200] "GET /shopdetail/calculation/261006322 HTTP/1.1" 500 - "-" "Mozilla/5.0 AppleWebKit/537.36 (KHTML, like Gecko; compatible; ClaudeBot/1.0; +claudebot@anthropic.com)"
216.73.216.152 - - [20/Aug/2026:08:18:45 +0200] "GET /shopdetail/introduction/271002016 HTTP/1.1" 500 - "-" "Mozilla/5.0 AppleWebKit/537.36 (KHTML, like Gecko; compatible; ClaudeBot/1.0; +claudebot@anthropic.com)"
74.7.243.240 - - [20/Aug/2026:08:18:48 +0200] "GET /?bath/129019127 HTTP/1.1" 500 - "https://weltderkarten-berlin.de/sitemap_index.xml" "Mozilla/5.0 AppleWebKit/537.36 (KHTML, like Gecko; compatible; GPTBot/1.4; +https://openai.com/gptbot)"
216.73.216.152 - - [20/Aug/2026:08:18:50 +0200] "GET /shopdetail/subsequent/092011829 HTTP/1.1" 500 - "-" "Mozilla/5.0 AppleWebKit/537.36 (KHTML, like Gecko; compatible; ClaudeBot/1.0; +claudebot@anthropic.com)"
216.73.216.152 - - [20/Aug/2026:08:18:57 +0200] "GET /shopdetail/possibility/088037593 HTTP/1.1" 500 - "-" "Mozilla/5.0 AppleWebKit/537.36 (KHTML, like Gecko; compatible; ClaudeBot/1.0; +claudebot@anthropic.com)"
216.73.216.152 - - [20/Aug/2026:08:19:01 +0200] "GET /shopdetail/creation/283022864 HTTP/1.1" 500 - "-" "Mozilla/5.0 AppleWebKit/537.36 (KHTML, like Gecko; compatible; ClaudeBot/1.0; +claudebot@anthropic.com)"
216.73.216.152 - - [20/Aug/2026:08:19:06 +0200] "GET /shopdetail/perhaps/164016917 HTTP/1.1" 500 - "-" "Mozilla/5.0 AppleWebKit/537.36 (KHTML, like Gecko; compatible; ClaudeBot/1.0; +claudebot@anthropic.com)"
74.7.243.240 - - [20/Aug/2026:08:19:09 +0200] "GET /?cold/155025913 HTTP/1.1" 500 - "https://weltderkarten-berlin.de/sitemap_index.xml" "Mozilla/5.0 AppleWebKit/537.36 (KHTML, like Gecko; compatible; GPTBot/1.4; +https://openai.com/gptbot)"
216.73.216.152 - - [20/Aug/2026:08:19:11 +0200] "GET /shopdetail/chip/029048684 HTTP/1.1" 500 - "-" "Mozilla/5.0 AppleWebKit/537.36 (KHTML, like Gecko; compatible; ClaudeBot/1.0; +claudebot@anthropic.com)"
216.73.216.152 - - [20/Aug/2026:08:19:16 +0200] "GET /shopdetail/extra/262014073 HTTP/1.1" 500 - "-" "Mozilla/5.0 AppleWebKit/537.36 (KHTML, like Gecko; compatible; ClaudeBot/1.0; +claudebot@anthropic.com)"
216.73.216.152 - - [20/Aug/2026:08:19:21 +0200] "GET /shopdetail/portion/223039012 HTTP/1.1" 500 - "-" "Mozilla/5.0 AppleWebKit/537.36 (KHTML, like Gecko; compatible; ClaudeBot/1.0; +claudebot@anthropic.com)"
216.73.216.152 - - [20/Aug/2026:08:19:26 +0200] "GET /shopdetail/learn/255034922 HTTP/1.1" 500 - "-" "Mozilla/5.0 AppleWebKit/537.36 (KHTML, like Gecko; compatible; ClaudeBot/1.0; +claudebot@anthropic.com)"
74.7.243.240 - - [20/Aug/2026:08:19:30 +0200] "GET /?trip/227036729 HTTP/1.1" 500 - "https://weltderkarten-berlin.de/sitemap_index.xml" "Mozilla/5.0 AppleWebKit/537.36 (KHTML, like Gecko; compatible; GPTBot/1.4; +https://openai.com/gptbot)"
216.73.216.152 - - [20/Aug/2026:08:19:31 +0200] "GET /shopdetail/competitor/187048910 HTTP/1.1" 500 - "-" "Mozilla/5.0 AppleWebKit/537.36 (KHTML, like Gecko; compatible; ClaudeBot/1.0; +claudebot@anthropic.com)"
216.73.216.152 - - [20/Aug/2026:08:19:37 +0200] "GET /shopdetail/lecture/273000974 HTTP/1.1" 500 - "-" "Mozilla/5.0 AppleWebKit/537.36 (KHTML, like Gecko; compatible; ClaudeBot/1.0; +claudebot@anthropic.com)"
216.73.216.152 - - [20/Aug/2026:08:19:42 +0200] "GET /shopdetail/immediately/169006404 HTTP/1.1" 500 - "-" "Mozilla/5.0 AppleWebKit/537.36 (KHTML, like Gecko; compatible; ClaudeBot/1.0; +claudebot@anthropic.com)"
216.73.216.152 - - [20/Aug/2026:08:19:47 +0200] "GET /shopdetail/over/227000128 HTTP/1.1" 500 - "-" "Mozilla/5.0 AppleWebKit/537.36 (KHTML, like Gecko; compatible; ClaudeBot/1.0; +claudebot@anthropic.com)"
74.7.243.240 - - [20/Aug/2026:08:19:50 +0200] "GET /?hour/224013634 HTTP/1.1" 500 - "https://weltderkarten-berlin.de/sitemap_index.xml" "Mozilla/5.0 AppleWebKit/537.36 (KHTML, like Gecko; compatible; GPTBot/1.4; +https://openai.com/gptbot)"
216.73.216.152 - - [20/Aug/2026:08:19:52 +0200] "GET /shopdetail/challenge/071047952 HTTP/1.1" 500 - "-" "Mozilla/5.0 AppleWebKit/537.36 (KHTML, like Gecko; compatible; ClaudeBot/1.0; +claudebot@anthropic.com)"
216.73.216.152 - - [20/Aug/2026:08:19:57 +0200] "GET /shopdetail/debate/081038100 HTTP/1.1" 500 - "-" "Mozilla/5.0 AppleWebKit/537.36 (KHTML, like Gecko; compatible; ClaudeBot/1.0; +claudebot@anthropic.com)"
216.73.216.152 - - [20/Aug/2026:08:20:02 +0200] "GET /shopdetail/vertical/134045515 HTTP/1.1" 500 - "-" "Mozilla/5.0 AppleWebKit/537.36 (KHTML, like Gecko; compatible; ClaudeBot/1.0; +claudebot@anthropic.com)"
216.73.216.152 - - [20/Aug/2026:08:20:07 +0200] "GET /shopdetail/ground/256038217 HTTP/1.1" 500 - "-" "Mozilla/5.0 AppleWebKit/537.36 (KHTML, like Gecko; compatible; ClaudeBot/1.0; +claudebot@anthropic.com)"
74.7.243.240 - - [20/Aug/2026:08:20:11 +0200] "GET /?step/141048957 HTTP/1.1" 500 - "https://weltderkarten-berlin.de/sitemap_index.xml" "Mozilla/5.0 AppleWebKit/537.36 (KHTML, like Gecko; compatible; GPTBot/1.4; +https://openai.com/gptbot)"
216.73.216.152 - - [20/Aug/2026:08:20:12 +0200] "GET /shopdetail/juice/201032032 HTTP/1.1" 500 - "-" "Mozilla/5.0 AppleWebKit/537.36 (KHTML, like Gecko; compatible; ClaudeBot/1.0; +claudebot@anthropic.com)"
216.73.216.152 - - [20/Aug/2026:08:20:17 +0200] "GET /shopdetail/single/197044448 HTTP/1.1" 500 - "-" "Mozilla/5.0 AppleWebKit/537.36 (KHTML, like Gecko; compatible; ClaudeBot/1.0; +claudebot@anthropic.com)"
216.73.216.152 - - [20/Aug/2026:08:20:22 +0200] "GET /shopdetail/alone/283048476 HTTP/1.1" 500 - "-" "Mozilla/5.0 AppleWebKit/537.36 (KHTML, like Gecko; compatible; ClaudeBot/1.0; +claudebot@anthropic.com)"
216.73.216.152 - - [20/Aug/2026:08:20:27 +0200] "GET /shopdetail/combat/260024655 HTTP/1.1" 500 - "-" "Mozilla/5.0 AppleWebKit/537.36 (KHTML, like Gecko; compatible; ClaudeBot/1.0; +claudebot@anthropic.com)"
216.73.216.152 - - [20/Aug/2026:08:20:32 +0200] "GET /shopdetail/reading/119005546 HTTP/1.1" 500 - "-" "Mozilla/5.0 AppleWebKit/537.36 (KHTML, like Gecko; compatible; ClaudeBot/1.0; +claudebot@anthropic.com)"
74.7.243.240 - - [20/Aug/2026:08:20:32 +0200] "GET /?term/242016354 HTTP/1.1" 500 - "https://weltderkarten-berlin.de/sitemap_index.xml" "Mozilla/5.0 AppleWebKit/537.36 (KHTML, like Gecko; compatible; GPTBot/1.4; +https://openai.com/gptbot)"
216.73.216.152 - - [20/Aug/2026:08:20:37 +0200] "GET /shopdetail/soft/177032220 HTTP/1.1" 500 - "-" "Mozilla/5.0 AppleWebKit/537.36 (KHTML, like Gecko; compatible; ClaudeBot/1.0; +claudebot@anthropic.com)"
216.73.216.152 - - [20/Aug/2026:08:20:42 +0200] "GET /shopdetail/AIDS/199034256 HTTP/1.1" 500 - "-" "Mozilla/5.0 AppleWebKit/537.36 (KHTML, like Gecko; compatible; ClaudeBot/1.0; +claudebot@anthropic.com)"
216.73.216.152 - - [20/Aug/2026:08:20:47 +0200] "GET /shopdetail/activity/124033431 HTTP/1.1" 500 - "-" "Mozilla/5.0 AppleWebKit/537.36 (KHTML, like Gecko; compatible; ClaudeBot/1.0; +claudebot@anthropic.com)"
216.73.216.152 - - [20/Aug/2026:08:20:52 +0200] "GET /shopdetail/in/087033952 HTTP/1.1" 500 - "-" "Mozilla/5.0 AppleWebKit/537.36 (KHTML, like Gecko; compatible; ClaudeBot/1.0; +claudebot@anthropic.com)"
74.7.243.240 - - [20/Aug/2026:08:20:53 +0200] "GET /?hell/227027635 HTTP/1.1" 500 - "https://weltderkarten-berlin.de/sitemap_index.xml" "Mozilla/5.0 AppleWebKit/537.36 (KHTML, like Gecko; compatible; GPTBot/1.4; +https://openai.com/gptbot)"
216.73.216.152 - - [20/Aug/2026:08:20:57 +0200] "GET /shopdetail/primary/215043866 HTTP/1.1" 500 - "-" "Mozilla/5.0 AppleWebKit/537.36 (KHTML, like Gecko; compatible; ClaudeBot/1.0; +claudebot@anthropic.com)"
216.73.216.152 - - [20/Aug/2026:08:21:03 +0200] "GET /shopdetail/regarding/271049922 HTTP/1.1" 500 - "-" "Mozilla/5.0 AppleWebKit/537.36 (KHTML, like Gecko; compatible; ClaudeBot/1.0; +claudebot@anthropic.com)"
216.73.216.152 - - [20/Aug/2026:08:21:07 +0200] "GET /shopdetail/impossible/116023163 HTTP/1.1" 500 - "-" "Mozilla/5.0 AppleWebKit/537.36 (KHTML, like Gecko; compatible; ClaudeBot/1.0; +claudebot@anthropic.com)"
216.73.216.152 - - [20/Aug/2026:08:21:12 +0200] "GET /shopdetail/largely/026017021 HTTP/1.1" 500 - "-" "Mozilla/5.0 AppleWebKit/537.36 (KHTML, like Gecko; compatible; ClaudeBot/1.0; +claudebot@anthropic.com)"
74.7.243.240 - - [20/Aug/2026:08:21:14 +0200] "GET /?farm/194045038 HTTP/1.1" 500 - "https://weltderkarten-berlin.de/sitemap_index.xml" "Mozilla/5.0 AppleWebKit/537.36 (KHTML, like Gecko; compatible; GPTBot/1.4; +https://openai.com/gptbot)"
216.73.216.152 - - [20/Aug/2026:08:21:17 +0200] "GET /shopdetail/collective/116019449 HTTP/1.1" 500 - "-" "Mozilla/5.0 AppleWebKit/537.36 (KHTML, like Gecko; compatible; ClaudeBot/1.0; +claudebot@anthropic.com)"
216.73.216.152 - - [20/Aug/2026:08:21:22 +0200] "GET /shopdetail/such/089006138 HTTP/1.1" 500 - "-" "Mozilla/5.0 AppleWebKit/537.36 (KHTML, like Gecko; compatible; ClaudeBot/1.0; +claudebot@anthropic.com)"
216.73.216.152 - - [20/Aug/2026:08:21:27 +0200] "GET /shopdetail/herself/189029322 HTTP/1.1" 500 - "-" "Mozilla/5.0 AppleWebKit/537.36 (KHTML, like Gecko; compatible; ClaudeBot/1.0; +claudebot@anthropic.com)"
216.73.216.152 - - [20/Aug/2026:08:21:32 +0200] "GET /shopdetail/creation/278006649 HTTP/1.1" 500 - "-" "Mozilla/5.0 AppleWebKit/537.36 (KHTML, like Gecko; compatible; ClaudeBot/1.0; +claudebot@anthropic.com)"
74.7.243.240 - - [20/Aug/2026:08:21:35 +0200] "GET /?like/025020471 HTTP/1.1" 500 - "https://weltderkarten-berlin.de/sitemap_index.xml" "Mozilla/5.0 AppleWebKit/537.36 (KHTML, like Gecko; compatible; GPTBot/1.4; +https://openai.com/gptbot)"
216.73.216.152 - - [20/Aug/2026:08:21:37 +0200] "GET /shopdetail/salmon/169047766 HTTP/1.1" 500 - "-" "Mozilla/5.0 AppleWebKit/537.36 (KHTML, like Gecko; compatible; ClaudeBot/1.0; +claudebot@anthropic.com)"
216.73.216.152 - - [20/Aug/2026:08:21:43 +0200] "GET /shopdetail/essentially/274005575 HTTP/1.1" 500 - "-" "Mozilla/5.0 AppleWebKit/537.36 (KHTML, like Gecko; compatible; ClaudeBot/1.0; +claudebot@anthropic.com)"
216.73.216.152 - - [20/Aug/2026:08:21:48 +0200] "GET /shopdetail/spark/171005568 HTTP/1.1" 500 - "-" "Mozilla/5.0 AppleWebKit/537.36 (KHTML, like Gecko; compatible; ClaudeBot/1.0; +claudebot@anthropic.com)"
216.73.216.152 - - [20/Aug/2026:08:21:53 +0200] "GET /shopdetail/protect/016001235 HTTP/1.1" 500 - "-" "Mozilla/5.0 AppleWebKit/537.36 (KHTML, like Gecko; compatible; ClaudeBot/1.0; +claudebot@anthropic.com)"
74.7.243.240 - - [20/Aug/2026:08:21:57 +0200] "GET /?deem/218005600 HTTP/1.1" 500 - "https://weltderkarten-berlin.de/sitemap_index.xml" "Mozilla/5.0 AppleWebKit/537.36 (KHTML, like Gecko; compatible; GPTBot/1.4; +https://openai.com/gptbot)"
216.73.216.152 - - [20/Aug/2026:08:21:58 +0200] "GET /shopdetail/opposition/121028342 HTTP/1.1" 500 - "-" "Mozilla/5.0 AppleWebKit/537.36 (KHTML, like Gecko; compatible; ClaudeBot/1.0; +claudebot@anthropic.com)"
216.73.216.152 - - [20/Aug/2026:08:22:03 +0200] "GET /shopdetail/angel/010029563 HTTP/1.1" 500 - "-" "Mozilla/5.0 AppleWebKit/537.36 (KHTML, like Gecko; compatible; ClaudeBot/1.0; +claudebot@anthropic.com)"
216.73.216.152 - - [20/Aug/2026:08:22:08 +0200] "GET /shopdetail/flour/100042629 HTTP/1.1" 500 - "-" "Mozilla/5.0 AppleWebKit/537.36 (KHTML, like Gecko; compatible; ClaudeBot/1.0; +claudebot@anthropic.com)"
216.73.216.152 - - [20/Aug/2026:08:22:13 +0200] "GET /shopdetail/galaxy/213039704 HTTP/1.1" 500 - "-" "Mozilla/5.0 AppleWebKit/537.36 (KHTML, like Gecko; compatible; ClaudeBot/1.0; +claudebot@anthropic.com)"
74.7.243.240 - - [20/Aug/2026:08:22:18 +0200] "GET /?pull/065044501 HTTP/1.1" 500 - "https://weltderkarten-berlin.de/sitemap_index.xml" "Mozilla/5.0 AppleWebKit/537.36 (KHTML, like Gecko; compatible; GPTBot/1.4; +https://openai.com/gptbot)"
216.73.216.152 - - [20/Aug/2026:08:22:18 +0200] "GET /shopdetail/stance/273028204 HTTP/1.1" 500 - "-" "Mozilla/5.0 AppleWebKit/537.36 (KHTML, like Gecko; compatible; ClaudeBot/1.0; +claudebot@anthropic.com)"
216.73.216.152 - - [20/Aug/2026:08:22:23 +0200] "GET /shopdetail/illustrate/297044440 HTTP/1.1" 500 - "-" "Mozilla/5.0 AppleWebKit/537.36 (KHTML, like Gecko; compatible; ClaudeBot/1.0; +claudebot@anthropic.com)"
216.73.216.152 - - [20/Aug/2026:08:22:28 +0200] "GET /shopdetail/descend/034043567 HTTP/1.1" 500 - "-" "Mozilla/5.0 AppleWebKit/537.36 (KHTML, like Gecko; compatible; ClaudeBot/1.0; +claudebot@anthropic.com)"
216.73.216.152 - - [20/Aug/2026:08:22:33 +0200] "GET /shopdetail/exclusively/005005478 HTTP/1.1" 500 - "-" "Mozilla/5.0 AppleWebKit/537.36 (KHTML, like Gecko; compatible; ClaudeBot/1.0; +claudebot@anthropic.com)"
216.73.216.152 - - [20/Aug/2026:08:22:38 +0200] "GET /shopdetail/heart/134035601 HTTP/1.1" 500 - "-" "Mozilla/5.0 AppleWebKit/537.36 (KHTML, like Gecko; compatible; ClaudeBot/1.0; +claudebot@anthropic.com)"
74.7.243.240 - - [20/Aug/2026:08:22:39 +0200] "GET /?pain/175010911 HTTP/1.1" 500 - "https://weltderkarten-berlin.de/sitemap_index.xml" "Mozilla/5.0 AppleWebKit/537.36 (KHTML, like Gecko; compatible; GPTBot/1.4; +https://openai.com/gptbot)"
216.73.216.152 - - [20/Aug/2026:08:22:43 +0200] "GET /shopdetail/audience/012004415 HTTP/1.1" 500 - "-" "Mozilla/5.0 AppleWebKit/537.36 (KHTML, like Gecko; compatible; ClaudeBot/1.0; +claudebot@anthropic.com)"
216.73.216.152 - - [20/Aug/2026:08:22:48 +0200] "GET /shopdetail/salad/299022346 HTTP/1.1" 500 - "-" "Mozilla/5.0 AppleWebKit/537.36 (KHTML, like Gecko; compatible; ClaudeBot/1.0; +claudebot@anthropic.com)"
216.73.216.152 - - [20/Aug/2026:08:22:53 +0200] "GET /shopdetail/mix/179001284 HTTP/1.1" 500 - "-" "Mozilla/5.0 AppleWebKit/537.36 (KHTML, like Gecko; compatible; ClaudeBot/1.0; +claudebot@anthropic.com)"
216.73.216.152 - - [20/Aug/2026:08:22:58 +0200] "GET /shopdetail/particular/224028687 HTTP/1.1" 500 - "-" "Mozilla/5.0 AppleWebKit/537.36 (KHTML, like Gecko; compatible; ClaudeBot/1.0; +claudebot@anthropic.com)"
74.7.243.240 - - [20/Aug/2026:08:23:01 +0200] "GET /?wise/016015780 HTTP/1.1" 500 - "https://weltderkarten-berlin.de/sitemap_index.xml" "Mozilla/5.0 AppleWebKit/537.36 (KHTML, like Gecko; compatible; GPTBot/1.4; +https://openai.com/gptbot)"
216.73.216.152 - - [20/Aug/2026:08:23:04 +0200] "GET /shopdetail/myself/177034080 HTTP/1.1" 500 - "-" "Mozilla/5.0 AppleWebKit/537.36 (KHTML, like Gecko; compatible; ClaudeBot/1.0; +claudebot@anthropic.com)"
216.73.216.152 - - [20/Aug/2026:08:23:08 +0200] "GET /shopdetail/freedom/169019918 HTTP/1.1" 500 - "-" "Mozilla/5.0 AppleWebKit/537.36 (KHTML, like Gecko; compatible; ClaudeBot/1.0; +claudebot@anthropic.com)"
216.73.216.152 - - [20/Aug/2026:08:23:13 +0200] "GET /shopdetail/bomb/093012238 HTTP/1.1" 500 - "-" "Mozilla/5.0 AppleWebKit/537.36 (KHTML, like Gecko; compatible; ClaudeBot/1.0; +claudebot@anthropic.com)"
216.73.216.152 - - [20/Aug/2026:08:23:18 +0200] "GET /shopdetail/duck/193011718 HTTP/1.1" 500 - "-" "Mozilla/5.0 AppleWebKit/537.36 (KHTML, like Gecko; compatible; ClaudeBot/1.0; +claudebot@anthropic.com)"
74.7.243.240 - - [20/Aug/2026:08:23:22 +0200] "GET /?send/114027610 HTTP/1.1" 500 - "https://weltderkarten-berlin.de/sitemap_index.xml" "Mozilla/5.0 AppleWebKit/537.36 (KHTML, like Gecko; compatible; GPTBot/1.4; +https://openai.com/gptbot)"
216.73.216.152 - - [20/Aug/2026:08:23:23 +0200] "GET /shopdetail/resident/223027474 HTTP/1.1" 500 - "-" "Mozilla/5.0 AppleWebKit/537.36 (KHTML, like Gecko; compatible; ClaudeBot/1.0; +claudebot@anthropic.com)"
216.73.216.152 - - [20/Aug/2026:08:23:29 +0200] "GET /shopdetail/philosophy/099039614 HTTP/1.1" 500 - "-" "Mozilla/5.0 AppleWebKit/537.36 (KHTML, like Gecko; compatible; ClaudeBot/1.0; +claudebot@anthropic.com)"
216.73.216.152 - - [20/Aug/2026:08:23:33 +0200] "GET /shopdetail/mine/255043228 HTTP/1.1" 500 - "-" "Mozilla/5.0 AppleWebKit/537.36 (KHTML, like Gecko; compatible; ClaudeBot/1.0; +claudebot@anthropic.com)"
216.73.216.152 - - [20/Aug/2026:08:23:38 +0200] "GET /shopdetail/to/261010070 HTTP/1.1" 500 - "-" "Mozilla/5.0 AppleWebKit/537.36 (KHTML, like Gecko; compatible; ClaudeBot/1.0; +claudebot@anthropic.com)"
74.7.243.240 - - [20/Aug/2026:08:23:43 +0200] "GET /?text/280014902 HTTP/1.1" 500 - "https://weltderkarten-berlin.de/sitemap_index.xml" "Mozilla/5.0 AppleWebKit/537.36 (KHTML, like Gecko; compatible; GPTBot/1.4; +https://openai.com/gptbot)"
216.73.216.152 - - [20/Aug/2026:08:23:43 +0200] "GET /shopdetail/letter/125003286 HTTP/1.1" 500 - "-" "Mozilla/5.0 AppleWebKit/537.36 (KHTML, like Gecko; compatible; ClaudeBot/1.0; +claudebot@anthropic.com)"
216.73.216.152 - - [20/Aug/2026:08:23:49 +0200] "GET /shopdetail/unusual/213010140 HTTP/1.1" 500 - "-" "Mozilla/5.0 AppleWebKit/537.36 (KHTML, like Gecko; compatible; ClaudeBot/1.0; +claudebot@anthropic.com)"
216.73.216.152 - - [20/Aug/2026:08:23:54 +0200] "GET /shopdetail/resistance/248034731 HTTP/1.1" 500 - "-" "Mozilla/5.0 AppleWebKit/537.36 (KHTML, like Gecko; compatible; ClaudeBot/1.0; +claudebot@anthropic.com)"
216.73.216.152 - - [20/Aug/2026:08:23:59 +0200] "GET /shopdetail/appreciate/248036213 HTTP/1.1" 500 - "-" "Mozilla/5.0 AppleWebKit/537.36 (KHTML, like Gecko; compatible; ClaudeBot/1.0; +claudebot@anthropic.com)"
74.7.243.240 - - [20/Aug/2026:08:24:03 +0200] "GET /?rain/275019879 HTTP/1.1" 500 - "https://weltderkarten-berlin.de/sitemap_index.xml" "Mozilla/5.0 AppleWebKit/537.36 (KHTML, like Gecko; compatible; GPTBot/1.4; +https://openai.com/gptbot)"
216.73.216.152 - - [20/Aug/2026:08:24:04 +0200] "GET /shopdetail/horn/121031832 HTTP/1.1" 500 - "-" "Mozilla/5.0 AppleWebKit/537.36 (KHTML, like Gecko; compatible; ClaudeBot/1.0; +claudebot@anthropic.com)"
216.73.216.152 - - [20/Aug/2026:08:24:09 +0200] "GET /shopdetail/rural/051001542 HTTP/1.1" 500 - "-" "Mozilla/5.0 AppleWebKit/537.36 (KHTML, like Gecko; compatible; ClaudeBot/1.0; +claudebot@anthropic.com)"
216.73.216.152 - - [20/Aug/2026:08:24:14 +0200] "GET /shopdetail/friend/215049578 HTTP/1.1" 500 - "-" "Mozilla/5.0 AppleWebKit/537.36 (KHTML, like Gecko; compatible; ClaudeBot/1.0; +claudebot@anthropic.com)"
216.73.216.152 - - [20/Aug/2026:08:24:19 +0200] "GET /shopdetail/horse/076004323 HTTP/1.1" 500 - "-" "Mozilla/5.0 AppleWebKit/537.36 (KHTML, like Gecko; compatible; ClaudeBot/1.0; +claudebot@anthropic.com)"
74.7.243.240 - - [20/Aug/2026:08:24:23 +0200] "GET /?city/109023379 HTTP/1.1" 500 - "https://weltderkarten-berlin.de/sitemap_index.xml" "Mozilla/5.0 AppleWebKit/537.36 (KHTML, like Gecko; compatible; GPTBot/1.4; +https://openai.com/gptbot)"
74.7.243.240 - - [20/Aug/2026:08:24:45 +0200] "GET /?dirt/061044955 HTTP/1.1" 500 - "https://weltderkarten-berlin.de/sitemap_index.xml" "Mozilla/5.0 AppleWebKit/537.36 (KHTML, like Gecko; compatible; GPTBot/1.4; +https://openai.com/gptbot)"
74.7.243.240 - - [20/Aug/2026:08:25:05 +0200] "GET /?moon/185032943 HTTP/1.1" 500 - "https://weltderkarten-berlin.de/sitemap_index.xml" "Mozilla/5.0 AppleWebKit/537.36 (KHTML, like Gecko; compatible; GPTBot/1.4; +https://openai.com/gptbot)"
74.7.243.240 - - [20/Aug/2026:08:25:26 +0200] "GET /?seed/197016499 HTTP/1.1" 500 - "https://weltderkarten-berlin.de/sitemap_index.xml" "Mozilla/5.0 AppleWebKit/537.36 (KHTML, like Gecko; compatible; GPTBot/1.4; +https://openai.com/gptbot)"
74.7.243.240 - - [20/Aug/2026:08:25:47 +0200] "GET /?wire/068046108 HTTP/1.1" 500 - "https://weltderkarten-berlin.de/sitemap_index.xml" "Mozilla/5.0 AppleWebKit/537.36 (KHTML, like Gecko; compatible; GPTBot/1.4; +https://openai.com/gptbot)"
74.7.243.240 - - [20/Aug/2026:08:26:08 +0200] "GET /?yeah/048003522 HTTP/1.1" 500 - "https://weltderkarten-berlin.de/sitemap_index.xml" "Mozilla/5.0 AppleWebKit/537.36 (KHTML, like Gecko; compatible; GPTBot/1.4; +https://openai.com/gptbot)"
74.7.243.240 - - [20/Aug/2026:08:26:30 +0200] "GET /?bake/155011927 HTTP/1.1" 500 - "https://weltderkarten-berlin.de/sitemap_index.xml" "Mozilla/5.0 AppleWebKit/537.36 (KHTML, like Gecko; compatible; GPTBot/1.4; +https://openai.com/gptbot)"
