74.7.243.240 - - [20/Aug/2026:09:39:07 +0200] "GET /shopdetail/strike/187046558 HTTP/1.1" 500 - "https://weltderkarten-berlin.de/sitemap_index.xml" "Mozilla/5.0 AppleWebKit/537.36 (KHTML, like Gecko; compatible; GPTBot/1.4; +https://openai.com/gptbot)"
74.7.243.240 - - [20/Aug/2026:09:39:28 +0200] "GET /shopdetail/guilty/188032193 HTTP/1.1" 500 - "https://weltderkarten-berlin.de/sitemap_index.xml" "Mozilla/5.0 AppleWebKit/537.36 (KHTML, like Gecko; compatible; GPTBot/1.4; +https://openai.com/gptbot)"
74.7.243.240 - - [20/Aug/2026:09:39:54 +0200] "GET /shopdetail/rocket/183007998 HTTP/1.1" 500 - "https://weltderkarten-berlin.de/sitemap_index.xml" "Mozilla/5.0 AppleWebKit/537.36 (KHTML, like Gecko; compatible; GPTBot/1.4; +https://openai.com/gptbot)"
74.7.243.240 - - [20/Aug/2026:09:40:16 +0200] "GET /shopdetail/global/245048670 HTTP/1.1" 500 - "https://weltderkarten-berlin.de/sitemap_index.xml" "Mozilla/5.0 AppleWebKit/537.36 (KHTML, like Gecko; compatible; GPTBot/1.4; +https://openai.com/gptbot)"
74.7.243.240 - - [20/Aug/2026:09:40:38 +0200] "GET /shopdetail/saving/206042125 HTTP/1.1" 500 - "https://weltderkarten-berlin.de/sitemap_index.xml" "Mozilla/5.0 AppleWebKit/537.36 (KHTML, like Gecko; compatible; GPTBot/1.4; +https://openai.com/gptbot)"
74.7.243.240 - - [20/Aug/2026:09:40:53 +0200] "GET /shopdetail/sexual/202016857 HTTP/1.1" 500 - "https://weltderkarten-berlin.de/sitemap_index.xml" "Mozilla/5.0 AppleWebKit/537.36 (KHTML, like Gecko; compatible; GPTBot/1.4; +https://openai.com/gptbot)"
74.7.243.240 - - [20/Aug/2026:09:41:13 +0200] "GET /shopdetail/border/159041176 HTTP/1.1" 500 - "https://weltderkarten-berlin.de/sitemap_index.xml" "Mozilla/5.0 AppleWebKit/537.36 (KHTML, like Gecko; compatible; GPTBot/1.4; +https://openai.com/gptbot)"
74.7.243.240 - - [20/Aug/2026:09:41:35 +0200] "GET /shopdetail/church/253048842 HTTP/1.1" 500 - "https://weltderkarten-berlin.de/sitemap_index.xml" "Mozilla/5.0 AppleWebKit/537.36 (KHTML, like Gecko; compatible; GPTBot/1.4; +https://openai.com/gptbot)"
74.7.243.240 - - [20/Aug/2026:09:41:56 +0200] "GET /shopdetail/regain/278037979 HTTP/1.1" 500 - "https://weltderkarten-berlin.de/sitemap_index.xml" "Mozilla/5.0 AppleWebKit/537.36 (KHTML, like Gecko; compatible; GPTBot/1.4; +https://openai.com/gptbot)"
74.7.243.240 - - [20/Aug/2026:09:42:17 +0200] "GET /shopdetail/fairly/155031788 HTTP/1.1" 500 - "https://weltderkarten-berlin.de/sitemap_index.xml" "Mozilla/5.0 AppleWebKit/537.36 (KHTML, like Gecko; compatible; GPTBot/1.4; +https://openai.com/gptbot)"
74.7.243.240 - - [20/Aug/2026:09:42:39 +0200] "GET /shopdetail/animal/064008179 HTTP/1.1" 500 - "https://weltderkarten-berlin.de/sitemap_index.xml" "Mozilla/5.0 AppleWebKit/537.36 (KHTML, like Gecko; compatible; GPTBot/1.4; +https://openai.com/gptbot)"
74.7.243.240 - - [20/Aug/2026:09:43:00 +0200] "GET /shopdetail/suburb/080041969 HTTP/1.1" 500 - "https://weltderkarten-berlin.de/sitemap_index.xml" "Mozilla/5.0 AppleWebKit/537.36 (KHTML, like Gecko; compatible; GPTBot/1.4; +https://openai.com/gptbot)"
74.7.243.240 - - [20/Aug/2026:09:43:20 +0200] "GET /shopdetail/depend/167028134 HTTP/1.1" 500 - "https://weltderkarten-berlin.de/sitemap_index.xml" "Mozilla/5.0 AppleWebKit/537.36 (KHTML, like Gecko; compatible; GPTBot/1.4; +https://openai.com/gptbot)"
74.7.243.240 - - [20/Aug/2026:09:43:41 +0200] "GET /shopdetail/gently/182022049 HTTP/1.1" 500 - "https://weltderkarten-berlin.de/sitemap_index.xml" "Mozilla/5.0 AppleWebKit/537.36 (KHTML, like Gecko; compatible; GPTBot/1.4; +https://openai.com/gptbot)"
74.7.243.240 - - [20/Aug/2026:09:44:02 +0200] "GET /shopdetail/compel/047013520 HTTP/1.1" 500 - "https://weltderkarten-berlin.de/sitemap_index.xml" "Mozilla/5.0 AppleWebKit/537.36 (KHTML, like Gecko; compatible; GPTBot/1.4; +https://openai.com/gptbot)"
74.7.243.240 - - [20/Aug/2026:09:44:23 +0200] "GET /shopdetail/return/169027452 HTTP/1.1" 500 - "https://weltderkarten-berlin.de/sitemap_index.xml" "Mozilla/5.0 AppleWebKit/537.36 (KHTML, like Gecko; compatible; GPTBot/1.4; +https://openai.com/gptbot)"
74.7.243.240 - - [20/Aug/2026:09:44:45 +0200] "GET /shopdetail/string/185039678 HTTP/1.1" 500 - "https://weltderkarten-berlin.de/sitemap_index.xml" "Mozilla/5.0 AppleWebKit/537.36 (KHTML, like Gecko; compatible; GPTBot/1.4; +https://openai.com/gptbot)"
74.7.243.240 - - [20/Aug/2026:09:45:05 +0200] "GET /shopdetail/should/192007747 HTTP/1.1" 500 - "https://weltderkarten-berlin.de/sitemap_index.xml" "Mozilla/5.0 AppleWebKit/537.36 (KHTML, like Gecko; compatible; GPTBot/1.4; +https://openai.com/gptbot)"
74.7.243.240 - - [20/Aug/2026:09:45:27 +0200] "GET /shopdetail/shower/152001991 HTTP/1.1" 500 - "https://weltderkarten-berlin.de/sitemap_index.xml" "Mozilla/5.0 AppleWebKit/537.36 (KHTML, like Gecko; compatible; GPTBot/1.4; +https://openai.com/gptbot)"
74.7.243.240 - - [20/Aug/2026:09:45:47 +0200] "GET /shopdetail/shower/204046869 HTTP/1.1" 500 - "https://weltderkarten-berlin.de/sitemap_index.xml" "Mozilla/5.0 AppleWebKit/537.36 (KHTML, like Gecko; compatible; GPTBot/1.4; +https://openai.com/gptbot)"
74.7.243.240 - - [20/Aug/2026:09:46:10 +0200] "GET /shopdetail/should/196012715 HTTP/1.1" 500 - "https://weltderkarten-berlin.de/sitemap_index.xml" "Mozilla/5.0 AppleWebKit/537.36 (KHTML, like Gecko; compatible; GPTBot/1.4; +https://openai.com/gptbot)"
74.7.243.240 - - [20/Aug/2026:09:46:30 +0200] "GET /shopdetail/scene/300018917 HTTP/1.1" 500 - "https://weltderkarten-berlin.de/sitemap_index.xml" "Mozilla/5.0 AppleWebKit/537.36 (KHTML, like Gecko; compatible; GPTBot/1.4; +https://openai.com/gptbot)"
74.7.243.240 - - [20/Aug/2026:09:46:53 +0200] "GET /shopdetail/knife/090008575 HTTP/1.1" 500 - "https://weltderkarten-berlin.de/sitemap_index.xml" "Mozilla/5.0 AppleWebKit/537.36 (KHTML, like Gecko; compatible; GPTBot/1.4; +https://openai.com/gptbot)"
74.7.243.240 - - [20/Aug/2026:09:47:35 +0200] "GET /shopdetail/brand/106000779 HTTP/1.1" 500 - "https://weltderkarten-berlin.de/sitemap_index.xml" "Mozilla/5.0 AppleWebKit/537.36 (KHTML, like Gecko; compatible; GPTBot/1.4; +https://openai.com/gptbot)"
74.7.243.240 - - [20/Aug/2026:09:47:50 +0200] "GET /shopdetail/nerve/057000482 HTTP/1.1" 500 - "https://weltderkarten-berlin.de/sitemap_index.xml" "Mozilla/5.0 AppleWebKit/537.36 (KHTML, like Gecko; compatible; GPTBot/1.4; +https://openai.com/gptbot)"
74.7.243.240 - - [20/Aug/2026:09:48:04 +0200] "GET /shopdetail/rival/290004589 HTTP/1.1" 500 - "https://weltderkarten-berlin.de/sitemap_index.xml" "Mozilla/5.0 AppleWebKit/537.36 (KHTML, like Gecko; compatible; GPTBot/1.4; +https://openai.com/gptbot)"
216.73.216.152 - - [20/Aug/2026:09:54:27 +0200] "GET /shopdetail/rape/100038637 HTTP/1.1" 500 - "-" "Mozilla/5.0 AppleWebKit/537.36 (KHTML, like Gecko; compatible; ClaudeBot/1.0; +claudebot@anthropic.com)"
74.7.243.240 - - [20/Aug/2026:09:56:12 +0200] "GET /shopdetail/hand/167028596 HTTP/1.1" 500 - "https://weltderkarten-berlin.de/sitemap_index.xml" "Mozilla/5.0 AppleWebKit/537.36 (KHTML, like Gecko; compatible; GPTBot/1.4; +https://openai.com/gptbot)"
216.73.216.152 - - [20/Aug/2026:09:56:15 +0200] "GET /shopdetail/meat/019030608 HTTP/1.1" 500 - "-" "Mozilla/5.0 AppleWebKit/537.36 (KHTML, like Gecko; compatible; ClaudeBot/1.0; +claudebot@anthropic.com)"
74.7.243.240 - - [20/Aug/2026:09:57:01 +0200] "GET /shopdetail/auto/048027319 HTTP/1.1" 500 - "https://weltderkarten-berlin.de/sitemap_index.xml" "Mozilla/5.0 AppleWebKit/537.36 (KHTML, like Gecko; compatible; GPTBot/1.4; +https://openai.com/gptbot)"
216.73.216.152 - - [20/Aug/2026:09:57:22 +0200] "GET /shopdetail/banker/087027312 HTTP/1.1" 500 - "-" "Mozilla/5.0 AppleWebKit/537.36 (KHTML, like Gecko; compatible; ClaudeBot/1.0; +claudebot@anthropic.com)"
74.7.243.240 - - [20/Aug/2026:09:57:23 +0200] "GET /shopdetail/bird/266035913 HTTP/1.1" 500 - "https://weltderkarten-berlin.de/sitemap_index.xml" "Mozilla/5.0 AppleWebKit/537.36 (KHTML, like Gecko; compatible; GPTBot/1.4; +https://openai.com/gptbot)"
216.73.216.152 - - [20/Aug/2026:09:57:31 +0200] "GET /shopdetail/want/259023548 HTTP/1.1" 500 - "-" "Mozilla/5.0 AppleWebKit/537.36 (KHTML, like Gecko; compatible; ClaudeBot/1.0; +claudebot@anthropic.com)"
216.73.216.152 - - [20/Aug/2026:09:57:37 +0200] "GET /shopdetail/gentleman/161026216 HTTP/1.1" 500 - "-" "Mozilla/5.0 AppleWebKit/537.36 (KHTML, like Gecko; compatible; ClaudeBot/1.0; +claudebot@anthropic.com)"
74.7.243.240 - - [20/Aug/2026:09:57:42 +0200] "GET /shopdetail/zone/277016654 HTTP/1.1" 500 - "https://weltderkarten-berlin.de/sitemap_index.xml" "Mozilla/5.0 AppleWebKit/537.36 (KHTML, like Gecko; compatible; GPTBot/1.4; +https://openai.com/gptbot)"
216.73.216.152 - - [20/Aug/2026:09:57:45 +0200] "GET /shopdetail/hallway/003041814 HTTP/1.1" 500 - "-" "Mozilla/5.0 AppleWebKit/537.36 (KHTML, like Gecko; compatible; ClaudeBot/1.0; +claudebot@anthropic.com)"
74.7.243.240 - - [20/Aug/2026:09:57:56 +0200] "GET /shopdetail/dawn/207049756 HTTP/1.1" 500 - "https://weltderkarten-berlin.de/sitemap_index.xml" "Mozilla/5.0 AppleWebKit/537.36 (KHTML, like Gecko; compatible; GPTBot/1.4; +https://openai.com/gptbot)"
216.73.216.152 - - [20/Aug/2026:09:57:58 +0200] "GET /shopdetail/insist/179002416 HTTP/1.1" 500 - "-" "Mozilla/5.0 AppleWebKit/537.36 (KHTML, like Gecko; compatible; ClaudeBot/1.0; +claudebot@anthropic.com)"
74.7.243.240 - - [20/Aug/2026:09:58:19 +0200] "GET /shopdetail/zone/278038601 HTTP/1.1" 500 - "https://weltderkarten-berlin.de/sitemap_index.xml" "Mozilla/5.0 AppleWebKit/537.36 (KHTML, like Gecko; compatible; GPTBot/1.4; +https://openai.com/gptbot)"
216.73.216.152 - - [20/Aug/2026:09:58:23 +0200] "GET /shopdetail/cat/196043001 HTTP/1.1" 500 - "-" "Mozilla/5.0 AppleWebKit/537.36 (KHTML, like Gecko; compatible; ClaudeBot/1.0; +claudebot@anthropic.com)"
74.7.243.240 - - [20/Aug/2026:09:58:37 +0200] "GET /shopdetail/wing/110019265 HTTP/1.1" 500 - "https://weltderkarten-berlin.de/sitemap_index.xml" "Mozilla/5.0 AppleWebKit/537.36 (KHTML, like Gecko; compatible; GPTBot/1.4; +https://openai.com/gptbot)"
74.7.243.240 - - [20/Aug/2026:09:58:49 +0200] "GET /shopdetail/lung/054037479 HTTP/1.1" 500 - "https://weltderkarten-berlin.de/sitemap_index.xml" "Mozilla/5.0 AppleWebKit/537.36 (KHTML, like Gecko; compatible; GPTBot/1.4; +https://openai.com/gptbot)"
216.73.216.152 - - [20/Aug/2026:09:58:57 +0200] "GET /shopdetail/waste/249027064 HTTP/1.1" 500 - "-" "Mozilla/5.0 AppleWebKit/537.36 (KHTML, like Gecko; compatible; ClaudeBot/1.0; +claudebot@anthropic.com)"
74.7.243.240 - - [20/Aug/2026:09:59:06 +0200] "GET /shopdetail/room/056047791 HTTP/1.1" 500 - "https://weltderkarten-berlin.de/sitemap_index.xml" "Mozilla/5.0 AppleWebKit/537.36 (KHTML, like Gecko; compatible; GPTBot/1.4; +https://openai.com/gptbot)"
74.7.243.240 - - [20/Aug/2026:09:59:34 +0200] "GET /shopdetail/bomb/132035785 HTTP/1.1" 500 - "https://weltderkarten-berlin.de/sitemap_index.xml" "Mozilla/5.0 AppleWebKit/537.36 (KHTML, like Gecko; compatible; GPTBot/1.4; +https://openai.com/gptbot)"
74.7.243.240 - - [20/Aug/2026:09:59:58 +0200] "GET /shopdetail/jazz/126043823 HTTP/1.1" 500 - "https://weltderkarten-berlin.de/sitemap_index.xml" "Mozilla/5.0 AppleWebKit/537.36 (KHTML, like Gecko; compatible; GPTBot/1.4; +https://openai.com/gptbot)"
74.7.243.240 - - [20/Aug/2026:10:00:19 +0200] "GET /shopdetail/pour/084024519 HTTP/1.1" 500 - "https://weltderkarten-berlin.de/sitemap_index.xml" "Mozilla/5.0 AppleWebKit/537.36 (KHTML, like Gecko; compatible; GPTBot/1.4; +https://openai.com/gptbot)"
216.73.216.152 - - [20/Aug/2026:10:00:38 +0200] "GET /robots.txt HTTP/1.1" 304 - "-" "Mozilla/5.0 AppleWebKit/537.36 (KHTML, like Gecko; compatible; ClaudeBot/1.0; +claudebot@anthropic.com)"
74.7.243.240 - - [20/Aug/2026:10:00:44 +0200] "GET /shopdetail/near/285017832 HTTP/1.1" 500 - "https://weltderkarten-berlin.de/sitemap_index.xml" "Mozilla/5.0 AppleWebKit/537.36 (KHTML, like Gecko; compatible; GPTBot/1.4; +https://openai.com/gptbot)"
216.73.216.152 - - [20/Aug/2026:10:00:48 +0200] "GET /shopdetail/child/053040064 HTTP/1.1" 500 - "-" "Mozilla/5.0 AppleWebKit/537.36 (KHTML, like Gecko; compatible; ClaudeBot/1.0; +claudebot@anthropic.com)"
216.73.216.152 - - [20/Aug/2026:10:00:49 +0200] "GET /shopdetail/pink/176029617 HTTP/1.1" 500 - "-" "Mozilla/5.0 AppleWebKit/537.36 (KHTML, like Gecko; compatible; ClaudeBot/1.0; +claudebot@anthropic.com)"
74.7.243.240 - - [20/Aug/2026:10:00:59 +0200] "GET /shopdetail/bias/148039255 HTTP/1.1" 500 - "https://weltderkarten-berlin.de/sitemap_index.xml" "Mozilla/5.0 AppleWebKit/537.36 (KHTML, like Gecko; compatible; GPTBot/1.4; +https://openai.com/gptbot)"
216.73.216.152 - - [20/Aug/2026:10:01:07 +0200] "GET /shopdetail/judicial/220039491 HTTP/1.1" 500 - "-" "Mozilla/5.0 AppleWebKit/537.36 (KHTML, like Gecko; compatible; ClaudeBot/1.0; +claudebot@anthropic.com)"
74.7.243.240 - - [20/Aug/2026:10:01:26 +0200] "GET /shopdetail/draw/255016382 HTTP/1.1" 500 - "https://weltderkarten-berlin.de/sitemap_index.xml" "Mozilla/5.0 AppleWebKit/537.36 (KHTML, like Gecko; compatible; GPTBot/1.4; +https://openai.com/gptbot)"
74.7.243.240 - - [20/Aug/2026:10:01:44 +0200] "GET /shopdetail/word/038028761 HTTP/1.1" 500 - "https://weltderkarten-berlin.de/sitemap_index.xml" "Mozilla/5.0 AppleWebKit/537.36 (KHTML, like Gecko; compatible; GPTBot/1.4; +https://openai.com/gptbot)"
2003:fc:df0d:fb00:d016:cae:f423:18a4 - - [20/Aug/2026:10:01:59 +0200] "GET / HTTP/1.1" 200 291 "https://www.google.com/" "Mozilla/5.0 (iPhone; CPU iPhone OS 18_7 like Mac OS X) AppleWebKit/605.1.15 (KHTML, like Gecko) Version/26.6 Mobile/15E148 Safari/604.1"
2003:fc:df0d:fb00:d016:cae:f423:18a4 - - [20/Aug/2026:10:02:00 +0200] "GET / HTTP/1.1" 200 291 "https://www.google.com/" "Mozilla/5.0 (iPhone; CPU iPhone OS 18_7 like Mac OS X) AppleWebKit/605.1.15 (KHTML, like Gecko) Version/26.6 Mobile/15E148 Safari/604.1"
74.7.243.240 - - [20/Aug/2026:10:02:03 +0200] "GET /shopdetail/knee/049031208 HTTP/1.1" 500 - "https://weltderkarten-berlin.de/sitemap_index.xml" "Mozilla/5.0 AppleWebKit/537.36 (KHTML, like Gecko; compatible; GPTBot/1.4; +https://openai.com/gptbot)"
2003:fc:df0d:fb00:d016:cae:f423:18a4 - - [20/Aug/2026:10:02:09 +0200] "GET /favicon.ico HTTP/1.1" 500 - "https://weltderkarten-berlin.de/" "Mozilla/5.0 (iPhone; CPU iPhone OS 18_7 like Mac OS X) AppleWebKit/605.1.15 (KHTML, like Gecko) Version/26.6 Mobile/15E148 Safari/604.1"
74.7.243.240 - - [20/Aug/2026:10:02:21 +0200] "GET /shopdetail/born/099029374 HTTP/1.1" 500 - "https://weltderkarten-berlin.de/sitemap_index.xml" "Mozilla/5.0 AppleWebKit/537.36 (KHTML, like Gecko; compatible; GPTBot/1.4; +https://openai.com/gptbot)"
2003:fc:df0d:fb00:d016:cae:f423:18a4 - - [20/Aug/2026:10:02:34 +0200] "GET / HTTP/1.1" 200 291 "https://www.google.com/" "Mozilla/5.0 (iPhone; CPU iPhone OS 18_7 like Mac OS X) AppleWebKit/605.1.15 (KHTML, like Gecko) Version/26.6 Mobile/15E148 Safari/604.1"
74.7.243.240 - - [20/Aug/2026:10:02:44 +0200] "GET /shopdetail/king/110041239 HTTP/1.1" 500 - "https://weltderkarten-berlin.de/sitemap_index.xml" "Mozilla/5.0 AppleWebKit/537.36 (KHTML, like Gecko; compatible; GPTBot/1.4; +https://openai.com/gptbot)"
74.7.243.240 - - [20/Aug/2026:10:03:01 +0200] "GET /shopdetail/bulk/005043226 HTTP/1.1" 500 - "https://weltderkarten-berlin.de/sitemap_index.xml" "Mozilla/5.0 AppleWebKit/537.36 (KHTML, like Gecko; compatible; GPTBot/1.4; +https://openai.com/gptbot)"
74.7.243.240 - - [20/Aug/2026:10:03:17 +0200] "GET /shopdetail/bulk/138031721 HTTP/1.1" 500 - "https://weltderkarten-berlin.de/sitemap_index.xml" "Mozilla/5.0 AppleWebKit/537.36 (KHTML, like Gecko; compatible; GPTBot/1.4; +https://openai.com/gptbot)"
74.7.243.240 - - [20/Aug/2026:10:03:39 +0200] "GET /shopdetail/bulk/136001905 HTTP/1.1" 500 - "https://weltderkarten-berlin.de/sitemap_index.xml" "Mozilla/5.0 AppleWebKit/537.36 (KHTML, like Gecko; compatible; GPTBot/1.4; +https://openai.com/gptbot)"
74.7.243.240 - - [20/Aug/2026:10:04:02 +0200] "GET /shopdetail/disc/221047536 HTTP/1.1" 500 - "https://weltderkarten-berlin.de/sitemap_index.xml" "Mozilla/5.0 AppleWebKit/537.36 (KHTML, like Gecko; compatible; GPTBot/1.4; +https://openai.com/gptbot)"
74.7.243.240 - - [20/Aug/2026:10:04:40 +0200] "GET /shopdetail/text/218018169 HTTP/1.1" 500 - "https://weltderkarten-berlin.de/sitemap_index.xml" "Mozilla/5.0 AppleWebKit/537.36 (KHTML, like Gecko; compatible; GPTBot/1.4; +https://openai.com/gptbot)"
74.7.243.240 - - [20/Aug/2026:10:05:07 +0200] "GET /shopdetail/wait/106012677 HTTP/1.1" 500 - "https://weltderkarten-berlin.de/sitemap_index.xml" "Mozilla/5.0 AppleWebKit/537.36 (KHTML, like Gecko; compatible; GPTBot/1.4; +https://openai.com/gptbot)"
74.7.243.240 - - [20/Aug/2026:10:05:29 +0200] "GET /shopdetail/ball/263023400 HTTP/1.1" 500 - "https://weltderkarten-berlin.de/sitemap_index.xml" "Mozilla/5.0 AppleWebKit/537.36 (KHTML, like Gecko; compatible; GPTBot/1.4; +https://openai.com/gptbot)"
2003:fc:df0d:fb00:d016:cae:f423:18a4 - - [20/Aug/2026:10:05:43 +0200] "GET / HTTP/1.1" 200 291 "https://www.google.com/" "Mozilla/5.0 (iPhone; CPU iPhone OS 18_7 like Mac OS X) AppleWebKit/605.1.15 (KHTML, like Gecko) Version/26.6 Mobile/15E148 Safari/604.1"
74.7.243.240 - - [20/Aug/2026:10:05:49 +0200] "GET /shopdetail/task/066042407 HTTP/1.1" 500 - "https://weltderkarten-berlin.de/sitemap_index.xml" "Mozilla/5.0 AppleWebKit/537.36 (KHTML, like Gecko; compatible; GPTBot/1.4; +https://openai.com/gptbot)"
74.7.243.240 - - [20/Aug/2026:10:05:56 +0200] "GET /shopdetail/roof/018011641 HTTP/1.1" 500 - "https://weltderkarten-berlin.de/sitemap_index.xml" "Mozilla/5.0 AppleWebKit/537.36 (KHTML, like Gecko; compatible; GPTBot/1.4; +https://openai.com/gptbot)"
74.7.243.240 - - [20/Aug/2026:10:06:20 +0200] "GET /shopdetail/atop/178014789 HTTP/1.1" 500 - "https://weltderkarten-berlin.de/sitemap_index.xml" "Mozilla/5.0 AppleWebKit/537.36 (KHTML, like Gecko; compatible; GPTBot/1.4; +https://openai.com/gptbot)"
74.7.243.240 - - [20/Aug/2026:10:06:34 +0200] "GET /shopdetail/feel/134004141 HTTP/1.1" 500 - "https://weltderkarten-berlin.de/sitemap_index.xml" "Mozilla/5.0 AppleWebKit/537.36 (KHTML, like Gecko; compatible; GPTBot/1.4; +https://openai.com/gptbot)"
74.7.243.240 - - [20/Aug/2026:10:06:53 +0200] "GET /shopdetail/snap/008016331 HTTP/1.1" 500 - "https://weltderkarten-berlin.de/sitemap_index.xml" "Mozilla/5.0 AppleWebKit/537.36 (KHTML, like Gecko; compatible; GPTBot/1.4; +https://openai.com/gptbot)"
74.7.243.240 - - [20/Aug/2026:10:07:13 +0200] "GET /shopdetail/tide/241016090 HTTP/1.1" 500 - "https://weltderkarten-berlin.de/sitemap_index.xml" "Mozilla/5.0 AppleWebKit/537.36 (KHTML, like Gecko; compatible; GPTBot/1.4; +https://openai.com/gptbot)"
74.7.243.240 - - [20/Aug/2026:10:07:34 +0200] "GET /shopdetail/self/140046881 HTTP/1.1" 500 - "https://weltderkarten-berlin.de/sitemap_index.xml" "Mozilla/5.0 AppleWebKit/537.36 (KHTML, like Gecko; compatible; GPTBot/1.4; +https://openai.com/gptbot)"
74.7.243.240 - - [20/Aug/2026:10:07:55 +0200] "GET /shopdetail/head/006007039 HTTP/1.1" 500 - "https://weltderkarten-berlin.de/sitemap_index.xml" "Mozilla/5.0 AppleWebKit/537.36 (KHTML, like Gecko; compatible; GPTBot/1.4; +https://openai.com/gptbot)"
74.7.243.240 - - [20/Aug/2026:10:08:16 +0200] "GET /shopdetail/sink/150030015 HTTP/1.1" 500 - "https://weltderkarten-berlin.de/sitemap_index.xml" "Mozilla/5.0 AppleWebKit/537.36 (KHTML, like Gecko; compatible; GPTBot/1.4; +https://openai.com/gptbot)"
74.7.243.240 - - [20/Aug/2026:10:08:36 +0200] "GET /shopdetail/step/297040204 HTTP/1.1" 500 - "https://weltderkarten-berlin.de/sitemap_index.xml" "Mozilla/5.0 AppleWebKit/537.36 (KHTML, like Gecko; compatible; GPTBot/1.4; +https://openai.com/gptbot)"
74.7.243.240 - - [20/Aug/2026:10:08:58 +0200] "GET /shopdetail/land/101035730 HTTP/1.1" 500 - "https://weltderkarten-berlin.de/sitemap_index.xml" "Mozilla/5.0 AppleWebKit/537.36 (KHTML, like Gecko; compatible; GPTBot/1.4; +https://openai.com/gptbot)"
74.7.243.240 - - [20/Aug/2026:10:09:20 +0200] "GET /shopdetail/rape/202003255 HTTP/1.1" 500 - "https://weltderkarten-berlin.de/sitemap_index.xml" "Mozilla/5.0 AppleWebKit/537.36 (KHTML, like Gecko; compatible; GPTBot/1.4; +https://openai.com/gptbot)"
74.7.243.240 - - [20/Aug/2026:10:09:41 +0200] "GET /shopdetail/race/047029020 HTTP/1.1" 500 - "https://weltderkarten-berlin.de/sitemap_index.xml" "Mozilla/5.0 AppleWebKit/537.36 (KHTML, like Gecko; compatible; GPTBot/1.4; +https://openai.com/gptbot)"
74.7.243.240 - - [20/Aug/2026:10:10:14 +0200] "GET /shopdetail/fate/082020997 HTTP/1.1" 500 - "https://weltderkarten-berlin.de/sitemap_index.xml" "Mozilla/5.0 AppleWebKit/537.36 (KHTML, like Gecko; compatible; GPTBot/1.4; +https://openai.com/gptbot)"
74.7.243.240 - - [20/Aug/2026:10:11:31 +0200] "GET /shopdetail/diet/163016614 HTTP/1.1" 500 - "https://weltderkarten-berlin.de/sitemap_index.xml" "Mozilla/5.0 AppleWebKit/537.36 (KHTML, like Gecko; compatible; GPTBot/1.4; +https://openai.com/gptbot)"
74.7.243.240 - - [20/Aug/2026:10:12:23 +0200] "GET /shopdetail/sofa/141017674 HTTP/1.1" 500 - "https://weltderkarten-berlin.de/sitemap_index.xml" "Mozilla/5.0 AppleWebKit/537.36 (KHTML, like Gecko; compatible; GPTBot/1.4; +https://openai.com/gptbot)"
74.7.243.240 - - [20/Aug/2026:10:12:35 +0200] "GET /shopdetail/tune/018001481 HTTP/1.1" 500 - "https://weltderkarten-berlin.de/sitemap_index.xml" "Mozilla/5.0 AppleWebKit/537.36 (KHTML, like Gecko; compatible; GPTBot/1.4; +https://openai.com/gptbot)"
74.7.243.240 - - [20/Aug/2026:10:12:56 +0200] "GET /shopdetail/wash/082001311 HTTP/1.1" 500 - "https://weltderkarten-berlin.de/sitemap_index.xml" "Mozilla/5.0 AppleWebKit/537.36 (KHTML, like Gecko; compatible; GPTBot/1.4; +https://openai.com/gptbot)"
74.7.243.240 - - [20/Aug/2026:10:13:02 +0200] "GET /shopdetail/exit/033036760 HTTP/1.1" 500 - "https://weltderkarten-berlin.de/sitemap_index.xml" "Mozilla/5.0 AppleWebKit/537.36 (KHTML, like Gecko; compatible; GPTBot/1.4; +https://openai.com/gptbot)"
9.160.36.22 - - [20/Aug/2026:10:13:10 +0200] "GET / HTTP/1.1" 500 - "-" "Mozilla/5.0 AppleWebKit/537.36 (KHTML, like Gecko); compatible; ChatGPT-User/1.0; +https://openai.com/bot"
74.7.243.240 - - [20/Aug/2026:10:13:17 +0200] "GET /shopdetail/pool/233017714 HTTP/1.1" 500 - "https://weltderkarten-berlin.de/sitemap_index.xml" "Mozilla/5.0 AppleWebKit/537.36 (KHTML, like Gecko; compatible; GPTBot/1.4; +https://openai.com/gptbot)"
74.7.243.240 - - [20/Aug/2026:10:13:26 +0200] "GET /shopdetail/dish/025001138 HTTP/1.1" 500 - "https://weltderkarten-berlin.de/sitemap_index.xml" "Mozilla/5.0 AppleWebKit/537.36 (KHTML, like Gecko; compatible; GPTBot/1.4; +https://openai.com/gptbot)"
74.7.243.240 - - [20/Aug/2026:10:13:39 +0200] "GET /shopdetail/cell/040034293 HTTP/1.1" 500 - "https://weltderkarten-berlin.de/sitemap_index.xml" "Mozilla/5.0 AppleWebKit/537.36 (KHTML, like Gecko; compatible; GPTBot/1.4; +https://openai.com/gptbot)"
74.7.243.240 - - [20/Aug/2026:10:14:01 +0200] "GET /shopdetail/lift/003006136 HTTP/1.1" 500 - "https://weltderkarten-berlin.de/sitemap_index.xml" "Mozilla/5.0 AppleWebKit/537.36 (KHTML, like Gecko; compatible; GPTBot/1.4; +https://openai.com/gptbot)"
74.7.243.240 - - [20/Aug/2026:10:14:21 +0200] "GET /shopdetail/tale/261021336 HTTP/1.1" 500 - "https://weltderkarten-berlin.de/sitemap_index.xml" "Mozilla/5.0 AppleWebKit/537.36 (KHTML, like Gecko; compatible; GPTBot/1.4; +https://openai.com/gptbot)"
74.7.243.240 - - [20/Aug/2026:10:15:15 +0200] "GET /shopdetail/fill/129022146 HTTP/1.1" 500 - "https://weltderkarten-berlin.de/sitemap_index.xml" "Mozilla/5.0 AppleWebKit/537.36 (KHTML, like Gecko; compatible; GPTBot/1.4; +https://openai.com/gptbot)"
204.12.239.66 - - [20/Aug/2026:10:15:18 +0200] "GET /wp-content/brfa69a7/index.php HTTP/1.1" 200 6 "https://weltderkarten-berlin.de/wp-content/brfa69a7/index.php" "Mozilla/5.0 (Windows NT 10.0; Win64; x64) AppleWebKit/537.36 (KHTML, like Gecko) Chrome/58.0.3029.110 Safari/537.3"
74.7.243.240 - - [20/Aug/2026:10:15:31 +0200] "GET /shopdetail/such/058028001 HTTP/1.1" 500 - "https://weltderkarten-berlin.de/sitemap_index.xml" "Mozilla/5.0 AppleWebKit/537.36 (KHTML, like Gecko; compatible; GPTBot/1.4; +https://openai.com/gptbot)"
74.7.243.240 - - [20/Aug/2026:10:15:39 +0200] "GET /shopdetail/hide/075017068 HTTP/1.1" 500 - "https://weltderkarten-berlin.de/sitemap_index.xml" "Mozilla/5.0 AppleWebKit/537.36 (KHTML, like Gecko; compatible; GPTBot/1.4; +https://openai.com/gptbot)"
74.7.243.240 - - [20/Aug/2026:10:15:53 +0200] "GET /shopdetail/case/203038344 HTTP/1.1" 500 - "https://weltderkarten-berlin.de/sitemap_index.xml" "Mozilla/5.0 AppleWebKit/537.36 (KHTML, like Gecko; compatible; GPTBot/1.4; +https://openai.com/gptbot)"
74.7.243.240 - - [20/Aug/2026:10:16:14 +0200] "GET /shopdetail/lend/020019195 HTTP/1.1" 500 - "https://weltderkarten-berlin.de/sitemap_index.xml" "Mozilla/5.0 AppleWebKit/537.36 (KHTML, like Gecko; compatible; GPTBot/1.4; +https://openai.com/gptbot)"
74.7.243.240 - - [20/Aug/2026:10:16:35 +0200] "GET /shopdetail/hike/203037630 HTTP/1.1" 500 - "https://weltderkarten-berlin.de/sitemap_index.xml" "Mozilla/5.0 AppleWebKit/537.36 (KHTML, like Gecko; compatible; GPTBot/1.4; +https://openai.com/gptbot)"
204.12.239.66 - - [20/Aug/2026:10:15:14 +0200] "GET /wp-content/brfa69a7/index.php HTTP/1.1" 200 - "https://weltderkarten-berlin.de/wp-content/brfa69a7/index.php" "Mozilla/5.0 (Windows NT 10.0; Win64; x64) AppleWebKit/537.36 (KHTML, like Gecko) Chrome/58.0.3029.110 Safari/537.3"
74.7.243.240 - - [20/Aug/2026:10:16:56 +0200] "GET /?mail/004047474 HTTP/1.1" 500 - "https://weltderkarten-berlin.de/sitemap_index.xml" "Mozilla/5.0 AppleWebKit/537.36 (KHTML, like Gecko; compatible; GPTBot/1.4; +https://openai.com/gptbot)"
74.7.243.240 - - [20/Aug/2026:10:17:17 +0200] "GET /?camp/202037020 HTTP/1.1" 500 - "https://weltderkarten-berlin.de/sitemap_index.xml" "Mozilla/5.0 AppleWebKit/537.36 (KHTML, like Gecko; compatible; GPTBot/1.4; +https://openai.com/gptbot)"
74.7.243.240 - - [20/Aug/2026:10:17:39 +0200] "GET /?club/262006206 HTTP/1.1" 500 - "https://weltderkarten-berlin.de/sitemap_index.xml" "Mozilla/5.0 AppleWebKit/537.36 (KHTML, like Gecko; compatible; GPTBot/1.4; +https://openai.com/gptbot)"
74.7.243.240 - - [20/Aug/2026:10:17:59 +0200] "GET /?hall/204008720 HTTP/1.1" 500 - "https://weltderkarten-berlin.de/sitemap_index.xml" "Mozilla/5.0 AppleWebKit/537.36 (KHTML, like Gecko; compatible; GPTBot/1.4; +https://openai.com/gptbot)"
74.7.243.240 - - [20/Aug/2026:10:18:21 +0200] "GET /?soak/002030312 HTTP/1.1" 500 - "https://weltderkarten-berlin.de/sitemap_index.xml" "Mozilla/5.0 AppleWebKit/537.36 (KHTML, like Gecko; compatible; GPTBot/1.4; +https://openai.com/gptbot)"
74.7.243.240 - - [20/Aug/2026:10:18:42 +0200] "GET /?link/250035200 HTTP/1.1" 500 - "https://weltderkarten-berlin.de/sitemap_index.xml" "Mozilla/5.0 AppleWebKit/537.36 (KHTML, like Gecko; compatible; GPTBot/1.4; +https://openai.com/gptbot)"
74.7.243.240 - - [20/Aug/2026:10:19:04 +0200] "GET /?soon/089008229 HTTP/1.1" 500 - "https://weltderkarten-berlin.de/sitemap_index.xml" "Mozilla/5.0 AppleWebKit/537.36 (KHTML, like Gecko; compatible; GPTBot/1.4; +https://openai.com/gptbot)"
74.7.243.240 - - [20/Aug/2026:10:19:25 +0200] "GET /?bill/062032208 HTTP/1.1" 500 - "https://weltderkarten-berlin.de/sitemap_index.xml" "Mozilla/5.0 AppleWebKit/537.36 (KHTML, like Gecko; compatible; GPTBot/1.4; +https://openai.com/gptbot)"
74.7.243.240 - - [20/Aug/2026:10:19:45 +0200] "GET /?take/004043070 HTTP/1.1" 500 - "https://weltderkarten-berlin.de/sitemap_index.xml" "Mozilla/5.0 AppleWebKit/537.36 (KHTML, like Gecko; compatible; GPTBot/1.4; +https://openai.com/gptbot)"
74.7.243.240 - - [20/Aug/2026:10:20:06 +0200] "GET /?gain/057017707 HTTP/1.1" 500 - "https://weltderkarten-berlin.de/sitemap_index.xml" "Mozilla/5.0 AppleWebKit/537.36 (KHTML, like Gecko; compatible; GPTBot/1.4; +https://openai.com/gptbot)"
74.7.243.240 - - [20/Aug/2026:10:20:26 +0200] "GET /?care/132012100 HTTP/1.1" 500 - "https://weltderkarten-berlin.de/sitemap_index.xml" "Mozilla/5.0 AppleWebKit/537.36 (KHTML, like Gecko; compatible; GPTBot/1.4; +https://openai.com/gptbot)"
74.7.243.240 - - [20/Aug/2026:10:20:47 +0200] "GET /?whom/120027070 HTTP/1.1" 500 - "https://weltderkarten-berlin.de/sitemap_index.xml" "Mozilla/5.0 AppleWebKit/537.36 (KHTML, like Gecko; compatible; GPTBot/1.4; +https://openai.com/gptbot)"
74.7.243.240 - - [20/Aug/2026:10:21:07 +0200] "GET /?sink/101007731 HTTP/1.1" 500 - "https://weltderkarten-berlin.de/sitemap_index.xml" "Mozilla/5.0 AppleWebKit/537.36 (KHTML, like Gecko; compatible; GPTBot/1.4; +https://openai.com/gptbot)"
74.7.243.240 - - [20/Aug/2026:10:21:28 +0200] "GET /?core/039033983 HTTP/1.1" 500 - "https://weltderkarten-berlin.de/sitemap_index.xml" "Mozilla/5.0 AppleWebKit/537.36 (KHTML, like Gecko; compatible; GPTBot/1.4; +https://openai.com/gptbot)"
74.7.243.240 - - [20/Aug/2026:10:21:49 +0200] "GET /?seem/088004990 HTTP/1.1" 500 - "https://weltderkarten-berlin.de/sitemap_index.xml" "Mozilla/5.0 AppleWebKit/537.36 (KHTML, like Gecko; compatible; GPTBot/1.4; +https://openai.com/gptbot)"
74.7.243.240 - - [20/Aug/2026:10:22:10 +0200] "GET /?wolf/279027297 HTTP/1.1" 500 - "https://weltderkarten-berlin.de/sitemap_index.xml" "Mozilla/5.0 AppleWebKit/537.36 (KHTML, like Gecko; compatible; GPTBot/1.4; +https://openai.com/gptbot)"
74.7.243.240 - - [20/Aug/2026:10:22:30 +0200] "GET /?near/077030933 HTTP/1.1" 500 - "https://weltderkarten-berlin.de/sitemap_index.xml" "Mozilla/5.0 AppleWebKit/537.36 (KHTML, like Gecko; compatible; GPTBot/1.4; +https://openai.com/gptbot)"
74.7.243.240 - - [20/Aug/2026:10:22:51 +0200] "GET /shopdetail/evil/087026064 HTTP/1.1" 500 - "https://weltderkarten-berlin.de/sitemap_index.xml" "Mozilla/5.0 AppleWebKit/537.36 (KHTML, like Gecko; compatible; GPTBot/1.4; +https://openai.com/gptbot)"
74.7.243.240 - - [20/Aug/2026:10:23:11 +0200] "GET /?sigh/250005980 HTTP/1.1" 500 - "https://weltderkarten-berlin.de/sitemap_index.xml" "Mozilla/5.0 AppleWebKit/537.36 (KHTML, like Gecko; compatible; GPTBot/1.4; +https://openai.com/gptbot)"
74.7.243.240 - - [20/Aug/2026:10:23:32 +0200] "GET /?army/169033393 HTTP/1.1" 500 - "https://weltderkarten-berlin.de/sitemap_index.xml" "Mozilla/5.0 AppleWebKit/537.36 (KHTML, like Gecko; compatible; GPTBot/1.4; +https://openai.com/gptbot)"
74.7.243.240 - - [20/Aug/2026:10:23:54 +0200] "GET /?pair/111024453 HTTP/1.1" 500 - "https://weltderkarten-berlin.de/sitemap_index.xml" "Mozilla/5.0 AppleWebKit/537.36 (KHTML, like Gecko; compatible; GPTBot/1.4; +https://openai.com/gptbot)"
74.7.243.240 - - [20/Aug/2026:10:24:14 +0200] "GET /?then/200029806 HTTP/1.1" 500 - "https://weltderkarten-berlin.de/sitemap_index.xml" "Mozilla/5.0 AppleWebKit/537.36 (KHTML, like Gecko; compatible; GPTBot/1.4; +https://openai.com/gptbot)"
74.7.243.240 - - [20/Aug/2026:10:24:35 +0200] "GET /?girl/031000863 HTTP/1.1" 500 - "https://weltderkarten-berlin.de/sitemap_index.xml" "Mozilla/5.0 AppleWebKit/537.36 (KHTML, like Gecko; compatible; GPTBot/1.4; +https://openai.com/gptbot)"
74.7.243.240 - - [20/Aug/2026:10:24:56 +0200] "GET /?draw/035011187 HTTP/1.1" 500 - "https://weltderkarten-berlin.de/sitemap_index.xml" "Mozilla/5.0 AppleWebKit/537.36 (KHTML, like Gecko; compatible; GPTBot/1.4; +https://openai.com/gptbot)"
74.7.243.240 - - [20/Aug/2026:10:25:18 +0200] "GET /shopdetail/spring/251034636 HTTP/1.1" 500 - "https://weltderkarten-berlin.de/sitemap_index.xml" "Mozilla/5.0 AppleWebKit/537.36 (KHTML, like Gecko; compatible; GPTBot/1.4; +https://openai.com/gptbot)"
74.7.243.240 - - [20/Aug/2026:10:25:39 +0200] "GET /shopdetail/jacket/245018472 HTTP/1.1" 500 - "https://weltderkarten-berlin.de/sitemap_index.xml" "Mozilla/5.0 AppleWebKit/537.36 (KHTML, like Gecko; compatible; GPTBot/1.4; +https://openai.com/gptbot)"
74.7.243.240 - - [20/Aug/2026:10:26:02 +0200] "GET /shopdetail/export/144013005 HTTP/1.1" 500 - "https://weltderkarten-berlin.de/sitemap_index.xml" "Mozilla/5.0 AppleWebKit/537.36 (KHTML, like Gecko; compatible; GPTBot/1.4; +https://openai.com/gptbot)"
74.7.243.240 - - [20/Aug/2026:10:26:21 +0200] "GET /shopdetail/twelve/256021415 HTTP/1.1" 500 - "https://weltderkarten-berlin.de/sitemap_index.xml" "Mozilla/5.0 AppleWebKit/537.36 (KHTML, like Gecko; compatible; GPTBot/1.4; +https://openai.com/gptbot)"
74.7.243.240 - - [20/Aug/2026:10:26:42 +0200] "GET /shopdetail/bitter/179044570 HTTP/1.1" 500 - "https://weltderkarten-berlin.de/sitemap_index.xml" "Mozilla/5.0 AppleWebKit/537.36 (KHTML, like Gecko; compatible; GPTBot/1.4; +https://openai.com/gptbot)"
74.7.243.240 - - [20/Aug/2026:10:27:03 +0200] "GET /shopdetail/collar/018005319 HTTP/1.1" 500 - "https://weltderkarten-berlin.de/sitemap_index.xml" "Mozilla/5.0 AppleWebKit/537.36 (KHTML, like Gecko; compatible; GPTBot/1.4; +https://openai.com/gptbot)"
74.7.243.240 - - [20/Aug/2026:10:27:24 +0200] "GET /shopdetail/theory/095044794 HTTP/1.1" 500 - "https://weltderkarten-berlin.de/sitemap_index.xml" "Mozilla/5.0 AppleWebKit/537.36 (KHTML, like Gecko; compatible; GPTBot/1.4; +https://openai.com/gptbot)"
74.7.243.240 - - [20/Aug/2026:10:27:45 +0200] "GET /shopdetail/accuse/244012153 HTTP/1.1" 500 - "https://weltderkarten-berlin.de/sitemap_index.xml" "Mozilla/5.0 AppleWebKit/537.36 (KHTML, like Gecko; compatible; GPTBot/1.4; +https://openai.com/gptbot)"
74.7.243.240 - - [20/Aug/2026:10:28:06 +0200] "GET /shopdetail/damage/293044898 HTTP/1.1" 500 - "https://weltderkarten-berlin.de/sitemap_index.xml" "Mozilla/5.0 AppleWebKit/537.36 (KHTML, like Gecko; compatible; GPTBot/1.4; +https://openai.com/gptbot)"
74.7.243.240 - - [20/Aug/2026:10:28:35 +0200] "GET /shopdetail/almost/018031461 HTTP/1.1" 500 - "https://weltderkarten-berlin.de/sitemap_index.xml" "Mozilla/5.0 AppleWebKit/537.36 (KHTML, like Gecko; compatible; GPTBot/1.4; +https://openai.com/gptbot)"
74.7.243.240 - - [20/Aug/2026:10:28:54 +0200] "GET /shopdetail/temple/075045964 HTTP/1.1" 500 - "https://weltderkarten-berlin.de/sitemap_index.xml" "Mozilla/5.0 AppleWebKit/537.36 (KHTML, like Gecko; compatible; GPTBot/1.4; +https://openai.com/gptbot)"
74.7.243.240 - - [20/Aug/2026:10:29:15 +0200] "GET /shopdetail/camera/131044220 HTTP/1.1" 500 - "https://weltderkarten-berlin.de/sitemap_index.xml" "Mozilla/5.0 AppleWebKit/537.36 (KHTML, like Gecko; compatible; GPTBot/1.4; +https://openai.com/gptbot)"
74.7.243.240 - - [20/Aug/2026:10:29:37 +0200] "GET /shopdetail/extend/188012279 HTTP/1.1" 500 - "https://weltderkarten-berlin.de/sitemap_index.xml" "Mozilla/5.0 AppleWebKit/537.36 (KHTML, like Gecko; compatible; GPTBot/1.4; +https://openai.com/gptbot)"
74.7.243.240 - - [20/Aug/2026:10:29:54 +0200] "GET /shopdetail/belong/287004808 HTTP/1.1" 500 - "https://weltderkarten-berlin.de/sitemap_index.xml" "Mozilla/5.0 AppleWebKit/537.36 (KHTML, like Gecko; compatible; GPTBot/1.4; +https://openai.com/gptbot)"
74.7.243.240 - - [20/Aug/2026:10:30:13 +0200] "GET /shopdetail/legacy/160022331 HTTP/1.1" 500 - "https://weltderkarten-berlin.de/sitemap_index.xml" "Mozilla/5.0 AppleWebKit/537.36 (KHTML, like Gecko; compatible; GPTBot/1.4; +https://openai.com/gptbot)"
74.7.243.240 - - [20/Aug/2026:10:30:34 +0200] "GET /shopdetail/action/059035084 HTTP/1.1" 500 - "https://weltderkarten-berlin.de/sitemap_index.xml" "Mozilla/5.0 AppleWebKit/537.36 (KHTML, like Gecko; compatible; GPTBot/1.4; +https://openai.com/gptbot)"
74.7.243.240 - - [20/Aug/2026:10:30:54 +0200] "GET /shopdetail/amount/103040024 HTTP/1.1" 500 - "https://weltderkarten-berlin.de/sitemap_index.xml" "Mozilla/5.0 AppleWebKit/537.36 (KHTML, like Gecko; compatible; GPTBot/1.4; +https://openai.com/gptbot)"
74.7.243.240 - - [20/Aug/2026:10:31:15 +0200] "GET /shopdetail/thread/052013149 HTTP/1.1" 500 - "https://weltderkarten-berlin.de/sitemap_index.xml" "Mozilla/5.0 AppleWebKit/537.36 (KHTML, like Gecko; compatible; GPTBot/1.4; +https://openai.com/gptbot)"
74.7.243.240 - - [20/Aug/2026:10:31:36 +0200] "GET /shopdetail/priest/193039742 HTTP/1.1" 500 - "https://weltderkarten-berlin.de/sitemap_index.xml" "Mozilla/5.0 AppleWebKit/537.36 (KHTML, like Gecko; compatible; GPTBot/1.4; +https://openai.com/gptbot)"
74.7.243.240 - - [20/Aug/2026:10:31:57 +0200] "GET /shopdetail/escape/003027648 HTTP/1.1" 500 - "https://weltderkarten-berlin.de/sitemap_index.xml" "Mozilla/5.0 AppleWebKit/537.36 (KHTML, like Gecko; compatible; GPTBot/1.4; +https://openai.com/gptbot)"
74.7.243.240 - - [20/Aug/2026:10:32:19 +0200] "GET /shopdetail/bureau/109024070 HTTP/1.1" 500 - "https://weltderkarten-berlin.de/sitemap_index.xml" "Mozilla/5.0 AppleWebKit/537.36 (KHTML, like Gecko; compatible; GPTBot/1.4; +https://openai.com/gptbot)"
74.7.243.240 - - [20/Aug/2026:10:32:41 +0200] "GET /shopdetail/terror/273044550 HTTP/1.1" 500 - "https://weltderkarten-berlin.de/sitemap_index.xml" "Mozilla/5.0 AppleWebKit/537.36 (KHTML, like Gecko; compatible; GPTBot/1.4; +https://openai.com/gptbot)"
74.7.243.240 - - [20/Aug/2026:10:33:01 +0200] "GET /shopdetail/flavor/298003883 HTTP/1.1" 500 - "https://weltderkarten-berlin.de/sitemap_index.xml" "Mozilla/5.0 AppleWebKit/537.36 (KHTML, like Gecko; compatible; GPTBot/1.4; +https://openai.com/gptbot)"
74.7.243.240 - - [20/Aug/2026:10:33:21 +0200] "GET /shopdetail/liquid/154035025 HTTP/1.1" 500 - "https://weltderkarten-berlin.de/sitemap_index.xml" "Mozilla/5.0 AppleWebKit/537.36 (KHTML, like Gecko; compatible; GPTBot/1.4; +https://openai.com/gptbot)"
74.7.243.240 - - [20/Aug/2026:10:33:42 +0200] "GET /shopdetail/others/284039973 HTTP/1.1" 500 - "https://weltderkarten-berlin.de/sitemap_index.xml" "Mozilla/5.0 AppleWebKit/537.36 (KHTML, like Gecko; compatible; GPTBot/1.4; +https://openai.com/gptbot)"
74.7.243.240 - - [20/Aug/2026:10:34:03 +0200] "GET /shopdetail/rather/140042643 HTTP/1.1" 500 - "https://weltderkarten-berlin.de/sitemap_index.xml" "Mozilla/5.0 AppleWebKit/537.36 (KHTML, like Gecko; compatible; GPTBot/1.4; +https://openai.com/gptbot)"
74.7.243.240 - - [20/Aug/2026:10:34:24 +0200] "GET /shopdetail/orange/015004606 HTTP/1.1" 500 - "https://weltderkarten-berlin.de/sitemap_index.xml" "Mozilla/5.0 AppleWebKit/537.36 (KHTML, like Gecko; compatible; GPTBot/1.4; +https://openai.com/gptbot)"
74.7.243.240 - - [20/Aug/2026:10:34:45 +0200] "GET /shopdetail/matter/210029913 HTTP/1.1" 500 - "https://weltderkarten-berlin.de/sitemap_index.xml" "Mozilla/5.0 AppleWebKit/537.36 (KHTML, like Gecko; compatible; GPTBot/1.4; +https://openai.com/gptbot)"
74.7.243.240 - - [20/Aug/2026:10:35:06 +0200] "GET /shopdetail/intend/091016838 HTTP/1.1" 500 - "https://weltderkarten-berlin.de/sitemap_index.xml" "Mozilla/5.0 AppleWebKit/537.36 (KHTML, like Gecko; compatible; GPTBot/1.4; +https://openai.com/gptbot)"
74.7.243.240 - - [20/Aug/2026:10:35:26 +0200] "GET /shopdetail/native/289019772 HTTP/1.1" 500 - "https://weltderkarten-berlin.de/sitemap_index.xml" "Mozilla/5.0 AppleWebKit/537.36 (KHTML, like Gecko; compatible; GPTBot/1.4; +https://openai.com/gptbot)"
74.7.243.240 - - [20/Aug/2026:10:35:47 +0200] "GET /shopdetail/toward/249027414 HTTP/1.1" 500 - "https://weltderkarten-berlin.de/sitemap_index.xml" "Mozilla/5.0 AppleWebKit/537.36 (KHTML, like Gecko; compatible; GPTBot/1.4; +https://openai.com/gptbot)"
74.7.243.240 - - [20/Aug/2026:10:36:08 +0200] "GET /?analysis/134018538 HTTP/1.1" 500 - "https://weltderkarten-berlin.de/sitemap_index.xml" "Mozilla/5.0 AppleWebKit/537.36 (KHTML, like Gecko; compatible; GPTBot/1.4; +https://openai.com/gptbot)"
74.7.243.240 - - [20/Aug/2026:10:36:29 +0200] "GET /shopdetail/blond/290006731 HTTP/1.1" 500 - "https://weltderkarten-berlin.de/sitemap_index.xml" "Mozilla/5.0 AppleWebKit/537.36 (KHTML, like Gecko; compatible; GPTBot/1.4; +https://openai.com/gptbot)"
74.7.243.240 - - [20/Aug/2026:10:36:51 +0200] "GET /shopdetail/hurry/264000119 HTTP/1.1" 500 - "https://weltderkarten-berlin.de/sitemap_index.xml" "Mozilla/5.0 AppleWebKit/537.36 (KHTML, like Gecko; compatible; GPTBot/1.4; +https://openai.com/gptbot)"
74.7.243.240 - - [20/Aug/2026:10:37:11 +0200] "GET /shopdetail/donor/215044478 HTTP/1.1" 500 - "https://weltderkarten-berlin.de/sitemap_index.xml" "Mozilla/5.0 AppleWebKit/537.36 (KHTML, like Gecko; compatible; GPTBot/1.4; +https://openai.com/gptbot)"
74.7.243.240 - - [20/Aug/2026:10:37:31 +0200] "GET /shopdetail/farm/186030789 HTTP/1.1" 500 - "https://weltderkarten-berlin.de/sitemap_index.xml" "Mozilla/5.0 AppleWebKit/537.36 (KHTML, like Gecko; compatible; GPTBot/1.4; +https://openai.com/gptbot)"
74.7.243.240 - - [20/Aug/2026:10:37:52 +0200] "GET /shopdetail/chew/157021398 HTTP/1.1" 500 - "https://weltderkarten-berlin.de/sitemap_index.xml" "Mozilla/5.0 AppleWebKit/537.36 (KHTML, like Gecko; compatible; GPTBot/1.4; +https://openai.com/gptbot)"
34.162.230.222 - - [20/Aug/2026:10:38:03 +0200] "GET /robots.txt HTTP/1.1" 304 - "-" "Mozilla/5.0 AppleWebKit/537.36 (KHTML, like Gecko; compatible; Claude-User/1.0; +claude-user@anthropic.com)"
34.162.230.222 - - [20/Aug/2026:10:38:04 +0200] "GET / HTTP/1.1" 500 - "-" "Mozilla/5.0 AppleWebKit/537.36 (KHTML, like Gecko; compatible; Claude-User/1.0; +claude-user@anthropic.com)"
74.7.243.240 - - [20/Aug/2026:10:38:12 +0200] "GET /shopdetail/wake/210045679 HTTP/1.1" 500 - "https://weltderkarten-berlin.de/sitemap_index.xml" "Mozilla/5.0 AppleWebKit/537.36 (KHTML, like Gecko; compatible; GPTBot/1.4; +https://openai.com/gptbot)"
74.7.243.240 - - [20/Aug/2026:10:38:33 +0200] "GET /shopdetail/wave/194028315 HTTP/1.1" 500 - "https://weltderkarten-berlin.de/sitemap_index.xml" "Mozilla/5.0 AppleWebKit/537.36 (KHTML, like Gecko; compatible; GPTBot/1.4; +https://openai.com/gptbot)"
74.7.243.240 - - [20/Aug/2026:10:38:53 +0200] "GET /shopdetail/mud/134004583 HTTP/1.1" 500 - "https://weltderkarten-berlin.de/sitemap_index.xml" "Mozilla/5.0 AppleWebKit/537.36 (KHTML, like Gecko; compatible; GPTBot/1.4; +https://openai.com/gptbot)"
74.7.243.240 - - [20/Aug/2026:10:39:15 +0200] "GET /shopdetail/hay/285013218 HTTP/1.1" 500 - "https://weltderkarten-berlin.de/sitemap_index.xml" "Mozilla/5.0 AppleWebKit/537.36 (KHTML, like Gecko; compatible; GPTBot/1.4; +https://openai.com/gptbot)"
74.7.243.240 - - [20/Aug/2026:10:39:36 +0200] "GET /shopdetail/sea/192001745 HTTP/1.1" 500 - "https://weltderkarten-berlin.de/sitemap_index.xml" "Mozilla/5.0 AppleWebKit/537.36 (KHTML, like Gecko; compatible; GPTBot/1.4; +https://openai.com/gptbot)"
74.7.243.240 - - [20/Aug/2026:10:39:58 +0200] "GET /shopdetail/rim/094003193 HTTP/1.1" 500 - "https://weltderkarten-berlin.de/sitemap_index.xml" "Mozilla/5.0 AppleWebKit/537.36 (KHTML, like Gecko; compatible; GPTBot/1.4; +https://openai.com/gptbot)"
9.129.22.52 - - [20/Aug/2026:10:40:00 +0200] "GET / HTTP/1.1" 500 - "-" "Mozilla/5.0 AppleWebKit/537.36 (KHTML, like Gecko); compatible; ChatGPT-User/1.0; +https://openai.com/bot"
9.129.22.57 - - [20/Aug/2026:10:40:00 +0200] "GET / HTTP/1.1" 500 - "-" "Mozilla/5.0 AppleWebKit/537.36 (KHTML, like Gecko); compatible; ChatGPT-User/1.0; +https://openai.com/bot"
9.129.22.51 - - [20/Aug/2026:10:40:00 +0200] "GET / HTTP/1.1" 500 - "-" "Mozilla/5.0 AppleWebKit/537.36 (KHTML, like Gecko); compatible; ChatGPT-User/1.0; +https://openai.com/bot"
9.129.22.61 - - [20/Aug/2026:10:40:00 +0200] "GET / HTTP/1.1" 500 - "-" "Mozilla/5.0 AppleWebKit/537.36 (KHTML, like Gecko); compatible; ChatGPT-User/1.0; +https://openai.com/bot"
74.7.243.240 - - [20/Aug/2026:10:40:19 +0200] "GET /shopdetail/and/256024477 HTTP/1.1" 500 - "https://weltderkarten-berlin.de/sitemap_index.xml" "Mozilla/5.0 AppleWebKit/537.36 (KHTML, like Gecko; compatible; GPTBot/1.4; +https://openai.com/gptbot)"
74.7.243.240 - - [20/Aug/2026:10:40:39 +0200] "GET /shopdetail/six/048014073 HTTP/1.1" 500 - "https://weltderkarten-berlin.de/sitemap_index.xml" "Mozilla/5.0 AppleWebKit/537.36 (KHTML, like Gecko; compatible; GPTBot/1.4; +https://openai.com/gptbot)"
74.7.243.240 - - [20/Aug/2026:10:41:01 +0200] "GET /shopdetail/bad/249025720 HTTP/1.1" 500 - "https://weltderkarten-berlin.de/sitemap_index.xml" "Mozilla/5.0 AppleWebKit/537.36 (KHTML, like Gecko; compatible; GPTBot/1.4; +https://openai.com/gptbot)"
74.7.243.240 - - [20/Aug/2026:10:41:22 +0200] "GET /shopdetail/due/106002979 HTTP/1.1" 500 - "https://weltderkarten-berlin.de/sitemap_index.xml" "Mozilla/5.0 AppleWebKit/537.36 (KHTML, like Gecko; compatible; GPTBot/1.4; +https://openai.com/gptbot)"
74.7.243.240 - - [20/Aug/2026:10:41:44 +0200] "GET /shopdetail/jaw/206016569 HTTP/1.1" 500 - "https://weltderkarten-berlin.de/sitemap_index.xml" "Mozilla/5.0 AppleWebKit/537.36 (KHTML, like Gecko; compatible; GPTBot/1.4; +https://openai.com/gptbot)"
74.7.243.240 - - [20/Aug/2026:10:42:04 +0200] "GET /shopdetail/arm/078002925 HTTP/1.1" 500 - "https://weltderkarten-berlin.de/sitemap_index.xml" "Mozilla/5.0 AppleWebKit/537.36 (KHTML, like Gecko; compatible; GPTBot/1.4; +https://openai.com/gptbot)"
74.7.243.240 - - [20/Aug/2026:10:42:26 +0200] "GET /shopdetail/dip/189047264 HTTP/1.1" 500 - "https://weltderkarten-berlin.de/sitemap_index.xml" "Mozilla/5.0 AppleWebKit/537.36 (KHTML, like Gecko; compatible; GPTBot/1.4; +https://openai.com/gptbot)"
74.7.243.240 - - [20/Aug/2026:10:42:47 +0200] "GET /shopdetail/put/072030595 HTTP/1.1" 500 - "https://weltderkarten-berlin.de/sitemap_index.xml" "Mozilla/5.0 AppleWebKit/537.36 (KHTML, like Gecko; compatible; GPTBot/1.4; +https://openai.com/gptbot)"
74.7.243.240 - - [20/Aug/2026:10:43:07 +0200] "GET /shopdetail/why/260019199 HTTP/1.1" 500 - "https://weltderkarten-berlin.de/sitemap_index.xml" "Mozilla/5.0 AppleWebKit/537.36 (KHTML, like Gecko; compatible; GPTBot/1.4; +https://openai.com/gptbot)"
74.7.243.240 - - [20/Aug/2026:10:43:28 +0200] "GET /shopdetail/ago/269048504 HTTP/1.1" 500 - "https://weltderkarten-berlin.de/sitemap_index.xml" "Mozilla/5.0 AppleWebKit/537.36 (KHTML, like Gecko; compatible; GPTBot/1.4; +https://openai.com/gptbot)"
74.7.243.240 - - [20/Aug/2026:10:43:49 +0200] "GET /shopdetail/fat/025037328 HTTP/1.1" 500 - "https://weltderkarten-berlin.de/sitemap_index.xml" "Mozilla/5.0 AppleWebKit/537.36 (KHTML, like Gecko; compatible; GPTBot/1.4; +https://openai.com/gptbot)"
74.7.243.240 - - [20/Aug/2026:10:44:10 +0200] "GET /shopdetail/the/208013539 HTTP/1.1" 500 - "https://weltderkarten-berlin.de/sitemap_index.xml" "Mozilla/5.0 AppleWebKit/537.36 (KHTML, like Gecko; compatible; GPTBot/1.4; +https://openai.com/gptbot)"
74.7.243.240 - - [20/Aug/2026:10:44:32 +0200] "GET /shopdetail/gun/080046807 HTTP/1.1" 500 - "https://weltderkarten-berlin.de/sitemap_index.xml" "Mozilla/5.0 AppleWebKit/537.36 (KHTML, like Gecko; compatible; GPTBot/1.4; +https://openai.com/gptbot)"
74.7.243.240 - - [20/Aug/2026:10:44:52 +0200] "GET /shopdetail/own/168003909 HTTP/1.1" 500 - "https://weltderkarten-berlin.de/sitemap_index.xml" "Mozilla/5.0 AppleWebKit/537.36 (KHTML, like Gecko; compatible; GPTBot/1.4; +https://openai.com/gptbot)"
74.7.243.240 - - [20/Aug/2026:10:45:14 +0200] "GET /shopdetail/art/105020394 HTTP/1.1" 500 - "https://weltderkarten-berlin.de/sitemap_index.xml" "Mozilla/5.0 AppleWebKit/537.36 (KHTML, like Gecko; compatible; GPTBot/1.4; +https://openai.com/gptbot)"
74.7.243.240 - - [20/Aug/2026:10:45:36 +0200] "GET /shopdetail/map/139021572 HTTP/1.1" 500 - "https://weltderkarten-berlin.de/sitemap_index.xml" "Mozilla/5.0 AppleWebKit/537.36 (KHTML, like Gecko; compatible; GPTBot/1.4; +https://openai.com/gptbot)"
66.249.70.109 - - [20/Aug/2026:10:45:47 +0200] "GET / HTTP/1.1" 200 118987 "-" "Mozilla/5.0 (Linux; Android 6.0.1; Nexus 5X Build/MMB29P) AppleWebKit/537.36 (KHTML, like Gecko) Chrome/151.0.7922.137 Mobile Safari/537.36 (compatible; Googlebot/2.1; +http://www.google.com/bot.html)"
66.249.70.109 - - [20/Aug/2026:10:45:54 +0200] "GET /favicon.ico HTTP/1.1" 200 121008 "-" "Googlebot-Image/1.0"
74.7.243.240 - - [20/Aug/2026:10:45:56 +0200] "GET /shopdetail/map/148013775 HTTP/1.1" 500 - "https://weltderkarten-berlin.de/sitemap_index.xml" "Mozilla/5.0 AppleWebKit/537.36 (KHTML, like Gecko; compatible; GPTBot/1.4; +https://openai.com/gptbot)"
66.249.70.109 - - [20/Aug/2026:10:46:02 +0200] "GET / HTTP/1.1" 200 119027 "-" "Mozilla/5.0 (compatible; Googlebot/2.1; +http://www.google.com/bot.html)"
66.249.70.110 - - [20/Aug/2026:10:46:03 +0200] "GET / HTTP/1.1" 200 119090 "-" "Mozilla/5.0 (Linux; Android 6.0.1; Nexus 5X Build/MMB29P) AppleWebKit/537.36 (KHTML, like Gecko) Chrome/99.0.4844.84 Mobile Safari/537.36 (compatible; Googlebot/2.1; +http://www.google.com/bot.html)"
74.7.243.240 - - [20/Aug/2026:10:46:16 +0200] "GET /shopdetail/kit/178025541 HTTP/1.1" 500 - "https://weltderkarten-berlin.de/sitemap_index.xml" "Mozilla/5.0 AppleWebKit/537.36 (KHTML, like Gecko; compatible; GPTBot/1.4; +https://openai.com/gptbot)"
74.7.243.240 - - [20/Aug/2026:10:46:38 +0200] "GET /shopdetail/sue/185005772 HTTP/1.1" 500 - "https://weltderkarten-berlin.de/sitemap_index.xml" "Mozilla/5.0 AppleWebKit/537.36 (KHTML, like Gecko; compatible; GPTBot/1.4; +https://openai.com/gptbot)"
74.7.243.240 - - [20/Aug/2026:10:47:00 +0200] "GET /shopdetail/our/041044672 HTTP/1.1" 500 - "https://weltderkarten-berlin.de/sitemap_index.xml" "Mozilla/5.0 AppleWebKit/537.36 (KHTML, like Gecko; compatible; GPTBot/1.4; +https://openai.com/gptbot)"
74.7.243.240 - - [20/Aug/2026:10:47:20 +0200] "GET /shopdetail/our/058008177 HTTP/1.1" 500 - "https://weltderkarten-berlin.de/sitemap_index.xml" "Mozilla/5.0 AppleWebKit/537.36 (KHTML, like Gecko; compatible; GPTBot/1.4; +https://openai.com/gptbot)"
66.249.70.108 - - [20/Aug/2026:10:47:20 +0200] "GET /shopdetail/humanity/210031499 HTTP/1.1" 200 121225 "-" "Mozilla/5.0 (Linux; Android 6.0.1; Nexus 5X Build/MMB29P) AppleWebKit/537.36 (KHTML, like Gecko) Chrome/151.0.7922.137 Mobile Safari/537.36 (compatible; GoogleOther)"
74.7.243.240 - - [20/Aug/2026:10:47:41 +0200] "GET /shopdetail/pen/291025882 HTTP/1.1" 500 - "https://weltderkarten-berlin.de/sitemap_index.xml" "Mozilla/5.0 AppleWebKit/537.36 (KHTML, like Gecko; compatible; GPTBot/1.4; +https://openai.com/gptbot)"
66.249.70.109 - - [20/Aug/2026:10:47:41 +0200] "GET /shopdetail/poem/291025860 HTTP/1.1" 200 116485 "-" "Mozilla/5.0 (Linux; Android 6.0.1; Nexus 5X Build/MMB29P) AppleWebKit/537.36 (KHTML, like Gecko) Chrome/151.0.7922.137 Mobile Safari/537.36 (compatible; GoogleOther)"
