216.73.216.152 - - [20/Aug/2026:09:08:15 +0200] "GET /shopdetail/collection/273043458 HTTP/1.1" 500 - "-" "Mozilla/5.0 AppleWebKit/537.36 (KHTML, like Gecko; compatible; ClaudeBot/1.0; +claudebot@anthropic.com)"
216.73.216.152 - - [20/Aug/2026:09:08:20 +0200] "GET /shopdetail/than/120032465 HTTP/1.1" 500 - "-" "Mozilla/5.0 AppleWebKit/537.36 (KHTML, like Gecko; compatible; ClaudeBot/1.0; +claudebot@anthropic.com)"
216.73.216.152 - - [20/Aug/2026:09:08:25 +0200] "GET /shopdetail/maybe/143002916 HTTP/1.1" 500 - "-" "Mozilla/5.0 AppleWebKit/537.36 (KHTML, like Gecko; compatible; ClaudeBot/1.0; +claudebot@anthropic.com)"
216.73.216.152 - - [20/Aug/2026:09:08:30 +0200] "GET /shopdetail/assemble/145036348 HTTP/1.1" 500 - "-" "Mozilla/5.0 AppleWebKit/537.36 (KHTML, like Gecko; compatible; ClaudeBot/1.0; +claudebot@anthropic.com)"
216.73.216.152 - - [20/Aug/2026:09:08:35 +0200] "GET /shopdetail/headline/299019520 HTTP/1.1" 500 - "-" "Mozilla/5.0 AppleWebKit/537.36 (KHTML, like Gecko; compatible; ClaudeBot/1.0; +claudebot@anthropic.com)"
74.7.243.240 - - [20/Aug/2026:09:08:35 +0200] "GET /?hear/163027513 HTTP/1.1" 500 - "https://weltderkarten-berlin.de/sitemap_index.xml" "Mozilla/5.0 AppleWebKit/537.36 (KHTML, like Gecko; compatible; GPTBot/1.4; +https://openai.com/gptbot)"
216.73.216.152 - - [20/Aug/2026:09:08:40 +0200] "GET /shopdetail/strength/102002469 HTTP/1.1" 500 - "-" "Mozilla/5.0 AppleWebKit/537.36 (KHTML, like Gecko; compatible; ClaudeBot/1.0; +claudebot@anthropic.com)"
216.73.216.152 - - [20/Aug/2026:09:08:45 +0200] "GET /shopdetail/we/029006022 HTTP/1.1" 500 - "-" "Mozilla/5.0 AppleWebKit/537.36 (KHTML, like Gecko; compatible; ClaudeBot/1.0; +claudebot@anthropic.com)"
216.73.216.152 - - [20/Aug/2026:09:08:50 +0200] "GET /shopdetail/equity/258023125 HTTP/1.1" 500 - "-" "Mozilla/5.0 AppleWebKit/537.36 (KHTML, like Gecko; compatible; ClaudeBot/1.0; +claudebot@anthropic.com)"
216.73.216.152 - - [20/Aug/2026:09:08:55 +0200] "GET /shopdetail/necessary/018028413 HTTP/1.1" 500 - "-" "Mozilla/5.0 AppleWebKit/537.36 (KHTML, like Gecko; compatible; ClaudeBot/1.0; +claudebot@anthropic.com)"
74.7.243.240 - - [20/Aug/2026:09:08:57 +0200] "GET /?many/127003389 HTTP/1.1" 500 - "https://weltderkarten-berlin.de/sitemap_index.xml" "Mozilla/5.0 AppleWebKit/537.36 (KHTML, like Gecko; compatible; GPTBot/1.4; +https://openai.com/gptbot)"
216.73.216.152 - - [20/Aug/2026:09:09:00 +0200] "GET /shopdetail/floor/111010624 HTTP/1.1" 500 - "-" "Mozilla/5.0 AppleWebKit/537.36 (KHTML, like Gecko; compatible; ClaudeBot/1.0; +claudebot@anthropic.com)"
216.73.216.152 - - [20/Aug/2026:09:09:05 +0200] "GET /shopdetail/fluid/120008181 HTTP/1.1" 500 - "-" "Mozilla/5.0 AppleWebKit/537.36 (KHTML, like Gecko; compatible; ClaudeBot/1.0; +claudebot@anthropic.com)"
216.73.216.152 - - [20/Aug/2026:09:09:10 +0200] "GET /shopdetail/adjust/151028824 HTTP/1.1" 500 - "-" "Mozilla/5.0 AppleWebKit/537.36 (KHTML, like Gecko; compatible; ClaudeBot/1.0; +claudebot@anthropic.com)"
216.73.216.152 - - [20/Aug/2026:09:09:15 +0200] "GET /shopdetail/mild/103000838 HTTP/1.1" 500 - "-" "Mozilla/5.0 AppleWebKit/537.36 (KHTML, like Gecko; compatible; ClaudeBot/1.0; +claudebot@anthropic.com)"
74.7.243.240 - - [20/Aug/2026:09:09:18 +0200] "GET /?heal/221015097 HTTP/1.1" 500 - "https://weltderkarten-berlin.de/sitemap_index.xml" "Mozilla/5.0 AppleWebKit/537.36 (KHTML, like Gecko; compatible; GPTBot/1.4; +https://openai.com/gptbot)"
216.73.216.152 - - [20/Aug/2026:09:09:20 +0200] "GET /shopdetail/earn/121024636 HTTP/1.1" 500 - "-" "Mozilla/5.0 AppleWebKit/537.36 (KHTML, like Gecko; compatible; ClaudeBot/1.0; +claudebot@anthropic.com)"
216.73.216.152 - - [20/Aug/2026:09:09:25 +0200] "GET /shopdetail/fund/220001863 HTTP/1.1" 500 - "-" "Mozilla/5.0 AppleWebKit/537.36 (KHTML, like Gecko; compatible; ClaudeBot/1.0; +claudebot@anthropic.com)"
216.73.216.152 - - [20/Aug/2026:09:09:30 +0200] "GET /shopdetail/radical/251005428 HTTP/1.1" 500 - "-" "Mozilla/5.0 AppleWebKit/537.36 (KHTML, like Gecko; compatible; ClaudeBot/1.0; +claudebot@anthropic.com)"
216.73.216.152 - - [20/Aug/2026:09:09:35 +0200] "GET /shopdetail/religious/074004185 HTTP/1.1" 500 - "-" "Mozilla/5.0 AppleWebKit/537.36 (KHTML, like Gecko; compatible; ClaudeBot/1.0; +claudebot@anthropic.com)"
74.7.243.240 - - [20/Aug/2026:09:09:39 +0200] "GET /?peak/285026433 HTTP/1.1" 500 - "https://weltderkarten-berlin.de/sitemap_index.xml" "Mozilla/5.0 AppleWebKit/537.36 (KHTML, like Gecko; compatible; GPTBot/1.4; +https://openai.com/gptbot)"
216.73.216.152 - - [20/Aug/2026:09:09:40 +0200] "GET /shopdetail/shortly/181039700 HTTP/1.1" 500 - "-" "Mozilla/5.0 AppleWebKit/537.36 (KHTML, like Gecko; compatible; ClaudeBot/1.0; +claudebot@anthropic.com)"
216.73.216.152 - - [20/Aug/2026:09:09:45 +0200] "GET /shopdetail/farm/005019278 HTTP/1.1" 500 - "-" "Mozilla/5.0 AppleWebKit/537.36 (KHTML, like Gecko; compatible; ClaudeBot/1.0; +claudebot@anthropic.com)"
216.73.216.152 - - [20/Aug/2026:09:09:50 +0200] "GET /shopdetail/curriculum/228025407 HTTP/1.1" 500 - "-" "Mozilla/5.0 AppleWebKit/537.36 (KHTML, like Gecko; compatible; ClaudeBot/1.0; +claudebot@anthropic.com)"
216.73.216.152 - - [20/Aug/2026:09:09:55 +0200] "GET /shopdetail/turkey/063010386 HTTP/1.1" 500 - "-" "Mozilla/5.0 AppleWebKit/537.36 (KHTML, like Gecko; compatible; ClaudeBot/1.0; +claudebot@anthropic.com)"
74.7.243.240 - - [20/Aug/2026:09:10:00 +0200] "GET /?norm/124031232 HTTP/1.1" 500 - "https://weltderkarten-berlin.de/sitemap_index.xml" "Mozilla/5.0 AppleWebKit/537.36 (KHTML, like Gecko; compatible; GPTBot/1.4; +https://openai.com/gptbot)"
216.73.216.152 - - [20/Aug/2026:09:10:00 +0200] "GET /shopdetail/pet/222047497 HTTP/1.1" 500 - "-" "Mozilla/5.0 AppleWebKit/537.36 (KHTML, like Gecko; compatible; ClaudeBot/1.0; +claudebot@anthropic.com)"
216.73.216.152 - - [20/Aug/2026:09:10:05 +0200] "GET /shopdetail/blink/168043831 HTTP/1.1" 500 - "-" "Mozilla/5.0 AppleWebKit/537.36 (KHTML, like Gecko; compatible; ClaudeBot/1.0; +claudebot@anthropic.com)"
216.73.216.152 - - [20/Aug/2026:09:10:10 +0200] "GET /shopdetail/establish/116006247 HTTP/1.1" 500 - "-" "Mozilla/5.0 AppleWebKit/537.36 (KHTML, like Gecko; compatible; ClaudeBot/1.0; +claudebot@anthropic.com)"
216.73.216.152 - - [20/Aug/2026:09:10:15 +0200] "GET /shopdetail/projection/033036528 HTTP/1.1" 500 - "-" "Mozilla/5.0 AppleWebKit/537.36 (KHTML, like Gecko; compatible; ClaudeBot/1.0; +claudebot@anthropic.com)"
216.73.216.152 - - [20/Aug/2026:09:10:21 +0200] "GET /shopdetail/cream/089007334 HTTP/1.1" 500 - "-" "Mozilla/5.0 AppleWebKit/537.36 (KHTML, like Gecko; compatible; ClaudeBot/1.0; +claudebot@anthropic.com)"
74.7.243.240 - - [20/Aug/2026:09:10:22 +0200] "GET /?easy/036018870 HTTP/1.1" 500 - "https://weltderkarten-berlin.de/sitemap_index.xml" "Mozilla/5.0 AppleWebKit/537.36 (KHTML, like Gecko; compatible; GPTBot/1.4; +https://openai.com/gptbot)"
216.73.216.152 - - [20/Aug/2026:09:10:25 +0200] "GET /shopdetail/relative/170025009 HTTP/1.1" 500 - "-" "Mozilla/5.0 AppleWebKit/537.36 (KHTML, like Gecko; compatible; ClaudeBot/1.0; +claudebot@anthropic.com)"
216.73.216.152 - - [20/Aug/2026:09:10:30 +0200] "GET /shopdetail/better/219031320 HTTP/1.1" 500 - "-" "Mozilla/5.0 AppleWebKit/537.36 (KHTML, like Gecko; compatible; ClaudeBot/1.0; +claudebot@anthropic.com)"
216.73.216.152 - - [20/Aug/2026:09:10:36 +0200] "GET /shopdetail/enthusiasm/053039902 HTTP/1.1" 500 - "-" "Mozilla/5.0 AppleWebKit/537.36 (KHTML, like Gecko; compatible; ClaudeBot/1.0; +claudebot@anthropic.com)"
216.73.216.152 - - [20/Aug/2026:09:10:41 +0200] "GET /shopdetail/association/187008580 HTTP/1.1" 500 - "-" "Mozilla/5.0 AppleWebKit/537.36 (KHTML, like Gecko; compatible; ClaudeBot/1.0; +claudebot@anthropic.com)"
74.7.243.240 - - [20/Aug/2026:09:10:43 +0200] "GET /?toss/074036246 HTTP/1.1" 500 - "https://weltderkarten-berlin.de/sitemap_index.xml" "Mozilla/5.0 AppleWebKit/537.36 (KHTML, like Gecko; compatible; GPTBot/1.4; +https://openai.com/gptbot)"
216.73.216.152 - - [20/Aug/2026:09:10:46 +0200] "GET /shopdetail/ritual/254032269 HTTP/1.1" 500 - "-" "Mozilla/5.0 AppleWebKit/537.36 (KHTML, like Gecko; compatible; ClaudeBot/1.0; +claudebot@anthropic.com)"
216.73.216.152 - - [20/Aug/2026:09:10:51 +0200] "GET /shopdetail/knock/024036911 HTTP/1.1" 500 - "-" "Mozilla/5.0 AppleWebKit/537.36 (KHTML, like Gecko; compatible; ClaudeBot/1.0; +claudebot@anthropic.com)"
216.73.216.152 - - [20/Aug/2026:09:10:56 +0200] "GET /shopdetail/rear/085014824 HTTP/1.1" 500 - "-" "Mozilla/5.0 AppleWebKit/537.36 (KHTML, like Gecko; compatible; ClaudeBot/1.0; +claudebot@anthropic.com)"
216.73.216.152 - - [20/Aug/2026:09:11:01 +0200] "GET /shopdetail/health-care/276007493 HTTP/1.1" 500 - "-" "Mozilla/5.0 AppleWebKit/537.36 (KHTML, like Gecko; compatible; ClaudeBot/1.0; +claudebot@anthropic.com)"
74.7.243.240 - - [20/Aug/2026:09:11:03 +0200] "GET /?pink/258030430 HTTP/1.1" 500 - "https://weltderkarten-berlin.de/sitemap_index.xml" "Mozilla/5.0 AppleWebKit/537.36 (KHTML, like Gecko; compatible; GPTBot/1.4; +https://openai.com/gptbot)"
216.73.216.152 - - [20/Aug/2026:09:11:06 +0200] "GET /shopdetail/accomplishment/187017918 HTTP/1.1" 500 - "-" "Mozilla/5.0 AppleWebKit/537.36 (KHTML, like Gecko; compatible; ClaudeBot/1.0; +claudebot@anthropic.com)"
216.73.216.152 - - [20/Aug/2026:09:11:11 +0200] "GET /shopdetail/adult/258035819 HTTP/1.1" 500 - "-" "Mozilla/5.0 AppleWebKit/537.36 (KHTML, like Gecko; compatible; ClaudeBot/1.0; +claudebot@anthropic.com)"
216.73.216.152 - - [20/Aug/2026:09:11:16 +0200] "GET /shopdetail/politician/242022045 HTTP/1.1" 500 - "-" "Mozilla/5.0 AppleWebKit/537.36 (KHTML, like Gecko; compatible; ClaudeBot/1.0; +claudebot@anthropic.com)"
216.73.216.152 - - [20/Aug/2026:09:11:21 +0200] "GET /shopdetail/technology/187012988 HTTP/1.1" 500 - "-" "Mozilla/5.0 AppleWebKit/537.36 (KHTML, like Gecko; compatible; ClaudeBot/1.0; +claudebot@anthropic.com)"
74.7.243.240 - - [20/Aug/2026:09:11:23 +0200] "GET /?math/009014179 HTTP/1.1" 500 - "https://weltderkarten-berlin.de/sitemap_index.xml" "Mozilla/5.0 AppleWebKit/537.36 (KHTML, like Gecko; compatible; GPTBot/1.4; +https://openai.com/gptbot)"
216.73.216.152 - - [20/Aug/2026:09:11:26 +0200] "GET /shopdetail/chemical/180016107 HTTP/1.1" 500 - "-" "Mozilla/5.0 AppleWebKit/537.36 (KHTML, like Gecko; compatible; ClaudeBot/1.0; +claudebot@anthropic.com)"
216.73.216.152 - - [20/Aug/2026:09:11:31 +0200] "GET /shopdetail/baby/145021442 HTTP/1.1" 500 - "-" "Mozilla/5.0 AppleWebKit/537.36 (KHTML, like Gecko; compatible; ClaudeBot/1.0; +claudebot@anthropic.com)"
216.73.216.152 - - [20/Aug/2026:09:11:36 +0200] "GET /shopdetail/family/253000278 HTTP/1.1" 500 - "-" "Mozilla/5.0 AppleWebKit/537.36 (KHTML, like Gecko; compatible; ClaudeBot/1.0; +claudebot@anthropic.com)"
216.73.216.152 - - [20/Aug/2026:09:11:41 +0200] "GET /shopdetail/producer/164002531 HTTP/1.1" 500 - "-" "Mozilla/5.0 AppleWebKit/537.36 (KHTML, like Gecko; compatible; ClaudeBot/1.0; +claudebot@anthropic.com)"
74.7.243.240 - - [20/Aug/2026:09:11:45 +0200] "GET /?bean/250029708 HTTP/1.1" 500 - "https://weltderkarten-berlin.de/sitemap_index.xml" "Mozilla/5.0 AppleWebKit/537.36 (KHTML, like Gecko; compatible; GPTBot/1.4; +https://openai.com/gptbot)"
216.73.216.152 - - [20/Aug/2026:09:11:46 +0200] "GET /shopdetail/wife/195005436 HTTP/1.1" 500 - "-" "Mozilla/5.0 AppleWebKit/537.36 (KHTML, like Gecko; compatible; ClaudeBot/1.0; +claudebot@anthropic.com)"
216.73.216.152 - - [20/Aug/2026:09:11:51 +0200] "GET /shopdetail/adult/264010735 HTTP/1.1" 500 - "-" "Mozilla/5.0 AppleWebKit/537.36 (KHTML, like Gecko; compatible; ClaudeBot/1.0; +claudebot@anthropic.com)"
216.73.216.152 - - [20/Aug/2026:09:11:56 +0200] "GET /shopdetail/teen/018024723 HTTP/1.1" 500 - "-" "Mozilla/5.0 AppleWebKit/537.36 (KHTML, like Gecko; compatible; ClaudeBot/1.0; +claudebot@anthropic.com)"
216.73.216.152 - - [20/Aug/2026:09:12:01 +0200] "GET /shopdetail/crucial/150025023 HTTP/1.1" 500 - "-" "Mozilla/5.0 AppleWebKit/537.36 (KHTML, like Gecko; compatible; ClaudeBot/1.0; +claudebot@anthropic.com)"
74.7.243.240 - - [20/Aug/2026:09:12:05 +0200] "GET /?take/011005949 HTTP/1.1" 500 - "https://weltderkarten-berlin.de/sitemap_index.xml" "Mozilla/5.0 AppleWebKit/537.36 (KHTML, like Gecko; compatible; GPTBot/1.4; +https://openai.com/gptbot)"
216.73.216.152 - - [20/Aug/2026:09:12:06 +0200] "GET /shopdetail/investor/004005573 HTTP/1.1" 500 - "-" "Mozilla/5.0 AppleWebKit/537.36 (KHTML, like Gecko; compatible; ClaudeBot/1.0; +claudebot@anthropic.com)"
216.73.216.152 - - [20/Aug/2026:09:12:11 +0200] "GET /shopdetail/sex/271021358 HTTP/1.1" 500 - "-" "Mozilla/5.0 AppleWebKit/537.36 (KHTML, like Gecko; compatible; ClaudeBot/1.0; +claudebot@anthropic.com)"
216.73.216.152 - - [20/Aug/2026:09:12:16 +0200] "GET /shopdetail/homeland/280012983 HTTP/1.1" 500 - "-" "Mozilla/5.0 AppleWebKit/537.36 (KHTML, like Gecko; compatible; ClaudeBot/1.0; +claudebot@anthropic.com)"
216.73.216.152 - - [20/Aug/2026:09:12:21 +0200] "GET /shopdetail/childhood/104000947 HTTP/1.1" 500 - "-" "Mozilla/5.0 AppleWebKit/537.36 (KHTML, like Gecko; compatible; ClaudeBot/1.0; +claudebot@anthropic.com)"
216.73.216.152 - - [20/Aug/2026:09:12:26 +0200] "GET /shopdetail/follow/105017314 HTTP/1.1" 500 - "-" "Mozilla/5.0 AppleWebKit/537.36 (KHTML, like Gecko; compatible; ClaudeBot/1.0; +claudebot@anthropic.com)"
74.7.243.240 - - [20/Aug/2026:09:12:27 +0200] "GET /?boot/152034164 HTTP/1.1" 500 - "https://weltderkarten-berlin.de/sitemap_index.xml" "Mozilla/5.0 AppleWebKit/537.36 (KHTML, like Gecko; compatible; GPTBot/1.4; +https://openai.com/gptbot)"
216.73.216.152 - - [20/Aug/2026:09:12:31 +0200] "GET /shopdetail/hair/055032792 HTTP/1.1" 500 - "-" "Mozilla/5.0 AppleWebKit/537.36 (KHTML, like Gecko; compatible; ClaudeBot/1.0; +claudebot@anthropic.com)"
216.73.216.152 - - [20/Aug/2026:09:12:36 +0200] "GET /shopdetail/jewelry/220043217 HTTP/1.1" 500 - "-" "Mozilla/5.0 AppleWebKit/537.36 (KHTML, like Gecko; compatible; ClaudeBot/1.0; +claudebot@anthropic.com)"
216.73.216.152 - - [20/Aug/2026:09:12:41 +0200] "GET /shopdetail/homeland/148023997 HTTP/1.1" 500 - "-" "Mozilla/5.0 AppleWebKit/537.36 (KHTML, like Gecko; compatible; ClaudeBot/1.0; +claudebot@anthropic.com)"
216.73.216.152 - - [20/Aug/2026:09:12:46 +0200] "GET /shopdetail/universe/165005124 HTTP/1.1" 500 - "-" "Mozilla/5.0 AppleWebKit/537.36 (KHTML, like Gecko; compatible; ClaudeBot/1.0; +claudebot@anthropic.com)"
74.7.243.240 - - [20/Aug/2026:09:12:48 +0200] "GET /?once/296044270 HTTP/1.1" 500 - "https://weltderkarten-berlin.de/sitemap_index.xml" "Mozilla/5.0 AppleWebKit/537.36 (KHTML, like Gecko; compatible; GPTBot/1.4; +https://openai.com/gptbot)"
216.73.216.152 - - [20/Aug/2026:09:12:51 +0200] "GET /shopdetail/nearby/094012793 HTTP/1.1" 500 - "-" "Mozilla/5.0 AppleWebKit/537.36 (KHTML, like Gecko; compatible; ClaudeBot/1.0; +claudebot@anthropic.com)"
216.73.216.152 - - [20/Aug/2026:09:12:56 +0200] "GET /shopdetail/tobacco/214007771 HTTP/1.1" 500 - "-" "Mozilla/5.0 AppleWebKit/537.36 (KHTML, like Gecko; compatible; ClaudeBot/1.0; +claudebot@anthropic.com)"
216.73.216.152 - - [20/Aug/2026:09:13:01 +0200] "GET /shopdetail/buy/112022651 HTTP/1.1" 500 - "-" "Mozilla/5.0 AppleWebKit/537.36 (KHTML, like Gecko; compatible; ClaudeBot/1.0; +claudebot@anthropic.com)"
216.73.216.152 - - [20/Aug/2026:09:13:06 +0200] "GET /shopdetail/graduate/075041112 HTTP/1.1" 500 - "-" "Mozilla/5.0 AppleWebKit/537.36 (KHTML, like Gecko; compatible; ClaudeBot/1.0; +claudebot@anthropic.com)"
74.7.243.240 - - [20/Aug/2026:09:13:08 +0200] "GET /?gain/247010025 HTTP/1.1" 500 - "https://weltderkarten-berlin.de/sitemap_index.xml" "Mozilla/5.0 AppleWebKit/537.36 (KHTML, like Gecko; compatible; GPTBot/1.4; +https://openai.com/gptbot)"
216.73.216.152 - - [20/Aug/2026:09:13:11 +0200] "GET /shopdetail/anticipate/288033181 HTTP/1.1" 500 - "-" "Mozilla/5.0 AppleWebKit/537.36 (KHTML, like Gecko; compatible; ClaudeBot/1.0; +claudebot@anthropic.com)"
216.73.216.152 - - [20/Aug/2026:09:13:16 +0200] "GET /shopdetail/festival/185044212 HTTP/1.1" 500 - "-" "Mozilla/5.0 AppleWebKit/537.36 (KHTML, like Gecko; compatible; ClaudeBot/1.0; +claudebot@anthropic.com)"
216.73.216.152 - - [20/Aug/2026:09:13:21 +0200] "GET /shopdetail/bike/007021200 HTTP/1.1" 500 - "-" "Mozilla/5.0 AppleWebKit/537.36 (KHTML, like Gecko; compatible; ClaudeBot/1.0; +claudebot@anthropic.com)"
216.73.216.152 - - [20/Aug/2026:09:13:26 +0200] "GET /shopdetail/concert/151035868 HTTP/1.1" 500 - "-" "Mozilla/5.0 AppleWebKit/537.36 (KHTML, like Gecko; compatible; ClaudeBot/1.0; +claudebot@anthropic.com)"
74.7.243.240 - - [20/Aug/2026:09:13:30 +0200] "GET /shopdetail/gain/084026953 HTTP/1.1" 500 - "https://weltderkarten-berlin.de/sitemap_index.xml" "Mozilla/5.0 AppleWebKit/537.36 (KHTML, like Gecko; compatible; GPTBot/1.4; +https://openai.com/gptbot)"
216.73.216.152 - - [20/Aug/2026:09:13:31 +0200] "GET /shopdetail/history/030011107 HTTP/1.1" 500 - "-" "Mozilla/5.0 AppleWebKit/537.36 (KHTML, like Gecko; compatible; ClaudeBot/1.0; +claudebot@anthropic.com)"
216.73.216.152 - - [20/Aug/2026:09:13:36 +0200] "GET /shopdetail/casino/186011187 HTTP/1.1" 500 - "-" "Mozilla/5.0 AppleWebKit/537.36 (KHTML, like Gecko; compatible; ClaudeBot/1.0; +claudebot@anthropic.com)"
216.73.216.152 - - [20/Aug/2026:09:13:41 +0200] "GET /shopdetail/bomb/219043926 HTTP/1.1" 500 - "-" "Mozilla/5.0 AppleWebKit/537.36 (KHTML, like Gecko; compatible; ClaudeBot/1.0; +claudebot@anthropic.com)"
216.73.216.152 - - [20/Aug/2026:09:13:46 +0200] "GET /shopdetail/hire/168028425 HTTP/1.1" 500 - "-" "Mozilla/5.0 AppleWebKit/537.36 (KHTML, like Gecko; compatible; ClaudeBot/1.0; +claudebot@anthropic.com)"
74.7.243.240 - - [20/Aug/2026:09:13:50 +0200] "GET /shopdetail/deck/116034895 HTTP/1.1" 500 - "https://weltderkarten-berlin.de/sitemap_index.xml" "Mozilla/5.0 AppleWebKit/537.36 (KHTML, like Gecko; compatible; GPTBot/1.4; +https://openai.com/gptbot)"
216.73.216.152 - - [20/Aug/2026:09:13:51 +0200] "GET /shopdetail/highway/229038364 HTTP/1.1" 500 - "-" "Mozilla/5.0 AppleWebKit/537.36 (KHTML, like Gecko; compatible; ClaudeBot/1.0; +claudebot@anthropic.com)"
216.73.216.152 - - [20/Aug/2026:09:13:56 +0200] "GET /shopdetail/busy/149039230 HTTP/1.1" 500 - "-" "Mozilla/5.0 AppleWebKit/537.36 (KHTML, like Gecko; compatible; ClaudeBot/1.0; +claudebot@anthropic.com)"
216.73.216.152 - - [20/Aug/2026:09:14:01 +0200] "GET /shopdetail/consultant/269005072 HTTP/1.1" 500 - "-" "Mozilla/5.0 AppleWebKit/537.36 (KHTML, like Gecko; compatible; ClaudeBot/1.0; +claudebot@anthropic.com)"
216.73.216.152 - - [20/Aug/2026:09:14:06 +0200] "GET /shopdetail/habit/129035508 HTTP/1.1" 500 - "-" "Mozilla/5.0 AppleWebKit/537.36 (KHTML, like Gecko; compatible; ClaudeBot/1.0; +claudebot@anthropic.com)"
216.73.216.152 - - [20/Aug/2026:09:14:11 +0200] "GET /shopdetail/deal/132043045 HTTP/1.1" 500 - "-" "Mozilla/5.0 AppleWebKit/537.36 (KHTML, like Gecko; compatible; ClaudeBot/1.0; +claudebot@anthropic.com)"
74.7.243.240 - - [20/Aug/2026:09:14:12 +0200] "GET /shopdetail/ball/193045276 HTTP/1.1" 500 - "https://weltderkarten-berlin.de/sitemap_index.xml" "Mozilla/5.0 AppleWebKit/537.36 (KHTML, like Gecko; compatible; GPTBot/1.4; +https://openai.com/gptbot)"
216.73.216.152 - - [20/Aug/2026:09:14:16 +0200] "GET /shopdetail/presence/022032981 HTTP/1.1" 500 - "-" "Mozilla/5.0 AppleWebKit/537.36 (KHTML, like Gecko; compatible; ClaudeBot/1.0; +claudebot@anthropic.com)"
216.73.216.152 - - [20/Aug/2026:09:14:21 +0200] "GET /shopdetail/yell/141035676 HTTP/1.1" 500 - "-" "Mozilla/5.0 AppleWebKit/537.36 (KHTML, like Gecko; compatible; ClaudeBot/1.0; +claudebot@anthropic.com)"
216.73.216.152 - - [20/Aug/2026:09:14:26 +0200] "GET /shopdetail/oversee/133009690 HTTP/1.1" 500 - "-" "Mozilla/5.0 AppleWebKit/537.36 (KHTML, like Gecko; compatible; ClaudeBot/1.0; +claudebot@anthropic.com)"
216.73.216.152 - - [20/Aug/2026:09:14:32 +0200] "GET /shopdetail/excited/037033972 HTTP/1.1" 500 - "-" "Mozilla/5.0 AppleWebKit/537.36 (KHTML, like Gecko; compatible; ClaudeBot/1.0; +claudebot@anthropic.com)"
74.7.243.240 - - [20/Aug/2026:09:14:33 +0200] "GET /shopdetail/neat/150021049 HTTP/1.1" 500 - "https://weltderkarten-berlin.de/sitemap_index.xml" "Mozilla/5.0 AppleWebKit/537.36 (KHTML, like Gecko; compatible; GPTBot/1.4; +https://openai.com/gptbot)"
216.73.216.152 - - [20/Aug/2026:09:14:37 +0200] "GET /shopdetail/exhibition/014015975 HTTP/1.1" 500 - "-" "Mozilla/5.0 AppleWebKit/537.36 (KHTML, like Gecko; compatible; ClaudeBot/1.0; +claudebot@anthropic.com)"
216.73.216.152 - - [20/Aug/2026:09:14:42 +0200] "GET /shopdetail/hurricane/240027617 HTTP/1.1" 500 - "-" "Mozilla/5.0 AppleWebKit/537.36 (KHTML, like Gecko; compatible; ClaudeBot/1.0; +claudebot@anthropic.com)"
216.73.216.152 - - [20/Aug/2026:09:14:47 +0200] "GET /shopdetail/energy/230048747 HTTP/1.1" 500 - "-" "Mozilla/5.0 AppleWebKit/537.36 (KHTML, like Gecko; compatible; ClaudeBot/1.0; +claudebot@anthropic.com)"
216.73.216.152 - - [20/Aug/2026:09:14:52 +0200] "GET /shopdetail/essence/205028394 HTTP/1.1" 500 - "-" "Mozilla/5.0 AppleWebKit/537.36 (KHTML, like Gecko; compatible; ClaudeBot/1.0; +claudebot@anthropic.com)"
74.7.243.240 - - [20/Aug/2026:09:14:54 +0200] "GET /shopdetail/wear/239013342 HTTP/1.1" 500 - "https://weltderkarten-berlin.de/sitemap_index.xml" "Mozilla/5.0 AppleWebKit/537.36 (KHTML, like Gecko; compatible; GPTBot/1.4; +https://openai.com/gptbot)"
74.7.243.240 - - [20/Aug/2026:09:15:15 +0200] "GET /shopdetail/cure/086033909 HTTP/1.1" 500 - "https://weltderkarten-berlin.de/sitemap_index.xml" "Mozilla/5.0 AppleWebKit/537.36 (KHTML, like Gecko; compatible; GPTBot/1.4; +https://openai.com/gptbot)"
74.7.243.240 - - [20/Aug/2026:09:15:37 +0200] "GET /shopdetail/wolf/087006978 HTTP/1.1" 500 - "https://weltderkarten-berlin.de/sitemap_index.xml" "Mozilla/5.0 AppleWebKit/537.36 (KHTML, like Gecko; compatible; GPTBot/1.4; +https://openai.com/gptbot)"
74.7.243.240 - - [20/Aug/2026:09:15:57 +0200] "GET /shopdetail/wife/278011621 HTTP/1.1" 500 - "https://weltderkarten-berlin.de/sitemap_index.xml" "Mozilla/5.0 AppleWebKit/537.36 (KHTML, like Gecko; compatible; GPTBot/1.4; +https://openai.com/gptbot)"
74.7.243.240 - - [20/Aug/2026:09:16:18 +0200] "GET /shopdetail/rise/268047857 HTTP/1.1" 500 - "https://weltderkarten-berlin.de/sitemap_index.xml" "Mozilla/5.0 AppleWebKit/537.36 (KHTML, like Gecko; compatible; GPTBot/1.4; +https://openai.com/gptbot)"
74.7.243.240 - - [20/Aug/2026:09:16:39 +0200] "GET /shopdetail/gate/024003837 HTTP/1.1" 500 - "https://weltderkarten-berlin.de/sitemap_index.xml" "Mozilla/5.0 AppleWebKit/537.36 (KHTML, like Gecko; compatible; GPTBot/1.4; +https://openai.com/gptbot)"
74.7.243.240 - - [20/Aug/2026:09:17:00 +0200] "GET /shopdetail/half/164046179 HTTP/1.1" 500 - "https://weltderkarten-berlin.de/sitemap_index.xml" "Mozilla/5.0 AppleWebKit/537.36 (KHTML, like Gecko; compatible; GPTBot/1.4; +https://openai.com/gptbot)"
74.7.243.240 - - [20/Aug/2026:09:17:21 +0200] "GET /shopdetail/burn/096004699 HTTP/1.1" 500 - "https://weltderkarten-berlin.de/sitemap_index.xml" "Mozilla/5.0 AppleWebKit/537.36 (KHTML, like Gecko; compatible; GPTBot/1.4; +https://openai.com/gptbot)"
74.7.243.240 - - [20/Aug/2026:09:17:42 +0200] "GET /shopdetail/harm/131001656 HTTP/1.1" 500 - "https://weltderkarten-berlin.de/sitemap_index.xml" "Mozilla/5.0 AppleWebKit/537.36 (KHTML, like Gecko; compatible; GPTBot/1.4; +https://openai.com/gptbot)"
74.7.243.240 - - [20/Aug/2026:09:18:03 +0200] "GET /shopdetail/flow/028004527 HTTP/1.1" 500 - "https://weltderkarten-berlin.de/sitemap_index.xml" "Mozilla/5.0 AppleWebKit/537.36 (KHTML, like Gecko; compatible; GPTBot/1.4; +https://openai.com/gptbot)"
2a02:9130:1a8:4601:a161:8fc4:5291:1eb5 - - [20/Aug/2026:09:18:18 +0200] "GET / HTTP/1.1" 500 - "-" "Mozilla/5.0 (Macintosh; Intel Mac OS X 10.15; rv:153.0) Gecko/20100101 Firefox/153.0"
74.7.243.240 - - [20/Aug/2026:09:18:24 +0200] "GET /shopdetail/able/124016993 HTTP/1.1" 500 - "https://weltderkarten-berlin.de/sitemap_index.xml" "Mozilla/5.0 AppleWebKit/537.36 (KHTML, like Gecko; compatible; GPTBot/1.4; +https://openai.com/gptbot)"
2a02:9130:1a8:4601:a161:8fc4:5291:1eb5 - - [20/Aug/2026:09:18:34 +0200] "GET / HTTP/1.1" 500 - "-" "Mozilla/5.0 (Macintosh; Intel Mac OS X 10.15; rv:153.0) Gecko/20100101 Firefox/153.0"
74.7.243.240 - - [20/Aug/2026:09:18:46 +0200] "GET /shopdetail/bath/046013871 HTTP/1.1" 500 - "https://weltderkarten-berlin.de/sitemap_index.xml" "Mozilla/5.0 AppleWebKit/537.36 (KHTML, like Gecko; compatible; GPTBot/1.4; +https://openai.com/gptbot)"
74.7.243.240 - - [20/Aug/2026:09:19:06 +0200] "GET /shopdetail/zone/052008435 HTTP/1.1" 500 - "https://weltderkarten-berlin.de/sitemap_index.xml" "Mozilla/5.0 AppleWebKit/537.36 (KHTML, like Gecko; compatible; GPTBot/1.4; +https://openai.com/gptbot)"
74.7.243.240 - - [20/Aug/2026:09:19:27 +0200] "GET /shopdetail/many/176030107 HTTP/1.1" 500 - "https://weltderkarten-berlin.de/sitemap_index.xml" "Mozilla/5.0 AppleWebKit/537.36 (KHTML, like Gecko; compatible; GPTBot/1.4; +https://openai.com/gptbot)"
74.7.243.240 - - [20/Aug/2026:09:19:48 +0200] "GET /shopdetail/vast/079021342 HTTP/1.1" 500 - "https://weltderkarten-berlin.de/sitemap_index.xml" "Mozilla/5.0 AppleWebKit/537.36 (KHTML, like Gecko; compatible; GPTBot/1.4; +https://openai.com/gptbot)"
74.7.243.240 - - [20/Aug/2026:09:20:09 +0200] "GET /shopdetail/core/042034081 HTTP/1.1" 500 - "https://weltderkarten-berlin.de/sitemap_index.xml" "Mozilla/5.0 AppleWebKit/537.36 (KHTML, like Gecko; compatible; GPTBot/1.4; +https://openai.com/gptbot)"
74.7.243.240 - - [20/Aug/2026:09:20:30 +0200] "GET /shopdetail/duck/269022892 HTTP/1.1" 500 - "https://weltderkarten-berlin.de/sitemap_index.xml" "Mozilla/5.0 AppleWebKit/537.36 (KHTML, like Gecko; compatible; GPTBot/1.4; +https://openai.com/gptbot)"
74.7.243.240 - - [20/Aug/2026:09:20:51 +0200] "GET /shopdetail/cure/199039730 HTTP/1.1" 500 - "https://weltderkarten-berlin.de/sitemap_index.xml" "Mozilla/5.0 AppleWebKit/537.36 (KHTML, like Gecko; compatible; GPTBot/1.4; +https://openai.com/gptbot)"
74.7.243.240 - - [20/Aug/2026:09:21:11 +0200] "GET /shopdetail/text/211045784 HTTP/1.1" 500 - "https://weltderkarten-berlin.de/sitemap_index.xml" "Mozilla/5.0 AppleWebKit/537.36 (KHTML, like Gecko; compatible; GPTBot/1.4; +https://openai.com/gptbot)"
74.7.243.240 - - [20/Aug/2026:09:21:35 +0200] "GET /shopdetail/mask/221043032 HTTP/1.1" 500 - "https://weltderkarten-berlin.de/sitemap_index.xml" "Mozilla/5.0 AppleWebKit/537.36 (KHTML, like Gecko; compatible; GPTBot/1.4; +https://openai.com/gptbot)"
74.7.243.240 - - [20/Aug/2026:09:22:40 +0200] "GET /shopdetail/join/007016442 HTTP/1.1" 500 - "https://weltderkarten-berlin.de/sitemap_index.xml" "Mozilla/5.0 AppleWebKit/537.36 (KHTML, like Gecko; compatible; GPTBot/1.4; +https://openai.com/gptbot)"
74.7.243.240 - - [20/Aug/2026:09:23:53 +0200] "GET /shopdetail/tree/134004829 HTTP/1.1" 500 - "https://weltderkarten-berlin.de/sitemap_index.xml" "Mozilla/5.0 AppleWebKit/537.36 (KHTML, like Gecko; compatible; GPTBot/1.4; +https://openai.com/gptbot)"
74.7.243.240 - - [20/Aug/2026:09:24:14 +0200] "GET /shopdetail/zone/022006795 HTTP/1.1" 500 - "https://weltderkarten-berlin.de/sitemap_index.xml" "Mozilla/5.0 AppleWebKit/537.36 (KHTML, like Gecko; compatible; GPTBot/1.4; +https://openai.com/gptbot)"
216.73.216.152 - - [20/Aug/2026:09:24:27 +0200] "GET / HTTP/1.1" 500 - "-" "Mozilla/5.0 AppleWebKit/537.36 (KHTML, like Gecko; compatible; ClaudeBot/1.0; +claudebot@anthropic.com)"
74.7.243.240 - - [20/Aug/2026:09:24:30 +0200] "GET /shopdetail/trap/241029426 HTTP/1.1" 500 - "https://weltderkarten-berlin.de/sitemap_index.xml" "Mozilla/5.0 AppleWebKit/537.36 (KHTML, like Gecko; compatible; GPTBot/1.4; +https://openai.com/gptbot)"
74.7.243.240 - - [20/Aug/2026:09:24:48 +0200] "GET /shopdetail/like/129043964 HTTP/1.1" 500 - "https://weltderkarten-berlin.de/sitemap_index.xml" "Mozilla/5.0 AppleWebKit/537.36 (KHTML, like Gecko; compatible; GPTBot/1.4; +https://openai.com/gptbot)"
216.73.216.152 - - [20/Aug/2026:09:24:50 +0200] "GET /buy.php HTTP/1.1" 500 - "-" "Mozilla/5.0 AppleWebKit/537.36 (KHTML, like Gecko; compatible; ClaudeBot/1.0; +claudebot@anthropic.com)"
74.7.243.240 - - [20/Aug/2026:09:25:03 +0200] "GET /shopdetail/hand/091023064 HTTP/1.1" 500 - "https://weltderkarten-berlin.de/sitemap_index.xml" "Mozilla/5.0 AppleWebKit/537.36 (KHTML, like Gecko; compatible; GPTBot/1.4; +https://openai.com/gptbot)"
74.7.243.240 - - [20/Aug/2026:09:25:14 +0200] "GET /shopdetail/pack/045034946 HTTP/1.1" 500 - "https://weltderkarten-berlin.de/sitemap_index.xml" "Mozilla/5.0 AppleWebKit/537.36 (KHTML, like Gecko; compatible; GPTBot/1.4; +https://openai.com/gptbot)"
74.7.243.240 - - [20/Aug/2026:09:25:32 +0200] "GET /shopdetail/live/271035600 HTTP/1.1" 500 - "https://weltderkarten-berlin.de/sitemap_index.xml" "Mozilla/5.0 AppleWebKit/537.36 (KHTML, like Gecko; compatible; GPTBot/1.4; +https://openai.com/gptbot)"
74.7.243.240 - - [20/Aug/2026:09:25:54 +0200] "GET /shopdetail/male/203025378 HTTP/1.1" 500 - "https://weltderkarten-berlin.de/sitemap_index.xml" "Mozilla/5.0 AppleWebKit/537.36 (KHTML, like Gecko; compatible; GPTBot/1.4; +https://openai.com/gptbot)"
74.7.243.240 - - [20/Aug/2026:09:26:15 +0200] "GET /shopdetail/when/272009083 HTTP/1.1" 500 - "https://weltderkarten-berlin.de/sitemap_index.xml" "Mozilla/5.0 AppleWebKit/537.36 (KHTML, like Gecko; compatible; GPTBot/1.4; +https://openai.com/gptbot)"
74.7.243.240 - - [20/Aug/2026:09:26:39 +0200] "GET /shopdetail/mean/247030422 HTTP/1.1" 500 - "https://weltderkarten-berlin.de/sitemap_index.xml" "Mozilla/5.0 AppleWebKit/537.36 (KHTML, like Gecko; compatible; GPTBot/1.4; +https://openai.com/gptbot)"
74.7.243.240 - - [20/Aug/2026:09:26:58 +0200] "GET /shopdetail/pour/138021583 HTTP/1.1" 500 - "https://weltderkarten-berlin.de/sitemap_index.xml" "Mozilla/5.0 AppleWebKit/537.36 (KHTML, like Gecko; compatible; GPTBot/1.4; +https://openai.com/gptbot)"
74.7.243.240 - - [20/Aug/2026:09:27:19 +0200] "GET /shopdetail/door/184022063 HTTP/1.1" 500 - "https://weltderkarten-berlin.de/sitemap_index.xml" "Mozilla/5.0 AppleWebKit/537.36 (KHTML, like Gecko; compatible; GPTBot/1.4; +https://openai.com/gptbot)"
74.7.243.240 - - [20/Aug/2026:09:27:41 +0200] "GET /shopdetail/rare/171040312 HTTP/1.1" 500 - "https://weltderkarten-berlin.de/sitemap_index.xml" "Mozilla/5.0 AppleWebKit/537.36 (KHTML, like Gecko; compatible; GPTBot/1.4; +https://openai.com/gptbot)"
74.7.243.240 - - [20/Aug/2026:09:28:01 +0200] "GET /shopdetail/gaze/164018021 HTTP/1.1" 500 - "https://weltderkarten-berlin.de/sitemap_index.xml" "Mozilla/5.0 AppleWebKit/537.36 (KHTML, like Gecko; compatible; GPTBot/1.4; +https://openai.com/gptbot)"
74.7.243.240 - - [20/Aug/2026:09:28:22 +0200] "GET /shopdetail/cake/205004184 HTTP/1.1" 500 - "https://weltderkarten-berlin.de/sitemap_index.xml" "Mozilla/5.0 AppleWebKit/537.36 (KHTML, like Gecko; compatible; GPTBot/1.4; +https://openai.com/gptbot)"
74.7.243.240 - - [20/Aug/2026:09:28:44 +0200] "GET /shopdetail/give/292007059 HTTP/1.1" 500 - "https://weltderkarten-berlin.de/sitemap_index.xml" "Mozilla/5.0 AppleWebKit/537.36 (KHTML, like Gecko; compatible; GPTBot/1.4; +https://openai.com/gptbot)"
74.7.243.240 - - [20/Aug/2026:09:29:05 +0200] "GET /shopdetail/fate/123042510 HTTP/1.1" 500 - "https://weltderkarten-berlin.de/sitemap_index.xml" "Mozilla/5.0 AppleWebKit/537.36 (KHTML, like Gecko; compatible; GPTBot/1.4; +https://openai.com/gptbot)"
74.7.243.240 - - [20/Aug/2026:09:29:26 +0200] "GET /shopdetail/clip/115048128 HTTP/1.1" 500 - "https://weltderkarten-berlin.de/sitemap_index.xml" "Mozilla/5.0 AppleWebKit/537.36 (KHTML, like Gecko; compatible; GPTBot/1.4; +https://openai.com/gptbot)"
74.7.243.240 - - [20/Aug/2026:09:29:47 +0200] "GET /shopdetail/fear/178007381 HTTP/1.1" 500 - "https://weltderkarten-berlin.de/sitemap_index.xml" "Mozilla/5.0 AppleWebKit/537.36 (KHTML, like Gecko; compatible; GPTBot/1.4; +https://openai.com/gptbot)"
51.195.183.77 - - [20/Aug/2026:09:29:55 +0200] "GET /robots.txt HTTP/1.1" 200 431 "-" "Mozilla/5.0 (compatible; AhrefsBot/7.0; +http://ahrefs.com/robot/)"
51.195.244.144 - - [20/Aug/2026:09:29:56 +0200] "GET /?sitemapindex.xml HTTP/1.1" 200 13 "-" "Mozilla/5.0 (compatible; AhrefsBot/7.0; +http://ahrefs.com/robot/)"
74.7.243.240 - - [20/Aug/2026:09:30:08 +0200] "GET /shopdetail/cage/095044798 HTTP/1.1" 500 - "https://weltderkarten-berlin.de/sitemap_index.xml" "Mozilla/5.0 AppleWebKit/537.36 (KHTML, like Gecko; compatible; GPTBot/1.4; +https://openai.com/gptbot)"
74.7.243.240 - - [20/Aug/2026:09:30:30 +0200] "GET /shopdetail/bend/099043298 HTTP/1.1" 500 - "https://weltderkarten-berlin.de/sitemap_index.xml" "Mozilla/5.0 AppleWebKit/537.36 (KHTML, like Gecko; compatible; GPTBot/1.4; +https://openai.com/gptbot)"
74.7.243.240 - - [20/Aug/2026:09:30:51 +0200] "GET /shopdetail/mine/034008523 HTTP/1.1" 500 - "https://weltderkarten-berlin.de/sitemap_index.xml" "Mozilla/5.0 AppleWebKit/537.36 (KHTML, like Gecko; compatible; GPTBot/1.4; +https://openai.com/gptbot)"
20.40.208.6 - - [20/Aug/2026:09:31:00 +0200] "GET /wp-content/plugins/hellopress/wp_filemanager.php HTTP/1.1" 404 5750 "-" "-"
20.40.208.6 - - [20/Aug/2026:09:31:00 +0200] "GET /this_is_a_new_hello_world.php HTTP/1.1" 404 5750 "-" "-"
20.40.208.6 - - [20/Aug/2026:09:31:01 +0200] "GET /doti.php HTTP/1.1" 404 5750 "-" "-"
20.40.208.6 - - [20/Aug/2026:09:31:01 +0200] "GET /ton.php HTTP/1.1" 404 5750 "-" "-"
20.40.208.6 - - [20/Aug/2026:09:31:01 +0200] "GET /nfile.php HTTP/1.1" 404 5750 "-" "-"
20.40.208.6 - - [20/Aug/2026:09:31:01 +0200] "GET /wfile.php HTTP/1.1" 404 5750 "-" "-"
20.40.208.6 - - [20/Aug/2026:09:31:02 +0200] "GET /acp.php HTTP/1.1" 404 5750 "-" "-"
20.40.208.6 - - [20/Aug/2026:09:31:02 +0200] "GET /asas.php HTTP/1.1" 404 5750 "-" "-"
20.40.208.6 - - [20/Aug/2026:09:31:02 +0200] "GET /222.php HTTP/1.1" 404 5750 "-" "-"
20.40.208.6 - - [20/Aug/2026:09:31:03 +0200] "GET /wp-configs.php HTTP/1.1" 404 5750 "-" "-"
20.40.208.6 - - [20/Aug/2026:09:31:03 +0200] "GET /33.php HTTP/1.1" 404 5750 "-" "-"
20.40.208.6 - - [20/Aug/2026:09:31:03 +0200] "GET /555.php HTTP/1.1" 404 5750 "-" "-"
20.40.208.6 - - [20/Aug/2026:09:31:04 +0200] "GET /ppp.php HTTP/1.1" 404 5750 "-" "-"
20.40.208.6 - - [20/Aug/2026:09:31:04 +0200] "GET /file88.php HTTP/1.1" 404 5750 "-" "-"
20.40.208.6 - - [20/Aug/2026:09:31:04 +0200] "GET /file5.php HTTP/1.1" 404 5750 "-" "-"
20.40.208.6 - - [20/Aug/2026:09:31:05 +0200] "GET /ava.php HTTP/1.1" 404 5750 "-" "-"
20.40.208.6 - - [20/Aug/2026:09:31:05 +0200] "GET /403.php HTTP/1.1" 404 5750 "-" "-"
20.40.208.6 - - [20/Aug/2026:09:31:05 +0200] "GET /geck.php HTTP/1.1" 404 5750 "-" "-"
20.40.208.6 - - [20/Aug/2026:09:31:05 +0200] "GET /build.php HTTP/1.1" 404 5750 "-" "-"
20.40.208.6 - - [20/Aug/2026:09:31:06 +0200] "GET /p.php HTTP/1.1" 404 5750 "-" "-"
20.40.208.6 - - [20/Aug/2026:09:31:06 +0200] "GET /cc.php HTTP/1.1" 404 5750 "-" "-"
20.40.208.6 - - [20/Aug/2026:09:31:06 +0200] "GET /v1.php HTTP/1.1" 404 5750 "-" "-"
20.40.208.6 - - [20/Aug/2026:09:31:07 +0200] "GET /0x.php HTTP/1.1" 404 5750 "-" "-"
20.40.208.6 - - [20/Aug/2026:09:31:07 +0200] "GET /class629.php HTTP/1.1" 404 5750 "-" "-"
20.40.208.6 - - [20/Aug/2026:09:31:07 +0200] "GET /file21.php HTTP/1.1" 404 5750 "-" "-"
20.40.208.6 - - [20/Aug/2026:09:31:08 +0200] "GET /yellow.php HTTP/1.1" 404 5750 "-" "-"
20.40.208.6 - - [20/Aug/2026:09:31:08 +0200] "GET /777.php HTTP/1.1" 404 5750 "-" "-"
20.40.208.6 - - [20/Aug/2026:09:31:08 +0200] "GET /030.php HTTP/1.1" 404 5750 "-" "-"
20.40.208.6 - - [20/Aug/2026:09:31:08 +0200] "GET /cfile.php HTTP/1.1" 404 5750 "-" "-"
20.40.208.6 - - [20/Aug/2026:09:31:09 +0200] "GET /aaa.php HTTP/1.1" 404 5750 "-" "-"
20.40.208.6 - - [20/Aug/2026:09:31:09 +0200] "GET /class.php HTTP/1.1" 404 5750 "-" "-"
20.40.208.6 - - [20/Aug/2026:09:31:09 +0200] "GET /vee.php HTTP/1.1" 404 5750 "-" "-"
20.40.208.6 - - [20/Aug/2026:09:31:09 +0200] "GET /ws33.php HTTP/1.1" 404 5750 "-" "-"
20.40.208.6 - - [20/Aug/2026:09:31:10 +0200] "GET /menu.php HTTP/1.1" 404 5750 "-" "-"
74.7.243.240 - - [20/Aug/2026:09:31:14 +0200] "GET /shopdetail/herb/190033229 HTTP/1.1" 500 - "https://weltderkarten-berlin.de/sitemap_index.xml" "Mozilla/5.0 AppleWebKit/537.36 (KHTML, like Gecko; compatible; GPTBot/1.4; +https://openai.com/gptbot)"
20.40.208.6 - - [20/Aug/2026:09:31:16 +0200] "GET /1.php HTTP/1.1" 404 5750 "-" "-"
20.40.208.6 - - [20/Aug/2026:09:31:16 +0200] "GET /aa.php HTTP/1.1" 404 5750 "-" "-"
20.40.208.6 - - [20/Aug/2026:09:31:17 +0200] "GET /bolt.php HTTP/1.1" 404 5750 "-" "-"
20.40.208.6 - - [20/Aug/2026:09:31:17 +0200] "GET /v2.php HTTP/1.1" 404 5750 "-" "-"
20.40.208.6 - - [20/Aug/2026:09:31:17 +0200] "GET /class9.php HTTP/1.1" 404 5750 "-" "-"
20.40.208.6 - - [20/Aug/2026:09:31:18 +0200] "GET /abc.php HTTP/1.1" 404 5750 "-" "-"
20.40.208.6 - - [20/Aug/2026:09:31:18 +0200] "GET /f6.php HTTP/1.1" 404 5750 "-" "-"
20.40.208.6 - - [20/Aug/2026:09:31:18 +0200] "GET /new4.php HTTP/1.1" 404 5750 "-" "-"
20.40.208.6 - - [20/Aug/2026:09:31:19 +0200] "GET /xxx.php HTTP/1.1" 404 5750 "-" "-"
20.40.208.6 - - [20/Aug/2026:09:31:19 +0200] "GET /moon3.php HTTP/1.1" 404 5750 "-" "-"
20.40.208.6 - - [20/Aug/2026:09:31:19 +0200] "GET /wb.php HTTP/1.1" 404 5750 "-" "-"
20.40.208.6 - - [20/Aug/2026:09:31:20 +0200] "GET /mlex.php HTTP/1.1" 404 5750 "-" "-"
20.40.208.6 - - [20/Aug/2026:09:31:20 +0200] "GET /tox.php HTTP/1.1" 404 5750 "-" "-"
20.40.208.6 - - [20/Aug/2026:09:31:20 +0200] "GET /v3.php HTTP/1.1" 404 5750 "-" "-"
20.40.208.6 - - [20/Aug/2026:09:31:21 +0200] "GET /wp-is.php HTTP/1.1" 404 5750 "-" "-"
20.40.208.6 - - [20/Aug/2026:09:31:21 +0200] "GET /lala.php HTTP/1.1" 404 5750 "-" "-"
20.40.208.6 - - [20/Aug/2026:09:31:21 +0200] "GET /fileas.php HTTP/1.1" 404 5750 "-" "-"
20.40.208.6 - - [20/Aug/2026:09:31:21 +0200] "GET /file8.php HTTP/1.1" 404 5750 "-" "-"
20.40.208.6 - - [20/Aug/2026:09:31:22 +0200] "GET /x7.php HTTP/1.1" 404 5750 "-" "-"
20.40.208.6 - - [20/Aug/2026:09:31:22 +0200] "GET /moon.php HTTP/1.1" 404 5750 "-" "-"
20.40.208.6 - - [20/Aug/2026:09:31:22 +0200] "GET /fs.php HTTP/1.1" 404 5750 "-" "-"
20.40.208.6 - - [20/Aug/2026:09:31:23 +0200] "GET /v4.php HTTP/1.1" 404 5750 "-" "-"
20.40.208.6 - - [20/Aug/2026:09:31:23 +0200] "GET /wto.php HTTP/1.1" 404 5750 "-" "-"
20.40.208.6 - - [20/Aug/2026:09:31:23 +0200] "GET /CLA.php HTTP/1.1" 404 5750 "-" "-"
20.40.208.6 - - [20/Aug/2026:09:31:24 +0200] "GET /file1.php HTTP/1.1" 404 5750 "-" "-"
20.40.208.6 - - [20/Aug/2026:09:31:24 +0200] "GET /pp.php HTTP/1.1" 404 5750 "-" "-"
20.40.208.6 - - [20/Aug/2026:09:31:24 +0200] "GET /mds.php HTTP/1.1" 404 5750 "-" "-"
20.40.208.6 - - [20/Aug/2026:09:31:25 +0200] "GET /0x0x.php HTTP/1.1" 404 5750 "-" "-"
20.40.208.6 - - [20/Aug/2026:09:31:25 +0200] "GET /file17.php HTTP/1.1" 404 5750 "-" "-"
20.40.208.6 - - [20/Aug/2026:09:31:25 +0200] "GET /flower.php HTTP/1.1" 404 5750 "-" "-"
20.40.208.6 - - [20/Aug/2026:09:31:26 +0200] "GET /444.php HTTP/1.1" 404 5750 "-" "-"
20.40.208.6 - - [20/Aug/2026:09:31:26 +0200] "GET /finny.php HTTP/1.1" 404 5750 "-" "-"
20.40.208.6 - - [20/Aug/2026:09:31:27 +0200] "GET /x.php HTTP/1.1" 404 5750 "-" "-"
20.40.208.6 - - [20/Aug/2026:09:31:27 +0200] "GET /1aa.php HTTP/1.1" 404 5750 "-" "-"
20.40.208.6 - - [20/Aug/2026:09:31:27 +0200] "GET /2.php HTTP/1.1" 404 5750 "-" "-"
20.40.208.6 - - [20/Aug/2026:09:31:28 +0200] "GET /class19.php HTTP/1.1" 404 5750 "-" "-"
20.40.208.6 - - [20/Aug/2026:09:31:28 +0200] "GET /he.php HTTP/1.1" 404 5750 "-" "-"
20.40.208.6 - - [20/Aug/2026:09:31:29 +0200] "GET /bless11.php HTTP/1.1" 404 5750 "-" "-"
20.40.208.6 - - [20/Aug/2026:09:31:29 +0200] "GET /sko.php HTTP/1.1" 404 5750 "-" "-"
20.40.208.6 - - [20/Aug/2026:09:31:29 +0200] "GET /o.php HTTP/1.1" 404 5750 "-" "-"
20.40.208.6 - - [20/Aug/2026:09:31:30 +0200] "GET /ws34.php HTTP/1.1" 404 5750 "-" "-"
20.40.208.6 - - [20/Aug/2026:09:31:30 +0200] "GET /mini.php HTTP/1.1" 404 5750 "-" "-"
20.40.208.6 - - [20/Aug/2026:09:31:31 +0200] "GET /inde.php HTTP/1.1" 404 5750 "-" "-"
20.40.208.6 - - [20/Aug/2026:09:31:31 +0200] "GET /111.php HTTP/1.1" 404 5750 "-" "-"
20.40.208.6 - - [20/Aug/2026:09:31:32 +0200] "GET /xxxx.php HTTP/1.1" 404 5750 "-" "-"
74.7.243.240 - - [20/Aug/2026:09:31:32 +0200] "GET /shopdetail/beat/183014360 HTTP/1.1" 500 - "https://weltderkarten-berlin.de/sitemap_index.xml" "Mozilla/5.0 AppleWebKit/537.36 (KHTML, like Gecko; compatible; GPTBot/1.4; +https://openai.com/gptbot)"
20.40.208.6 - - [20/Aug/2026:09:31:32 +0200] "GET /an7.php HTTP/1.1" 404 5750 "-" "-"
20.40.208.6 - - [20/Aug/2026:09:31:33 +0200] "GET /666.php HTTP/1.1" 404 5750 "-" "-"
20.40.208.6 - - [20/Aug/2026:09:31:33 +0200] "GET /a.php HTTP/1.1" 404 5750 "-" "-"
20.40.208.6 - - [20/Aug/2026:09:31:34 +0200] "GET /bless.php HTTP/1.1" 404 5750 "-" "-"
20.40.208.6 - - [20/Aug/2026:09:31:34 +0200] "GET /file9.php HTTP/1.1" 404 5750 "-" "-"
20.40.208.6 - - [20/Aug/2026:09:31:34 +0200] "GET /a2.php HTTP/1.1" 404 5750 "-" "-"
20.40.208.6 - - [20/Aug/2026:09:31:35 +0200] "GET /file4.php HTTP/1.1" 404 5750 "-" "-"
20.40.208.6 - - [20/Aug/2026:09:31:35 +0200] "GET /plss3.php HTTP/1.1" 404 5750 "-" "-"
20.40.208.6 - - [20/Aug/2026:09:31:36 +0200] "GET /file15.php HTTP/1.1" 404 5750 "-" "-"
20.40.208.6 - - [20/Aug/2026:09:31:36 +0200] "GET /wsd.php HTTP/1.1" 404 5750 "-" "-"
20.40.208.6 - - [20/Aug/2026:09:31:37 +0200] "GET /shell.php HTTP/1.1" 404 5750 "-" "-"
20.40.208.6 - - [20/Aug/2026:09:31:37 +0200] "GET /akk.php HTTP/1.1" 404 5750 "-" "-"
20.40.208.6 - - [20/Aug/2026:09:31:37 +0200] "GET /n.php HTTP/1.1" 404 5750 "-" "-"
20.40.208.6 - - [20/Aug/2026:09:31:38 +0200] "GET /ws36.php HTTP/1.1" 404 5750 "-" "-"
20.40.208.6 - - [20/Aug/2026:09:31:38 +0200] "GET /ws45.php HTTP/1.1" 404 5750 "-" "-"
20.40.208.6 - - [20/Aug/2026:09:31:38 +0200] "GET /file30.php HTTP/1.1" 404 5750 "-" "-"
20.40.208.6 - - [20/Aug/2026:09:31:39 +0200] "GET /racs3.php HTTP/1.1" 404 5750 "-" "-"
20.40.208.6 - - [20/Aug/2026:09:31:39 +0200] "GET /cccc.php HTTP/1.1" 404 5750 "-" "-"
20.40.208.6 - - [20/Aug/2026:09:31:39 +0200] "GET /file3.php HTTP/1.1" 404 5750 "-" "-"
20.40.208.6 - - [20/Aug/2026:09:31:40 +0200] "GET /mail.php HTTP/1.1" 404 5750 "-" "-"
20.40.208.6 - - [20/Aug/2026:09:31:40 +0200] "GET /lm13.php HTTP/1.1" 404 5750 "-" "-"
20.40.208.6 - - [20/Aug/2026:09:31:41 +0200] "GET /xeqdlun.php HTTP/1.1" 404 5750 "-" "-"
20.40.208.6 - - [20/Aug/2026:09:31:41 +0200] "GET /file18.php HTTP/1.1" 404 5750 "-" "-"
20.40.208.6 - - [20/Aug/2026:09:31:42 +0200] "GET /hook.php HTTP/1.1" 404 5750 "-" "-"
20.40.208.6 - - [20/Aug/2026:09:31:42 +0200] "GET /ffile.php HTTP/1.1" 404 5750 "-" "-"
20.40.208.6 - - [20/Aug/2026:09:31:42 +0200] "GET /file2.php HTTP/1.1" 404 5750 "-" "-"
20.40.208.6 - - [20/Aug/2026:09:31:43 +0200] "GET /xxw.php HTTP/1.1" 404 5750 "-" "-"
20.40.208.6 - - [20/Aug/2026:09:31:43 +0200] "GET /wcas.php HTTP/1.1" 404 5750 "-" "-"
20.40.208.6 - - [20/Aug/2026:09:31:44 +0200] "GET /000.php HTTP/1.1" 404 5750 "-" "-"
20.40.208.6 - - [20/Aug/2026:09:31:44 +0200] "GET /tor.php HTTP/1.1" 404 5750 "-" "-"
20.40.208.6 - - [20/Aug/2026:09:31:45 +0200] "GET /ws37.php HTTP/1.1" 404 5750 "-" "-"
20.40.208.6 - - [20/Aug/2026:09:31:45 +0200] "GET /class20.php HTTP/1.1" 404 5750 "-" "-"
20.40.208.6 - - [20/Aug/2026:09:31:46 +0200] "GET /card.php HTTP/1.1" 404 5750 "-" "-"
20.40.208.6 - - [20/Aug/2026:09:31:46 +0200] "GET /031.php HTTP/1.1" 404 5750 "-" "-"
20.40.208.6 - - [20/Aug/2026:09:31:46 +0200] "GET /size.php HTTP/1.1" 404 5750 "-" "-"
20.40.208.6 - - [20/Aug/2026:09:31:47 +0200] "GET /error.php HTTP/1.1" 404 5750 "-" "-"
20.40.208.6 - - [20/Aug/2026:09:31:47 +0200] "GET /404.php HTTP/1.1" 404 5750 "-" "-"
20.40.208.6 - - [20/Aug/2026:09:31:47 +0200] "GET /file32.php HTTP/1.1" 404 5750 "-" "-"
20.40.208.6 - - [20/Aug/2026:09:31:48 +0200] "GET /lol.php HTTP/1.1" 404 5750 "-" "-"
20.40.208.6 - - [20/Aug/2026:09:31:48 +0200] "GET /haa.php HTTP/1.1" 404 5750 "-" "-"
20.40.208.6 - - [20/Aug/2026:09:31:48 +0200] "GET /333.php HTTP/1.1" 404 5750 "-" "-"
20.40.208.6 - - [20/Aug/2026:09:31:49 +0200] "GET /ws38.php HTTP/1.1" 404 5750 "-" "-"
20.40.208.6 - - [20/Aug/2026:09:31:49 +0200] "GET /xx.php HTTP/1.1" 404 5750 "-" "-"
20.40.208.6 - - [20/Aug/2026:09:31:50 +0200] "GET /klex.php HTTP/1.1" 404 5750 "-" "-"
20.40.208.6 - - [20/Aug/2026:09:31:50 +0200] "GET /tx38.php HTTP/1.1" 404 5750 "-" "-"
20.40.208.6 - - [20/Aug/2026:09:31:51 +0200] "GET /ilex.php HTTP/1.1" 404 5750 "-" "-"
20.40.208.6 - - [20/Aug/2026:09:31:51 +0200] "GET /file.php HTTP/1.1" 404 5750 "-" "-"
20.40.208.6 - - [20/Aug/2026:09:31:51 +0200] "GET /k.php HTTP/1.1" 404 5750 "-" "-"
20.40.208.6 - - [20/Aug/2026:09:31:52 +0200] "GET /alpa.php HTTP/1.1" 404 5750 "-" "-"
20.40.208.6 - - [20/Aug/2026:09:31:52 +0200] "GET /bless5.php HTTP/1.1" 404 5750 "-" "-"
20.40.208.6 - - [20/Aug/2026:09:31:52 +0200] "GET /bless3.php HTTP/1.1" 404 5750 "-" "-"
74.7.243.240 - - [20/Aug/2026:09:31:52 +0200] "GET /shopdetail/joke/146024511 HTTP/1.1" 500 - "https://weltderkarten-berlin.de/sitemap_index.xml" "Mozilla/5.0 AppleWebKit/537.36 (KHTML, like Gecko; compatible; GPTBot/1.4; +https://openai.com/gptbot)"
20.40.208.6 - - [20/Aug/2026:09:31:53 +0200] "GET /gmo.php HTTP/1.1" 404 5750 "-" "-"
20.40.208.6 - - [20/Aug/2026:09:31:53 +0200] "GET /12.php HTTP/1.1" 404 5750 "-" "-"
20.40.208.6 - - [20/Aug/2026:09:31:53 +0200] "GET /100.kb.php HTTP/1.1" 404 5750 "-" "-"
74.7.243.240 - - [20/Aug/2026:09:32:14 +0200] "GET /shopdetail/cite/146032267 HTTP/1.1" 500 - "https://weltderkarten-berlin.de/sitemap_index.xml" "Mozilla/5.0 AppleWebKit/537.36 (KHTML, like Gecko; compatible; GPTBot/1.4; +https://openai.com/gptbot)"
74.7.243.240 - - [20/Aug/2026:09:32:34 +0200] "GET /shopdetail/fist/079036374 HTTP/1.1" 500 - "https://weltderkarten-berlin.de/sitemap_index.xml" "Mozilla/5.0 AppleWebKit/537.36 (KHTML, like Gecko; compatible; GPTBot/1.4; +https://openai.com/gptbot)"
74.7.243.240 - - [20/Aug/2026:09:32:58 +0200] "GET /shopdetail/coat/128001675 HTTP/1.1" 500 - "https://weltderkarten-berlin.de/sitemap_index.xml" "Mozilla/5.0 AppleWebKit/537.36 (KHTML, like Gecko; compatible; GPTBot/1.4; +https://openai.com/gptbot)"
74.7.243.240 - - [20/Aug/2026:09:33:33 +0200] "GET /shopdetail/port/175015542 HTTP/1.1" 500 - "https://weltderkarten-berlin.de/sitemap_index.xml" "Mozilla/5.0 AppleWebKit/537.36 (KHTML, like Gecko; compatible; GPTBot/1.4; +https://openai.com/gptbot)"
74.7.243.240 - - [20/Aug/2026:09:34:11 +0200] "GET /shopdetail/earn/108029381 HTTP/1.1" 500 - "https://weltderkarten-berlin.de/sitemap_index.xml" "Mozilla/5.0 AppleWebKit/537.36 (KHTML, like Gecko; compatible; GPTBot/1.4; +https://openai.com/gptbot)"
74.7.243.240 - - [20/Aug/2026:09:35:05 +0200] "GET /shopdetail/bite/237003484 HTTP/1.1" 500 - "https://weltderkarten-berlin.de/sitemap_index.xml" "Mozilla/5.0 AppleWebKit/537.36 (KHTML, like Gecko; compatible; GPTBot/1.4; +https://openai.com/gptbot)"
74.7.243.240 - - [20/Aug/2026:09:35:33 +0200] "GET /shopdetail/school/217033310 HTTP/1.1" 500 - "https://weltderkarten-berlin.de/sitemap_index.xml" "Mozilla/5.0 AppleWebKit/537.36 (KHTML, like Gecko; compatible; GPTBot/1.4; +https://openai.com/gptbot)"
74.7.243.240 - - [20/Aug/2026:09:35:45 +0200] "GET /shopdetail/attack/071000498 HTTP/1.1" 500 - "https://weltderkarten-berlin.de/sitemap_index.xml" "Mozilla/5.0 AppleWebKit/537.36 (KHTML, like Gecko; compatible; GPTBot/1.4; +https://openai.com/gptbot)"
74.7.243.240 - - [20/Aug/2026:09:35:51 +0200] "GET /shopdetail/strike/096014111 HTTP/1.1" 500 - "https://weltderkarten-berlin.de/sitemap_index.xml" "Mozilla/5.0 AppleWebKit/537.36 (KHTML, like Gecko; compatible; GPTBot/1.4; +https://openai.com/gptbot)"
74.7.243.240 - - [20/Aug/2026:09:36:03 +0200] "GET /shopdetail/Arab/263014452 HTTP/1.1" 500 - "https://weltderkarten-berlin.de/sitemap_index.xml" "Mozilla/5.0 AppleWebKit/537.36 (KHTML, like Gecko; compatible; GPTBot/1.4; +https://openai.com/gptbot)"
74.7.243.240 - - [20/Aug/2026:09:36:20 +0200] "GET /shopdetail/crisis/275033646 HTTP/1.1" 500 - "https://weltderkarten-berlin.de/sitemap_index.xml" "Mozilla/5.0 AppleWebKit/537.36 (KHTML, like Gecko; compatible; GPTBot/1.4; +https://openai.com/gptbot)"
74.7.243.240 - - [20/Aug/2026:09:36:40 +0200] "GET /shopdetail/family/086018853 HTTP/1.1" 500 - "https://weltderkarten-berlin.de/sitemap_index.xml" "Mozilla/5.0 AppleWebKit/537.36 (KHTML, like Gecko; compatible; GPTBot/1.4; +https://openai.com/gptbot)"
74.7.243.240 - - [20/Aug/2026:09:37:02 +0200] "GET /shopdetail/cancel/036028057 HTTP/1.1" 500 - "https://weltderkarten-berlin.de/sitemap_index.xml" "Mozilla/5.0 AppleWebKit/537.36 (KHTML, like Gecko; compatible; GPTBot/1.4; +https://openai.com/gptbot)"
74.7.243.240 - - [20/Aug/2026:09:37:22 +0200] "GET /shopdetail/secure/215014694 HTTP/1.1" 500 - "https://weltderkarten-berlin.de/sitemap_index.xml" "Mozilla/5.0 AppleWebKit/537.36 (KHTML, like Gecko; compatible; GPTBot/1.4; +https://openai.com/gptbot)"
74.7.243.240 - - [20/Aug/2026:09:37:43 +0200] "GET /shopdetail/insert/029024658 HTTP/1.1" 500 - "https://weltderkarten-berlin.de/sitemap_index.xml" "Mozilla/5.0 AppleWebKit/537.36 (KHTML, like Gecko; compatible; GPTBot/1.4; +https://openai.com/gptbot)"
74.7.243.240 - - [20/Aug/2026:09:38:05 +0200] "GET /shopdetail/formal/128021143 HTTP/1.1" 500 - "https://weltderkarten-berlin.de/sitemap_index.xml" "Mozilla/5.0 AppleWebKit/537.36 (KHTML, like Gecko; compatible; GPTBot/1.4; +https://openai.com/gptbot)"
74.7.243.240 - - [20/Aug/2026:09:38:25 +0200] "GET /shopdetail/sector/023019542 HTTP/1.1" 500 - "https://weltderkarten-berlin.de/sitemap_index.xml" "Mozilla/5.0 AppleWebKit/537.36 (KHTML, like Gecko; compatible; GPTBot/1.4; +https://openai.com/gptbot)"
74.7.243.240 - - [20/Aug/2026:09:38:46 +0200] "GET /shopdetail/jacket/139019280 HTTP/1.1" 500 - "https://weltderkarten-berlin.de/sitemap_index.xml" "Mozilla/5.0 AppleWebKit/537.36 (KHTML, like Gecko; compatible; GPTBot/1.4; +https://openai.com/gptbot)"
