34.139.35.253 - - [20/Aug/2026:11:31:00 +0200] "GET /actuator/env HTTP/1.1" 200 124310 "-" "Mozilla/5.0 (compatible; Googlebot/2.1; +http://www.google.com/bot.html)"
34.139.35.253 - - [20/Aug/2026:11:31:00 +0200] "GET /config/secrets.yml HTTP/1.1" 200 117960 "-" "Mozilla/5.0 (compatible; Googlebot/2.1; +http://www.google.com/bot.html)"
34.139.35.253 - - [20/Aug/2026:11:31:01 +0200] "GET /.gradle/gradle.properties HTTP/1.1" 200 120462 "-" "Mozilla/5.0 (compatible; Googlebot/2.1; +http://www.google.com/bot.html)"
34.139.35.253 - - [20/Aug/2026:11:31:01 +0200] "GET /gradle.properties HTTP/1.1" 200 120267 "-" "Mozilla/5.0 (compatible; Googlebot/2.1; +http://www.google.com/bot.html)"
34.139.35.253 - - [20/Aug/2026:11:31:02 +0200] "GET /appsettings.Production.json HTTP/1.1" 200 137785 "-" "Mozilla/5.0 (compatible; Googlebot/2.1; +http://www.google.com/bot.html)"
34.139.35.253 - - [20/Aug/2026:11:31:02 +0200] "GET /web.config HTTP/1.1" 200 134193 "-" "Mozilla/5.0 (compatible; Googlebot/2.1; +http://www.google.com/bot.html)"
74.7.243.240 - - [20/Aug/2026:11:31:02 +0200] "GET /?beast/287030125 HTTP/1.1" 500 - "https://weltderkarten-berlin.de/sitemap_index.xml" "Mozilla/5.0 AppleWebKit/537.36 (KHTML, like Gecko; compatible; GPTBot/1.4; +https://openai.com/gptbot)"
34.139.35.253 - - [20/Aug/2026:11:31:02 +0200] "GET /local.settings.json HTTP/1.1" 200 139810 "-" "Mozilla/5.0 (compatible; Googlebot/2.1; +http://www.google.com/bot.html)"
34.139.35.253 - - [20/Aug/2026:11:31:02 +0200] "GET /config/master.key HTTP/1.1" 200 120138 "-" "Mozilla/5.0 (compatible; Googlebot/2.1; +http://www.google.com/bot.html)"
34.139.35.253 - - [20/Aug/2026:11:31:02 +0200] "GET /config/database.yml HTTP/1.1" 200 124027 "-" "Mozilla/5.0 (compatible; Googlebot/2.1; +http://www.google.com/bot.html)"
34.139.35.253 - - [20/Aug/2026:11:31:02 +0200] "GET /config/storage.yml HTTP/1.1" 200 117718 "-" "Mozilla/5.0 (compatible; Googlebot/2.1; +http://www.google.com/bot.html)"
34.139.35.253 - - [20/Aug/2026:11:31:03 +0200] "GET /settings.py HTTP/1.1" 403 139597 "-" "Mozilla/5.0 (compatible; Googlebot/2.1; +http://www.google.com/bot.html)"
34.139.35.253 - - [20/Aug/2026:11:31:03 +0200] "GET /.pypirc HTTP/1.1" 200 122088 "-" "Mozilla/5.0 (compatible; Googlebot/2.1; +http://www.google.com/bot.html)"
34.139.35.253 - - [20/Aug/2026:11:31:03 +0200] "GET /.streamlit/secrets.toml HTTP/1.1" 200 133493 "-" "Mozilla/5.0 (compatible; Googlebot/2.1; +http://www.google.com/bot.html)"
34.139.35.253 - - [20/Aug/2026:11:31:04 +0200] "GET /config/settings.py HTTP/1.1" 200 123528 "-" "Mozilla/5.0 (compatible; Googlebot/2.1; +http://www.google.com/bot.html)"
34.139.35.253 - - [20/Aug/2026:11:31:04 +0200] "GET /app/settings.py HTTP/1.1" 200 122903 "-" "Mozilla/5.0 (compatible; Googlebot/2.1; +http://www.google.com/bot.html)"
34.139.35.253 - - [20/Aug/2026:11:31:05 +0200] "GET /config.py HTTP/1.1" 403 122033 "-" "Mozilla/5.0 (compatible; Googlebot/2.1; +http://www.google.com/bot.html)"
34.139.35.253 - - [20/Aug/2026:11:31:05 +0200] "GET /backend/settings.py HTTP/1.1" 200 133570 "-" "Mozilla/5.0 (compatible; Googlebot/2.1; +http://www.google.com/bot.html)"
34.139.35.253 - - [20/Aug/2026:11:31:04 +0200] "GET /core/settings.py HTTP/1.1" 200 121296 "-" "Mozilla/5.0 (compatible; Googlebot/2.1; +http://www.google.com/bot.html)"
34.139.35.253 - - [20/Aug/2026:11:31:05 +0200] "GET /.env.development HTTP/1.1" 200 118154 "-" "Mozilla/5.0 (compatible; Googlebot/2.1; +http://www.google.com/bot.html)"
34.139.35.253 - - [20/Aug/2026:11:31:05 +0200] "GET /instance/config.py HTTP/1.1" 200 132272 "-" "Mozilla/5.0 (compatible; Googlebot/2.1; +http://www.google.com/bot.html)"
34.139.35.253 - - [20/Aug/2026:11:31:05 +0200] "GET /.env.staging HTTP/1.1" 200 134384 "-" "Mozilla/5.0 (compatible; Googlebot/2.1; +http://www.google.com/bot.html)"
34.139.35.253 - - [20/Aug/2026:11:31:06 +0200] "GET /.env.test HTTP/1.1" 200 122141 "-" "Mozilla/5.0 (compatible; Googlebot/2.1; +http://www.google.com/bot.html)"
34.139.35.253 - - [20/Aug/2026:11:31:06 +0200] "GET /config.env HTTP/1.1" 200 132544 "-" "Mozilla/5.0 (compatible; Googlebot/2.1; +http://www.google.com/bot.html)"
34.139.35.253 - - [20/Aug/2026:11:31:06 +0200] "GET /sendgrid.env HTTP/1.1" 200 118682 "-" "Mozilla/5.0 (compatible; Googlebot/2.1; +http://www.google.com/bot.html)"
34.139.35.253 - - [20/Aug/2026:11:31:06 +0200] "GET /app/.env HTTP/1.1" 200 120721 "-" "Mozilla/5.0 (compatible; Googlebot/2.1; +http://www.google.com/bot.html)"
34.139.35.253 - - [20/Aug/2026:11:31:06 +0200] "GET /src/.env HTTP/1.1" 200 124997 "-" "Mozilla/5.0 (compatible; Googlebot/2.1; +http://www.google.com/bot.html)"
74.7.243.240 - - [20/Aug/2026:11:31:24 +0200] "GET /?craft/272048436 HTTP/1.1" 500 - "https://weltderkarten-berlin.de/sitemap_index.xml" "Mozilla/5.0 AppleWebKit/537.36 (KHTML, like Gecko; compatible; GPTBot/1.4; +https://openai.com/gptbot)"
74.7.243.240 - - [20/Aug/2026:11:31:44 +0200] "GET /?reach/176029512 HTTP/1.1" 500 - "https://weltderkarten-berlin.de/sitemap_index.xml" "Mozilla/5.0 AppleWebKit/537.36 (KHTML, like Gecko; compatible; GPTBot/1.4; +https://openai.com/gptbot)"
74.7.243.240 - - [20/Aug/2026:11:32:05 +0200] "GET /?youth/274003968 HTTP/1.1" 500 - "https://weltderkarten-berlin.de/sitemap_index.xml" "Mozilla/5.0 AppleWebKit/537.36 (KHTML, like Gecko; compatible; GPTBot/1.4; +https://openai.com/gptbot)"
74.7.243.240 - - [20/Aug/2026:11:32:26 +0200] "GET /?thank/162045846 HTTP/1.1" 500 - "https://weltderkarten-berlin.de/sitemap_index.xml" "Mozilla/5.0 AppleWebKit/537.36 (KHTML, like Gecko; compatible; GPTBot/1.4; +https://openai.com/gptbot)"
74.7.243.240 - - [20/Aug/2026:11:32:47 +0200] "GET /?admit/190038562 HTTP/1.1" 500 - "https://weltderkarten-berlin.de/sitemap_index.xml" "Mozilla/5.0 AppleWebKit/537.36 (KHTML, like Gecko; compatible; GPTBot/1.4; +https://openai.com/gptbot)"
74.7.243.240 - - [20/Aug/2026:11:33:08 +0200] "GET /?birth/163032415 HTTP/1.1" 500 - "https://weltderkarten-berlin.de/sitemap_index.xml" "Mozilla/5.0 AppleWebKit/537.36 (KHTML, like Gecko; compatible; GPTBot/1.4; +https://openai.com/gptbot)"
74.7.243.240 - - [20/Aug/2026:11:33:28 +0200] "GET /?grief/131026875 HTTP/1.1" 500 - "https://weltderkarten-berlin.de/sitemap_index.xml" "Mozilla/5.0 AppleWebKit/537.36 (KHTML, like Gecko; compatible; GPTBot/1.4; +https://openai.com/gptbot)"
193.123.160.108 - - [20/Aug/2026:11:33:40 +0200] "GET /file-manager/initialize HTTP/1.1" 500 - "-" "Mozilla/5.0 (Windows NT 10.0; Win64; x64) AppleWebKit/537.36"
74.7.243.240 - - [20/Aug/2026:11:33:49 +0200] "GET /?third/243034695 HTTP/1.1" 500 - "https://weltderkarten-berlin.de/sitemap_index.xml" "Mozilla/5.0 AppleWebKit/537.36 (KHTML, like Gecko; compatible; GPTBot/1.4; +https://openai.com/gptbot)"
74.7.243.240 - - [20/Aug/2026:11:34:17 +0200] "GET /?earth/186032446 HTTP/1.1" 500 - "https://weltderkarten-berlin.de/sitemap_index.xml" "Mozilla/5.0 AppleWebKit/537.36 (KHTML, like Gecko; compatible; GPTBot/1.4; +https://openai.com/gptbot)"
74.7.243.240 - - [20/Aug/2026:11:34:45 +0200] "GET /?stair/216029746 HTTP/1.1" 500 - "https://weltderkarten-berlin.de/sitemap_index.xml" "Mozilla/5.0 AppleWebKit/537.36 (KHTML, like Gecko; compatible; GPTBot/1.4; +https://openai.com/gptbot)"
204.12.239.66 - - [20/Aug/2026:11:35:06 +0200] "GET /wp-content/brfa69a7/index.php HTTP/1.1" 200 6 "https://weltderkarten-berlin.de/wp-content/brfa69a7/index.php" "Mozilla/5.0 (Windows NT 10.0; Win64; x64) AppleWebKit/537.36 (KHTML, like Gecko) Chrome/58.0.3029.110 Safari/537.3"
74.7.243.240 - - [20/Aug/2026:11:35:22 +0200] "GET /?adult/033048527 HTTP/1.1" 500 - "https://weltderkarten-berlin.de/sitemap_index.xml" "Mozilla/5.0 AppleWebKit/537.36 (KHTML, like Gecko; compatible; GPTBot/1.4; +https://openai.com/gptbot)"
2a00:1f:9502:8001:d5bb:c3c7:d25:99a2 - - [20/Aug/2026:11:35:26 +0200] "GET / HTTP/1.1" 200 291 "https://www.google.com/" "Mozilla/5.0 (Linux; Android 10; K) AppleWebKit/537.36 (KHTML, like Gecko) Chrome/151.0.0.0 Mobile Safari/537.36"
2a00:1f:9502:8001:d5bb:c3c7:d25:99a2 - - [20/Aug/2026:11:35:35 +0200] "GET / HTTP/1.1" 200 291 "https://www.google.com/" "Mozilla/5.0 (Linux; Android 10; K) AppleWebKit/537.36 (KHTML, like Gecko) Chrome/151.0.0.0 Mobile Safari/537.36"
74.7.243.240 - - [20/Aug/2026:11:35:37 +0200] "GET /?truck/213036751 HTTP/1.1" 500 - "https://weltderkarten-berlin.de/sitemap_index.xml" "Mozilla/5.0 AppleWebKit/537.36 (KHTML, like Gecko; compatible; GPTBot/1.4; +https://openai.com/gptbot)"
216.73.216.152 - - [20/Aug/2026:11:35:38 +0200] "GET / HTTP/1.1" 500 - "-" "Mozilla/5.0 AppleWebKit/537.36 (KHTML, like Gecko; compatible; ClaudeBot/1.0; +claudebot@anthropic.com)"
74.7.243.240 - - [20/Aug/2026:11:35:52 +0200] "GET /?owner/178043674 HTTP/1.1" 500 - "https://weltderkarten-berlin.de/sitemap_index.xml" "Mozilla/5.0 AppleWebKit/537.36 (KHTML, like Gecko; compatible; GPTBot/1.4; +https://openai.com/gptbot)"
74.7.243.240 - - [20/Aug/2026:11:36:03 +0200] "GET /?child/133026725 HTTP/1.1" 500 - "https://weltderkarten-berlin.de/sitemap_index.xml" "Mozilla/5.0 AppleWebKit/537.36 (KHTML, like Gecko; compatible; GPTBot/1.4; +https://openai.com/gptbot)"
74.7.243.240 - - [20/Aug/2026:11:36:23 +0200] "GET /?sight/279034817 HTTP/1.1" 500 - "https://weltderkarten-berlin.de/sitemap_index.xml" "Mozilla/5.0 AppleWebKit/537.36 (KHTML, like Gecko; compatible; GPTBot/1.4; +https://openai.com/gptbot)"
204.12.239.66 - - [20/Aug/2026:11:34:59 +0200] "GET /wp-content/brfa69a7/index.php HTTP/1.1" 200 - "https://weltderkarten-berlin.de/wp-content/brfa69a7/index.php" "Mozilla/5.0 (Windows NT 10.0; Win64; x64) AppleWebKit/537.36 (KHTML, like Gecko) Chrome/58.0.3029.110 Safari/537.3"
216.73.216.152 - - [20/Aug/2026:11:36:29 +0200] "GET /buy.php HTTP/1.1" 500 - "-" "Mozilla/5.0 AppleWebKit/537.36 (KHTML, like Gecko; compatible; ClaudeBot/1.0; +claudebot@anthropic.com)"
74.7.243.240 - - [20/Aug/2026:11:36:44 +0200] "GET /?scope/284039152 HTTP/1.1" 500 - "https://weltderkarten-berlin.de/sitemap_index.xml" "Mozilla/5.0 AppleWebKit/537.36 (KHTML, like Gecko; compatible; GPTBot/1.4; +https://openai.com/gptbot)"
2a01:599:110:b5f3:d007:ec95:e867:2fbb - - [20/Aug/2026:11:37:02 +0200] "GET /?utm_source=chatgpt.com HTTP/1.1" 500 - "" "Mozilla/5.0 (iPhone; CPU iPhone OS 18_7 like Mac OS X) AppleWebKit/605.1.15 (KHTML, like Gecko) Version/26.5.2 Mobile/15E148 Safari/604.1"
2a01:599:110:b5f3:d007:ec95:e867:2fbb - - [20/Aug/2026:11:37:02 +0200] "GET /favicon.ico HTTP/1.1" 500 - "https://weltderkarten-berlin.de/?utm_source=chatgpt.com" "Mozilla/5.0 (iPhone; CPU iPhone OS 18_7 like Mac OS X) AppleWebKit/605.1.15 (KHTML, like Gecko) Version/26.5.2 Mobile/15E148 Safari/604.1"
9.129.53.150 - - [20/Aug/2026:11:37:03 +0200] "GET / HTTP/1.1" 500 - "-" "Mozilla/5.0 AppleWebKit/537.36 (KHTML, like Gecko); compatible; ChatGPT-User/1.0; +https://openai.com/bot"
9.129.53.146 - - [20/Aug/2026:11:37:04 +0200] "GET / HTTP/1.1" 500 - "-" "Mozilla/5.0 AppleWebKit/537.36 (KHTML, like Gecko); compatible; ChatGPT-User/1.0; +https://openai.com/bot"
9.129.53.144 - - [20/Aug/2026:11:37:04 +0200] "GET / HTTP/1.1" 500 - "-" "Mozilla/5.0 AppleWebKit/537.36 (KHTML, like Gecko); compatible; ChatGPT-User/1.0; +https://openai.com/bot"
9.129.53.157 - - [20/Aug/2026:11:37:04 +0200] "GET / HTTP/1.1" 500 - "-" "Mozilla/5.0 AppleWebKit/537.36 (KHTML, like Gecko); compatible; ChatGPT-User/1.0; +https://openai.com/bot"
74.7.243.240 - - [20/Aug/2026:11:37:04 +0200] "GET /?elite/149012375 HTTP/1.1" 500 - "https://weltderkarten-berlin.de/sitemap_index.xml" "Mozilla/5.0 AppleWebKit/537.36 (KHTML, like Gecko; compatible; GPTBot/1.4; +https://openai.com/gptbot)"
2a01:599:110:b5f3:d007:ec95:e867:2fbb - - [20/Aug/2026:11:37:13 +0200] "GET /?utm_source=chatgpt.com HTTP/1.1" 500 - "" "Mozilla/5.0 (iPhone; CPU iPhone OS 18_7 like Mac OS X) AppleWebKit/605.1.15 (KHTML, like Gecko) Version/26.5.2 Mobile/15E148 Safari/604.1"
2a01:599:110:b5f3:d007:ec95:e867:2fbb - - [20/Aug/2026:11:37:14 +0200] "GET /?utm_source=chatgpt.com HTTP/1.1" 500 - "" "Mozilla/5.0 (iPhone; CPU iPhone OS 18_7 like Mac OS X) AppleWebKit/605.1.15 (KHTML, like Gecko) Version/26.5.2 Mobile/15E148 Safari/604.1"
74.7.243.240 - - [20/Aug/2026:11:37:26 +0200] "GET /shopdetail/Hispanic/003039340 HTTP/1.1" 500 - "https://weltderkarten-berlin.de/sitemap_index.xml" "Mozilla/5.0 AppleWebKit/537.36 (KHTML, like Gecko; compatible; GPTBot/1.4; +https://openai.com/gptbot)"
74.7.243.240 - - [20/Aug/2026:11:37:48 +0200] "GET /shopdetail/logic/270000581 HTTP/1.1" 500 - "https://weltderkarten-berlin.de/sitemap_index.xml" "Mozilla/5.0 AppleWebKit/537.36 (KHTML, like Gecko; compatible; GPTBot/1.4; +https://openai.com/gptbot)"
74.7.243.240 - - [20/Aug/2026:11:38:08 +0200] "GET /?city/110000086 HTTP/1.1" 500 - "https://weltderkarten-berlin.de/sitemap_index.xml" "Mozilla/5.0 AppleWebKit/537.36 (KHTML, like Gecko; compatible; GPTBot/1.4; +https://openai.com/gptbot)"
74.7.243.240 - - [20/Aug/2026:11:38:28 +0200] "GET /shopdetail/sum/129024476 HTTP/1.1" 500 - "https://weltderkarten-berlin.de/sitemap_index.xml" "Mozilla/5.0 AppleWebKit/537.36 (KHTML, like Gecko; compatible; GPTBot/1.4; +https://openai.com/gptbot)"
216.73.216.152 - - [20/Aug/2026:11:38:42 +0200] "GET /shopdetail/somehow/010046141 HTTP/1.1" 500 - "-" "Mozilla/5.0 AppleWebKit/537.36 (KHTML, like Gecko; compatible; ClaudeBot/1.0; +claudebot@anthropic.com)"
216.73.216.152 - - [20/Aug/2026:11:38:43 +0200] "GET /shopdetail/interpret/078042111 HTTP/1.1" 500 - "-" "Mozilla/5.0 AppleWebKit/537.36 (KHTML, like Gecko; compatible; ClaudeBot/1.0; +claudebot@anthropic.com)"
216.73.216.152 - - [20/Aug/2026:11:38:43 +0200] "GET /shopdetail/five/297001750 HTTP/1.1" 500 - "-" "Mozilla/5.0 AppleWebKit/537.36 (KHTML, like Gecko; compatible; ClaudeBot/1.0; +claudebot@anthropic.com)"
216.73.216.152 - - [20/Aug/2026:11:38:44 +0200] "GET /shopdetail/continuous/284003849 HTTP/1.1" 500 - "-" "Mozilla/5.0 AppleWebKit/537.36 (KHTML, like Gecko; compatible; ClaudeBot/1.0; +claudebot@anthropic.com)"
216.73.216.152 - - [20/Aug/2026:11:38:44 +0200] "GET /shopdetail/put/032015571 HTTP/1.1" 500 - "-" "Mozilla/5.0 AppleWebKit/537.36 (KHTML, like Gecko; compatible; ClaudeBot/1.0; +claudebot@anthropic.com)"
216.73.216.152 - - [20/Aug/2026:11:38:45 +0200] "GET /shopdetail/commonly/247023552 HTTP/1.1" 500 - "-" "Mozilla/5.0 AppleWebKit/537.36 (KHTML, like Gecko; compatible; ClaudeBot/1.0; +claudebot@anthropic.com)"
216.73.216.152 - - [20/Aug/2026:11:38:45 +0200] "GET /shopdetail/workshop/276001463 HTTP/1.1" 500 - "-" "Mozilla/5.0 AppleWebKit/537.36 (KHTML, like Gecko; compatible; ClaudeBot/1.0; +claudebot@anthropic.com)"
216.73.216.152 - - [20/Aug/2026:11:38:46 +0200] "GET /shopdetail/application/107033050 HTTP/1.1" 500 - "-" "Mozilla/5.0 AppleWebKit/537.36 (KHTML, like Gecko; compatible; ClaudeBot/1.0; +claudebot@anthropic.com)"
216.73.216.152 - - [20/Aug/2026:11:38:46 +0200] "GET /shopdetail/hide/273033552 HTTP/1.1" 500 - "-" "Mozilla/5.0 AppleWebKit/537.36 (KHTML, like Gecko; compatible; ClaudeBot/1.0; +claudebot@anthropic.com)"
216.73.216.152 - - [20/Aug/2026:11:38:47 +0200] "GET /shopdetail/native/059038820 HTTP/1.1" 500 - "-" "Mozilla/5.0 AppleWebKit/537.36 (KHTML, like Gecko; compatible; ClaudeBot/1.0; +claudebot@anthropic.com)"
216.73.216.152 - - [20/Aug/2026:11:38:47 +0200] "GET /shopdetail/utilize/027008016 HTTP/1.1" 500 - "-" "Mozilla/5.0 AppleWebKit/537.36 (KHTML, like Gecko; compatible; ClaudeBot/1.0; +claudebot@anthropic.com)"
216.73.216.152 - - [20/Aug/2026:11:38:48 +0200] "GET /shopdetail/indicator/250025901 HTTP/1.1" 500 - "-" "Mozilla/5.0 AppleWebKit/537.36 (KHTML, like Gecko; compatible; ClaudeBot/1.0; +claudebot@anthropic.com)"
74.7.243.240 - - [20/Aug/2026:11:38:49 +0200] "GET /shopdetail/nor/065019984 HTTP/1.1" 500 - "https://weltderkarten-berlin.de/sitemap_index.xml" "Mozilla/5.0 AppleWebKit/537.36 (KHTML, like Gecko; compatible; GPTBot/1.4; +https://openai.com/gptbot)"
216.73.216.152 - - [20/Aug/2026:11:38:53 +0200] "GET /shopdetail/wave/155010878 HTTP/1.1" 500 - "-" "Mozilla/5.0 AppleWebKit/537.36 (KHTML, like Gecko; compatible; ClaudeBot/1.0; +claudebot@anthropic.com)"
216.73.216.152 - - [20/Aug/2026:11:38:58 +0200] "GET /shopdetail/slice/047033798 HTTP/1.1" 500 - "-" "Mozilla/5.0 AppleWebKit/537.36 (KHTML, like Gecko; compatible; ClaudeBot/1.0; +claudebot@anthropic.com)"
216.73.216.152 - - [20/Aug/2026:11:39:03 +0200] "GET /shopdetail/interaction/243032050 HTTP/1.1" 500 - "-" "Mozilla/5.0 AppleWebKit/537.36 (KHTML, like Gecko; compatible; ClaudeBot/1.0; +claudebot@anthropic.com)"
216.73.216.152 - - [20/Aug/2026:11:39:08 +0200] "GET /shopdetail/able/066037043 HTTP/1.1" 500 - "-" "Mozilla/5.0 AppleWebKit/537.36 (KHTML, like Gecko; compatible; ClaudeBot/1.0; +claudebot@anthropic.com)"
74.7.243.240 - - [20/Aug/2026:11:39:10 +0200] "GET /shopdetail/own/189034748 HTTP/1.1" 500 - "https://weltderkarten-berlin.de/sitemap_index.xml" "Mozilla/5.0 AppleWebKit/537.36 (KHTML, like Gecko; compatible; GPTBot/1.4; +https://openai.com/gptbot)"
216.73.216.152 - - [20/Aug/2026:11:39:13 +0200] "GET /shopdetail/expected/147045476 HTTP/1.1" 500 - "-" "Mozilla/5.0 AppleWebKit/537.36 (KHTML, like Gecko; compatible; ClaudeBot/1.0; +claudebot@anthropic.com)"
216.73.216.152 - - [20/Aug/2026:11:39:18 +0200] "GET /shopdetail/regular/065039506 HTTP/1.1" 500 - "-" "Mozilla/5.0 AppleWebKit/537.36 (KHTML, like Gecko; compatible; ClaudeBot/1.0; +claudebot@anthropic.com)"
216.73.216.152 - - [20/Aug/2026:11:39:23 +0200] "GET /shopdetail/warn/224038901 HTTP/1.1" 500 - "-" "Mozilla/5.0 AppleWebKit/537.36 (KHTML, like Gecko; compatible; ClaudeBot/1.0; +claudebot@anthropic.com)"
216.73.216.152 - - [20/Aug/2026:11:39:28 +0200] "GET /shopdetail/statistical/193022962 HTTP/1.1" 500 - "-" "Mozilla/5.0 AppleWebKit/537.36 (KHTML, like Gecko; compatible; ClaudeBot/1.0; +claudebot@anthropic.com)"
74.7.243.240 - - [20/Aug/2026:11:39:32 +0200] "GET /shopdetail/just/064007477 HTTP/1.1" 500 - "https://weltderkarten-berlin.de/sitemap_index.xml" "Mozilla/5.0 AppleWebKit/537.36 (KHTML, like Gecko; compatible; GPTBot/1.4; +https://openai.com/gptbot)"
216.73.216.152 - - [20/Aug/2026:11:39:33 +0200] "GET /shopdetail/predict/064004893 HTTP/1.1" 500 - "-" "Mozilla/5.0 AppleWebKit/537.36 (KHTML, like Gecko; compatible; ClaudeBot/1.0; +claudebot@anthropic.com)"
216.73.216.152 - - [20/Aug/2026:11:39:38 +0200] "GET /shopdetail/priority/073004262 HTTP/1.1" 500 - "-" "Mozilla/5.0 AppleWebKit/537.36 (KHTML, like Gecko; compatible; ClaudeBot/1.0; +claudebot@anthropic.com)"
216.73.216.152 - - [20/Aug/2026:11:39:43 +0200] "GET /shopdetail/chapter/296000669 HTTP/1.1" 500 - "-" "Mozilla/5.0 AppleWebKit/537.36 (KHTML, like Gecko; compatible; ClaudeBot/1.0; +claudebot@anthropic.com)"
216.73.216.152 - - [20/Aug/2026:11:39:48 +0200] "GET /shopdetail/average/091046480 HTTP/1.1" 500 - "-" "Mozilla/5.0 AppleWebKit/537.36 (KHTML, like Gecko; compatible; ClaudeBot/1.0; +claudebot@anthropic.com)"
216.73.216.152 - - [20/Aug/2026:11:39:53 +0200] "GET /shopdetail/border/289047130 HTTP/1.1" 500 - "-" "Mozilla/5.0 AppleWebKit/537.36 (KHTML, like Gecko; compatible; ClaudeBot/1.0; +claudebot@anthropic.com)"
74.7.243.240 - - [20/Aug/2026:11:39:54 +0200] "GET /shopdetail/palm/079002662 HTTP/1.1" 500 - "https://weltderkarten-berlin.de/sitemap_index.xml" "Mozilla/5.0 AppleWebKit/537.36 (KHTML, like Gecko; compatible; GPTBot/1.4; +https://openai.com/gptbot)"
216.73.216.152 - - [20/Aug/2026:11:39:58 +0200] "GET /shopdetail/leaf/036011067 HTTP/1.1" 500 - "-" "Mozilla/5.0 AppleWebKit/537.36 (KHTML, like Gecko; compatible; ClaudeBot/1.0; +claudebot@anthropic.com)"
216.73.216.152 - - [20/Aug/2026:11:40:03 +0200] "GET /shopdetail/Palestinian/252004183 HTTP/1.1" 500 - "-" "Mozilla/5.0 AppleWebKit/537.36 (KHTML, like Gecko; compatible; ClaudeBot/1.0; +claudebot@anthropic.com)"
216.73.216.152 - - [20/Aug/2026:11:40:08 +0200] "GET /shopdetail/warrior/002017511 HTTP/1.1" 500 - "-" "Mozilla/5.0 AppleWebKit/537.36 (KHTML, like Gecko; compatible; ClaudeBot/1.0; +claudebot@anthropic.com)"
216.73.216.152 - - [20/Aug/2026:11:40:13 +0200] "GET /shopdetail/border/139022936 HTTP/1.1" 500 - "-" "Mozilla/5.0 AppleWebKit/537.36 (KHTML, like Gecko; compatible; ClaudeBot/1.0; +claudebot@anthropic.com)"
74.7.243.240 - - [20/Aug/2026:11:40:15 +0200] "GET /shopdetail/less/208018817 HTTP/1.1" 500 - "https://weltderkarten-berlin.de/sitemap_index.xml" "Mozilla/5.0 AppleWebKit/537.36 (KHTML, like Gecko; compatible; GPTBot/1.4; +https://openai.com/gptbot)"
216.73.216.152 - - [20/Aug/2026:11:40:18 +0200] "GET /shopdetail/it/003019362 HTTP/1.1" 500 - "-" "Mozilla/5.0 AppleWebKit/537.36 (KHTML, like Gecko; compatible; ClaudeBot/1.0; +claudebot@anthropic.com)"
216.73.216.152 - - [20/Aug/2026:11:40:28 +0200] "GET /shopdetail/continuous/037036570 HTTP/1.1" 500 - "-" "Mozilla/5.0 AppleWebKit/537.36 (KHTML, like Gecko; compatible; ClaudeBot/1.0; +claudebot@anthropic.com)"
216.73.216.152 - - [20/Aug/2026:11:40:37 +0200] "GET /shopdetail/throughout/182006331 HTTP/1.1" 500 - "-" "Mozilla/5.0 AppleWebKit/537.36 (KHTML, like Gecko; compatible; ClaudeBot/1.0; +claudebot@anthropic.com)"
74.7.243.240 - - [20/Aug/2026:11:40:38 +0200] "GET /shopdetail/pond/006046487 HTTP/1.1" 500 - "https://weltderkarten-berlin.de/sitemap_index.xml" "Mozilla/5.0 AppleWebKit/537.36 (KHTML, like Gecko; compatible; GPTBot/1.4; +https://openai.com/gptbot)"
216.73.216.152 - - [20/Aug/2026:11:40:39 +0200] "GET /shopdetail/usually/032017233 HTTP/1.1" 500 - "-" "Mozilla/5.0 AppleWebKit/537.36 (KHTML, like Gecko; compatible; ClaudeBot/1.0; +claudebot@anthropic.com)"
216.73.216.152 - - [20/Aug/2026:11:40:43 +0200] "GET /shopdetail/familiar/138028083 HTTP/1.1" 500 - "-" "Mozilla/5.0 AppleWebKit/537.36 (KHTML, like Gecko; compatible; ClaudeBot/1.0; +claudebot@anthropic.com)"
216.73.216.152 - - [20/Aug/2026:11:40:48 +0200] "GET /shopdetail/lately/256001531 HTTP/1.1" 500 - "-" "Mozilla/5.0 AppleWebKit/537.36 (KHTML, like Gecko; compatible; ClaudeBot/1.0; +claudebot@anthropic.com)"
216.73.216.152 - - [20/Aug/2026:11:40:53 +0200] "GET /shopdetail/performer/124018759 HTTP/1.1" 500 - "-" "Mozilla/5.0 AppleWebKit/537.36 (KHTML, like Gecko; compatible; ClaudeBot/1.0; +claudebot@anthropic.com)"
74.7.243.240 - - [20/Aug/2026:11:40:57 +0200] "GET /shopdetail/math/004013447 HTTP/1.1" 500 - "https://weltderkarten-berlin.de/sitemap_index.xml" "Mozilla/5.0 AppleWebKit/537.36 (KHTML, like Gecko; compatible; GPTBot/1.4; +https://openai.com/gptbot)"
216.73.216.152 - - [20/Aug/2026:11:40:58 +0200] "GET /shopdetail/strategy/096000095 HTTP/1.1" 500 - "-" "Mozilla/5.0 AppleWebKit/537.36 (KHTML, like Gecko; compatible; ClaudeBot/1.0; +claudebot@anthropic.com)"
216.73.216.152 - - [20/Aug/2026:11:41:03 +0200] "GET /shopdetail/parade/068008397 HTTP/1.1" 500 - "-" "Mozilla/5.0 AppleWebKit/537.36 (KHTML, like Gecko; compatible; ClaudeBot/1.0; +claudebot@anthropic.com)"
216.73.216.152 - - [20/Aug/2026:11:41:08 +0200] "GET /shopdetail/unique/188000901 HTTP/1.1" 500 - "-" "Mozilla/5.0 AppleWebKit/537.36 (KHTML, like Gecko; compatible; ClaudeBot/1.0; +claudebot@anthropic.com)"
216.73.216.152 - - [20/Aug/2026:11:41:13 +0200] "GET /shopdetail/too/087036466 HTTP/1.1" 500 - "-" "Mozilla/5.0 AppleWebKit/537.36 (KHTML, like Gecko; compatible; ClaudeBot/1.0; +claudebot@anthropic.com)"
74.7.243.240 - - [20/Aug/2026:11:41:17 +0200] "GET /shopdetail/loss/134002301 HTTP/1.1" 500 - "https://weltderkarten-berlin.de/sitemap_index.xml" "Mozilla/5.0 AppleWebKit/537.36 (KHTML, like Gecko; compatible; GPTBot/1.4; +https://openai.com/gptbot)"
216.73.216.152 - - [20/Aug/2026:11:41:18 +0200] "GET /shopdetail/therefore/160049547 HTTP/1.1" 500 - "-" "Mozilla/5.0 AppleWebKit/537.36 (KHTML, like Gecko; compatible; ClaudeBot/1.0; +claudebot@anthropic.com)"
216.73.216.152 - - [20/Aug/2026:11:41:23 +0200] "GET /shopdetail/determine/047029218 HTTP/1.1" 500 - "-" "Mozilla/5.0 AppleWebKit/537.36 (KHTML, like Gecko; compatible; ClaudeBot/1.0; +claudebot@anthropic.com)"
216.73.216.152 - - [20/Aug/2026:11:41:28 +0200] "GET /shopdetail/so/235047516 HTTP/1.1" 500 - "-" "Mozilla/5.0 AppleWebKit/537.36 (KHTML, like Gecko; compatible; ClaudeBot/1.0; +claudebot@anthropic.com)"
216.73.216.152 - - [20/Aug/2026:11:41:33 +0200] "GET /shopdetail/exclusively/168006929 HTTP/1.1" 500 - "-" "Mozilla/5.0 AppleWebKit/537.36 (KHTML, like Gecko; compatible; ClaudeBot/1.0; +claudebot@anthropic.com)"
74.7.243.240 - - [20/Aug/2026:11:41:37 +0200] "GET /shopdetail/pond/191029952 HTTP/1.1" 500 - "https://weltderkarten-berlin.de/sitemap_index.xml" "Mozilla/5.0 AppleWebKit/537.36 (KHTML, like Gecko; compatible; GPTBot/1.4; +https://openai.com/gptbot)"
216.73.216.152 - - [20/Aug/2026:11:41:38 +0200] "GET /shopdetail/team/193026960 HTTP/1.1" 500 - "-" "Mozilla/5.0 AppleWebKit/537.36 (KHTML, like Gecko; compatible; ClaudeBot/1.0; +claudebot@anthropic.com)"
216.73.216.152 - - [20/Aug/2026:11:41:43 +0200] "GET /shopdetail/neck/044013081 HTTP/1.1" 500 - "-" "Mozilla/5.0 AppleWebKit/537.36 (KHTML, like Gecko; compatible; ClaudeBot/1.0; +claudebot@anthropic.com)"
216.73.216.152 - - [20/Aug/2026:11:41:48 +0200] "GET /shopdetail/beg/068010979 HTTP/1.1" 500 - "-" "Mozilla/5.0 AppleWebKit/537.36 (KHTML, like Gecko; compatible; ClaudeBot/1.0; +claudebot@anthropic.com)"
216.73.216.152 - - [20/Aug/2026:11:41:53 +0200] "GET /shopdetail/wise/270039227 HTTP/1.1" 500 - "-" "Mozilla/5.0 AppleWebKit/537.36 (KHTML, like Gecko; compatible; ClaudeBot/1.0; +claudebot@anthropic.com)"
216.73.216.152 - - [20/Aug/2026:11:41:58 +0200] "GET /shopdetail/depend/207003788 HTTP/1.1" 500 - "-" "Mozilla/5.0 AppleWebKit/537.36 (KHTML, like Gecko; compatible; ClaudeBot/1.0; +claudebot@anthropic.com)"
74.7.243.240 - - [20/Aug/2026:11:41:59 +0200] "GET /shopdetail/thin/095027030 HTTP/1.1" 500 - "https://weltderkarten-berlin.de/sitemap_index.xml" "Mozilla/5.0 AppleWebKit/537.36 (KHTML, like Gecko; compatible; GPTBot/1.4; +https://openai.com/gptbot)"
216.73.216.152 - - [20/Aug/2026:11:42:04 +0200] "GET /shopdetail/part/191043014 HTTP/1.1" 500 - "-" "Mozilla/5.0 AppleWebKit/537.36 (KHTML, like Gecko; compatible; ClaudeBot/1.0; +claudebot@anthropic.com)"
216.73.216.152 - - [20/Aug/2026:11:42:08 +0200] "GET /shopdetail/fade/058044051 HTTP/1.1" 500 - "-" "Mozilla/5.0 AppleWebKit/537.36 (KHTML, like Gecko; compatible; ClaudeBot/1.0; +claudebot@anthropic.com)"
216.73.216.152 - - [20/Aug/2026:11:42:13 +0200] "GET /shopdetail/lonely/003008680 HTTP/1.1" 500 - "-" "Mozilla/5.0 AppleWebKit/537.36 (KHTML, like Gecko; compatible; ClaudeBot/1.0; +claudebot@anthropic.com)"
216.73.216.152 - - [20/Aug/2026:11:42:18 +0200] "GET /shopdetail/capture/247037056 HTTP/1.1" 500 - "-" "Mozilla/5.0 AppleWebKit/537.36 (KHTML, like Gecko; compatible; ClaudeBot/1.0; +claudebot@anthropic.com)"
74.7.243.240 - - [20/Aug/2026:11:42:22 +0200] "GET /shopdetail/down/119018020 HTTP/1.1" 500 - "https://weltderkarten-berlin.de/sitemap_index.xml" "Mozilla/5.0 AppleWebKit/537.36 (KHTML, like Gecko; compatible; GPTBot/1.4; +https://openai.com/gptbot)"
216.73.216.152 - - [20/Aug/2026:11:42:25 +0200] "GET /shopdetail/auction/171020562 HTTP/1.1" 500 - "-" "Mozilla/5.0 AppleWebKit/537.36 (KHTML, like Gecko; compatible; ClaudeBot/1.0; +claudebot@anthropic.com)"
216.73.216.152 - - [20/Aug/2026:11:42:29 +0200] "GET /shopdetail/marry/238002221 HTTP/1.1" 500 - "-" "Mozilla/5.0 AppleWebKit/537.36 (KHTML, like Gecko; compatible; ClaudeBot/1.0; +claudebot@anthropic.com)"
216.73.216.152 - - [20/Aug/2026:11:42:34 +0200] "GET /shopdetail/outstanding/247009152 HTTP/1.1" 500 - "-" "Mozilla/5.0 AppleWebKit/537.36 (KHTML, like Gecko; compatible; ClaudeBot/1.0; +claudebot@anthropic.com)"
216.73.216.152 - - [20/Aug/2026:11:42:39 +0200] "GET /shopdetail/rumor/131009808 HTTP/1.1" 500 - "-" "Mozilla/5.0 AppleWebKit/537.36 (KHTML, like Gecko; compatible; ClaudeBot/1.0; +claudebot@anthropic.com)"
74.7.243.240 - - [20/Aug/2026:11:42:44 +0200] "GET /shopdetail/flee/109040646 HTTP/1.1" 500 - "https://weltderkarten-berlin.de/sitemap_index.xml" "Mozilla/5.0 AppleWebKit/537.36 (KHTML, like Gecko; compatible; GPTBot/1.4; +https://openai.com/gptbot)"
216.73.216.152 - - [20/Aug/2026:11:42:46 +0200] "GET /shopdetail/environmental/227027406 HTTP/1.1" 500 - "-" "Mozilla/5.0 AppleWebKit/537.36 (KHTML, like Gecko; compatible; ClaudeBot/1.0; +claudebot@anthropic.com)"
216.73.216.152 - - [20/Aug/2026:11:42:52 +0200] "GET /shopdetail/hole/245044582 HTTP/1.1" 500 - "-" "Mozilla/5.0 AppleWebKit/537.36 (KHTML, like Gecko; compatible; ClaudeBot/1.0; +claudebot@anthropic.com)"
216.73.216.152 - - [20/Aug/2026:11:42:58 +0200] "GET /shopdetail/ally/227026888 HTTP/1.1" 500 - "-" "Mozilla/5.0 AppleWebKit/537.36 (KHTML, like Gecko; compatible; ClaudeBot/1.0; +claudebot@anthropic.com)"
216.73.216.152 - - [20/Aug/2026:11:43:02 +0200] "GET /shopdetail/normally/125011114 HTTP/1.1" 500 - "-" "Mozilla/5.0 AppleWebKit/537.36 (KHTML, like Gecko; compatible; ClaudeBot/1.0; +claudebot@anthropic.com)"
74.7.243.240 - - [20/Aug/2026:11:43:06 +0200] "GET /shopdetail/test/083021460 HTTP/1.1" 500 - "https://weltderkarten-berlin.de/sitemap_index.xml" "Mozilla/5.0 AppleWebKit/537.36 (KHTML, like Gecko; compatible; GPTBot/1.4; +https://openai.com/gptbot)"
216.73.216.152 - - [20/Aug/2026:11:43:07 +0200] "GET /shopdetail/halfway/242002853 HTTP/1.1" 500 - "-" "Mozilla/5.0 AppleWebKit/537.36 (KHTML, like Gecko; compatible; ClaudeBot/1.0; +claudebot@anthropic.com)"
216.73.216.152 - - [20/Aug/2026:11:43:11 +0200] "GET /shopdetail/talk/221039356 HTTP/1.1" 500 - "-" "Mozilla/5.0 AppleWebKit/537.36 (KHTML, like Gecko; compatible; ClaudeBot/1.0; +claudebot@anthropic.com)"
216.73.216.152 - - [20/Aug/2026:11:43:16 +0200] "GET /shopdetail/opportunity/219045320 HTTP/1.1" 500 - "-" "Mozilla/5.0 AppleWebKit/537.36 (KHTML, like Gecko; compatible; ClaudeBot/1.0; +claudebot@anthropic.com)"
216.73.216.152 - - [20/Aug/2026:11:43:22 +0200] "GET /shopdetail/exclusive/249043988 HTTP/1.1" 500 - "-" "Mozilla/5.0 AppleWebKit/537.36 (KHTML, like Gecko; compatible; ClaudeBot/1.0; +claudebot@anthropic.com)"
74.7.243.240 - - [20/Aug/2026:11:43:23 +0200] "GET /shopdetail/yeah/066001465 HTTP/1.1" 500 - "https://weltderkarten-berlin.de/sitemap_index.xml" "Mozilla/5.0 AppleWebKit/537.36 (KHTML, like Gecko; compatible; GPTBot/1.4; +https://openai.com/gptbot)"
216.73.216.152 - - [20/Aug/2026:11:43:26 +0200] "GET /shopdetail/association/214016441 HTTP/1.1" 500 - "-" "Mozilla/5.0 AppleWebKit/537.36 (KHTML, like Gecko; compatible; ClaudeBot/1.0; +claudebot@anthropic.com)"
216.73.216.152 - - [20/Aug/2026:11:43:30 +0200] "GET /shopdetail/necessary/180001071 HTTP/1.1" 500 - "-" "Mozilla/5.0 AppleWebKit/537.36 (KHTML, like Gecko; compatible; ClaudeBot/1.0; +claudebot@anthropic.com)"
216.73.216.152 - - [20/Aug/2026:11:43:36 +0200] "GET /shopdetail/play/262007859 HTTP/1.1" 500 - "-" "Mozilla/5.0 AppleWebKit/537.36 (KHTML, like Gecko; compatible; ClaudeBot/1.0; +claudebot@anthropic.com)"
216.73.216.152 - - [20/Aug/2026:11:43:40 +0200] "GET /shopdetail/icon/110023853 HTTP/1.1" 500 - "-" "Mozilla/5.0 AppleWebKit/537.36 (KHTML, like Gecko; compatible; ClaudeBot/1.0; +claudebot@anthropic.com)"
74.7.243.240 - - [20/Aug/2026:11:43:43 +0200] "GET /shopdetail/late/022043495 HTTP/1.1" 500 - "https://weltderkarten-berlin.de/sitemap_index.xml" "Mozilla/5.0 AppleWebKit/537.36 (KHTML, like Gecko; compatible; GPTBot/1.4; +https://openai.com/gptbot)"
216.73.216.152 - - [20/Aug/2026:11:43:45 +0200] "GET /shopdetail/suburb/231036478 HTTP/1.1" 500 - "-" "Mozilla/5.0 AppleWebKit/537.36 (KHTML, like Gecko; compatible; ClaudeBot/1.0; +claudebot@anthropic.com)"
216.73.216.152 - - [20/Aug/2026:11:43:50 +0200] "GET /shopdetail/measure/194030441 HTTP/1.1" 500 - "-" "Mozilla/5.0 AppleWebKit/537.36 (KHTML, like Gecko; compatible; ClaudeBot/1.0; +claudebot@anthropic.com)"
216.73.216.152 - - [20/Aug/2026:11:43:55 +0200] "GET /shopdetail/condemn/126037601 HTTP/1.1" 500 - "-" "Mozilla/5.0 AppleWebKit/537.36 (KHTML, like Gecko; compatible; ClaudeBot/1.0; +claudebot@anthropic.com)"
216.73.216.152 - - [20/Aug/2026:11:44:00 +0200] "GET /shopdetail/designer/170033233 HTTP/1.1" 500 - "-" "Mozilla/5.0 AppleWebKit/537.36 (KHTML, like Gecko; compatible; ClaudeBot/1.0; +claudebot@anthropic.com)"
74.7.243.240 - - [20/Aug/2026:11:44:04 +0200] "GET /shopdetail/also/294039225 HTTP/1.1" 500 - "https://weltderkarten-berlin.de/sitemap_index.xml" "Mozilla/5.0 AppleWebKit/537.36 (KHTML, like Gecko; compatible; GPTBot/1.4; +https://openai.com/gptbot)"
216.73.216.152 - - [20/Aug/2026:11:44:05 +0200] "GET /shopdetail/juice/132036365 HTTP/1.1" 500 - "-" "Mozilla/5.0 AppleWebKit/537.36 (KHTML, like Gecko; compatible; ClaudeBot/1.0; +claudebot@anthropic.com)"
216.73.216.152 - - [20/Aug/2026:11:44:10 +0200] "GET /shopdetail/limb/057037172 HTTP/1.1" 500 - "-" "Mozilla/5.0 AppleWebKit/537.36 (KHTML, like Gecko; compatible; ClaudeBot/1.0; +claudebot@anthropic.com)"
216.73.216.152 - - [20/Aug/2026:11:44:15 +0200] "GET /shopdetail/aesthetic/045010512 HTTP/1.1" 500 - "-" "Mozilla/5.0 AppleWebKit/537.36 (KHTML, like Gecko; compatible; ClaudeBot/1.0; +claudebot@anthropic.com)"
216.73.216.152 - - [20/Aug/2026:11:44:20 +0200] "GET /shopdetail/fair/152023993 HTTP/1.1" 500 - "-" "Mozilla/5.0 AppleWebKit/537.36 (KHTML, like Gecko; compatible; ClaudeBot/1.0; +claudebot@anthropic.com)"
74.7.243.240 - - [20/Aug/2026:11:44:24 +0200] "GET /shopdetail/bias/116033653 HTTP/1.1" 500 - "https://weltderkarten-berlin.de/sitemap_index.xml" "Mozilla/5.0 AppleWebKit/537.36 (KHTML, like Gecko; compatible; GPTBot/1.4; +https://openai.com/gptbot)"
216.73.216.152 - - [20/Aug/2026:11:44:25 +0200] "GET /shopdetail/salad/130025129 HTTP/1.1" 500 - "-" "Mozilla/5.0 AppleWebKit/537.36 (KHTML, like Gecko; compatible; ClaudeBot/1.0; +claudebot@anthropic.com)"
216.73.216.152 - - [20/Aug/2026:11:44:31 +0200] "GET /shopdetail/blanket/210006703 HTTP/1.1" 500 - "-" "Mozilla/5.0 AppleWebKit/537.36 (KHTML, like Gecko; compatible; ClaudeBot/1.0; +claudebot@anthropic.com)"
216.73.216.152 - - [20/Aug/2026:11:44:39 +0200] "GET /shopdetail/adviser/117011054 HTTP/1.1" 500 - "-" "Mozilla/5.0 AppleWebKit/537.36 (KHTML, like Gecko; compatible; ClaudeBot/1.0; +claudebot@anthropic.com)"
216.73.216.152 - - [20/Aug/2026:11:44:43 +0200] "GET /shopdetail/investigation/032016991 HTTP/1.1" 500 - "-" "Mozilla/5.0 AppleWebKit/537.36 (KHTML, like Gecko; compatible; ClaudeBot/1.0; +claudebot@anthropic.com)"
216.73.216.152 - - [20/Aug/2026:11:44:47 +0200] "GET /shopdetail/twist/146045323 HTTP/1.1" 500 - "-" "Mozilla/5.0 AppleWebKit/537.36 (KHTML, like Gecko; compatible; ClaudeBot/1.0; +claudebot@anthropic.com)"
74.7.243.240 - - [20/Aug/2026:11:44:48 +0200] "GET /shopdetail/acid/292010321 HTTP/1.1" 500 - "https://weltderkarten-berlin.de/sitemap_index.xml" "Mozilla/5.0 AppleWebKit/537.36 (KHTML, like Gecko; compatible; GPTBot/1.4; +https://openai.com/gptbot)"
216.73.216.152 - - [20/Aug/2026:11:44:53 +0200] "GET /shopdetail/boast/168039871 HTTP/1.1" 500 - "-" "Mozilla/5.0 AppleWebKit/537.36 (KHTML, like Gecko; compatible; ClaudeBot/1.0; +claudebot@anthropic.com)"
216.73.216.152 - - [20/Aug/2026:11:45:00 +0200] "GET /shopdetail/praise/225026986 HTTP/1.1" 500 - "-" "Mozilla/5.0 AppleWebKit/537.36 (KHTML, like Gecko; compatible; ClaudeBot/1.0; +claudebot@anthropic.com)"
216.73.216.152 - - [20/Aug/2026:11:45:07 +0200] "GET /shopdetail/city/140044155 HTTP/1.1" 500 - "-" "Mozilla/5.0 AppleWebKit/537.36 (KHTML, like Gecko; compatible; ClaudeBot/1.0; +claudebot@anthropic.com)"
74.7.243.240 - - [20/Aug/2026:11:45:14 +0200] "GET /shopdetail/van/250001109 HTTP/1.1" 500 - "https://weltderkarten-berlin.de/sitemap_index.xml" "Mozilla/5.0 AppleWebKit/537.36 (KHTML, like Gecko; compatible; GPTBot/1.4; +https://openai.com/gptbot)"
216.73.216.152 - - [20/Aug/2026:11:45:14 +0200] "GET /shopdetail/invention/253032198 HTTP/1.1" 500 - "-" "Mozilla/5.0 AppleWebKit/537.36 (KHTML, like Gecko; compatible; ClaudeBot/1.0; +claudebot@anthropic.com)"
216.73.216.152 - - [20/Aug/2026:11:45:23 +0200] "GET /shopdetail/guideline/291016556 HTTP/1.1" 500 - "-" "Mozilla/5.0 AppleWebKit/537.36 (KHTML, like Gecko; compatible; ClaudeBot/1.0; +claudebot@anthropic.com)"
216.73.216.152 - - [20/Aug/2026:11:45:32 +0200] "GET /shopdetail/breath/196028831 HTTP/1.1" 500 - "-" "Mozilla/5.0 AppleWebKit/537.36 (KHTML, like Gecko; compatible; ClaudeBot/1.0; +claudebot@anthropic.com)"
74.7.243.240 - - [20/Aug/2026:11:45:33 +0200] "GET /shopdetail/etc/111042430 HTTP/1.1" 500 - "https://weltderkarten-berlin.de/sitemap_index.xml" "Mozilla/5.0 AppleWebKit/537.36 (KHTML, like Gecko; compatible; GPTBot/1.4; +https://openai.com/gptbot)"
216.73.216.152 - - [20/Aug/2026:11:45:34 +0200] "GET /shopdetail/medical/005017610 HTTP/1.1" 500 - "-" "Mozilla/5.0 AppleWebKit/537.36 (KHTML, like Gecko; compatible; ClaudeBot/1.0; +claudebot@anthropic.com)"
216.73.216.152 - - [20/Aug/2026:11:45:38 +0200] "GET /shopdetail/bull/299003766 HTTP/1.1" 500 - "-" "Mozilla/5.0 AppleWebKit/537.36 (KHTML, like Gecko; compatible; ClaudeBot/1.0; +claudebot@anthropic.com)"
216.73.216.152 - - [20/Aug/2026:11:45:42 +0200] "GET /shopdetail/friend/272047123 HTTP/1.1" 500 - "-" "Mozilla/5.0 AppleWebKit/537.36 (KHTML, like Gecko; compatible; ClaudeBot/1.0; +claudebot@anthropic.com)"
216.73.216.152 - - [20/Aug/2026:11:45:46 +0200] "GET /shopdetail/ancestor/114048499 HTTP/1.1" 500 - "-" "Mozilla/5.0 AppleWebKit/537.36 (KHTML, like Gecko; compatible; ClaudeBot/1.0; +claudebot@anthropic.com)"
74.7.243.240 - - [20/Aug/2026:11:45:50 +0200] "GET /shopdetail/say/111028158 HTTP/1.1" 500 - "https://weltderkarten-berlin.de/sitemap_index.xml" "Mozilla/5.0 AppleWebKit/537.36 (KHTML, like Gecko; compatible; GPTBot/1.4; +https://openai.com/gptbot)"
216.73.216.152 - - [20/Aug/2026:11:45:51 +0200] "GET /shopdetail/gang/241037982 HTTP/1.1" 500 - "-" "Mozilla/5.0 AppleWebKit/537.36 (KHTML, like Gecko; compatible; ClaudeBot/1.0; +claudebot@anthropic.com)"
216.73.216.152 - - [20/Aug/2026:11:45:56 +0200] "GET /shopdetail/doorway/176011575 HTTP/1.1" 500 - "-" "Mozilla/5.0 AppleWebKit/537.36 (KHTML, like Gecko; compatible; ClaudeBot/1.0; +claudebot@anthropic.com)"
216.73.216.152 - - [20/Aug/2026:11:46:01 +0200] "GET /shopdetail/gross/068045001 HTTP/1.1" 500 - "-" "Mozilla/5.0 AppleWebKit/537.36 (KHTML, like Gecko; compatible; ClaudeBot/1.0; +claudebot@anthropic.com)"
216.73.216.152 - - [20/Aug/2026:11:46:06 +0200] "GET /shopdetail/dream/041030196 HTTP/1.1" 500 - "-" "Mozilla/5.0 AppleWebKit/537.36 (KHTML, like Gecko; compatible; ClaudeBot/1.0; +claudebot@anthropic.com)"
74.7.243.240 - - [20/Aug/2026:11:46:12 +0200] "GET /shopdetail/split/091012754 HTTP/1.1" 500 - "https://weltderkarten-berlin.de/sitemap_index.xml" "Mozilla/5.0 AppleWebKit/537.36 (KHTML, like Gecko; compatible; GPTBot/1.4; +https://openai.com/gptbot)"
74.7.243.240 - - [20/Aug/2026:11:46:33 +0200] "GET /shopdetail/swear/032039527 HTTP/1.1" 500 - "https://weltderkarten-berlin.de/sitemap_index.xml" "Mozilla/5.0 AppleWebKit/537.36 (KHTML, like Gecko; compatible; GPTBot/1.4; +https://openai.com/gptbot)"
74.7.243.240 - - [20/Aug/2026:11:46:55 +0200] "GET /shopdetail/grain/087035090 HTTP/1.1" 500 - "https://weltderkarten-berlin.de/sitemap_index.xml" "Mozilla/5.0 AppleWebKit/537.36 (KHTML, like Gecko; compatible; GPTBot/1.4; +https://openai.com/gptbot)"
74.7.243.240 - - [20/Aug/2026:11:47:16 +0200] "GET /shopdetail/skull/132011863 HTTP/1.1" 500 - "https://weltderkarten-berlin.de/sitemap_index.xml" "Mozilla/5.0 AppleWebKit/537.36 (KHTML, like Gecko; compatible; GPTBot/1.4; +https://openai.com/gptbot)"
66.249.70.105 - - [20/Aug/2026:11:47:28 +0200] "GET /shopdetail/after/198017383 HTTP/1.1" 200 134456 "-" "Mozilla/5.0 (Linux; Android 6.0.1; Nexus 5X Build/MMB29P) AppleWebKit/537.36 (KHTML, like Gecko) Chrome/151.0.7922.137 Mobile Safari/537.36 (compatible; GoogleOther)"
74.7.243.240 - - [20/Aug/2026:11:47:38 +0200] "GET /shopdetail/magic/068002803 HTTP/1.1" 500 - "https://weltderkarten-berlin.de/sitemap_index.xml" "Mozilla/5.0 AppleWebKit/537.36 (KHTML, like Gecko; compatible; GPTBot/1.4; +https://openai.com/gptbot)"
74.7.243.240 - - [20/Aug/2026:11:48:02 +0200] "GET /shopdetail/hotel/289003724 HTTP/1.1" 500 - "https://weltderkarten-berlin.de/sitemap_index.xml" "Mozilla/5.0 AppleWebKit/537.36 (KHTML, like Gecko; compatible; GPTBot/1.4; +https://openai.com/gptbot)"
74.7.243.240 - - [20/Aug/2026:11:48:21 +0200] "GET /shopdetail/eager/095024956 HTTP/1.1" 500 - "https://weltderkarten-berlin.de/sitemap_index.xml" "Mozilla/5.0 AppleWebKit/537.36 (KHTML, like Gecko; compatible; GPTBot/1.4; +https://openai.com/gptbot)"
74.7.243.240 - - [20/Aug/2026:11:48:51 +0200] "GET /shopdetail/final/172004407 HTTP/1.1" 500 - "https://weltderkarten-berlin.de/sitemap_index.xml" "Mozilla/5.0 AppleWebKit/537.36 (KHTML, like Gecko; compatible; GPTBot/1.4; +https://openai.com/gptbot)"
74.7.243.240 - - [20/Aug/2026:11:49:03 +0200] "GET /shopdetail/among/014011581 HTTP/1.1" 500 - "https://weltderkarten-berlin.de/sitemap_index.xml" "Mozilla/5.0 AppleWebKit/537.36 (KHTML, like Gecko; compatible; GPTBot/1.4; +https://openai.com/gptbot)"
74.7.243.240 - - [20/Aug/2026:11:49:22 +0200] "GET /shopdetail/small/150043715 HTTP/1.1" 500 - "https://weltderkarten-berlin.de/sitemap_index.xml" "Mozilla/5.0 AppleWebKit/537.36 (KHTML, like Gecko; compatible; GPTBot/1.4; +https://openai.com/gptbot)"
74.7.243.240 - - [20/Aug/2026:11:49:43 +0200] "GET /shopdetail/where/243013636 HTTP/1.1" 500 - "https://weltderkarten-berlin.de/sitemap_index.xml" "Mozilla/5.0 AppleWebKit/537.36 (KHTML, like Gecko; compatible; GPTBot/1.4; +https://openai.com/gptbot)"
74.7.243.240 - - [20/Aug/2026:11:50:06 +0200] "GET /shopdetail/would/131031970 HTTP/1.1" 500 - "https://weltderkarten-berlin.de/sitemap_index.xml" "Mozilla/5.0 AppleWebKit/537.36 (KHTML, like Gecko; compatible; GPTBot/1.4; +https://openai.com/gptbot)"
74.7.243.240 - - [20/Aug/2026:11:50:25 +0200] "GET /shopdetail/panel/286037463 HTTP/1.1" 500 - "https://weltderkarten-berlin.de/sitemap_index.xml" "Mozilla/5.0 AppleWebKit/537.36 (KHTML, like Gecko; compatible; GPTBot/1.4; +https://openai.com/gptbot)"
74.7.243.240 - - [20/Aug/2026:11:50:46 +0200] "GET /shopdetail/spray/127025206 HTTP/1.1" 500 - "https://weltderkarten-berlin.de/sitemap_index.xml" "Mozilla/5.0 AppleWebKit/537.36 (KHTML, like Gecko; compatible; GPTBot/1.4; +https://openai.com/gptbot)"
74.7.243.240 - - [20/Aug/2026:11:51:07 +0200] "GET /shopdetail/ghost/076014553 HTTP/1.1" 500 - "https://weltderkarten-berlin.de/sitemap_index.xml" "Mozilla/5.0 AppleWebKit/537.36 (KHTML, like Gecko; compatible; GPTBot/1.4; +https://openai.com/gptbot)"
74.7.243.240 - - [20/Aug/2026:11:51:29 +0200] "GET /shopdetail/sport/097014022 HTTP/1.1" 500 - "https://weltderkarten-berlin.de/sitemap_index.xml" "Mozilla/5.0 AppleWebKit/537.36 (KHTML, like Gecko; compatible; GPTBot/1.4; +https://openai.com/gptbot)"
74.7.243.240 - - [20/Aug/2026:11:51:53 +0200] "GET /shopdetail/sweep/179027698 HTTP/1.1" 500 - "https://weltderkarten-berlin.de/sitemap_index.xml" "Mozilla/5.0 AppleWebKit/537.36 (KHTML, like Gecko; compatible; GPTBot/1.4; +https://openai.com/gptbot)"